06-17 08:38:01.238  2194  2403 D RILJ    : [3785]> RIL_REQUEST_GET_CELL_INFO_LIST [SUB0]
06-17 08:38:01.238  2194  2194 D QtiSubscriptionController: getPhoneId, received dummy subId 2147483643
06-17 08:38:01.240  3138  3138 I com.android.mm: The ClassLoaderContext is a special shared library.
06-17 08:38:01.244   736   736 D SDM     : DisplayBase::BuildLayerStackStats: LayerStack layer_count: 3, app_layer_count: 2, gpu_target_index: 2, display type: 0
06-17 08:38:01.244  2194  2194 I chatty  : uid=1001(radio) com.android.phone identical 7 lines
06-17 08:38:01.245  2194  2194 D QtiSubscriptionController: getPhoneId, received dummy subId 2147483643
06-17 08:38:01.246  2194  2310 D RILJ    : [3785]< RIL_REQUEST_GET_CELL_INFO_LIST [CellInfoWcdma:{mRegistered=NO mTimeStampType=oem_ril mTimeStamp=100697806990ns mCellConnectionStatus=0 CellIdentityWcdma:{ mLac=54742 mCid=134629305 mPsc=309 mUarfcn=10713 mMcc=460 mMnc=01 mAlphaLong=CHN-UNICOM mAlphaShort=UNICOM} CellSignalStrengthWcdma: ss=5 ber=99}] [SUB0]
06-17 08:38:01.246  2194  2194 D QtiSubscriptionController: getPhoneId, received dummy subId 2147483643
06-17 08:38:01.250  1595  2716 I Telecom : PhoneAccountRegistrar: Modify account: [ComponentInfo{com.android.phone/com.android.services.telephony.TelephonyConnectionService}, ***, UserHandle{0}]: TSI.rPA@ADQ
06-17 08:38:01.252  2194  2194 I TelecomFramework: AccountEntry: Registered phoneAccount: [[ ] PhoneAccount: ComponentInfo{com.android.phone/com.android.services.telephony.TelephonyConnectionService}, ***, UserHandle{0} Capabilities: CallProvider EmergOnly MultiUser PlaceEmerg SimSub  Audio Routes: BESW Schemes: tel voicemail  Extras: Bundle[{android.telecom.extra.SUPPORTS_VIDEO_CALLING_FALLBACK=true}] GroupId: ***] with handle: ComponentInfo{com.android.phone/com.android.services.telephony.TelephonyConnectionService}, ***, UserHandle{0}
06-17 08:38:01.252  2194  2194 I TelecomFramework: PstnIncomingCallNotifier: Registering: Handler (com.qualcomm.qti.internal.telephony.QtiGsmCdmaPhone) {409196d}
06-17 08:38:01.256  2194  2194 D SST     : [1] SubscriptionListener.onSubscriptionInfoChanged
06-17 08:38:01.256  2194  2194 D SubscriptionController: [getPhoneId]- invalid subId return=-1
06-17 08:38:01.257  2194  2194 D PhoneSwitcher: handle event - 102
06-17 08:38:01.257  2194  2194 D SubscriptionController: [getPhoneId]- invalid subId return=-1
06-17 08:38:01.258  2194  2194 D SubscriptionController: [getActiveSubInfoList] Sub Controller not ready
06-17 08:38:01.258  2194  2194 D QtiDCT  : [1]SubscriptionListener.onSubscriptionInfoChanged
06-17 08:38:01.259  2194  2194 D SST     : [0] SubscriptionListener.onSubscriptionInfoChanged
06-17 08:38:01.259  2194  2194 D ImsPhone: [0] handleMessage what=53
06-17 08:38:01.259  2194  2194 D QtiSubscriptionController: getPhoneId, received dummy subId 2147483643
06-17 08:38:01.260  2194  2194 I ImsExternalCallTracker: handleVideoCapabilitiesChanged : isVideoCapable = false
06-17 08:38:01.260  2194  2194 D ImsExternalCallTracker: refreshCallPullState
06-17 08:38:01.260  2194  2194 I TelecomFramework: PstnPhoneCapabilitiesNotifier: handleVideoCapabilitesChanged. Video capability - false
06-17 08:38:01.260  2194  2194 E PhoneInterfaceManager: [PhoneIntfMgr] getIccId: No UICC
06-17 08:38:01.260  2194  2194 I chatty  : uid=1001(radio) com.android.phone identical 1 line
06-17 08:38:01.261  2194  2194 D QtiSubscriptionController: getPhoneId, received dummy subId 2147483643
06-17 08:38:01.261  2194  2403 D RILJ    : [3786]> RIL_REQUEST_GET_CELL_INFO_LIST [SUB1]
06-17 08:38:01.264  2194  2194 D SubscriptionController: [getActiveSubInfoList] Sub Controller not ready
06-17 08:38:01.264  2194  2194 D SubscriptionController: [getActiveSubInfoForSubscriber]- subId=2147483643 subList=null subInfo=null
06-17 08:38:01.266  2194  2194 D QtiSubscriptionController: getPhoneId, received dummy subId 2147483643
06-17 08:38:01.267  2194  2310 D RILJ    : [3786]< RIL_REQUEST_GET_CELL_INFO_LIST [] [SUB1]
06-17 08:38:01.267  2194  2194 D QtiSubscriptionController: getPhoneId, received dummy subId 2147483643
06-17 08:38:01.272  3138  3138 I Perf    : Connecting to perf service.
06-17 08:38:01.281  1595  2709 I Telecom : PhoneAccountRegistrar: Modify account: [ComponentInfo{com.android.phone/com.android.services.telephony.TelephonyConnectionService}, ***, UserHandle{0}]: TSI.rPA@ADc
06-17 08:38:01.311  1595  2709 D CountryDetector: The first listener is added
06-17 08:38:01.276  2194  2194 I chatty  : uid=1001(radio) com.android.phone identical 8 lines
06-17 08:38:01.277  2194  2194 D QtiSubscriptionController: getPhoneId, received dummy subId 2147483643
06-17 08:38:01.314  2194  2403 D SubscriptionController: [getPhoneId] asked for default subId=2147483643
06-17 08:38:01.315  2194  2403 D QtiSubscriptionController: getPhoneId, received dummy subId 2147483643
06-17 08:38:01.318  2194  2403 D QtiSubscriptionController: getPhoneId, received dummy subId 2147483643
06-17 08:38:01.319  2194  3154 D QtiSubscriptionController: getPhoneId, received dummy subId 2147483643
06-17 08:38:01.327   736   736 D SDM     : DisplayBase::BuildLayerStackStats: LayerStack layer_count: 3, app_layer_count: 2, gpu_target_index: 2, display type: 0
06-17 08:38:01.328  3138  3138 V Mms     : mnc/mcc: 
06-17 08:38:01.329  3138  3138 V Mms     : tag: bool value: enabledMMS - true
06-17 08:38:01.329  3138  3138 V Mms     : tag: bool value: enableOMACP - false
06-17 08:38:01.329  3138  3138 V Mms     : tag: int value: maxMessageSize - 307200
06-17 08:38:01.329  3138  3138 V Mms     : tag: int value: maxImageHeight - 480
06-17 08:38:01.329  3138  3138 V Mms     : tag: int value: maxImageWidth - 640
06-17 08:38:01.330  3138  3138 V Mms     : tag: int value: defaultSMSMessagesPerThread - 1000
06-17 08:38:01.330  3138  3138 V Mms     : tag: int value: defaultMMSMessagesPerThread - 1000
06-17 08:38:01.330  3138  3138 V Mms     : tag: int value: minMessageCountPerThread - 10
06-17 08:38:01.330  3138  3138 V Mms     : tag: int value: maxMessageCountPerThread - 5000
06-17 08:38:01.330  3138  3138 V Mms     : tag: string value: uaProfUrl - http://www.google.com/oha/rdf/ua-profile-kila.xml
06-17 08:38:01.330  3138  3138 V Mms     : tag: int value: recipientLimit - 100
06-17 08:38:01.330  3138  3138 V Mms     : tag: bool value: enableMultipartSMS - true
06-17 08:38:01.330  3138  3138 V Mms     : tag: int value: smsToMmsTextThreshold - -1
06-17 08:38:01.330  3138  3138 V Mms     : tag: bool value: enableSlideDuration - true
06-17 08:38:01.330  3138  3138 V Mms     : tag: int value: maxMessageTextSize - -1
06-17 08:38:01.331  3138  3138 V Mms     : tag: bool value: enableCreationMode - false
06-17 08:38:01.348  1595  2709 D CompatibilityInfo: mCompatibilityFlags - 0
06-17 08:38:01.349  1595  2709 D CompatibilityInfo: applicationDensity - 320
06-17 08:38:01.349  1595  2709 D CompatibilityInfo: applicationScale - 1.0
06-17 08:38:01.370  3138  3138 D Mms-debug: onReceiveWithPrivilege:intent=Intent { act=android.intent.action.BOOT_COMPLETED flg=0x9000010 cmp=com.android.mms/.transaction.SmsReceiver (has extras) }|privileged=false
06-17 08:38:01.375  1595  2123 D CompatibilityInfo: mCompatibilityFlags - 0
06-17 08:38:01.375  1595  2123 D CompatibilityInfo: applicationDensity - 320
06-17 08:38:01.375  1595  2123 D CompatibilityInfo: applicationScale - 1.0
06-17 08:38:01.377  3138  3138 D Mms-debug: Creating TransactionService
06-17 08:38:01.378  1595  2123 I BroadcastQueue: Delay finish: com.android.mms/.transaction.SmsReceiver
06-17 08:38:01.380  3138  3166 D Mms-debug: Handling incoming message: { when=-1ms what=5 arg1=1 obj=Intent { cmp=com.android.mms/.transaction.TransactionService } target=com.android.mms.transaction.TransactionService$ServiceHandler } = EVENT_NEW_INTENT
06-17 08:38:01.387  3138  3168 D Mms-debug: handleMessage serviceId: 1 intent: Intent { act=android.intent.action.BOOT_COMPLETED flg=0x9000010 cmp=com.android.mms/.transaction.SmsReceiverService (has extras) }
06-17 08:38:01.389  3138  3166 D Mms-debug: onNewIntent: serviceId: 1: null intent=Intent { cmp=com.android.mms/.transaction.TransactionService }
06-17 08:38:01.391  3138  3168 D Mms-debug: handleMessage action: android.intent.action.BOOT_COMPLETED error: 0
06-17 08:38:01.394  2194  2403 D MmsSmsDatabaseHelper: [MmsSmsDb] tableName: threads hasAutoIncrement: CREATE TABLE threads (_id INTEGER PRIMARY KEY AUTOINCREMENT,date INTEGER DEFAULT 0,message_count INTEGER DEFAULT 0,recipient_ids TEXT,snippet TEXT,snippet_cs INTEGER DEFAULT 0,read INTEGER DEFAULT 1,archived INTEGER DEFAULT 0,type INTEGER DEFAULT 0,error INTEGER DEFAULT 0,has_attachment INTEGER DEFAULT 0,attachment_info TEXT,notification INTEGER DEFAULT 0) result: true
06-17 08:38:01.395  2194  2403 D MmsSmsDatabaseHelper: [MmsSmsDb] tableName: canonical_addresses hasAutoIncrement: CREATE TABLE canonical_addresses (_id INTEGER PRIMARY KEY AUTOINCREMENT,address TEXT) result: true
06-17 08:38:01.396  2194  2403 D MmsSmsDatabaseHelper: [MmsSmsDb] tableName: part hasAutoIncrement: CREATE TABLE part (_id INTEGER PRIMARY KEY AUTOINCREMENT,mid INTEGER,seq INTEGER DEFAULT 0,ct TEXT,name TEXT,chset INTEGER,cd TEXT,fn TEXT,cid TEXT,cl TEXT,ctt_s INTEGER,ctt_t TEXT,_data TEXT,text TEXT) result: true
06-17 08:38:01.396  2194  2403 D MmsSmsDatabaseHelper: [MmsSmsDb] tableName: pdu hasAutoIncrement: CREATE TABLE pdu (_id INTEGER PRIMARY KEY AUTOINCREMENT,thread_id INTEGER,date INTEGER,date_sent INTEGER DEFAULT 0,msg_box INTEGER,read INTEGER DEFAULT 0,m_id TEXT,sub TEXT,sub_cs INTEGER,ct_t TEXT,ct_l TEXT,exp INTEGER,m_cls TEXT,m_type INTEGER,v INTEGER,m_size INTEGER,pri INTEGER,rr INTEGER,rpt_a INTEGER,resp_st INTEGER,st INTEGER,tr_id TEXT,retr_st INTEGER,retr_txt TEXT,retr_txt_cs INTEGER,read_status INTEGER,ct_cls INTEGER,resp_txt TEXT,d_tm INTEGER,d_rpt INTEGER,locked INTEGER DEFAULT 0,sub_id INTEGER DEFAULT -1, seen INTEGER DEFAULT 0,creator TEXT,text_only INTEGER DEFAULT 0) result: true
06-17 08:38:01.396  2194  2403 D MmsSmsDatabaseHelper: [getWritableDatabase] hasAutoIncrementThreads: true hasAutoIncrementAddresses: true hasAutoIncrementPart: true hasAutoIncrementPdu: true
06-17 08:38:01.326  2194  3154 I chatty  : uid=1001(radio) Binder:2194_B identical 6 lines
06-17 08:38:01.331  2194  3154 D QtiSubscriptionController: getPhoneId, received dummy subId 2147483643
06-17 08:38:01.412  2194  2403 D SubscriptionController: [getActiveSubInfoList] Sub Controller not ready
06-17 08:38:01.414  3138  3166 D Mms-debug: Cursor= >>>>> Dumping cursor android.content.ContentResolver$CursorWrapperInner@714508d
06-17 08:38:01.414  3138  3166 D Mms-debug: <<<<<
06-17 08:38:01.414  3138  3166 D Mms-debug: onNewIntent: cursor.count=0 action=null
06-17 08:38:01.414  3138  3166 D Mms-debug: onNewIntent: no pending messages. Stopping service.
06-17 08:38:01.423  3138  3166 D Mms-debug: stopSelfIfIdle: STOP!
06-17 08:38:01.425  1595  2716 I BroadcastQueue: Resuming delayed broadcast
06-17 08:38:01.425  3138  3138 D Mms-debug: Destroying TransactionService
06-17 08:38:01.425  1595  2716 I am_uid_running: 10020
06-17 08:38:01.427  3138  3138 D Mms-debug: endMmsConnectivity for subId = 2147483643
06-17 08:38:01.428  2194  3154 D QtiSubscriptionController: getPhoneId, received dummy subId 2147483643
06-17 08:38:01.428  3138  3166 D Mms-debug: Handling incoming message: { when=-3ms what=100 target=com.android.mms.transaction.TransactionService$ServiceHandler } = EVENT_QUIT
06-17 08:38:01.429  3138  3138 D Mms-debug: endMmsConnectivity for subId = 2147483644
06-17 08:38:01.429  2194  3154 D QtiSubscriptionController: getPhoneId, received dummy subId 2147483644
06-17 08:38:01.444   750   750 E ANDR-PERF-MPCTL: Request not accepted, as target initialization is not complete.
06-17 08:38:01.444  1595  1644 I am_proc_start: [0,3171,10020,com.android.onetimeinitializer,broadcast,com.android.onetimeinitializer/.OneTimeInitializerReceiver]
06-17 08:38:01.444  1595  1644 I ActivityManager: Start proc 3171:com.android.onetimeinitializer/u0a20 for broadcast com.android.onetimeinitializer/.OneTimeInitializerReceiver
06-17 08:38:01.462  1595  2716 I am_proc_bound: [0,3171,com.android.onetimeinitializer]
06-17 08:38:01.463  1595  2716 D CompatibilityInfo: mCompatibilityFlags - 0
06-17 08:38:01.463  1595  2716 D CompatibilityInfo: applicationDensity - 320
06-17 08:38:01.463  1595  2716 D CompatibilityInfo: applicationScale - 1.0
06-17 08:38:01.467  1595  2716 D CompatibilityInfo: mCompatibilityFlags - 0
06-17 08:38:01.467  1595  2716 D CompatibilityInfo: applicationDensity - 320
06-17 08:38:01.467  1595  2716 D CompatibilityInfo: applicationScale - 1.0
06-17 08:38:01.502  3171  3171 I Perf    : Connecting to perf service.
06-17 08:38:01.521  3171  3171 V OneTimeInitializerReceiver: OneTimeInitializerReceiver.onReceive
06-17 08:38:01.529  1595  2716 I am_uid_running: 10041
06-17 08:38:01.550   750   750 E ANDR-PERF-MPCTL: Request not accepted, as target initialization is not complete.
06-17 08:38:01.550  1595  1644 I am_proc_start: [0,3192,10041,com.android.packageinstaller,broadcast,com.android.packageinstaller/.TemporaryFileManager]
06-17 08:38:01.550  1595  1644 I ActivityManager: Start proc 3192:com.android.packageinstaller/u0a41 for broadcast com.android.packageinstaller/.TemporaryFileManager
06-17 08:38:01.570  1595  2716 I am_proc_bound: [0,3192,com.android.packageinstaller]
06-17 08:38:01.571  1595  2716 D CompatibilityInfo: mCompatibilityFlags - 0
06-17 08:38:01.571  1595  2716 D CompatibilityInfo: applicationDensity - 320
06-17 08:38:01.571  1595  2716 D CompatibilityInfo: applicationScale - 1.0
06-17 08:38:01.575  1595  2716 D CompatibilityInfo: mCompatibilityFlags - 0
06-17 08:38:01.575  1595  2716 D CompatibilityInfo: applicationDensity - 320
06-17 08:38:01.575  1595  2716 D CompatibilityInfo: applicationScale - 1.0
06-17 08:38:01.685  3192  3192 I Perf    : Connecting to perf service.
06-17 08:38:01.737  1595  2716 D CompatibilityInfo: mCompatibilityFlags - 0
06-17 08:38:01.737  1595  2716 D CompatibilityInfo: applicationDensity - 320
06-17 08:38:01.737  1595  2716 D CompatibilityInfo: applicationScale - 1.0
06-17 08:38:01.739  2194  2194 I VvmSimStateTracker: android.intent.action.BOOT_COMPLETED
06-17 08:38:01.742  1595  2716 D CompatibilityInfo: mCompatibilityFlags - 0
06-17 08:38:01.742  1595  2716 D CompatibilityInfo: applicationDensity - 320
06-17 08:38:01.742  1595  2716 D CompatibilityInfo: applicationScale - 1.0
06-17 08:38:01.750  1595  2685 D CompatibilityInfo: mCompatibilityFlags - 0
06-17 08:38:01.750  1595  2685 D CompatibilityInfo: applicationDensity - 320
06-17 08:38:01.750  1595  2685 D CompatibilityInfo: applicationScale - 1.0
06-17 08:38:01.751  1595  2685 I backup_transport_lifecycle: [android/com.android.internal.backup.LocalTransportService,1]
06-17 08:38:01.754  1595  1595 I backup_transport_connection: [android/com.android.internal.backup.LocalTransportService,1]
06-17 08:38:01.754  1595  1595 I TransportClient: LocalTransportService#0: Notifying [TransportManager.registerTransport()] transport = IBackupTransport
06-17 08:38:01.756  1595  2685 D BackupTransportManager: Transport android/com.android.internal.backup.LocalTransportService registered
06-17 08:38:01.757  1595  2685 D BackupManagerService: Transport android/com.android.internal.backup.LocalTransport registered 3035ms after first request (delay = 3000ms)
06-17 08:38:01.760  1595  2716 D CompatibilityInfo: mCompatibilityFlags - 0
06-17 08:38:01.760  1595  2716 D CompatibilityInfo: applicationDensity - 320
06-17 08:38:01.760  1595  2716 D CompatibilityInfo: applicationScale - 1.0
06-17 08:38:01.763  1595  2685 I backup_transport_lifecycle: [android/com.android.internal.backup.LocalTransportService,0]
06-17 08:38:01.763  1595  2685 I backup_transport_connection: [android/com.android.internal.backup.LocalTransportService,0]
06-17 08:38:01.768  1595  2685 I BackupManagerService: Found stale backup journal, scheduling
06-17 08:38:01.775  1595  2716 D CompatibilityInfo: mCompatibilityFlags - 0
06-17 08:38:01.775  1595  2716 D CompatibilityInfo: applicationDensity - 320
06-17 08:38:01.775  1595  2716 D CompatibilityInfo: applicationScale - 1.0
06-17 08:38:01.778  1595  2716 D CompatibilityInfo: mCompatibilityFlags - 0
06-17 08:38:01.778  1595  2716 D CompatibilityInfo: applicationDensity - 320
06-17 08:38:01.778  1595  2716 D CompatibilityInfo: applicationScale - 1.0
06-17 08:38:01.778  2194  2359 D SST     : [0] SST.getAllCellInfo(): return last, back to back calls
06-17 08:38:01.779  2194  2359 D LocaleTracker: getCellInfo: cell info=[CellInfoWcdma:{mRegistered=NO mTimeStampType=oem_ril mTimeStamp=100697806990ns mCellConnectionStatus=0 CellIdentityWcdma:{ mLac=54742 mCid=134629305 mPsc=309 mUarfcn=10713 mMcc=460 mMnc=01 mAlphaLong=CHN-UNICOM mAlphaShort=UNICOM} CellSignalStrengthWcdma: ss=5 ber=99}]
06-17 08:38:01.779  2194  2359 D LocaleTracker: updateLocale: mcc = 460, country = cn
06-17 08:38:01.779  2194  2359 D LocaleTracker: updateLocale: Change the current country to cn
06-17 08:38:01.781  1595  2716 D CompatibilityInfo: mCompatibilityFlags - 0
06-17 08:38:01.782  1595  2716 D CompatibilityInfo: applicationDensity - 320
06-17 08:38:01.782  1595  2716 D CompatibilityInfo: applicationScale - 1.0
06-17 08:38:01.783  1595  2685 I chatty  : uid=1000(system) backup identical 61 lines
06-17 08:38:01.783  1595  2685 I BackupManagerService: Found stale backup journal, scheduling
06-17 08:38:01.783  1595  2123 I WifiService: WifiService trying to set country code to cn
06-17 08:38:01.783  1595  2685 I BackupManagerService: Found stale backup journal, scheduling
06-17 08:38:01.783  1595  2123 I WifiService: setCountryCode uid=1001
06-17 08:38:01.783  1595  2123 D WifiCountryCode: sending WIFI_COUNTRY_CODE_CHANGED_ACTION
06-17 08:38:01.910  1595  2709 D CompatibilityInfo: mCompatibilityFlags - 0
06-17 08:38:01.910  1595  2709 D CompatibilityInfo: applicationDensity - 320
06-17 08:38:01.910  1595  2709 D CompatibilityInfo: applicationScale - 1.0
06-17 08:38:01.927  1595  2709 D CompatibilityInfo: mCompatibilityFlags - 0
06-17 08:38:01.927  1595  2709 D CompatibilityInfo: applicationDensity - 320
06-17 08:38:01.927  1595  2709 D CompatibilityInfo: applicationScale - 1.0
06-17 08:38:01.986  1595  2716 D CompatibilityInfo: mCompatibilityFlags - 0
06-17 08:38:01.986  1595  2716 D CompatibilityInfo: applicationDensity - 320
06-17 08:38:01.986  1595  2716 D CompatibilityInfo: applicationScale - 1.0
06-17 08:38:01.987  2194  2194 D CAT     : com.android.stk.BootCompletedReceiver: [ACTION_BOOT_COMPLETED]
06-17 08:38:01.988  1595  2716 I am_uid_running: 10056
06-17 08:38:01.991  2194  2194 D CAT     : com.android.stk.StkAppService: onCreate()+
06-17 08:38:01.993  2194  2194 D CAT     : com.android.stk.StkAppService: simCount: 2
06-17 08:38:01.994  2194  2194 D CAT     : com.android.stk.StkAppService: slotId: 0
06-17 08:38:01.994  2194  2194 D CAT     : com.android.stk.StkAppService: slotId: 1
06-17 08:38:01.997  2194  2194 D CAT     : com.android.stk.StkAppService: onStart sim id: 0, op: 5, *****
06-17 08:38:01.997  2194  2194 D CAT     : com.android.stk.StkAppService: mStkService is: -1
06-17 08:38:01.999  2194  2194 D CAT     : StkAppInstaller: [setAppState]+
06-17 08:38:02.000  2194  2194 D CAT     : StkAppInstaller: Need not change app state!!
06-17 08:38:02.000  2194  2194 D CAT     : StkAppInstaller: [setAppState]-
06-17 08:38:02.000  2194  2194 D CAT     : com.android.stk.StkAppService: onDestroy()
06-17 08:38:02.035   750   750 E ANDR-PERF-MPCTL: Request not accepted, as target initialization is not complete.
06-17 08:38:02.036  1595  1644 I am_proc_start: [0,3212,10056,com.android.traceur,broadcast,com.android.traceur/.Receiver]
06-17 08:38:01.790  1595  2685 I chatty  : uid=1000(system) backup identical 35 lines
06-17 08:38:01.790  1595  2685 I BackupManagerService: Found stale backup journal, scheduling
06-17 08:38:02.036  1595  1644 I ActivityManager: Start proc 3212:com.android.traceur/u0a56 for broadcast com.android.traceur/.Receiver
06-17 08:38:02.050  1595  2716 I am_proc_bound: [0,3212,com.android.traceur]
06-17 08:38:02.051  1595  2716 D CompatibilityInfo: mCompatibilityFlags - 0
06-17 08:38:02.051  1595  2716 D CompatibilityInfo: applicationDensity - 320
06-17 08:38:02.051  1595  2716 D CompatibilityInfo: applicationScale - 1.0
06-17 08:38:02.055  1595  2716 D CompatibilityInfo: mCompatibilityFlags - 0
06-17 08:38:02.056  1595  2716 D CompatibilityInfo: applicationDensity - 320
06-17 08:38:02.056  1595  2716 D CompatibilityInfo: applicationScale - 1.0
06-17 08:38:02.074  3212  3212 I android.traceu: The ClassLoaderContext is a special shared library.
06-17 08:38:02.136  3212  3212 I Perf    : Connecting to perf service.
06-17 08:38:02.142  2798  3209 W MediaScanner: Error opening directory '/oem/media/', skipping: No such file or directory.
06-17 08:38:02.142  2798  3209 W MediaScanner: Error opening directory '/product/media/', skipping: No such file or directory.
06-17 08:38:02.159  2798  3209 V MediaProvider: pruneThumbnails 
06-17 08:38:02.161  2798  3209 V MediaProvider: /pruneDeadThumbnailFiles... 
06-17 08:38:02.194  1595  2709 D CompatibilityInfo: mCompatibilityFlags - 10
06-17 08:38:02.195  1595  2709 D CompatibilityInfo: applicationDensity - 320
06-17 08:38:02.195  1595  2709 D CompatibilityInfo: applicationScale - 1.0
06-17 08:38:02.202  1595  1595 I commit_sys_config_file: [notification-policy,10]
06-17 08:38:02.210  1595  1595 I system_server: The ClassLoaderContext is a special shared library.
06-17 08:38:02.209  1595  1595 I auditd  : type=1400 audit(0.0:93): avc: denied { execute } for comm="system_server" path="/data/dalvik-cache/arm64/system@app@AntHalService@AntHalService.apk@classes.dex" dev="dm-0" ino=1048991 scontext=u:r:system_server:s0 tcontext=u:object_r:dalvikcache_data_file:s0 tclass=file permissive=1
06-17 08:38:02.209  1595  1595 I system_server: type=1400 audit(0.0:93): avc: denied { execute } for path="/data/dalvik-cache/arm64/system@app@AntHalService@AntHalService.apk@classes.dex" dev="dm-0" ino=1048991 scontext=u:r:system_server:s0 tcontext=u:object_r:dalvikcache_data_file:s0 tclass=file permissive=1
06-17 08:38:02.239  1595  1595 W ContextImpl: Calling a method in the system process without a qualified user: android.app.ContextImpl.startService:1531 android.content.ContextWrapper.startService:664 android.content.ContextWrapper.startService:664 com.dsi.ant.server.AntService.startService:129 com.dsi.ant.server.startup.BootCompletedReceiver.onReceive:41 
06-17 08:38:02.240  1595  1595 W ContextImpl: Implicit intents with startService are not safe: Intent { act=com.dsi.ant.server.IAntHal } android.content.ContextWrapper.startService:664 android.content.ContextWrapper.startService:664 com.dsi.ant.server.AntService.startService:129 
06-17 08:38:02.241  1595  1595 D CompatibilityInfo: mCompatibilityFlags - 10
06-17 08:38:02.241  1595  1595 D CompatibilityInfo: applicationDensity - 320
06-17 08:38:02.241  1595  1595 D CompatibilityInfo: applicationScale - 1.0
06-17 08:38:02.241  1595  1595 D CompatibilityInfo: mCompatibilityFlags - 0
06-17 08:38:02.241  1595  1595 D CompatibilityInfo: applicationDensity - 320
06-17 08:38:02.241  1595  1595 D CompatibilityInfo: applicationScale - 1.0
06-17 08:38:02.245  2194  2194 I m.android.phon: The ClassLoaderContext is a special shared library.
06-17 08:38:02.261  2194  2194 D QcDataStatusNotification BootReceiver: onReceive: Intent { act=android.intent.action.BOOT_COMPLETED flg=0x9000010 cmp=com.qti.qualcomm.datastatusnotification/.BootReceiver (has extras) }
06-17 08:38:02.263  1595  2709 D CompatibilityInfo: mCompatibilityFlags - 0
06-17 08:38:02.263  1595  2709 D CompatibilityInfo: applicationDensity - 320
06-17 08:38:02.263  1595  2709 D CompatibilityInfo: applicationScale - 1.0
06-17 08:38:02.264  2194  2194 D QcDataStatusNotification BootReceiver: Successfully started service
06-17 08:38:02.265  1595  2709 I am_uid_running: 10069
06-17 08:38:02.266  2194  2194 D QcDataStatusNotification Service: onStartCommand
06-17 08:38:02.268  2194  2194 D use-Rlog/RLOG-QC_RIL_OEM_HOOK: Starting QcrilMsgTunnel Service
06-17 08:38:02.271  2194  2194 D use-Rlog/RLOG-QC_RIL_OEM_HOOK: Attempt to bind service returned with: true
06-17 08:38:02.273  2194  2194 D use-Rlog/RLOG-QC_RIL_OEM_HOOK: Registering for intent ACTION_UNSOL_RESPONSE_OEM_HOOK_RAW
06-17 08:38:02.274  2194  2194 D use-Rlog/RLOG-QC_RIL_OEM_HOOK: QcrilMsgTunnelService Connected Successfully (onServiceConnected)
06-17 08:38:02.274  2194  2194 D use-Rlog/RLOG-QC_RIL_OEM_HOOK: Calling onQcRilHookReady callback
06-17 08:38:02.275  2194  2194 D QcDataStatusNotification Service: mPhoneCount = 2
06-17 08:38:02.277  2194  2194 I service_manager_stats: [629,225,5357]
06-17 08:38:02.277  2194  2194 D QcDataStatusNotification Service: enableContentObservers for subId = 2147483643
06-17 08:38:02.280  2194  2194 D QtiSubscriptionController: getPhoneId, received dummy subId 2147483643
06-17 08:38:02.280  2194  2194 D QcDataStatusNotification Service: MultiSim onChange(): subId = 2147483643
06-17 08:38:02.280  2194  2194 D QcDataStatusNotification Service: onChange():uri=content://settings/global/mobile_data2147483643 authority=settings path=/global/mobile_data2147483643 segments=[global, mobile_data2147483643] uriLastSegment=mobile_data
06-17 08:38:02.281  2194  2194 E QcDataStatusNotification Service: mobile_data2147483643
06-17 08:38:02.281  2194  2194 D QcDataStatusNotification Service: handleMessage: Data Enable changed to 0 on phoneId = 0
06-17 08:38:02.283  2328  2328 D QcrilMsgTunnelIfaceManager: handleMessage what = 3
06-17 08:38:02.284  2328  2328 I QcrilOemhookMsgTunnel: [0]invokeOemRilRequestRaw: serial=1012 length=20
06-17 08:38:02.285  2194  2194 D QcDataStatusNotification Service: MultiSim onChange(): subId = 2147483643
06-17 08:38:02.285  2194  2194 D QcDataStatusNotification Service: onChange():uri=content://settings/global/data_roaming2147483643 authority=settings path=/global/data_roaming2147483643 segments=[global, data_roaming2147483643] uriLastSegment=data_roaming
06-17 08:38:02.285   750   750 E ANDR-PERF-MPCTL: Request not accepted, as target initialization is not complete.
06-17 08:38:02.285  2194  2194 E QcDataStatusNotification Service: data_roaming2147483643
06-17 08:38:02.285  1595  1644 I am_proc_start: [0,3230,10069,com.qualcomm.telephony,broadcast,com.qualcomm.atfwd/.AtFwdAutoboot]
06-17 08:38:02.286  2194  2194 D QcDataStatusNotification Service: handleMessage: Data Roaming changed to 0 on phoneId = 0
06-17 08:38:02.286  1595  1644 I ActivityManager: Start proc 3230:com.qualcomm.telephony/u0a69 for broadcast com.qualcomm.atfwd/.AtFwdAutoboot
06-17 08:38:02.287  2328  2328 D QcrilMsgTunnelIfaceManager: handleMessage what = 3
06-17 08:38:02.287  2194  2194 D QcDataStatusNotification Service: onChange():uri=content://telephony/carriers authority=telephony path=/carriers segments=[carriers] uriLastSegment=carriers
06-17 08:38:02.288  2328  2328 I QcrilOemhookMsgTunnel: [0]invokeOemRilRequestRaw: serial=1013 length=20
06-17 08:38:02.289  2194  2194 D QcDataStatusNotification Service: onApnChanged: phoneId = 0 subId = 2147483643 operator = 
06-17 08:38:02.289  2194  2194 D QcDataStatusNotification Service: Could not get current operator
06-17 08:38:02.285  2194  2194 I chatty  : uid=1001(radio) com.android.phone identical 1 line
06-17 08:38:02.289  2194  2194 D QtiSubscriptionController: getPhoneId, received dummy subId 2147483643
06-17 08:38:02.290  2194  2194 D QtiSubscriptionController: getPhoneId, received dummy subId 2147483644
06-17 08:38:02.290  2194  2194 D QcDataStatusNotification Service: onApnChanged: phoneId = 1 subId = 2147483644 operator = 
06-17 08:38:02.290  2194  2194 D QcDataStatusNotification Service: Could not get current operator
06-17 08:38:02.290  2194  2194 D QcDataStatusNotification Service: enableContentObservers for subId = 2147483644
06-17 08:38:02.292  2328  2363 I QcrilOemhookMsgTunnel: [0]processOemHookResponse serial no: 1012 error: 0length=0
06-17 08:38:02.292  2328  2328 D QcrilMsgTunnelIfaceManager: handleMessage what = 4
06-17 08:38:02.292  2328  2363 I QcrilOemhookMsgTunnel: [0]processOemHookResponse serial no: 1013 error: 0length=0
06-17 08:38:02.292  2328  2328 D QcrilMsgTunnelIfaceManager: OEM_RIL_REQUEST_ASYNC_DONE requestAsync.sub :0
06-17 08:38:02.292  2194  3154 D use-Rlog/RLOG-QC_RIL_OEM_HOOK: QCRIL send data enable status DONE!
06-17 08:38:02.292  2328  2328 D QcrilMsgTunnelIfaceManager: handleMessage what = 4
06-17 08:38:02.293  2328  2328 D QcrilMsgTunnelIfaceManager: OEM_RIL_REQUEST_ASYNC_DONE requestAsync.sub :0
06-17 08:38:02.293  2194  3154 D use-Rlog/RLOG-QC_RIL_OEM_HOOK: QCRIL send data roaming enable status DONE!
06-17 08:38:02.294  2194  2194 D QtiSubscriptionController: getPhoneId, received dummy subId 2147483644
06-17 08:38:02.294  2194  2194 D QcDataStatusNotification Service: MultiSim onChange(): subId = 2147483644
06-17 08:38:02.294  2194  2194 D QcDataStatusNotification Service: onChange():uri=content://settings/global/mobile_data2147483644 authority=settings path=/global/mobile_data2147483644 segments=[global, mobile_data2147483644] uriLastSegment=mobile_data
06-17 08:38:02.294  2194  2194 E QcDataStatusNotification Service: mobile_data2147483644
06-17 08:38:02.294  2194  2194 D QcDataStatusNotification Service: handleMessage: Data Enable changed to 0 on phoneId = 1
06-17 08:38:02.295  2328  2328 D QcrilMsgTunnelIfaceManager: handleMessage what = 3
06-17 08:38:02.297  2328  2328 I QcrilOemhookMsgTunnel: [1]invokeOemRilRequestRaw: serial=1014 length=20
06-17 08:38:02.297  2194  2194 D QcDataStatusNotification Service: MultiSim onChange(): subId = 2147483644
06-17 08:38:02.297  2194  2194 D QcDataStatusNotification Service: onChange():uri=content://settings/global/data_roaming2147483644 authority=settings path=/global/data_roaming2147483644 segments=[global, data_roaming2147483644] uriLastSegment=data_roaming
06-17 08:38:02.298  2194  2194 E QcDataStatusNotification Service: data_roaming2147483644
06-17 08:38:02.298  2194  2194 D QcDataStatusNotification Service: handleMessage: Data Roaming changed to 0 on phoneId = 1
06-17 08:38:02.298  2328  2328 D QcrilMsgTunnelIfaceManager: handleMessage what = 3
06-17 08:38:02.299  2194  2194 D QcDataStatusNotification Service: onChange():uri=content://telephony/carriers authority=telephony path=/carriers segments=[carriers] uriLastSegment=carriers
06-17 08:38:02.299  2328  2328 I QcrilOemhookMsgTunnel: [1]invokeOemRilRequestRaw: serial=1015 length=20
06-17 08:38:02.297  2194  2194 D QtiSubscriptionController: getPhoneId, received dummy subId 2147483644
06-17 08:38:02.299  2194  2194 D QtiSubscriptionController: getPhoneId, received dummy subId 2147483643
06-17 08:38:02.300  2194  2194 D QcDataStatusNotification Service: onApnChanged: phoneId = 0 subId = 2147483643 operator = 
06-17 08:38:02.300  2194  2194 D QcDataStatusNotification Service: Could not get current operator
06-17 08:38:02.301  2194  2194 D QtiSubscriptionController: getPhoneId, received dummy subId 2147483644
06-17 08:38:02.301  2194  2194 D QcDataStatusNotification Service: onApnChanged: phoneId = 1 subId = 2147483644 operator = 
06-17 08:38:02.301  2194  2194 D QcDataStatusNotification Service: Could not get current operator
06-17 08:38:02.302  2328  2363 I QcrilOemhookMsgTunnel: [1]processOemHookResponse serial no: 1014 error: 0length=0
06-17 08:38:02.303  2328  2328 D QcrilMsgTunnelIfaceManager: handleMessage what = 4
06-17 08:38:02.303  2328  2328 D QcrilMsgTunnelIfaceManager: OEM_RIL_REQUEST_ASYNC_DONE requestAsync.sub :1
06-17 08:38:02.303  2194  3154 D use-Rlog/RLOG-QC_RIL_OEM_HOOK: QCRIL send data enable status DONE!
06-17 08:38:02.303  2328  2363 I QcrilOemhookMsgTunnel: [1]processOemHookResponse serial no: 1015 error: 0length=0
06-17 08:38:02.304  2328  2328 D QcrilMsgTunnelIfaceManager: handleMessage what = 4
06-17 08:38:02.304  2328  2328 D QcrilMsgTunnelIfaceManager: OEM_RIL_REQUEST_ASYNC_DONE requestAsync.sub :1
06-17 08:38:02.304  2194  2481 D use-Rlog/RLOG-QC_RIL_OEM_HOOK: QCRIL send data roaming enable status DONE!
06-17 08:38:02.306  2194  2194 D QcDataStatusNotification Service: onReceive subId = 2147483644
06-17 08:38:02.314  1595  2123 I am_proc_bound: [0,3230,com.qualcomm.telephony]
06-17 08:38:02.315  1595  2123 D CompatibilityInfo: mCompatibilityFlags - 0
06-17 08:38:02.315  1595  2123 D CompatibilityInfo: applicationDensity - 320
06-17 08:38:02.315  1595  2123 D CompatibilityInfo: applicationScale - 1.0
06-17 08:38:02.319  1595  2123 D CompatibilityInfo: mCompatibilityFlags - 0
06-17 08:38:02.319  1595  2123 D CompatibilityInfo: applicationDensity - 320
06-17 08:38:02.319  1595  2123 D CompatibilityInfo: applicationScale - 1.0
06-17 08:38:02.352  3230  3230 I Perf    : Connecting to perf service.
06-17 08:38:02.360  1595  2123 D CompatibilityInfo: mCompatibilityFlags - 0
06-17 08:38:02.360  1595  2123 D CompatibilityInfo: applicationDensity - 320
06-17 08:38:02.360  1595  2123 D CompatibilityInfo: applicationScale - 1.0
06-17 08:38:02.361  3230  3230 E AtFwd AutoBoot: AtFwd Auto Boot Started Successfully
06-17 08:38:02.361  3230  3230 D AtFwdService: onCreate method
06-17 08:38:02.362  1595  2123 D CompatibilityInfo: mCompatibilityFlags - 10
06-17 08:38:02.362  1595  2123 D CompatibilityInfo: applicationDensity - 320
06-17 08:38:02.362  1595  2123 D CompatibilityInfo: applicationScale - 1.0
06-17 08:38:02.362  3230  3230 I AtCmdFwd: AtCmdFwd
06-17 08:38:02.363  1595  1595 D CompatibilityInfo: mCompatibilityFlags - 10
06-17 08:38:02.363  1595  1595 D CompatibilityInfo: applicationDensity - 320
06-17 08:38:02.363  1595  1595 D CompatibilityInfo: applicationScale - 1.0
06-17 08:38:02.366  3230  3246 D AtCkpdCmdHandler: De-queing command
06-17 08:38:02.369   594   594 I snet_event_log: [121035042,-1,]
06-17 08:38:02.370  2906  2906 D LocSvc_HIDL_XTNative_jni: setUserPref
06-17 08:38:02.370  2906  2906 V LocSvc_HIDL_XTNative_jni: [setUserPref][58] [HC] =>> [HS]
06-17 08:38:02.371   748   748 V LocSvc_HIDL_XT: [setUserPref][56] [HS] <<<<= [HC]
06-17 08:38:02.371   748   748 I Xt_Adapter: setXtAdapterUserPref() pref 0
06-17 08:38:02.371   748  2109 I LocSvc_api_v02: ---> locClientSendReq line 2154 QMI_LOC_SET_XTRA_T_SESSION_CONTROL_REQ_V02
06-17 08:38:02.373  3230  3230 I android_os_HwBinder: HwBinder: Starting thread pool for AtCmdFwdService
06-17 08:38:02.376   748  2115 I LocSvc_ApiV02: <--- globalRespCb line 151 QMI_LOC_SET_XTRA_T_SESSION_CONTROL_REQ_V02
06-17 08:38:02.376   748  2109 E LocSvc_IzatApiV02: Success at the 1st try, index 0
06-17 08:38:02.376   748  2109 I LocSvc_api_v02: ---> locClientSendReq line 2154 QMI_LOC_SET_XTRA_T_SESSION_CONTROL_REQ_V02
06-17 08:38:02.377   748  2115 I LocSvc_ApiV02: <--- globalRespCb line 151 QMI_LOC_SET_XTRA_T_SESSION_CONTROL_REQ_V02
06-17 08:38:02.377   748  2109 E LocSvc_IzatApiV02: Success at the 1st try, index 1
06-17 08:38:02.377   748  2109 I LocSvc_api_v02: ---> locClientSendReq line 2154 QMI_LOC_SET_XTRA_T_SESSION_CONTROL_REQ_V02
06-17 08:38:02.378   748  2115 I LocSvc_ApiV02: <--- globalRespCb line 151 QMI_LOC_SET_XTRA_T_SESSION_CONTROL_REQ_V02
06-17 08:38:02.378   748  2109 E LocSvc_IzatApiV02: Success at the 1st try, index 2
06-17 08:38:02.378   748  2109 I LocSvc_api_v02: ---> locClientSendReq line 2154 QMI_LOC_SET_XTRA_T_SESSION_CONTROL_REQ_V02
06-17 08:38:02.378   748  2115 I LocSvc_ApiV02: <--- globalRespCb line 151 QMI_LOC_SET_XTRA_T_SESSION_CONTROL_REQ_V02
06-17 08:38:02.378   748  2109 E LocSvc_IzatApiV02: Success at the 1st try, index 3
06-17 08:38:02.378   748  2109 I LocSvc_api_v02: ---> locClientSendReq line 2154 QMI_LOC_SET_XTRA_T_SESSION_CONTROL_REQ_V02
06-17 08:38:02.378   748  2115 I LocSvc_ApiV02: <--- globalRespCb line 151 QMI_LOC_SET_XTRA_T_SESSION_CONTROL_REQ_V02
06-17 08:38:02.378   748  2109 E LocSvc_IzatApiV02: Success at the 1st try, index 4
06-17 08:38:02.386   750   750 E ANDR-PERF-MPCTL: Request not accepted, as target initialization is not complete.
06-17 08:38:02.386  1595  1644 I am_proc_start: [0,3250,1000,com.qualcomm.qti.biometrics.fingerprint.service,broadcast,com.qualcomm.qti.biometrics.fingerprint.service/.ShutdownReceiver]
06-17 08:38:02.386  1595  1644 I ActivityManager: Start proc 3250:com.qualcomm.qti.biometrics.fingerprint.service/1000 for broadcast com.qualcomm.qti.biometrics.fingerprint.service/.ShutdownReceiver
06-17 08:38:02.409  1595  2123 I am_proc_bound: [0,3250,com.qualcomm.qti.biometrics.fingerprint.service]
06-17 08:38:02.409  1595  2123 D CompatibilityInfo: mCompatibilityFlags - 0
06-17 08:38:02.409  1595  2123 D CompatibilityInfo: applicationDensity - 320
06-17 08:38:02.409  1595  2123 D CompatibilityInfo: applicationScale - 1.0
06-17 08:38:02.413  1595  2123 D CompatibilityInfo: mCompatibilityFlags - 0
06-17 08:38:02.413  1595  2123 D CompatibilityInfo: applicationDensity - 320
06-17 08:38:02.413  1595  2123 D CompatibilityInfo: applicationScale - 1.0
06-17 08:38:02.434  3250  3250 I erprint.servic: The ClassLoaderContext is a special shared library.
06-17 08:38:02.447  3250  3250 D libnativeloader: classloader namespace configured for unbundled vendor apk. library_path=/vendor/app/QFingerprintService/lib/arm64:/vendor/app/QFingerprintService/QFingerprintService.apk!/lib/arm64-v8a:/vendor/lib64
06-17 08:38:02.465  3250  3250 I Perf    : Connecting to perf service.
06-17 08:38:02.474   594   594 I snet_event_log: [121035042,-1,]
06-17 08:38:02.476   594   594 W hwservicemanager: getTransport: Cannot find entry vendor.qti.hardware.fingerprint@1.0::IQtiExtendedFingerprint/default in either framework or device manifest.
06-17 08:38:02.477  3250  3250 E qfp-service: NoSuchElementException:in getIQtiExtendedFingerprint null
06-17 08:38:02.477  3250  3250 I qfp-service: Fingerprint not available
06-17 08:38:02.478  1595  2709 I am_uid_running: 10038
06-17 08:38:02.479  1595  2709 I am_mem_factor: [0,1]
06-17 08:38:02.502   750   750 E ANDR-PERF-MPCTL: Request not accepted, as target initialization is not complete.
06-17 08:38:02.503  1595  1644 I am_proc_start: [0,3266,10038,com.qualcomm.qti.callenhancement,broadcast,com.qualcomm.qti.callenhancement/.BootCompletedReceiver]
06-17 08:38:02.503  1595  1644 I ActivityManager: Start proc 3266:com.qualcomm.qti.callenhancement/u0a38 for broadcast com.qualcomm.qti.callenhancement/.BootCompletedReceiver
06-17 08:38:02.529  1595  2709 I am_proc_bound: [0,3266,com.qualcomm.qti.callenhancement]
06-17 08:38:02.529  1595  2709 D CompatibilityInfo: mCompatibilityFlags - 0
06-17 08:38:02.529  1595  2709 D CompatibilityInfo: applicationDensity - 320
06-17 08:38:02.530  1595  2709 D CompatibilityInfo: applicationScale - 1.0
06-17 08:38:02.535  1595  2709 D CompatibilityInfo: mCompatibilityFlags - 0
06-17 08:38:02.535  1595  2709 D CompatibilityInfo: applicationDensity - 320
06-17 08:38:02.535  1595  2709 D CompatibilityInfo: applicationScale - 1.0
06-17 08:38:02.584  3266  3266 I Perf    : Connecting to perf service.
06-17 08:38:02.597  1595  2709 D CompatibilityInfo: mCompatibilityFlags - 0
06-17 08:38:02.597  1595  2709 D CompatibilityInfo: applicationDensity - 320
06-17 08:38:02.597  1595  2709 D CompatibilityInfo: applicationScale - 1.0
06-17 08:38:02.607  3266  3266 D CallEnhancement: Setup CallEnhancementService
06-17 08:38:02.610  1595  2709 D CompatibilityInfo: mCompatibilityFlags - 0
06-17 08:38:02.610  1595  2709 D CompatibilityInfo: applicationDensity - 320
06-17 08:38:02.610  1595  2709 D CompatibilityInfo: applicationScale - 1.0
06-17 08:38:02.611  1595  2709 I BroadcastQueue: Delay finish: com.qualcomm.qti.callenhancement/.BootCompletedReceiver
06-17 08:38:02.612  3266  3266 D CallEnhancement: onCreate
06-17 08:38:02.623  1595  1595 D QtiSystemService: onCreate
06-17 08:38:02.629  3266  3266 D CallEnhancement: onSuccess11
06-17 08:38:02.778  2032  2032 D KeyguardUpdateMonitor: received broadcast android.intent.action.BATTERY_CHANGED
06-17 08:38:02.783  2032  2032 D KeyguardUpdateMonitor: handleBatteryUpdate
06-17 08:38:02.786  2194  2194 D QtiCarrierConfigHelper: WARNING, no carrier configs on phone Id: 0
06-17 08:38:02.786  1595  2899 V LocSvc_HIDL_Subscription_jni: battery_level_update
06-17 08:38:02.787  1595  2899 V LocSvc_HIDL_Subscription_jni: [battery_level_update][931] [HC] =>> [HS]
06-17 08:38:02.788   748   748 V LocSvc_HIDL_IzatSubscription: [batteryLevelUpdate][777] [HS] <<<<= [HC]
06-17 08:38:02.788  1595  2899 V LocSvc_HIDL_Subscription_jni: Exit Result 0
06-17 08:38:02.811   736   892 D SDM     : DisplayBase::BuildLayerStackStats: LayerStack layer_count: 3, app_layer_count: 2, gpu_target_index: 2, display type: 0
06-17 08:38:02.828   736   892 I chatty  : uid=1000(system) HwBinder:736_2 identical 1 line
06-17 08:38:02.912   736   892 D SDM     : DisplayBase::BuildLayerStackStats: LayerStack layer_count: 3, app_layer_count: 2, gpu_target_index: 2, display type: 0
06-17 08:38:03.116  1305  1305 I MSM-irqbalance: Discovered a new IRQ: 51
06-17 08:38:03.117  1305  1305 I MSM-irqbalance: Discovered a new IRQ: 82
06-17 08:38:03.141  1305  1305 E MSM-irqbalance: WARNING: Cannot find matching virq for hwirq(446).
06-17 08:38:03.146  1305  1305 E MSM-irqbalance: WARNING: Cannot find matching virq for hwirq(455).
06-17 08:38:03.148  1305  1305 E MSM-irqbalance: WARNING: Cannot find matching virq for hwirq(456).
06-17 08:38:04.277  2857  2878 I alcomm.qti.qmm: Waiting for a blocking GC ProfileSaver
06-17 08:38:04.286  2857  2878 I alcomm.qti.qmm: WaitForGcToComplete blocked ProfileSaver on AddRemoveAppImageSpace for 9.169ms
06-17 08:38:04.425  2882  2897 I server.wigigap: Waiting for a blocking GC ProfileSaver
06-17 08:38:05.114  2973  2988 I ti.diagservice: Waiting for a blocking GC ProfileSaver
06-17 08:38:05.147  2973  2988 I ti.diagservice: WaitForGcToComplete blocked ProfileSaver on AddRemoveAppImageSpace for 33.319ms
06-17 08:38:05.417  3023  3048 I viders.calenda: Waiting for a blocking GC ProfileSaver
06-17 08:38:05.580  2194  2384 D RILJ    : [3787]> RIL_REQUEST_GET_CELL_INFO_LIST [SUB1]
06-17 08:38:05.591  2194  2310 D RILJ    : [3787]< RIL_REQUEST_GET_CELL_INFO_LIST [] [SUB1]
06-17 08:38:05.592  2194  2384 D LocaleTracker: getCellInfo: cell info=[]
06-17 08:38:05.592  2194  2384 D LocaleTracker: Can't get cell info. Try again in 16 secs.
06-17 08:38:05.592  2194  2384 D LocaleTracker: updateLocale: mcc = null, country = 
06-17 08:38:05.605  3054  3068 I ndroid.contact: Waiting for a blocking GC ProfileSaver
06-17 08:38:05.610  3054  3068 I ndroid.contact: WaitForGcToComplete blocked ProfileSaver on AddRemoveAppImageSpace for 5.546ms
06-17 08:38:05.680  1595  2502 I commit_sys_config_file: [appops,37]
06-17 08:38:05.962  1595  2087 D TCPBufferManager: Event received EVENT_CMD_CONNECT_QTI_NW_SERV
06-17 08:38:05.963  1595  2087 D TCPBufferManager: Trying to connect to service
06-17 08:38:05.964  1595  2087 W ContextImpl: Calling a method in the system process without a qualified user: android.app.ContextImpl.bindService:1611 android.content.ContextWrapper.bindService:698 org.codeaurora.qti.qtiNetworkLib.ServiceUtil.bindService:22 com.qualcomm.qti.net.connextension.TCPBufferManager.connecteToQtiNetworkService:247 com.qualcomm.qti.net.connextension.TCPBufferManager.handleMessage:117 
06-17 08:38:05.967  1595  2087 D CompatibilityInfo: mCompatibilityFlags - 0
06-17 08:38:05.967  1595  2087 D CompatibilityInfo: applicationDensity - 320
06-17 08:38:05.967  1595  2087 D CompatibilityInfo: applicationScale - 1.0
06-17 08:38:05.982  1595  2087 D TCPBufferManager: Service connectioin returned true
06-17 08:38:06.020  3093  3116 I ndroid.exchang: Waiting for a blocking GC ProfileSaver
06-17 08:38:06.029  2194  2194 D MainService: onCreate:
06-17 08:38:06.035  3093  3116 I ndroid.exchang: WaitForGcToComplete blocked ProfileSaver on AddRemoveAppImageSpace for 15.563ms
06-17 08:38:06.036  2194  2194 D QtiRadioHidlClient: constructor
06-17 08:38:06.036  2194  2194 D QtiRadioHidlClient: Register for service notfication...
06-17 08:38:06.036  2194  2194 D QtiRadioHidlClient: Phone count = 2
06-17 08:38:06.037   594   594 I snet_event_log: [121035042,-1,]
06-17 08:38:06.040  2194  2194 I android_os_HwBinder: HwBinder: Starting thread pool for default::android.hidl.manager@1.0::IServiceManager
06-17 08:38:06.042  2194  2310 D QtiRadioHidlClient: QtiRadio interface service started vendor.qti.hardware.radio.qtiradio@2.0::IQtiRadio slot1 preexisting =true
06-17 08:38:06.042  2194  2310 D QtiRadioHidlClient: Client connected = false
06-17 08:38:06.045  2194  2194 I android_os_HwBinder: HwBinder: Starting thread pool for default::android.hidl.manager@1.0::IServiceManager
06-17 08:38:06.045  2194  2310 I android_os_HwBinder: HwBinder: Starting thread pool for slot1::vendor.qti.hardware.radio.qtiradio@2.0::IQtiRadio
06-17 08:38:06.046  2194  2310 D QtiRadioHidlClient: initQtiRadio: mQtiRadio[0][Lvendor.qti.hardware.radio.qtiradio.V2_0.IQtiRadio;@aabe110
06-17 08:38:06.046  2194  2194 D MainServiceImpl: MainServiceImpl
06-17 08:38:06.046  2194  2194 D QtiRadioHidlClient: registerCallback: callback = org.codeaurora.qti.qtiNetworkService.MainServiceImpl$1@c21e409
06-17 08:38:06.046  2194  2194 D MainService: onBind:
06-17 08:38:06.047  2194  2310 D QtiRadioResponse: [0] Constructor: 
06-17 08:38:06.047  2194  2310 D QtiRadioIndication: [0]Constructor: 
06-17 08:38:06.048  1595  1595 D TCPBufferManager: onServiceConnected: ComponentInfo{org.codeaurora.qti.qtiNetworkApp/org.codeaurora.qti.qtiNetworkService.MainService}
06-17 08:38:06.049  1595  1595 W Binder  : Outgoing transactions from this process must be FLAG_ONEWAY
06-17 08:38:06.049  1595  1595 W Binder  : java.lang.Throwable
06-17 08:38:06.049  1595  1595 W Binder  : 	at android.os.BinderProxy.transact(Binder.java:1114)
06-17 08:38:06.049  1595  1595 W Binder  : 	at org.codeaurora.qti.qtiNetworkLib.INetworkInterface$Stub$Proxy.registerCallback(INetworkInterface.java:491)
06-17 08:38:06.049  1595  1595 W Binder  : 	at com.qualcomm.qti.net.connextension.TCPBufferManager$1.onServiceConnected(TCPBufferManager.java:140)
06-17 08:38:06.049  1595  1595 W Binder  : 	at android.app.LoadedApk$ServiceDispatcher.doConnected(LoadedApk.java:1730)
06-17 08:38:06.049  1595  1595 W Binder  : 	at android.app.LoadedApk$ServiceDispatcher$RunConnection.run(LoadedApk.java:1762)
06-17 08:38:06.049  1595  1595 W Binder  : 	at android.os.Handler.handleCallback(Handler.java:873)
06-17 08:38:06.049  1595  1595 W Binder  : 	at android.os.Handler.dispatchMessage(Handler.java:99)
06-17 08:38:06.049  1595  1595 W Binder  : 	at android.os.Looper.loop(Looper.java:193)
06-17 08:38:06.049  1595  1595 W Binder  : 	at com.android.server.SystemServer.run(SystemServer.java:460)
06-17 08:38:06.049  1595  1595 W Binder  : 	at com.android.server.SystemServer.main(SystemServer.java:300)
06-17 08:38:06.049  1595  1595 W Binder  : 	at java.lang.reflect.Method.invoke(Native Method)
06-17 08:38:06.049  1595  1595 W Binder  : 	at com.android.internal.os.RuntimeInit$MethodAndArgsCaller.run(RuntimeInit.java:493)
06-17 08:38:06.049  1595  1595 W Binder  : 	at com.android.internal.os.ZygoteInit.main(ZygoteInit.java:838)
06-17 08:38:06.049  2194  3154 D MainServiceImpl: registering for client cb = org.codeaurora.qti.qtiNetworkLib.INetworkCallback$Stub$Proxy@5df060e binder = android.os.BinderProxy@a2082f death notification
06-17 08:38:06.050  2194  3154 D MainServiceImpl: registerCallback: uid = 1000 callerPackage=android.uid.system:1000callback = org.codeaurora.qti.qtiNetworkLib.INetworkCallback$Stub$Proxy@5df060ebinder = android.os.BinderProxy@a2082f
06-17 08:38:06.050  2194  3154 D MainServiceImpl: add callback= org.codeaurora.qti.qtiNetworkLib.INetworkCallback$Stub$Proxy@5df060e
06-17 08:38:06.051  2194  3154 D MainServiceImpl: registerCallback: client = Client{mId=0, mUid=1000, mPackageName='android', mCallback=org.codeaurora.qti.qtiNetworkLib.INetworkCallback$Stub$Proxy@5df060e}
06-17 08:38:06.051  2194  2310 D QtiRadioHidlClient: QtiRadio interface service started vendor.qti.hardware.radio.qtiradio@2.0::IQtiRadio slot2 preexisting =true
06-17 08:38:06.051  2194  2310 D QtiRadioHidlClient: Client connected = false
06-17 08:38:06.054  2194  2310 I android_os_HwBinder: HwBinder: Starting thread pool for slot2::vendor.qti.hardware.radio.qtiradio@2.0::IQtiRadio
06-17 08:38:06.055  2194  2310 D QtiRadioHidlClient: initQtiRadio: mQtiRadio[1][Lvendor.qti.hardware.radio.qtiradio.V2_0.IQtiRadio;@aabe110
06-17 08:38:06.055  2194  2310 D QtiRadioResponse: [1] Constructor: 
06-17 08:38:06.055  2194  2310 D QtiRadioIndication: [1]Constructor: 
06-17 08:38:06.532  3171  3186 I timeinitialize: Waiting for a blocking GC ProfileSaver
06-17 08:38:06.548  3171  3186 I timeinitialize: WaitForGcToComplete blocked ProfileSaver on AddRemoveAppImageSpace for 16.677ms
06-17 08:38:06.644  3192  3207 I ackageinstalle: Waiting for a blocking GC ProfileSaver
06-17 08:38:06.653  3192  3207 I ackageinstalle: WaitForGcToComplete blocked ProfileSaver on AddRemoveAppImageSpace for 8.525ms
06-17 08:38:07.355  3230  3245 I lcomm.telephon: Waiting for a blocking GC ProfileSaver
06-17 08:38:07.365  2032  2032 D KeyguardUpdateMonitor: received broadcast android.intent.action.BATTERY_CHANGED
06-17 08:38:07.366  1595  2899 V LocSvc_HIDL_Subscription_jni: battery_level_update
06-17 08:38:07.367  1595  2899 V LocSvc_HIDL_Subscription_jni: [battery_level_update][931] [HC] =>> [HS]
06-17 08:38:07.367   748   748 V LocSvc_HIDL_IzatSubscription: [batteryLevelUpdate][777] [HS] <<<<= [HC]
06-17 08:38:07.367  1595  2899 V LocSvc_HIDL_Subscription_jni: Exit Result 0
06-17 08:38:07.368  2032  2032 D KeyguardUpdateMonitor: handleBatteryUpdate
06-17 08:38:07.368  2194  2194 D QtiCarrierConfigHelper: WARNING, no carrier configs on phone Id: 0
06-17 08:38:07.382  3230  3245 I lcomm.telephon: WaitForGcToComplete blocked ProfileSaver on AddRemoveAppImageSpace for 27.011ms
