06-17 08:37:55.529  1595  1595 I system_server: type=1400 audit(0.0:81): avc: denied { read } for name="u:object_r:vendor_default_prop:s0" dev="tmpfs" ino=18381 scontext=u:r:system_server:s0 tcontext=u:object_r:vendor_default_prop:s0 tclass=file permissive=1
06-17 08:37:55.529  1595  1595 I auditd  : type=1400 audit(0.0:82): avc: denied { open } for comm="system_server" path="/dev/__properties__/u:object_r:vendor_default_prop:s0" dev="tmpfs" ino=18381 scontext=u:r:system_server:s0 tcontext=u:object_r:vendor_default_prop:s0 tclass=file permissive=1
06-17 08:37:55.529  1595  1595 I system_server: type=1400 audit(0.0:82): avc: denied { open } for path="/dev/__properties__/u:object_r:vendor_default_prop:s0" dev="tmpfs" ino=18381 scontext=u:r:system_server:s0 tcontext=u:object_r:vendor_default_prop:s0 tclass=file permissive=1
06-17 08:37:55.529  1595  1595 I auditd  : type=1400 audit(0.0:83): avc: denied { getattr } for comm="system_server" path="/dev/__properties__/u:object_r:vendor_default_prop:s0" dev="tmpfs" ino=18381 scontext=u:r:system_server:s0 tcontext=u:object_r:vendor_default_prop:s0 tclass=file permissive=1
06-17 08:37:55.529  1595  1595 I system_server: type=1400 audit(0.0:83): avc: denied { getattr } for path="/dev/__properties__/u:object_r:vendor_default_prop:s0" dev="tmpfs" ino=18381 scontext=u:r:system_server:s0 tcontext=u:object_r:vendor_default_prop:s0 tclass=file permissive=1
06-17 08:37:55.535  1595  1595 D SystemServerTiming: StartNetworkTimeUpdateService took to complete: 2ms
06-17 08:37:55.535  1595  1595 I SystemServer: StartCommonTimeManagementService
06-17 08:37:55.536  1595  1595 D SystemServerTiming: StartCommonTimeManagementService took to complete: 1ms
06-17 08:37:55.536  1595  1595 I SystemServer: CertBlacklister
06-17 08:37:55.536  1595  1595 D SystemServerTiming: CertBlacklister took to complete: 0ms
06-17 08:37:55.536  1595  1595 I SystemServer: StartEmergencyAffordanceService
06-17 08:37:55.536  1595  1595 I SystemServiceManager: Starting com.android.server.emergency.EmergencyAffordanceService
06-17 08:37:55.536  1595  1637 I ContextHubService: Context Hub HAL service not found
06-17 08:37:55.536  1595  1595 D SystemServerTiming: StartEmergencyAffordanceService took to complete: 0ms
06-17 08:37:55.536  1595  1595 I SystemServer: StartDreamManager
06-17 08:37:55.536  1595  1637 D SystemServerInitThreadPool: Finished executing Init ContextHubSystemService
06-17 08:37:55.536  1595  1595 I SystemServiceManager: Starting com.android.server.dreams.DreamManagerService
06-17 08:37:55.537  1595  1595 D SystemServerTiming: StartDreamManager took to complete: 2ms
06-17 08:37:55.537  1595  1595 I SystemServer: AddGraphicsStatsService
06-17 08:37:55.539  1595  1595 D SystemServerTiming: AddGraphicsStatsService took to complete: 1ms
06-17 08:37:55.539  1595  1595 I SystemServer: StartPrintManager
06-17 08:37:55.539  1595  1595 I SystemServiceManager: Starting com.android.server.print.PrintManagerService
06-17 08:37:55.541  1595  1595 D SystemServerTiming: StartPrintManager took to complete: 1ms
06-17 08:37:55.541  1595  1595 I SystemServer: StartCompanionDeviceManager
06-17 08:37:55.541  1595  1595 I SystemServiceManager: Starting com.android.server.companion.CompanionDeviceManagerService
06-17 08:37:55.543  1595  1595 D SystemServerTiming: StartCompanionDeviceManager took to complete: 2ms
06-17 08:37:55.543  1595  1595 I SystemServer: StartRestrictionManager
06-17 08:37:55.543  1595  1595 I SystemServiceManager: Starting com.android.server.restrictions.RestrictionsManagerService
06-17 08:37:55.543   736   736 D SDM     : DisplayBase::BuildLayerStackStats: LayerStack layer_count: 2, app_layer_count: 1, gpu_target_index: 1, display type: 0
06-17 08:37:55.543  1595  1595 D SystemServerTiming: StartRestrictionManager took to complete: 1ms
06-17 08:37:55.543  1595  1595 I SystemServer: StartMediaSessionService
06-17 08:37:55.544  1595  1595 I SystemServiceManager: Starting com.android.server.media.MediaSessionService
06-17 08:37:55.546  1595  1595 D SystemServerTiming: StartMediaSessionService took to complete: 2ms
06-17 08:37:55.546  1595  1595 I SystemServer: StartMediaUpdateService
06-17 08:37:55.546  1595  1595 I SystemServiceManager: Starting com.android.server.media.MediaUpdateService
06-17 08:37:55.546  1595  1595 D SystemServerTiming: StartMediaUpdateService took to complete: 0ms
06-17 08:37:55.546  1595  1595 I SystemServer: StartMediaResourceMonitor
06-17 08:37:55.546  1595  1595 I SystemServiceManager: Starting com.android.server.media.MediaResourceMonitorService
06-17 08:37:55.546  1595  1595 D SystemServerTiming: StartMediaResourceMonitor took to complete: 0ms
06-17 08:37:55.546  1595  1595 I SystemServer: StartMediaRouterService
06-17 08:37:55.547  1595  1595 D SystemServerTiming: StartMediaRouterService took to complete: 2ms
06-17 08:37:55.548  1595  1595 I SystemServer: StartBackgroundDexOptService
06-17 08:37:55.548  1595  1595 W BackgroundDexOptService: SysProp pm.dexopt.downgrade_after_inactive_days not set
06-17 08:37:55.548  1595  1595 D SystemServerTiming: StartBackgroundDexOptService took to complete: 0ms
06-17 08:37:55.548  1595  1595 I SystemServer: StartPruneInstantAppsJobService
06-17 08:37:55.548  1595  1595 D SystemServerTiming: StartPruneInstantAppsJobService took to complete: 1ms
06-17 08:37:55.548  1595  1595 I SystemServer: StartShortcutServiceLifecycle
06-17 08:37:55.549  1595  1595 I SystemServiceManager: Starting com.android.server.pm.ShortcutService$Lifecycle
06-17 08:37:55.551  1595  1595 D SystemServerTiming: StartShortcutServiceLifecycle took to complete: 2ms
06-17 08:37:55.551  1595  1595 I SystemServer: StartLauncherAppsService
06-17 08:37:55.551  1595  1595 I SystemServiceManager: Starting com.android.server.pm.LauncherAppsService
06-17 08:37:55.551  1595  1595 D SystemServerTiming: StartLauncherAppsService took to complete: 0ms
06-17 08:37:55.551  1595  1595 I SystemServer: StartCrossProfileAppsService
06-17 08:37:55.551  1595  1595 I SystemServiceManager: Starting com.android.server.pm.CrossProfileAppsService
06-17 08:37:55.552  1595  1595 D SystemServerTiming: StartCrossProfileAppsService took to complete: 1ms
06-17 08:37:55.552  1595  1595 I SystemServer: StartMediaProjectionManager
06-17 08:37:55.552  1595  1595 I SystemServiceManager: Starting com.android.server.media.projection.MediaProjectionManagerService
06-17 08:37:55.553  1595  1595 V MediaRouter: Adding route: RouteInfo{ name=Phone, description=null, status=null, category=RouteCategory{ name=System types=ROUTE_TYPE_LIVE_AUDIO ROUTE_TYPE_LIVE_VIDEO  groupable=false }, supportedTypes=ROUTE_TYPE_LIVE_AUDIO ROUTE_TYPE_LIVE_VIDEO , presentationDisplay=null }
06-17 08:37:55.554  1595  1595 V MediaRouter: Selecting route: RouteInfo{ name=Phone, description=null, status=null, category=RouteCategory{ name=System types=ROUTE_TYPE_LIVE_AUDIO ROUTE_TYPE_LIVE_VIDEO  groupable=false }, supportedTypes=ROUTE_TYPE_LIVE_AUDIO ROUTE_TYPE_LIVE_VIDEO , presentationDisplay=null }
06-17 08:37:55.555  1595  1595 D SystemServerTiming: StartMediaProjectionManager took to complete: 3ms
06-17 08:37:55.555  1595  1595 I SystemServer: StartSliceManagerService
06-17 08:37:55.555  1595  1595 I SystemServiceManager: Starting com.android.server.slice.SliceManagerService$Lifecycle
06-17 08:37:55.557  1595  1595 D SystemServerTiming: StartSliceManagerService took to complete: 2ms
06-17 08:37:55.557  1595  1595 I SystemServer: StartCameraServiceProxy
06-17 08:37:55.557  1595  1595 I SystemServiceManager: Starting com.android.server.camera.CameraServiceProxy
06-17 08:37:55.559  1595  1595 D SystemServerTiming: StartCameraServiceProxy took to complete: 2ms
06-17 08:37:55.559  1595  1595 I SystemServer: StartStatsCompanionService
06-17 08:37:55.559  1595  1595 I SystemServiceManager: Starting com.android.server.stats.StatsCompanionService$Lifecycle
06-17 08:37:55.560  1595  1595 I KernelUidCpuFreqTimeReader: mPerClusterTimesAvailable=false
06-17 08:37:55.560  1595  1595 D SystemServerTiming: StartStatsCompanionService took to complete: 1ms
06-17 08:37:55.561  1595  1595 I WindowManager: SAFE MODE not enabled
06-17 08:37:55.561  1595  1595 I SystemServer: StartJitCompilation
06-17 08:37:55.561  1595  1595 D SystemServerTiming: StartJitCompilation took to complete: 0ms
06-17 08:37:55.561  1595  1595 I SystemServer: StartMmsService
06-17 08:37:55.561  1595  1595 I SystemServiceManager: Starting com.android.server.MmsServiceBroker
06-17 08:37:55.562  1595  1595 D SystemServerTiming: StartMmsService took to complete: 1ms
06-17 08:37:55.562  1595  1595 I SystemServer: StartAutoFillService
06-17 08:37:55.562  1595  1595 I SystemServiceManager: Starting com.android.server.autofill.AutofillManagerService
06-17 08:37:55.562  1595  1595 I AutofillManagerService: Setting debug to true
06-17 08:37:55.563  1595  1595 D SystemServerTiming: StartAutoFillService took to complete: 2ms
06-17 08:37:55.564  1595  1595 I SystemServer: MakeVibratorServiceReady
06-17 08:37:55.565  1595  1595 D SystemServerTiming: MakeVibratorServiceReady took to complete: 1ms
06-17 08:37:55.565  1595  1595 I SystemServer: MakeLockSettingsServiceReady
06-17 08:37:55.574   594   594 I snet_event_log: [121035042,-1,]
06-17 08:37:55.575   594   594 W hwservicemanager: getTransport: Cannot find entry android.hardware.weaver@1.0::IWeaver/default in either framework or device manifest.
06-17 08:37:55.575  1595  1595 I SyntheticPasswordManager: Device does not support weaver
06-17 08:37:55.576   594   594 W hwservicemanager: getTransport: Cannot find entry android.hardware.authsecret@1.0::IAuthSecret/default in either framework or device manifest.
06-17 08:37:55.576  1595  1595 I LockSettingsService: Device doesn't implement AuthSecret HAL
06-17 08:37:55.577  1595  1595 E LockSettingsStorage: Cannot read file java.io.FileNotFoundException: /data/system/gatekeeper.password.key: open failed: ENOENT (No such file or directory)
06-17 08:37:55.577  1595  1595 E LockSettingsStorage: Cannot read file java.io.FileNotFoundException: /data/system/password.key: open failed: ENOENT (No such file or directory)
06-17 08:37:55.578  1595  1595 E LockSettingsStorage: Cannot read file java.io.FileNotFoundException: /data/system/gatekeeper.pattern.key: open failed: ENOENT (No such file or directory)
06-17 08:37:55.578  1595  1595 E LockSettingsStorage: Cannot read file java.io.FileNotFoundException: /data/system/gatekeeper.gesture.key: open failed: ENOENT (No such file or directory)
06-17 08:37:55.578  1595  1595 E LockSettingsStorage: Cannot read file java.io.FileNotFoundException: /data/system/gesture.key: open failed: ENOENT (No such file or directory)
06-17 08:37:55.578  1595  1595 D SystemServerTiming: MakeLockSettingsServiceReady took to complete: 13ms
06-17 08:37:55.578  1595  1595 I SystemServer: StartBootPhaseLockSettingsReady
06-17 08:37:55.578  1595  1595 I SystemServiceManager: Starting phase 480
06-17 08:37:55.581  1595  1595 I DevicePolicyManager: Set ro.device_owner property to false
06-17 08:37:55.582  1595  1763 D SystemServerInitThreadPool: Started executing DevicePolicyManager
06-17 08:37:55.582  1595  1763 D SystemServerInitThreadPool: Finished executing DevicePolicyManager
01-01 10:32:03.026     0     0 I selinux : avc:  received setenforce notice (enforcing=0)
06-17 08:37:55.584  1595  1595 D SystemServerTiming: StartBootPhaseLockSettingsReady took to complete: 6ms
06-17 08:37:55.584  1595  1595 I SystemServer: StartBootPhaseSystemServicesReady
06-17 08:37:55.584  1595  1595 I SystemServiceManager: Starting phase 500
06-17 08:37:55.585  1595  1595 D AppStandbyController: Setting app idle enabled state
06-17 08:37:55.588  1595  1595 I VrManagerService: No default vr listener service found.
06-17 08:37:55.592  1595  1595 I WifiService: WifiService starting up with Wi-Fi disabled
06-17 08:37:55.595  1595  1920 I android_os_HwBinder: HwBinder: Starting thread pool for default::android.hidl.manager@1.0::IServiceManager
06-17 08:37:55.596  1595  1764 D HalDevMgr: IWifi registration notification: fqName=android.hardware.wifi@1.0::IWifi, name=default, preexisting=true
06-17 08:37:55.597  1595  1920 I android_os_HwBinder: HwBinder: Starting thread pool for default::android.hardware.wifi@1.0::IWifi
06-17 08:37:55.596   594   594 I chatty  : uid=1000(system) hwservicemanage identical 6 lines
06-17 08:37:55.597   594   594 I snet_event_log: [121035042,-1,]
06-17 08:37:55.599  1595  1920 I service_manager_stats: [100,22,95056]
06-17 08:37:55.600  1595  1920 D WificondControl: tearing down interfaces in wificond
06-17 08:37:55.602  1595  1595 I WifiScanningService: Starting wifiscanner
01-01 10:32:03.045     0     0 I         : R0: [wificond][1916081493] [08:37:55.600939]  wlan: [1102:E :HDD] __wlan_hdd_cfg80211_get_txpower: 2468: invalid session id: 255
06-17 08:37:55.603  1595  1595 I EthernetServiceImpl: Starting Ethernet service
01-01 10:32:03.045     0     0 I         : R0: [wificond][1916081827] [08:37:55.600956]  wlan: [1102:E :HDD] __wlan_hdd_cfg80211_get_txpower: 2468: invalid session id: 255
01-01 10:32:03.046     0     0 I         : R0: [wificond][1916082626] [08:37:55.600998]  wlan: [1102:E :HDD] __wlan_hdd_cfg80211_get_txpower: 2468: invalid session id: 255
01-01 10:32:03.046     0     0 I         : R0: [wificond][1916082799] [08:37:55.601007]  wlan: [1102:E :HDD] __wlan_hdd_cfg80211_get_txpower: 2468: invalid session id: 255
06-17 08:37:55.611  1595  1595 D Ethernet: Registering NetworkFactory
06-17 08:37:55.612  1595  1923 D ConnectivityService: Got NetworkFactory Messenger for Ethernet
06-17 08:37:55.612  1595  1990 D Ethernet: got request NetworkRequest [ REQUEST id=1, [ Capabilities: INTERNET&NOT_RESTRICTED&TRUSTED&NOT_VPN Unwanted: ] ] with score 0
06-17 08:37:55.612  1595  1595 E IpConfigStore: Error opening configuration file: java.io.FileNotFoundException: /data/misc/ethernet/ipconfig.txt (No such file or directory)
06-17 08:37:55.614  1595  1595 D ZenLog  : config: cleanUpZenRules,ZenModeConfig[user=0,allowAlarms=true,allowMedia=true,allowSystem=false,allowReminders=false,allowEvents=false,allowCalls=true,allowRepeatCallers=true,allowMessages=false,allowCallsFrom=stars,allowMessagesFrom=contacts,suppressedVisualEffects=511,areChannelsBypassingDnd=false,automaticRules={EVENTS_DEFAULT_RULE=ZenRule[enabled=false,snoozing=false,name=Event,zenMode=ZEN_MODE_IMPORTANT_INTERRUPTIONS,conditionId=condition://android/event?userId=-10000&calendar=&reply=1,condition=Condition[id=condition://android/event?userId=-10000&calendar=&reply=1,summary=...,line1=...,line2=...,icon=0,state=STATE_FALSE,flags=2],component=ComponentInfo{android/com.android.server.notification.EventConditionProvider},id=EVENTS_DEFAULT_RULE,creationTime=1560440311855,enabler=null], EVERY_NIGHT_DEFAULT_RULE=ZenRule[enabled=false,snoozing=false,name=Sleeping,zenMode=ZEN_MODE_IMPORTANT_INTERRUPTIONS,conditionId=condition://android/schedule?days=1.2.3.4.5.6.7&start=22.0&end=7.0&exitAtAlarm=true,condition=Condition[id=condition://android/schedule?days=1.2.3.4.5.6.7&start=22.0&end=7.0&exitAtAlarm=true,summary=...,line1=...,line2=...,icon=0,state=STATE_FALSE,flags=2],component=ComponentInfo{android/com.android.server.notification.ScheduleConditionProvider},id=EVERY_NIGHT_DEFAULT_RULE,creationTime=1560440311855,enabler=null]},manualRule=null],Diff[]
06-17 08:37:55.614  1595  1595 D ZenLog  : set_zen_mode: off,onSystemReady
06-17 08:37:55.617  1595  1990 I EthernetTracker: maybeTrackInterface bond0
06-17 08:37:55.617  1595  1990 I EthernetTracker: maybeTrackInterface dummy0
06-17 08:37:55.617  1595  1990 I EthernetTracker: maybeTrackInterface ip6_vti0
06-17 08:37:55.617  1595  1990 I EthernetTracker: maybeTrackInterface ip6tnl0
06-17 08:37:55.617  1595  1990 I EthernetTracker: maybeTrackInterface ip_vti0
06-17 08:37:55.617   765   765 D PermissionCache: checking android.permission.CAPTURE_AUDIO_HOTWORD for uid=1000 => granted (111 us)
06-17 08:37:55.617  1595  1990 I EthernetTracker: maybeTrackInterface lo
06-17 08:37:55.618  1595  1595 W SoundTriggerHelper: listModules status=0, # of modules=0
06-17 08:37:55.618  1595  1990 I EthernetTracker: maybeTrackInterface p2p0
06-17 08:37:55.618  1595  1990 I EthernetTracker: maybeTrackInterface r_rmnet_data0
06-17 08:37:55.618  1595  1990 I EthernetTracker: maybeTrackInterface r_rmnet_data1
06-17 08:37:55.618  1595  1990 I EthernetTracker: maybeTrackInterface r_rmnet_data2
06-17 08:37:55.618  1595  1990 I EthernetTracker: maybeTrackInterface r_rmnet_data3
06-17 08:37:55.618  1595  1990 I EthernetTracker: maybeTrackInterface r_rmnet_data4
06-17 08:37:55.618  1595  1990 I EthernetTracker: maybeTrackInterface r_rmnet_data5
06-17 08:37:55.618  1595  1595 D ContextHubSystemService: onBootPhase: PHASE_SYSTEM_SERVICES_READY
06-17 08:37:55.618  1595  1990 I EthernetTracker: maybeTrackInterface r_rmnet_data6
06-17 08:37:55.619  1595  1990 I EthernetTracker: maybeTrackInterface r_rmnet_data7
06-17 08:37:55.619  1595  1990 I EthernetTracker: maybeTrackInterface r_rmnet_data8
06-17 08:37:55.619  1595  1990 I EthernetTracker: maybeTrackInterface rmnet_data0
06-17 08:37:55.619  1595  1990 I EthernetTracker: maybeTrackInterface rmnet_data1
06-17 08:37:55.619  1595  1990 I EthernetTracker: maybeTrackInterface rmnet_data2
06-17 08:37:55.619  1595  1990 I EthernetTracker: maybeTrackInterface rmnet_data3
06-17 08:37:55.619  1595  1990 I EthernetTracker: maybeTrackInterface rmnet_data4
06-17 08:37:55.619  1595  1595 D SystemServerTiming: StartBootPhaseSystemServicesReady took to complete: 35ms
06-17 08:37:55.619  1595  1595 I SystemServer: MakeWindowManagerServiceReady
06-17 08:37:55.619  1595  1990 I EthernetTracker: maybeTrackInterface rmnet_data5
06-17 08:37:55.619  1595  1990 I EthernetTracker: maybeTrackInterface rmnet_data6
06-17 08:37:55.619  1595  1990 I EthernetTracker: maybeTrackInterface rmnet_data7
06-17 08:37:55.619  1595  1990 I EthernetTracker: maybeTrackInterface rmnet_ipa0
06-17 08:37:55.620  1595  1990 I EthernetTracker: maybeTrackInterface sit0
06-17 08:37:55.620  1595  1990 I EthernetTracker: maybeTrackInterface wlan0
06-17 08:37:55.620  1595  1595 I Perf    : Connecting to perf service.
06-17 08:37:55.622   594   594 I snet_event_log: [121035042,-1,]
06-17 08:37:55.623  1595  1595 I android_os_HwBinder: HwBinder: Starting thread pool for default::android.hardware.configstore@1.0::ISurfaceFlingerConfigs
06-17 08:37:55.624  1595  1595 D SystemServerTiming: MakeWindowManagerServiceReady took to complete: 5ms
06-17 08:37:55.624  1595  1595 I SystemServer: MakePowerManagerServiceReady
06-17 08:37:55.626   736   736 D SDM     : DisplayBase::BuildLayerStackStats: LayerStack layer_count: 2, app_layer_count: 1, gpu_target_index: 1, display type: 0
06-17 08:37:55.627  1595  1920 D WifiStateMachinePrime: received a message in WifiDisabledState: { when=0 what=3 target=com.android.internal.util.StateMachine$SmHandler }
06-17 08:37:55.627  1595  1920 D WifiStateMachinePrime: Switching from WifiDisabledState to WifiDisabled
06-17 08:37:55.627  1595  1920 D WifiStateMachinePrime: Entering WifiDisabledState
06-17 08:37:55.627  1595  1920 D ActiveModeManager: sending scan available broadcast: false
06-17 08:37:55.632  1595  1595 D SystemServerTiming: MakePowerManagerServiceReady took to complete: 7ms
06-17 08:37:55.632  1595  1595 I SystemServer: MakePackageManagerServiceReady
06-17 08:37:55.633  1595  1661 W KeyguardServiceDelegate: onScreenTurningOn(): no keyguard service!
06-17 08:37:55.635  1595  1646 W KernelCpuProcReader: File not exist: /proc/uid_cpupower/time_in_state
06-17 08:37:55.635  1595  1646 W KernelCpuProcReader: File not exist: /proc/uid_cpupower/concurrent_active_time
06-17 08:37:55.635  1595  1646 W KernelCpuProcReader: File not exist: /proc/uid_cpupower/concurrent_policy_time
06-17 08:37:55.640  1595  1595 V UserDataPreparer: Found /data/user_de/0 with serial number 0
06-17 08:37:55.640  1595  1595 V UserDataPreparer: Found /data/user/0 with serial number 0
06-17 08:37:55.640  1595  1595 V UserDataPreparer: Found /data/system_de/0 with serial number 0
06-17 08:37:55.640  1595  1595 V UserDataPreparer: Found /data/system_ce/0 with serial number 0
06-17 08:37:55.640  1595  1595 V UserDataPreparer: Found /data/misc_ce/0 with serial number 0
06-17 08:37:55.640  1595  1595 D SystemServerTiming: MakePackageManagerServiceReady took to complete: 8ms
06-17 08:37:55.640  1595  1595 I SystemServer: MakeDisplayManagerServiceReady
06-17 08:37:55.640  1595  1595 D SystemServerTiming: MakeDisplayManagerServiceReady took to complete: 0ms
06-17 08:37:55.640  1595  1595 I SystemServer: StartDeviceSpecificServices
06-17 08:37:55.640  1595  1595 D SystemServerTiming: StartDeviceSpecificServices took to complete: 0ms
06-17 08:37:55.640  1595  1595 I SystemServer: StartBootPhaseDeviceSpecificServicesReady
06-17 08:37:55.640  1595  1595 I SystemServiceManager: Starting phase 520
06-17 08:37:55.640  1595  1595 D SystemServerTiming: StartBootPhaseDeviceSpecificServicesReady took to complete: 1ms
06-17 08:37:55.641  1595  1595 W UsageStatsService: Event reported without a package name
06-17 08:37:55.643  1595  1595 I ActivityManager: System now ready
06-17 08:37:55.623   594   594 I snet_event_log: [121035042,-1,]
06-17 08:37:55.643  1595  1595 I boot_progress_ams_ready: 95099
06-17 08:37:55.646  1595  1595 I SystemServer: Making services ready
06-17 08:37:55.646  1595  1595 I SystemServer: StartActivityManagerReadyPhase
06-17 08:37:55.646  1595  1595 I SystemServiceManager: Starting phase 550
06-17 08:37:55.647  1595  1595 W ActivityManager: Too early to start/bind service in system_server: Phase=550 ComponentInfo{com.android.server.telecom/com.android.server.telecom.components.TelecomService}
06-17 08:37:55.648  1595  1595 D CompatibilityInfo: mCompatibilityFlags - 0
06-17 08:37:55.648  1595  1595 D CompatibilityInfo: applicationDensity - 320
06-17 08:37:55.648  1595  1595 D CompatibilityInfo: applicationScale - 1.0
06-17 08:37:55.655  1595  1595 I commit_sys_config_file: [sync-accounts,3]
06-17 08:37:55.657  1595  1595 I commit_sys_config_file: [sync-status,3]
06-17 08:37:55.660  1595  1595 I commit_sys_config_file: [sync-stats,3]
06-17 08:37:55.648  1595  1595 W ActivityManager: Too early to start/bind service in system_server: Phase=550 ComponentInfo{com.android.server.telecom/com.android.server.telecom.components.TelecomService}
06-17 08:37:55.665  1595  1595 D BluetoothManagerService: Bluetooth boot completed
06-17 08:37:55.665  1595  1595 D BluetoothManagerService: Auto-enabling Bluetooth.
06-17 08:37:55.665  1595  1657 D BluetoothManagerService: MESSAGE_ENABLE(0): mBluetooth = null
06-17 08:37:55.666  1595  1657 I am_uid_running: 1002
06-17 08:37:55.674   594   594 I snet_event_log: [121035042,-1,]
06-17 08:37:55.675   594   594 I snet_event_log: [121035042,-1,]
06-17 08:37:55.676  1595  1644 I am_proc_start: [0,1997,1002,com.android.bluetooth,service,com.android.bluetooth/.btservice.AdapterService]
06-17 08:37:55.677  1595  1644 I ActivityManager: Start proc 1997:com.android.bluetooth/1002 for service com.android.bluetooth/.btservice.AdapterService
06-17 08:37:55.686  1595  1640 I am_pss  : [1595,1000,system,78873600,57229312,0,113147904,0,0,36]
06-17 08:37:55.703  1595  1624 I am_proc_bound: [0,1997,com.android.bluetooth]
06-17 08:37:55.704  1595  1624 D CompatibilityInfo: mCompatibilityFlags - 0
06-17 08:37:55.704  1595  1624 D CompatibilityInfo: applicationDensity - 320
06-17 08:37:55.704  1595  1624 D CompatibilityInfo: applicationScale - 1.0
06-17 08:37:55.709  1595  1624 I am_uid_active: 1002
06-17 08:37:55.710  1595  1624 D CompatibilityInfo: mCompatibilityFlags - 0
06-17 08:37:55.710  1595  1624 D CompatibilityInfo: applicationDensity - 320
06-17 08:37:55.710  1595  1624 D CompatibilityInfo: applicationScale - 1.0
06-17 08:37:55.710   736   736 D SDM     : DisplayBase::BuildLayerStackStats: LayerStack layer_count: 2, app_layer_count: 1, gpu_target_index: 1, display type: 0
06-17 08:37:55.726  1997  1997 I droid.bluetoot: The ClassLoaderContext is a special shared library.
06-17 08:37:55.793   736   736 D SDM     : DisplayBase::BuildLayerStackStats: LayerStack layer_count: 2, app_layer_count: 1, gpu_target_index: 1, display type: 0
06-17 08:37:55.816  1595  1595 I am_uid_running: 10060
06-17 08:37:55.817  1595  1595 W SystemServiceManager: Service com.android.server.InputMethodManagerService$Lifecycle took 151 ms in onBootPhase
06-17 08:37:55.818  1595  1913 D StorageManagerService: Thinking about init, mSystemReady=true, mDaemonConnected=true
06-17 08:37:55.818  1595  1913 D StorageManagerService: Setting up emulation state, initlocked=false
06-17 08:37:55.818   621   625 D vold    : e4crypt_unlock_user_key 0 serial=0 token_present=0
06-17 08:37:55.819  1595  1913 D StorageManagerService: Thinking about reset, mSystemReady=true, mDaemonConnected=true
06-17 08:37:55.819  1595  1642 I ActivityManager: Force stopping com.android.providers.media appid=10013 user=-1: vold reset
06-17 08:37:55.820  1595  1595 I WallpaperManagerService: No static wallpaper imagery; defaults will be shown
06-17 08:37:55.821  1595  1624 V StorageManagerService: Found primary storage at VolumeInfo{emulated}:
06-17 08:37:55.821  1595  1624 V StorageManagerService:     type=EMULATED diskId=null partGuid= mountFlags=0 mountUserId=-1 
06-17 08:37:55.821  1595  1624 V StorageManagerService:     state=UNMOUNTED 
06-17 08:37:55.821  1595  1624 V StorageManagerService:     fsType=null fsUuid=null fsLabel=null 
06-17 08:37:55.821  1595  1624 V StorageManagerService:     path=null internalPath=null 
06-17 08:37:55.825  1595  1595 E BitmapFactory: Unable to decode stream: java.io.FileNotFoundException: /data/system/users/0/wallpaper_orig (No such file or directory)
06-17 08:37:55.825  1595  1595 W WallpaperManagerService: Invalid wallpaper data
06-17 08:37:55.825  1595  1595 E WallpaperManagerService: Unable to apply new wallpaper
06-17 08:37:55.825  1595  1931 I AudioService: In onSystemReady(), calling resetBluetoothSco()
06-17 08:37:55.825  1595  1931 I AudioService: In resetBluetoothSco(), calling clearAllScoClients()
06-17 08:37:55.826   743   743 I android.hardware.usb@1.0-service: otg_default
06-17 08:37:55.826  1595  1595 D SystemServerTiming: StartActivityManagerReadyPhase took to complete: 180ms
06-17 08:37:55.827   736   736 D SDM     : DisplayBase::BuildLayerStackStats: LayerStack layer_count: 2, app_layer_count: 1, gpu_target_index: 1, display type: 0
06-17 08:37:55.827  1595  1595 I SystemServer: StartObservingNativeCrashes
06-17 08:37:55.827   743   743 I android.hardware.usb@1.0-service: canChangeMode: 1 canChagedata: 1 canChangePower:1
06-17 08:37:55.827  1595  1595 D SystemServerTiming: StartObservingNativeCrashes took to complete: 0ms
06-17 08:37:55.827   621   625 V vold    : Waiting for FUSE to spin up...
06-17 08:37:55.827  1595  1762 D SystemServerInitThreadPool: Started executing WebViewFactoryPreparation
06-17 08:37:55.827  1595  1762 I SystemServer: WebViewFactoryPreparation
06-17 08:37:55.827  1595  1595 I SystemServer: StartSystemUI
06-17 08:37:55.828  1997  1997 I Perf    : Connecting to perf service.
06-17 08:37:55.828  1595  1764 I UsbPortManager: ClientCallback: otg_default
06-17 08:37:55.828  1595  1656 I UsbPortManager: USB port added: port=UsbPort{id=otg_default, supportedModes=dual}, status=UsbPortStatus{connected=true, currentMode=ufp, currentPowerRole=sink, currentDataRole=device, supportedRoleCombinations=[source:host, source:device, sink:host, sink:device]}, canChangeMode=true, canChangePowerRole=true, canChangeDataRole=true
06-17 08:37:55.829  1595  1931 I AudioService: setBluetoothScoOnInt: false resetBluetoothSco
06-17 08:37:55.830  1595  1931 I AudioService: In setbluetoothScoOnInt(), mForcedUseForCommExt: 0
06-17 08:37:55.830  1595  1595 I am_uid_running: 10018
06-17 08:37:55.831  1595  1644 I am_proc_start: [0,2015,10060,com.android.inputmethod.latin,service,com.android.inputmethod.latin/.LatinIME]
06-17 08:37:55.832  1595  1644 I ActivityManager: Start proc 2015:com.android.inputmethod.latin/u0a60 for service com.android.inputmethod.latin/.LatinIME
06-17 08:37:55.832  1595  1642 W BroadcastQueue: Hung broadcast [foreground] discarded after timeout failure: now=95288 dispatchTime=39456 startTime=39456 intent=Intent { act=android.intent.action.TIME_TICK flg=0x50200014 (has extras) } numReceivers=1 nextReceiver=1 state=3
06-17 08:37:55.832  1595  1762 D WebViewLibraryLoader: Setting new address space to 147551200
06-17 08:37:55.833  1595  1642 W BroadcastQueue: Timeout of broadcast BroadcastRecord{17a21c5 u-1 android.intent.action.TIME_TICK} - receiver=android.app.LoadedApk$ReceiverDispatcher$InnerReceiver@58bf35f, started 55832ms ago
06-17 08:37:55.833  1595  1642 W BroadcastQueue: Receiver during timeout of BroadcastRecord{17a21c5 u-1 android.intent.action.TIME_TICK} : BroadcastFilter{ac80e75 u0 ReceiverList{b37c1ac 1595 system/1000/u0 local:58bf35f}}
06-17 08:37:55.833  1595  1642 I am_broadcast_discard_filter: [0,24781253,android.intent.action.TIME_TICK,0,180883061]
06-17 08:37:55.833  1595  1931 D BluetoothManagerService: Creating new ProfileServiceConnections object for profile: 1
06-17 08:37:55.835  1595  1595 D SystemServerTiming: StartSystemUI took to complete: 8ms
06-17 08:37:55.835  1595  1595 I SystemServer: MakeNetworkManagementServiceReady
06-17 08:37:55.835  1595  1595 D NetworkManagement: enabling bandwidth control
06-17 08:37:55.835  1595  1931 E BluetoothHearingAid: Could not bind to Bluetooth Hearing Aid Service with Intent { act=android.bluetooth.IBluetoothHearingAid }
06-17 08:37:55.836   765   765 I AudioFlinger: systemReady
06-17 08:37:55.843   736   736 D SDM     : DisplayBase::BuildLayerStackStats: LayerStack layer_count: 2, app_layer_count: 1, gpu_target_index: 1, display type: 0
06-17 08:37:55.845  2014  2014 W sdcard  : Device explicitly enabled sdcardfs
06-17 08:37:55.847  1595  1644 I am_proc_start: [0,2032,10018,com.android.systemui,service,com.android.systemui/.SystemUIService]
06-17 08:37:55.847  1595  1644 I ActivityManager: Start proc 2032:com.android.systemui/u0a18 for service com.android.systemui/.SystemUIService
06-17 08:37:55.850  1595  1624 I am_proc_bound: [0,2015,com.android.inputmethod.latin]
06-17 08:37:55.850  1595  1624 D CompatibilityInfo: mCompatibilityFlags - 10
06-17 08:37:55.850  1595  1624 D CompatibilityInfo: applicationDensity - 320
06-17 08:37:55.850  1595  1624 D CompatibilityInfo: applicationScale - 1.0
06-17 08:37:55.852  1595  1624 I am_uid_active: 10060
06-17 08:37:55.852  1595  1624 D CompatibilityInfo: mCompatibilityFlags - 10
06-17 08:37:55.852  1595  1624 D CompatibilityInfo: applicationDensity - 320
06-17 08:37:55.852  1595  1624 D CompatibilityInfo: applicationScale - 1.0
01-01 10:32:03.291     0     0 I         : sdcardfs version 2.0
01-01 10:32:03.291     0     0 I sdcardfs: dev_name -> /data/media
01-01 10:32:03.291     0     0 I sdcardfs: options -> fsuid=1023,fsgid=1023,multiuser,derive_gid,default_normal,mask=6,userid=0,gid=1015
01-01 10:32:03.291     0     0 I sdcardfs: mnt -> ffffffc87bf08020
01-01 10:32:03.291     0     0 I sdcardfs: mounted on top of /data/media type ext4
01-01 10:32:03.292     0     0 I         : Remount options were mask=23,gid=9997 for vfsmnt ffffffc87bf091a0.
01-01 10:32:03.292     0     0 I sdcardfs: options - debug:1
01-01 10:32:03.292     0     0 I sdcardfs: options - gid:9997
01-01 10:32:03.292     0     0 I sdcardfs: options - mask:23
01-01 10:32:03.292     0     0 I         : Remount options were mask=7,gid=9997 for vfsmnt ffffffc87bf09de0.
01-01 10:32:03.292     0     0 I sdcardfs: options - debug:1
01-01 10:32:03.292     0     0 I sdcardfs: options - gid:9997
01-01 10:32:03.292     0     0 I sdcardfs: options - mask:7
06-17 08:37:55.856  1595  1762 I am_uid_running: 1037
06-17 08:37:55.858  1595  1762 D SystemServerTimingAsync: WebViewFactoryPreparation took to complete: 31ms
06-17 08:37:55.858  1595  1762 D SystemServerInitThreadPool: Finished executing WebViewFactoryPreparation
06-17 08:37:55.859  1595  1640 I commit_sys_config_file: [package-perms-0,16]
06-17 08:37:55.863  1595  1595 W NetworkManagement: setDataSaverMode(): already false
06-17 08:37:55.864  1595  1595 D SystemServerTiming: MakeNetworkManagementServiceReady took to complete: 29ms
06-17 08:37:55.864  1595  1595 I SystemServer: MakeIpSecServiceReady
06-17 08:37:55.866  1595  1646 E BatteryExternalStatsWorker: no controller energy info supplied for wifi
06-17 08:37:55.866  1595  1646 E BatteryExternalStatsWorker: no controller energy info supplied for telephony
06-17 08:37:55.867  1595  1624 I am_proc_bound: [0,2032,com.android.systemui]
06-17 08:37:55.867  1595  1624 D CompatibilityInfo: mCompatibilityFlags - 0
06-17 08:37:55.867  1595  1624 D CompatibilityInfo: applicationDensity - 320
06-17 08:37:55.867  1595  1624 D CompatibilityInfo: applicationScale - 1.0
06-17 08:37:55.868  1595  1624 I am_uid_active: 10018
06-17 08:37:55.873  1595  1595 D IpSecService: IpSecService is ready
06-17 08:37:55.873  1595  1595 D SystemServerTiming: MakeIpSecServiceReady took to complete: 8ms
06-17 08:37:55.873  1595  1595 I SystemServer: MakeNetworkStatsServiceReady
06-17 08:37:55.874  1595  1624 D CompatibilityInfo: mCompatibilityFlags - 0
06-17 08:37:55.874  1595  1624 D CompatibilityInfo: applicationDensity - 320
06-17 08:37:55.874  1595  1624 D CompatibilityInfo: applicationScale - 1.0
06-17 08:37:55.875  1595  1624 D CompatibilityInfo: mCompatibilityFlags - 0
06-17 08:37:55.875  1595  1624 D CompatibilityInfo: applicationDensity - 320
06-17 08:37:55.875  1595  1624 D CompatibilityInfo: applicationScale - 1.0
06-17 08:37:55.877   736   736 D SDM     : DisplayBase::BuildLayerStackStats: LayerStack layer_count: 2, app_layer_count: 1, gpu_target_index: 1, display type: 0
06-17 08:37:55.882  1595  1595 W BestClock: java.time.DateTimeException: Missing NTP fix
06-17 08:37:55.884  1070  1222 E linker  : library "/system/lib64/extractors/.." ("/system/lib64") needed or dlopened by "/system/lib64/libstagefright.so" is not accessible for the namespace: [name="(default)", ld_library_paths="", default_library_paths="/system/lib64", permitted_paths="/system/lib64/drm:/system/lib64/extractors:/system/lib64/hw:/system/product/lib64:/system/framework:/system/app:/system/priv-app:/vendor/framework:/vendor/app:/vendor/priv-app:/odm/framework:/odm/app:/odm/priv-app:/oem/app:/system/product/framework:/system/product/app:/system/product/priv-app:/data:/mnt/expand"]
06-17 08:37:55.884  1070  1222 W MediaExtractorFactory: couldn't dlopen(/system/lib64/extractors/..) No such file or directory
06-17 08:37:55.884  2015  2015 I putmethod.lati: The ClassLoaderContext is a special shared library.
06-17 08:37:55.888  1997  1997 E BluetoothVendorJni: register_com_android_bluetooth_btservice_vendor:
06-17 08:37:55.888  1997  1997 E BluetoothVendorSocketJni: register_com_android_bluetooth_btservice_vendor_socket:
06-17 08:37:55.891  1595  1595 D SystemServerTiming: MakeNetworkStatsServiceReady took to complete: 18ms
06-17 08:37:55.891  1595  1595 I SystemServer: MakeConnectivityServiceReady
06-17 08:37:55.893  1595  1595 D PermissionMonitor: Monitoring
06-17 08:37:55.893  1595  1990 D Ethernet: got request NetworkRequest [ BACKGROUND_REQUEST id=2, [ Transports: CELLULAR Capabilities: INTERNET&NOT_RESTRICTED&TRUSTED&NOT_VPN Unwanted: ] ] with score 0
06-17 08:37:55.898  1595  1595 D PermissionMonitor: Users: 1, Apps: 94
06-17 08:37:55.899  1595  1923 V NetPluginDelegate: registerHandler
06-17 08:37:55.899  1595  1923 V NetPluginDelegate: loading ConnectivityExt jar
06-17 08:37:55.901  1595  1595 D SystemServerTiming: MakeConnectivityServiceReady took to complete: 11ms
06-17 08:37:55.902  1595  1595 I SystemServer: MakeNetworkPolicyServiceReady
06-17 08:37:55.908  1595  1644 W ActivityManager: Slow operation: 52ms so far, now at startProcess: returned from zygote!
06-17 08:37:55.909  1595  1644 W ActivityManager: Slow operation: 52ms so far, now at startProcess: done updating battery stats
06-17 08:37:55.909  1595  1644 I am_proc_start: [0,2052,1037,WebViewLoader-armeabi-v7a,,]
06-17 08:37:55.909  1595  1644 W ActivityManager: Slow operation: 52ms so far, now at startProcess: building log message
06-17 08:37:55.909  1595  1644 I ActivityManager: Start proc 2052:WebViewLoader-armeabi-v7a/1037 [android.webkit.WebViewLibraryLoader$RelroFileCreator] for 
06-17 08:37:55.909  1595  1644 W ActivityManager: Slow operation: 52ms so far, now at startProcess: starting to update pids map
06-17 08:37:55.909  1595  1644 W ActivityManager: Slow operation: 52ms so far, now at startProcess: done updating pids map
06-17 08:37:55.909  1595  1644 W ActivityManager: Slow operation: 52ms so far, now at startProcess: asking zygote to start proc
06-17 08:37:55.913  1997  1997 D AdapterServiceConfig:  addAudioProfiles profileHeadsetService
06-17 08:37:55.913  1997  1997 I AdapterServiceConfig: addAudioProfiles isA2dpSink :false
06-17 08:37:55.913  1997  1997 V AdapterServiceConfig: Adding HeadsetService
06-17 08:37:55.914  1997  1997 D AdapterServiceConfig:  addAudioProfiles profileA2dpService
06-17 08:37:55.914  1997  1997 I AdapterServiceConfig: addAudioProfiles isA2dpSink :false
06-17 08:37:55.914  1997  1997 V AdapterServiceConfig: Adding A2dpService
06-17 08:37:55.914  1997  1997 D AdapterServiceConfig:  addAudioProfiles profileA2dpSinkService
06-17 08:37:55.914  1997  1997 I AdapterServiceConfig: addAudioProfiles isA2dpSink :false
06-17 08:37:55.914  1997  1997 I AdapterServiceConfig:  Profile A2dpSinkService Not added 
06-17 08:37:55.914  1997  1997 D AdapterServiceConfig:  addAudioProfiles profileHidHostService
06-17 08:37:55.914  1997  1997 I AdapterServiceConfig: addAudioProfiles isA2dpSink :false
06-17 08:37:55.914  1997  1997 V AdapterServiceConfig: Adding HidHostService
06-17 08:37:55.914  1997  1997 D AdapterServiceConfig:  addAudioProfiles profileHealthService
06-17 08:37:55.914  1997  1997 I AdapterServiceConfig: addAudioProfiles isA2dpSink :false
06-17 08:37:55.914  1997  1997 V AdapterServiceConfig: Adding HealthService
06-17 08:37:55.914  1997  1997 D AdapterServiceConfig:  addAudioProfiles profilePanService
06-17 08:37:55.914  1997  1997 I AdapterServiceConfig: addAudioProfiles isA2dpSink :false
06-17 08:37:55.914  1997  1997 V AdapterServiceConfig: Adding PanService
06-17 08:37:55.914  1997  1997 D AdapterServiceConfig:  addAudioProfiles profileGattService
06-17 08:37:55.914  1997  1997 I AdapterServiceConfig: addAudioProfiles isA2dpSink :false
06-17 08:37:55.914  1997  1997 V AdapterServiceConfig: Adding GattService
06-17 08:37:55.914  1997  1997 D AdapterServiceConfig:  addAudioProfiles profileBluetoothMapService
06-17 08:37:55.914  1997  1997 I AdapterServiceConfig: addAudioProfiles isA2dpSink :false
06-17 08:37:55.914  1997  1997 V AdapterServiceConfig: Adding BluetoothMapService
06-17 08:37:55.914  1997  1997 D AdapterServiceConfig:  addAudioProfiles profileAvrcpTargetService
06-17 08:37:55.914  1997  1997 I AdapterServiceConfig: addAudioProfiles isA2dpSink :false
06-17 08:37:55.914  1997  1997 V AdapterServiceConfig: Adding AvrcpTargetService
06-17 08:37:55.914  1997  1997 D AdapterServiceConfig:  addAudioProfiles profileAvrcpControllerService
06-17 08:37:55.914  1997  1997 I AdapterServiceConfig: addAudioProfiles isA2dpSink :false
06-17 08:37:55.914  1997  1997 V AdapterServiceConfig: Adding AvrcpControllerService
06-17 08:37:55.914  1997  1997 D AdapterServiceConfig:  addAudioProfiles profileSapService
06-17 08:37:55.914  1997  1997 I AdapterServiceConfig: addAudioProfiles isA2dpSink :false
06-17 08:37:55.914  1997  1997 V AdapterServiceConfig: Adding SapService
06-17 08:37:55.914  1997  1997 D AdapterServiceConfig:  addAudioProfiles profileBluetoothOppService
06-17 08:37:55.915  1997  1997 I AdapterServiceConfig: addAudioProfiles isA2dpSink :false
06-17 08:37:55.915  1997  1997 V AdapterServiceConfig: Adding BluetoothOppService
06-17 08:37:55.915  1997  1997 D AdapterServiceConfig:  addAudioProfiles profileBluetoothPbapService
06-17 08:37:55.915  1997  1997 I AdapterServiceConfig: addAudioProfiles isA2dpSink :false
06-17 08:37:55.915  1997  1997 V AdapterServiceConfig: Adding BluetoothPbapService
06-17 08:37:55.915  1997  1997 D AdapterServiceConfig:  addAudioProfiles profileBATService
06-17 08:37:55.915  1997  1997 I AdapterServiceConfig: addAudioProfiles isA2dpSink :false
06-17 08:37:55.915  1997  1997 D AdapterServiceConfig:  isBAEnabled = false isSplitEnabled true
06-17 08:37:55.915  1997  1997 I AdapterServiceConfig:  Profile BATService Not added 
06-17 08:37:55.920  1595  2042 W ZygoteProcess: Got error connecting to zygote, retrying. msg= Connection refused
06-17 08:37:55.928  1595  1923 E system_server: Dex checksum does not match for dex: /system/framework/ConnectivityExt.jar.Expected: 1438755967, actual: 3938690100
06-17 08:37:55.928  1595  1774 I commit_sys_config_file: [settings-0-0,64]
06-17 08:37:55.929  2057  2057 I WebViewZygoteInit: Starting WebViewZygoteInit
06-17 08:37:55.929  2057  2057 I WebViewZygoteInit: --zygote-socket=com.android.internal.os.WebViewZygoteInit/44a0538a-ef37-4d45-b6e4-1b0e3fe23cc3
06-17 08:37:55.930  1595  1644 W ActivityManager: Slow operation: 73ms so far, now at startProcess: returned from zygote!
06-17 08:37:55.930  1595  1644 W ActivityManager: Slow operation: 73ms so far, now at startProcess: done updating battery stats
06-17 08:37:55.930  1595  1644 I am_proc_start: [0,2073,1037,WebViewLoader-arm64-v8a,,]
06-17 08:37:55.930  1595  1644 W ActivityManager: Slow operation: 73ms so far, now at startProcess: building log message
06-17 08:37:55.930  1595  1644 I ActivityManager: Start proc 2073:WebViewLoader-arm64-v8a/1037 [android.webkit.WebViewLibraryLoader$RelroFileCreator] for 
06-17 08:37:55.930  1595  1644 W ActivityManager: Slow operation: 73ms so far, now at startProcess: starting to update pids map
06-17 08:37:55.930  1595  1644 W ActivityManager: Slow operation: 73ms so far, now at startProcess: done updating pids map
06-17 08:37:55.931  1595  1917 I commit_sys_config_file: [net-policy,63]
06-17 08:37:55.931  1595  1917 W NetworkPolicy: setRestrictBackgroundUL: already false
06-17 08:37:55.938  1595  2012 I am_proc_bound: [0,2052,WebViewLoader-armeabi-v7a]
06-17 08:37:55.938  1595  2012 D CompatibilityInfo: mCompatibilityFlags - b
06-17 08:37:55.938  1595  2012 D CompatibilityInfo: applicationDensity - 160
06-17 08:37:55.938  1595  2012 D CompatibilityInfo: applicationScale - 2.0
06-17 08:37:55.939  1595  2012 I am_uid_active: 1037
06-17 08:37:55.940  2052  2052 V WebViewLibraryLoader: RelroFileCreator (64bit = false), lib: /system/app/webview/webview.apk!/lib/armeabi-v7a/libwebviewchromium.so
06-17 08:37:55.943  2015  2015 I Perf    : Connecting to perf service.
06-17 08:37:55.948  1595  1923 V NetPluginDelegate: ConnectivityExt jar loaded
06-17 08:37:55.949  1595  2087 D TCPBufferManager: Event received EVENT_CMD_CONNECT_QTI_NW_SERV
06-17 08:37:55.950  1595  2087 D TCPBufferManager: Trying to connect to service
06-17 08:37:55.950  1070  1222 W MediaExtractorFactory: couldn't dlopen(/system/lib64/extractors/.) Is a directory
06-17 08:37:55.950  1070  1222 E MediaExtractorFactory: couldn't opendir(/vendor/lib64/extractors)
06-17 08:37:55.950  1595  1917 W BestClock: java.time.DateTimeException: Missing NTP fix
06-17 08:37:55.954  1595  1917 D TelephonyRegistry: listen oscl: hasNotifySubscriptionInfoChangedOccurred==false no callback
06-17 08:37:55.954  1595  1595 D SystemServerTiming: MakeNetworkPolicyServiceReady took to complete: 52ms
06-17 08:37:55.954  1595  1595 I SystemServer: StartWatchdog
06-17 08:37:55.955  1595  1595 D SystemServerTiming: StartWatchdog took to complete: 1ms
06-17 08:37:55.955  1595  1595 I SystemServer: PhaseThirdPartyAppsCanStart
06-17 08:37:55.955  1595  1595 I SystemServiceManager: Starting phase 600
06-17 08:37:55.955  1595  2087 W ContextImpl: Calling a method in the system process without a qualified user: android.app.ContextImpl.bindService:1611 android.content.ContextWrapper.bindService:698 org.codeaurora.qti.qtiNetworkLib.ServiceUtil.bindService:22 com.qualcomm.qti.net.connextension.TCPBufferManager.connecteToQtiNetworkService:247 com.qualcomm.qti.net.connextension.TCPBufferManager.handleMessage:117 
06-17 08:37:55.958  1595  2087 W ActivityManager: Unable to start service Intent { cmp=org.codeaurora.qti.qtiNetworkApp/org.codeaurora.qti.qtiNetworkService.MainService } U=0: not found
06-17 08:37:55.958  1595  2087 D TCPBufferManager: Not connected to service false
06-17 08:37:55.959  1595  2012 I am_proc_bound: [0,2073,WebViewLoader-arm64-v8a]
06-17 08:37:55.959  1595  2012 D CompatibilityInfo: mCompatibilityFlags - b
06-17 08:37:55.959  1595  2012 D CompatibilityInfo: applicationDensity - 160
06-17 08:37:55.959  1595  2012 D CompatibilityInfo: applicationScale - 2.0
06-17 08:37:55.960   736   736 D SDM     : DisplayBase::BuildLayerStackStats: LayerStack layer_count: 2, app_layer_count: 1, gpu_target_index: 1, display type: 0
06-17 08:37:55.964  1595  1595 V WallpaperManagerService: bindWallpaperComponentLocked: componentName=ComponentInfo{com.android.systemui/com.android.systemui.ImageWallpaper}
06-17 08:37:55.965  1595  1595 D CompatibilityInfo: mCompatibilityFlags - 0
06-17 08:37:55.965  1595  1595 D CompatibilityInfo: applicationDensity - 320
06-17 08:37:55.965  1595  1595 D CompatibilityInfo: applicationScale - 1.0
06-17 08:37:55.966  2073  2073 V WebViewLibraryLoader: RelroFileCreator (64bit = true), lib: /system/app/webview/webview.apk!/lib/arm64-v8a/libwebviewchromium.so
06-17 08:37:55.971  1595  1916 W BestClock: java.time.DateTimeException: Missing NTP fix
06-17 08:37:55.973  1070  1222 I MMParserExtractor: Created(0x7e1b285000)
06-17 08:37:55.976   736   736 D SDM     : DisplayBase::BuildLayerStackStats: LayerStack layer_count: 2, app_layer_count: 1, gpu_target_index: 1, display type: 0
06-17 08:37:55.976  1595  1916 W BestClock: java.time.DateTimeException: Missing NTP fix
06-17 08:37:55.977  1595  1916 I netstats_mobile_sample: [0,0,0,0,0,0,0,0,0,0,0,0,1560760675976]
06-17 08:37:55.977  1595  1916 I netstats_wifi_sample: [0,0,0,0,0,0,0,0,0,0,0,0,1560760675976]
06-17 08:37:55.977  1595  1595 D TelephonyRegistry: listen oscl: hasNotifySubscriptionInfoChangedOccurred==false no callback
06-17 08:37:55.977  1595  1917 W BestClock: java.time.DateTimeException: Missing NTP fix
06-17 08:37:55.981  1070  1222 E MM_OSAL : FileSource::FileSource
06-17 08:37:55.981  1070  1222 E MM_OSAL : FileSource::FileSource m_bEveryThingOK 1
06-17 08:37:55.981  1070  1222 E MM_OSAL : MM_File_Create failed .Efs Error No -1 , File Name /data/mmosal_logmask.cfg , Mode 0
06-17 08:37:55.981  1070  1222 E MM_OSAL : Open or read fail on /data/mmosal_logmask.cfg. Possible permission denied issue. Looking for /data/misc/media/mmosal_logmask.cfg
06-17 08:37:55.981  1070  1222 E MM_OSAL : MM_File_Create failed .Efs Error No -1 , File Name /data/misc/media/mmosal_logmask.cfg , Mode 0
06-17 08:37:55.985  1075  1204 D StagefrightPluginLoader: Failed to load library: libstagefright_ccodec.so (dlopen failed: library "libstagefright_ccodec.so" not found)
06-17 08:37:55.985  1075  1204 D StagefrightPluginLoader: Handle or CreateInputSurface symbol is null
06-17 08:37:55.985  1075  1204 D StagefrightPluginLoader: Handle or CreateBuilder symbol is null
06-17 08:37:55.986  1595  1595 I StatsCompanionService: Told statsd that StatsCompanionService is alive.
06-17 08:37:55.986   594   594 I snet_event_log: [121035042,-1,]
06-17 08:37:55.986  1595  1595 D SystemServerTiming: PhaseThirdPartyAppsCanStart took to complete: 32ms
06-17 08:37:55.987  1595  1595 I SystemServer: MakeLocationServiceReady
06-17 08:37:55.991  1075  1204 I OMXClient: IOmx service obtained
06-17 08:37:55.991  1107  1107 I OMXMaster: makeComponentInstance(OMX.google.aac.decoder) in omx@1.0-service process
06-17 08:37:55.993  1595  1595 I GnssLocationProvider: WakeLock acquired by sendMessage(INITIALIZE_HANDLER, 0, null)
06-17 08:37:55.993   736   736 D SDM     : DisplayBase::BuildLayerStackStats: LayerStack layer_count: 2, app_layer_count: 1, gpu_target_index: 1, display type: 0
06-17 08:37:55.994  2015  2015 I LatinIME: Hardware accelerated drawing: true
06-17 08:37:55.995  1997  1997 I         : [0617/083755.994966:INFO:com_android_bluetooth_btservice_AdapterService.cpp(646)] hal_util_load_bt_library loaded HAL: btinterface=0x743b69d528, handle=0x96669f83d3707333
06-17 08:37:55.995  1595  1640 D GnssLocationProvider: Link to death notification successful
06-17 08:37:55.995  1595  1604 W System  : A resource was acquired at attached stack trace but never released. See java.io.Closeable for information on avoiding resource leaks.
06-17 08:37:55.995  1595  1604 W System  : java.lang.Throwable: Explicit termination method 'close' not called
06-17 08:37:55.995  1595  1604 W System  : 	at dalvik.system.CloseGuard.open(CloseGuard.java:221)
06-17 08:37:55.995  1595  1604 W System  : 	at java.io.FileInputStream.<init>(FileInputStream.java:168)
06-17 08:37:55.995  1595  1604 W System  : 	at com.android.internal.os.AtomicFile.openRead(AtomicFile.java:147)
06-17 08:37:55.995  1595  1604 W System  : 	at com.android.server.storage.CacheQuotaStrategy.setupQuotasFromFile(CacheQuotaStrategy.java:301)
06-17 08:37:55.995  1595  1604 W System  : 	at com.android.server.usage.StorageStatsService$H.handleMessage(StorageStatsService.java:508)
06-17 08:37:55.995  1595  1604 W System  : 	at android.os.Handler.dispatchMessage(Handler.java:106)
06-17 08:37:55.995  1595  1604 W System  : 	at android.os.Looper.loop(Looper.java:193)
06-17 08:37:55.995  1595  1604 W System  : 	at android.os.HandlerThread.run(HandlerThread.java:65)
06-17 08:37:55.995  1595  1604 W System  : 	at com.android.server.ServiceThread.run(ServiceThread.java:44)
06-17 08:37:55.995  1997  1997 D BluetoothAdapterService: onCreate()
