06-17 08:36:42.112  1333  1333 E QTI_SDM_INFO: [qti_rmnet_peripheral.c:739] qti_file_open():Could not open device file. Errno 2 error msg=No such file or directory
06-17 08:36:42.127   736   736 D SDM     : DisplayBase::BuildLayerStackStats: LayerStack layer_count: 2, app_layer_count: 1, gpu_target_index: 1, display type: 0
01-01 10:30:49.835     0     0 I init    : starting service 'vendor.ims_rtp_daemon'...
06-17 08:36:42.293   736   736 I chatty  : uid=1000(system) composer@2.1-se identical 2 lines
06-17 08:36:42.376   736   736 D SDM     : DisplayBase::BuildLayerStackStats: LayerStack layer_count: 2, app_layer_count: 1, gpu_target_index: 1, display type: 0
06-17 08:36:42.416  1932  1932 E RTPServiceImpl: qpLogDiagInit <== result : 1; log_write_mutex is Initialized
06-17 08:36:42.416  1932  1932 E RTPServiceImpl: [IMS_AP_RTP]"RTP Daemon main entry : 3e9"
06-17 08:36:42.417  1932  1932 E RTPServiceImpl: [IMS_AP_RTP]"RTP Daemon bLogRTPMsgs 1, bLogRTPDataMsgs 2, bLogAdbMsgs 0"
06-17 08:36:42.417  1932  1932 E Diag_Lib: [IMS_AP_RTP]"qvp_rtp_task_init"
06-17 08:36:42.417  1932  1932 E RTPServiceImpl: [IMS_AP_RTP]"ims-rtp-daemon listen done"
06-17 08:36:42.417  1932  1932 E RTPServiceImpl: [IMS_AP_RTP]"ims-rtp-daemon qmi_rtp_register_service >"
06-17 08:36:42.417  1932  1935 E Diag_Lib: DPL : gIsQXDMDisabled 0, gIsADBDisabled 1, gIsDebugDisabled 0, gIsIMSLogsDisabled 0 gIsDebugDataPathDisabled = 0
06-17 08:36:42.417  1932  1935 E Diag_Lib: [IMS_AP_RTP]"qvp_rtp_handle_signals call ret qpDplInitTaskInfo 1"
06-17 08:36:42.417  1932  1935 E Diag_Lib: [IMS_FATAL]| 1935 |qpNetSetReadFds - DataD IPC socket not available
06-17 08:36:42.417  1932  1935 E Diag_Lib: [IMS_FATAL]| 1935 |qpCheckSockEventsOnNetConnProfiles : pNetConnProfileArray NULL
06-17 08:36:42.418  1932  1932 E RTPServiceImpl: [IMS_AP_RTP]"ims-rtp-daemon qmi_rtp_register_service rc : 0"
06-17 08:36:42.418  1932  1932 E RTPServiceImpl: [IMS_AP_RTP]"ims-rtp-daemon qmi_rtp_register_service service_cookie.service_handle : 0x1"
06-17 08:36:42.418  1932  1932 E RTPServiceImpl: [IMS_AP_RTP]"HIDL Service is starting."
06-17 08:36:42.418  1932  1932 E Diag_Lib: bLogRTPMSgs =1,rtpdata=2,adblog=0
06-17 08:36:42.418  1932  1932 E RTPServiceImpl: [IMS_AP_RTP]"RTPService callback Registraton"
06-17 08:36:42.418  1932  1936 E RTPServiceImpl: [IMS_AP_RTP]"ms-rtp-daemon ims_rtp_qmi_handler_thread_func >"
06-17 08:36:42.419   594   594 I snet_event_log: [121035042,-1,]
06-17 08:36:42.420  1932  1932 E RTPServiceImpl: [IMS_AP_RTP]"[ION_RTP]Device open success"
06-17 08:36:42.428  1932  1935 E Diag_Lib: [IMS_FATAL]| 1935 |qpCheckSockEventsOnNetConnProfiles : pNetConnProfileArray NULL
06-17 08:36:42.428  1932  1935 E Diag_Lib: [IMS_AP_RTP]"rtp_register :: active num_users 1 "
06-17 08:36:42.460   736   736 D SDM     : DisplayBase::BuildLayerStackStats: LayerStack layer_count: 2, app_layer_count: 1, gpu_target_index: 1, display type: 0
06-17 08:36:42.463  1347  1367 I QC-NETMGR-LIB: NetmgrNetdClientAddInterfaceToOemNetwork(): Looking for Netd service
06-17 08:36:42.463  1347  1367 I QC-NETMGR-LIB: NetmgrNetdClientAddInterfaceToOemNetwork(): starting command
06-17 08:36:42.463  1347  1367 I QC-NETMGR-LIB: addInterfaceToOemNetwork(): Attempting addInterfaceToOemNetwork
06-17 08:36:42.466  1347  1367 I QC-NETMGR-LIB: NetmgrNetdClientAddInterfaceToOemNetwork(): completed command
01-01 10:30:49.911     0     0 I         : R0: [netmgrd][511901478] [08:36:42.466563]  wlan: [1355:E :HDD] __wlan_hdd_ipv6_changed: 232: Adapter context is invalid 0000000000000000
06-17 08:36:42.471  1347  1367 I QC-NETMGR-LIB: NetmgrNetdClientGetNetworkHandle(): [network handle : 7700664333] [network type : LINK_LOCAL]
06-17 08:36:42.473  1932  1935 E Diag_Lib: [IMS_AP_RTP]"qvp_rtp_sl_register_cb : app data = 1"
06-17 08:36:42.473  1932  1935 E Diag_Lib: qvp_rtp_media_init
06-17 08:36:42.473  1932  1935 E Diag_Lib: [IMS_AP_RTP]"rtp_register :: active num_users 2 "
06-17 08:36:42.473  1932  1935 E Diag_Lib: [IMS_AP_RTP]"qvp_rtp_sl_register_cb : app data = 2"
06-17 08:36:42.473  1932  1935 E Diag_Lib: qvp_rtp_media_init
06-17 08:36:42.473  1932  1935 E Diag_Lib: [IMS_AP_RTP]"qvp_rtp_media_init_pvt: Media is already inited for Video"
06-17 08:36:42.473  1932  1935 E Diag_Lib: [IMS_FATAL]| 1935 |SingoConfig::Init()| FATAL error cannot recover: Unable to get DPLConfig
06-17 08:36:42.473  1932  1935 E Diag_Lib: [IMS_FATAL]| 1935 |InitServiceModules | pSingoConfig->Init() Failed
06-17 08:36:42.473  1932  1935 E Diag_Lib: [IMS_AP_RTP]"qvp_rtp_notify_dpl_init_pvt : DPL initialized \r\n"
06-17 08:36:42.475  1932  1935 E Diag_Lib: DPL : gIsQXDMDisabled 0, gIsADBDisabled 1, gIsDebugDisabled 0, gIsIMSLogsDisabled 0 gIsDebugDataPathDisabled = 0
06-17 08:36:42.543   736   736 D SDM     : DisplayBase::BuildLayerStackStats: LayerStack layer_count: 2, app_layer_count: 1, gpu_target_index: 1, display type: 0
06-17 08:36:42.627   736   736 D SDM     : DisplayBase::BuildLayerStackStats: LayerStack layer_count: 2, app_layer_count: 1, gpu_target_index: 1, display type: 0
06-17 08:36:42.637  1932  1935 E Diag_Lib: [IMS_AP_RTP]"qvp_rtp_deregister_cmd :: remaining num_users 1 "
06-17 08:36:42.710   736   736 D SDM     : DisplayBase::BuildLayerStackStats: LayerStack layer_count: 2, app_layer_count: 1, gpu_target_index: 1, display type: 0
06-17 08:36:42.793   736   736 D SDM     : DisplayBase::BuildLayerStackStats: LayerStack layer_count: 2, app_layer_count: 1, gpu_target_index: 1, display type: 0
06-17 08:36:42.818  1595  1931 I ServiceManager: Waiting for service media.audio_policy...
06-17 08:36:42.877   736   736 D SDM     : DisplayBase::BuildLayerStackStats: LayerStack layer_count: 2, app_layer_count: 1, gpu_target_index: 1, display type: 0
06-17 08:36:42.926  1214  1214 I qdmastatsd: qdmastatsd version: 1.2 started
06-17 08:36:42.960   736   736 D SDM     : DisplayBase::BuildLayerStackStats: LayerStack layer_count: 2, app_layer_count: 1, gpu_target_index: 1, display type: 0
06-17 08:36:43.014  1305  1305 I MSM-irqbalance: Discovered a new IRQ: 66
06-17 08:36:43.014  1305  1305 I MSM-irqbalance: Discovered a new IRQ: 67
06-17 08:36:43.014  1305  1305 I MSM-irqbalance: Discovered a new IRQ: 68
06-17 08:36:43.014  1305  1305 I MSM-irqbalance: Discovered a new IRQ: 69
06-17 08:36:43.014  1305  1305 I MSM-irqbalance: Discovered a new IRQ: 70
06-17 08:36:43.014  1305  1305 I MSM-irqbalance: Discovered a new IRQ: 71
06-17 08:36:43.014  1305  1305 I MSM-irqbalance: Discovered a new IRQ: 72
06-17 08:36:43.014  1305  1305 I MSM-irqbalance: Discovered a new IRQ: 74
06-17 08:36:43.014  1305  1305 I MSM-irqbalance: Discovered a new IRQ: 75
06-17 08:36:43.014  1305  1305 I MSM-irqbalance: Discovered a new IRQ: 76
06-17 08:36:43.014  1305  1305 I MSM-irqbalance: Discovered a new IRQ: 77
06-17 08:36:43.016  1305  1305 E MSM-irqbalance: WARNING: Cannot find matching virq for hwirq(22).
06-17 08:36:43.043   736   736 D SDM     : DisplayBase::BuildLayerStackStats: LayerStack layer_count: 2, app_layer_count: 1, gpu_target_index: 1, display type: 0
06-17 08:36:43.112  1333  1333 E QTI_SDM_INFO: [qti_rmnet_peripheral.c:739] qti_file_open():Could not open device file. Errno 2 error msg=No such file or directory
06-17 08:36:43.127   736   736 D SDM     : DisplayBase::BuildLayerStackStats: LayerStack layer_count: 2, app_layer_count: 1, gpu_target_index: 1, display type: 0
06-17 08:36:43.293   736   736 I chatty  : uid=1000(system) composer@2.1-se identical 2 lines
06-17 08:36:43.377   736   736 D SDM     : DisplayBase::BuildLayerStackStats: LayerStack layer_count: 2, app_layer_count: 1, gpu_target_index: 1, display type: 0
06-17 08:36:43.410  1027  1043 E QC-time-services: Daemon:genoff_wlan_qmi_service_request: qmi_client_get_service_list returned -2num_services 0
06-17 08:36:43.460   736   736 D SDM     : DisplayBase::BuildLayerStackStats: LayerStack layer_count: 2, app_layer_count: 1, gpu_target_index: 1, display type: 0
06-17 08:36:43.627   736   736 I chatty  : uid=1000(system) composer@2.1-se identical 2 lines
06-17 08:36:43.710   736   736 D SDM     : DisplayBase::BuildLayerStackStats: LayerStack layer_count: 2, app_layer_count: 1, gpu_target_index: 1, display type: 0
06-17 08:36:43.724  1034  1034 I CNSS    : Device free memory is insufficient
06-17 08:36:43.725  1034  1034 I chatty  : uid=1000(system) /system/vendor/bin/cnss_diag identical 55 lines
06-17 08:36:43.725  1034  1034 I CNSS    : Device free memory is insufficient
06-17 08:36:43.793   736   736 D SDM     : DisplayBase::BuildLayerStackStats: LayerStack layer_count: 2, app_layer_count: 1, gpu_target_index: 1, display type: 0
06-17 08:36:43.820  1595  1931 I ServiceManager: Waiting for service media.audio_policy...
06-17 08:36:43.877   736   736 D SDM     : DisplayBase::BuildLayerStackStats: LayerStack layer_count: 2, app_layer_count: 1, gpu_target_index: 1, display type: 0
06-17 08:36:43.924  1034  1034 I CNSS    : Device free memory is insufficient
06-17 08:36:43.925  1034  1034 I chatty  : uid=1000(system) /system/vendor/bin/cnss_diag identical 61 lines
06-17 08:36:43.925  1034  1034 I CNSS    : Device free memory is insufficient
06-17 08:36:43.960   736   736 D SDM     : DisplayBase::BuildLayerStackStats: LayerStack layer_count: 2, app_layer_count: 1, gpu_target_index: 1, display type: 0
06-17 08:36:44.043   736   736 D SDM     : DisplayBase::BuildLayerStackStats: LayerStack layer_count: 2, app_layer_count: 1, gpu_target_index: 1, display type: 0
06-17 08:36:44.112  1333  1333 E QTI_SDM_INFO: [qti_rmnet_peripheral.c:739] qti_file_open():Could not open device file. Errno 2 error msg=No such file or directory
06-17 08:36:44.127   736   736 D SDM     : DisplayBase::BuildLayerStackStats: LayerStack layer_count: 2, app_layer_count: 1, gpu_target_index: 1, display type: 0
06-17 08:36:44.145  1034  1034 I CNSS    : Device free memory is insufficient
06-17 08:36:44.146  1034  1034 I chatty  : uid=1000(system) /system/vendor/bin/cnss_diag identical 61 lines
06-17 08:36:44.146  1034  1034 I CNSS    : Device free memory is insufficient
06-17 08:36:44.210   736   736 D SDM     : DisplayBase::BuildLayerStackStats: LayerStack layer_count: 2, app_layer_count: 1, gpu_target_index: 1, display type: 0
06-17 08:36:44.293   736   736 D SDM     : DisplayBase::BuildLayerStackStats: LayerStack layer_count: 2, app_layer_count: 1, gpu_target_index: 1, display type: 0
06-17 08:36:44.366  1034  1034 I CNSS    : Device free memory is insufficient
06-17 08:36:44.367  1034  1034 I chatty  : uid=1000(system) /system/vendor/bin/cnss_diag identical 64 lines
06-17 08:36:44.367  1034  1034 I CNSS    : Device free memory is insufficient
06-17 08:36:44.377   736   736 D SDM     : DisplayBase::BuildLayerStackStats: LayerStack layer_count: 2, app_layer_count: 1, gpu_target_index: 1, display type: 0
06-17 08:36:44.460   736   736 I chatty  : uid=1000(system) composer@2.1-se identical 1 line
06-17 08:36:44.543   736   736 D SDM     : DisplayBase::BuildLayerStackStats: LayerStack layer_count: 2, app_layer_count: 1, gpu_target_index: 1, display type: 0
06-17 08:36:44.581  1034  1034 I CNSS    : Device free memory is insufficient
06-17 08:36:44.582  1034  1034 I chatty  : uid=1000(system) /system/vendor/bin/cnss_diag identical 67 lines
06-17 08:36:44.582  1034  1034 I CNSS    : Device free memory is insufficient
06-17 08:36:44.627   736   736 D SDM     : DisplayBase::BuildLayerStackStats: LayerStack layer_count: 2, app_layer_count: 1, gpu_target_index: 1, display type: 0
06-17 08:36:44.710   736   736 I chatty  : uid=1000(system) composer@2.1-se identical 1 line
06-17 08:36:44.793   736   736 D SDM     : DisplayBase::BuildLayerStackStats: LayerStack layer_count: 2, app_layer_count: 1, gpu_target_index: 1, display type: 0
06-17 08:36:44.802  1034  1034 I CNSS    : Device free memory is insufficient
06-17 08:36:44.803  1034  1034 I chatty  : uid=1000(system) /system/vendor/bin/cnss_diag identical 58 lines
06-17 08:36:44.803  1034  1034 I CNSS    : Device free memory is insufficient
06-17 08:36:44.823  1595  1931 I ServiceManager: Waiting for service media.audio_policy...
06-17 08:36:44.877   736   736 D SDM     : DisplayBase::BuildLayerStackStats: LayerStack layer_count: 2, app_layer_count: 1, gpu_target_index: 1, display type: 0
06-17 08:36:44.960   736   736 D SDM     : DisplayBase::BuildLayerStackStats: LayerStack layer_count: 2, app_layer_count: 1, gpu_target_index: 1, display type: 0
06-17 08:36:45.022  1034  1034 I CNSS    : Device free memory is insufficient
06-17 08:36:45.024  1034  1034 I chatty  : uid=1000(system) /system/vendor/bin/cnss_diag identical 55 lines
06-17 08:36:45.024  1034  1034 I CNSS    : Device free memory is insufficient
06-17 08:36:45.043   736   736 D SDM     : DisplayBase::BuildLayerStackStats: LayerStack layer_count: 2, app_layer_count: 1, gpu_target_index: 1, display type: 0
06-17 08:36:45.112  1333  1333 E QTI_SDM_INFO: [qti_rmnet_peripheral.c:739] qti_file_open():Could not open device file. Errno 2 error msg=No such file or directory
06-17 08:36:45.127   736   736 D SDM     : DisplayBase::BuildLayerStackStats: LayerStack layer_count: 2, app_layer_count: 1, gpu_target_index: 1, display type: 0
06-17 08:36:45.210   736   736 D SDM     : DisplayBase::BuildLayerStackStats: LayerStack layer_count: 2, app_layer_count: 1, gpu_target_index: 1, display type: 0
06-17 08:36:45.243  1034  1034 I CNSS    : Device free memory is insufficient
06-17 08:36:45.244  1034  1034 I chatty  : uid=1000(system) /system/vendor/bin/cnss_diag identical 43 lines
06-17 08:36:45.244  1034  1034 I CNSS    : Device free memory is insufficient
06-17 08:36:45.293   736   736 D SDM     : DisplayBase::BuildLayerStackStats: LayerStack layer_count: 2, app_layer_count: 1, gpu_target_index: 1, display type: 0
06-17 08:36:45.377   736   736 D SDM     : DisplayBase::BuildLayerStackStats: LayerStack layer_count: 2, app_layer_count: 1, gpu_target_index: 1, display type: 0
06-17 08:36:45.410  1027  1043 E QC-time-services: Daemon:genoff_wlan_qmi_service_request: qmi_client_get_service_list returned -2num_services 0
06-17 08:36:45.459  1034  1034 I CNSS    : Device free memory is insufficient
06-17 08:36:45.460  1034  1034 I chatty  : uid=1000(system) /system/vendor/bin/cnss_diag identical 43 lines
06-17 08:36:45.460  1034  1034 I CNSS    : Device free memory is insufficient
06-17 08:36:45.460   736   736 D SDM     : DisplayBase::BuildLayerStackStats: LayerStack layer_count: 2, app_layer_count: 1, gpu_target_index: 1, display type: 0
06-17 08:36:45.543   736   736 I chatty  : uid=1000(system) composer@2.1-se identical 1 line
06-17 08:36:45.627   736   736 D SDM     : DisplayBase::BuildLayerStackStats: LayerStack layer_count: 2, app_layer_count: 1, gpu_target_index: 1, display type: 0
06-17 08:36:45.679  1034  1034 I CNSS    : Device free memory is insufficient
06-17 08:36:45.680  1034  1034 I chatty  : uid=1000(system) /system/vendor/bin/cnss_diag identical 43 lines
06-17 08:36:45.680  1034  1034 I CNSS    : Device free memory is insufficient
06-17 08:36:45.710   736   736 D SDM     : DisplayBase::BuildLayerStackStats: LayerStack layer_count: 2, app_layer_count: 1, gpu_target_index: 1, display type: 0
06-17 08:36:45.793   736   736 D SDM     : DisplayBase::BuildLayerStackStats: LayerStack layer_count: 2, app_layer_count: 1, gpu_target_index: 1, display type: 0
06-17 08:36:45.825  1595  1931 I ServiceManager: Waiting for service media.audio_policy...
06-17 08:36:45.877   736   736 D SDM     : DisplayBase::BuildLayerStackStats: LayerStack layer_count: 2, app_layer_count: 1, gpu_target_index: 1, display type: 0
06-17 08:36:45.900  1034  1034 I CNSS    : Device free memory is insufficient
06-17 08:36:45.901  1034  1034 I chatty  : uid=1000(system) /system/vendor/bin/cnss_diag identical 43 lines
06-17 08:36:45.901  1034  1034 I CNSS    : Device free memory is insufficient
06-17 08:36:45.960   736   736 D SDM     : DisplayBase::BuildLayerStackStats: LayerStack layer_count: 2, app_layer_count: 1, gpu_target_index: 1, display type: 0
06-17 08:36:46.043   736   736 D SDM     : DisplayBase::BuildLayerStackStats: LayerStack layer_count: 2, app_layer_count: 1, gpu_target_index: 1, display type: 0
06-17 08:36:46.113  1333  1333 E QTI_SDM_INFO: [qti_rmnet_peripheral.c:739] qti_file_open():Could not open device file. Errno 2 error msg=No such file or directory
06-17 08:36:46.116  1034  1034 I CNSS    : Device free memory is insufficient
06-17 08:36:46.116  1034  1034 I chatty  : uid=1000(system) /system/vendor/bin/cnss_diag identical 43 lines
06-17 08:36:46.116  1034  1034 I CNSS    : Device free memory is insufficient
06-17 08:36:46.127   736   736 D SDM     : DisplayBase::BuildLayerStackStats: LayerStack layer_count: 2, app_layer_count: 1, gpu_target_index: 1, display type: 0
06-17 08:36:46.210   736   736 I chatty  : uid=1000(system) composer@2.1-se identical 1 line
06-17 08:36:46.293   736   736 D SDM     : DisplayBase::BuildLayerStackStats: LayerStack layer_count: 2, app_layer_count: 1, gpu_target_index: 1, display type: 0
06-17 08:36:46.336  1034  1034 I CNSS    : Device free memory is insufficient
06-17 08:36:46.337  1034  1034 I chatty  : uid=1000(system) /system/vendor/bin/cnss_diag identical 43 lines
06-17 08:36:46.337  1034  1034 I CNSS    : Device free memory is insufficient
06-17 08:36:46.377   736   736 D SDM     : DisplayBase::BuildLayerStackStats: LayerStack layer_count: 2, app_layer_count: 1, gpu_target_index: 1, display type: 0
06-17 08:36:46.460   736   736 D SDM     : DisplayBase::BuildLayerStackStats: LayerStack layer_count: 2, app_layer_count: 1, gpu_target_index: 1, display type: 0
06-17 08:36:46.557  1034  1034 I CNSS    : Device free memory is insufficient
06-17 08:36:46.558  1034  1034 I chatty  : uid=1000(system) /system/vendor/bin/cnss_diag identical 43 lines
06-17 08:36:46.558  1034  1034 I CNSS    : Device free memory is insufficient
06-17 08:36:46.560   736   736 D SDM     : DisplayBase::BuildLayerStackStats: LayerStack layer_count: 2, app_layer_count: 1, gpu_target_index: 1, display type: 0
06-17 08:36:46.643   736   736 I chatty  : uid=1000(system) composer@2.1-se identical 1 line
06-17 08:36:46.727   736   736 D SDM     : DisplayBase::BuildLayerStackStats: LayerStack layer_count: 2, app_layer_count: 1, gpu_target_index: 1, display type: 0
06-17 08:36:46.778  1034  1034 I CNSS    : Device free memory is insufficient
06-17 08:36:46.778  1034  1034 I chatty  : uid=1000(system) /system/vendor/bin/cnss_diag identical 43 lines
06-17 08:36:46.778  1034  1034 I CNSS    : Device free memory is insufficient
06-17 08:36:46.810   736   736 D SDM     : DisplayBase::BuildLayerStackStats: LayerStack layer_count: 2, app_layer_count: 1, gpu_target_index: 1, display type: 0
06-17 08:36:46.828  1595  1931 I ServiceManager: Waiting for service media.audio_policy...
06-17 08:36:46.893   736   736 D SDM     : DisplayBase::BuildLayerStackStats: LayerStack layer_count: 2, app_layer_count: 1, gpu_target_index: 1, display type: 0
06-17 08:36:46.928  1595  1931 W ServiceManager: Service media.audio_policy didn't start. Returning NULL
06-17 08:36:46.928  1595  1931 W AudioSystem: AudioPolicyService not published, waiting...
06-17 08:36:46.977   736   736 D SDM     : DisplayBase::BuildLayerStackStats: LayerStack layer_count: 2, app_layer_count: 1, gpu_target_index: 1, display type: 0
06-17 08:36:46.993  1034  1034 I CNSS    : Device free memory is insufficient
06-17 08:36:46.994  1034  1034 I chatty  : uid=1000(system) /system/vendor/bin/cnss_diag identical 43 lines
06-17 08:36:46.994  1034  1034 I CNSS    : Device free memory is insufficient
06-17 08:36:47.000   759   759 I tftp_server: pid=759 tid=759 tftp-server : INF :[tftp_server.c, 580] rcvd request [1] [73] [1] [0] [103]
06-17 08:36:47.000   759  1950 I tftp_server: pid=759 tid=1950 tftp-server : INF :[tftp_server_utils.c, 113] file [readwrite/mcfg.tmp] : [/vendor/rfs/msm/mpss/readwrite/mcfg.tmp]
06-17 08:36:47.001   759  1950 I tftp_server: pid=759 tid=1950 tftp-server : INF :[tftp_server.c, 1125] OACK options : [7680, 1000, 0, 10, 0, 0, 0, 0]
06-17 08:36:47.001   759  1950 I tftp_server: pid=759 tid=1950 tftp-server : INF :[tftp_os_la.c, 63] open : [-1] [-1] [384] [0] [/vendor/rfs/msm/mpss/readwrite/mcfg.tmp]
06-17 08:36:47.001   759  1950 E tftp_server: pid=759 tid=1950 tftp-server : ERR :[tftp_os_la.c, 70] open failed: [2] [No such file or directory]
06-17 08:36:47.001   759  1950 E tftp_server: pid=759 tid=1950 tftp-server : ERR :[tftp_server.c, 1621] open failed : [-2] [Unknown error -2]
06-17 08:36:47.001   759  1950 E tftp_server: pid=759 tid=1950 tftp-server : ERR :[tftp_protocol.c, 1229] sending error-pkt. Code = 1, Msg = Err=2 String=No such file or directory
06-17 08:36:47.002   759   759 I tftp_server: pid=759 tid=759 tftp-server : INF :[tftp_server.c, 580] rcvd request [1] [65] [2] [0] [104]
06-17 08:36:47.002   759  1951 I tftp_server: pid=759 tid=1951 tftp-server : INF :[tftp_server_utils.c, 113] file [readwrite/mcfg.tmp] : [/vendor/rfs/msm/mpss/readwrite/mcfg.tmp]
06-17 08:36:47.002   759  1951 I tftp_server: pid=759 tid=1951 tftp-server : INF :[tftp_server.c, 1125] OACK options : [7680, 1000, 10, 0, 0, 0, 0, 0]
06-17 08:36:47.002   759  1951 I tftp_server: pid=759 tid=1951 tftp-server : INF :[tftp_server.c, 796] Using temp file[/vendor/rfs/msm/mpss/readwrite/mcfg.tmp.rfs_tmp] for atomic put
06-17 08:36:47.003   759  1951 I tftp_server: pid=759 tid=1951 tftp-server : INF :[tftp_os_la.c, 63] open : [-1] [-1] [384] [577] [/vendor/rfs/msm/mpss/readwrite/mcfg.tmp.rfs_tmp]
06-17 08:36:47.008   759  1951 I tftp_server: pid=759 tid=1951 tftp-server : INF :[tftp_server.c, 1403] WRQ stats : total-blocks = 1 : total-bytes = 1 : 1 timedout-pkts = 0, wrong-pkts = 0
06-17 08:36:47.008   759  1951 I tftp_server: pid=759 tid=1951 tftp-server : INF :[tftp_server.c, 1407] WRQ time stats : Total : [TX, RX] = [414, 309, 10]
06-17 08:36:47.008   759  1951 I tftp_server: pid=759 tid=1951 tftp-server : INF :[tftp_server.c, 1411] WRQ time stats : Tx [Min, Max] = [79, 335]
06-17 08:36:47.008   759  1951 I tftp_server: pid=759 tid=1951 tftp-server : INF :[tftp_server.c, 1415] WRQ time stats : Rx [Min, Max] = [14, 295]
06-17 08:36:47.008   759   759 I tftp_server: pid=759 tid=759 tftp-server : INF :[tftp_server.c, 580] rcvd request [1] [73] [1] [0] [105]
06-17 08:36:47.009   759  1952 I tftp_server: pid=759 tid=1952 tftp-server : INF :[tftp_server_utils.c, 113] file [readwrite/mcfg.tmp] : [/vendor/rfs/msm/mpss/readwrite/mcfg.tmp]
06-17 08:36:47.009   759  1952 I tftp_server: pid=759 tid=1952 tftp-server : INF :[tftp_server.c, 1125] OACK options : [7680, 1000, 1, 10, 0, 0, 0, 0]
06-17 08:36:47.009   759  1952 I tftp_server: pid=759 tid=1952 tftp-server : INF :[tftp_os_la.c, 63] open : [-1] [-1] [384] [0] [/vendor/rfs/msm/mpss/readwrite/mcfg.tmp]
06-17 08:36:47.009   759  1952 I tftp_server: pid=759 tid=1952 tftp-server : INF :[tftp_protocol.c, 742] Recd END OF TRANSFER pkt. Code = 9, Msg = End of Transfer
06-17 08:36:47.009   759  1952 I tftp_server: pid=759 tid=1952 tftp-server : INF :[tftp_server.c, 1233] RRQ stats : sent_size = 0 total-blocks = 0 total-bytes = 0 timedout-pkts = 0, wrong-pkts = 0
06-17 08:36:47.009   759  1952 I tftp_server: pid=759 tid=1952 tftp-server : INF :[tftp_server.c, 1237] RRQ time stats : Total : [TX, RX] = [72, 149]
06-17 08:36:47.009   759  1952 I tftp_server: pid=759 tid=1952 tftp-server : INF :[tftp_server.c, 1243] RRQ time stats : Tx/Rx [Min, Max] = [72, 72, 149, 149]
06-17 08:36:47.010   759  1952 I tftp_server: pid=759 tid=1952 tftp-server : INF :[tftp_server.c, 1259] RRQ was successfully processed.
06-17 08:36:47.010   759   759 I tftp_server: pid=759 tid=759 tftp-server : INF :[tftp_server.c, 580] rcvd request [1] [37] [2] [0] [106]
06-17 08:36:47.010   759  1953 I tftp_server: pid=759 tid=1953 tftp-server : INF :[tftp_server_utils.c, 113] file [readwrite/mcfg.tmp] : [/vendor/rfs/msm/mpss/readwrite/mcfg.tmp]
06-17 08:36:47.010   759  1953 I tftp_server: pid=759 tid=1953 tftp-server : INF :[tftp_server.c, 1125] OACK options : [0, 0, 0, 0, 0, 0, 0, 0]
06-17 08:36:47.011   759  1953 I tftp_server: pid=759 tid=1953 tftp-server : INF :[tftp_server.c, 1492] unlink was success
06-17 08:36:47.012   759   759 I tftp_server: pid=759 tid=759 tftp-server : INF :[tftp_server.c, 580] rcvd request [1] [119] [1] [0] [107]
06-17 08:36:47.012   759  1954 I tftp_server: pid=759 tid=1954 tftp-server : INF :[tftp_server_utils.c, 113] file [readonly/firmware/image/modem_pr/mcfg/configs/mcfg_hw/mbn_hw.dig] : [/vendor/rfs/msm/mps
06-17 08:36:47.015   759  1954 I tftp_server: pid=759 tid=1954 tftp-server : INF :[tftp_server.c, 1125] OACK options : [7680, 1000, 32, 10, 0, 0, 0, 0]
06-17 08:36:47.015   759  1954 I tftp_server: pid=759 tid=1954 tftp-server : INF :[tftp_os_la.c, 63] open : [-1] [-1] [384] [0] [/vendor/rfs/msm/mpss/readonly/firmware/image/modem_pr/mcfg/configs/mcfg_hw
06-17 08:36:47.016   759  1954 I tftp_server: pid=759 tid=1954 tftp-server : INF :[tftp_protocol.c, 742] Recd END OF TRANSFER pkt. Code = 9, Msg = End of Transfer
06-17 08:36:47.016   759  1954 I tftp_server: pid=759 tid=1954 tftp-server : INF :[tftp_server.c, 1233] RRQ stats : sent_size = 0 total-blocks = 0 total-bytes = 0 timedout-pkts = 0, wrong-pkts = 0
06-17 08:36:47.016   759  1954 I tftp_server: pid=759 tid=1954 tftp-server : INF :[tftp_server.c, 1237] RRQ time stats : Total : [TX, RX] = [69, 262]
06-17 08:36:47.016   759  1954 I tftp_server: pid=759 tid=1954 tftp-server : INF :[tftp_server.c, 1243] RRQ time stats : Tx/Rx [Min, Max] = [69, 69, 262, 262]
06-17 08:36:47.016   759  1954 I tftp_server: pid=759 tid=1954 tftp-server : INF :[tftp_server.c, 1259] RRQ was successfully processed.
06-17 08:36:47.016   759   759 I tftp_server: pid=759 tid=759 tftp-server : INF :[tftp_server.c, 580] rcvd request [1] [127] [1] [0] [108]
06-17 08:36:47.017   759  1955 I tftp_server: pid=759 tid=1955 tftp-server : INF :[tftp_server_utils.c, 113] file [readonly/firmware/image/modem_pr/mcfg/configs/mcfg_hw/mbn_hw.dig] : [/vendor/rfs/msm/mps
06-17 08:36:47.017   759  1955 I tftp_server: pid=759 tid=1955 tftp-server : INF :[tftp_server.c, 1125] OACK options : [7680, 1000, 0, 10, 32, 0, 0, 0]
06-17 08:36:47.017   759  1955 I tftp_server: pid=759 tid=1955 tftp-server : INF :[tftp_os_la.c, 63] open : [-1] [-1] [384] [0] [/vendor/rfs/msm/mpss/readonly/firmware/image/modem_pr/mcfg/configs/mcfg_hw
06-17 08:36:47.018   759  1955 I tftp_server: pid=759 tid=1955 tftp-server : INF :[tftp_server.c, 1233] RRQ stats : sent_size = 32 total-blocks = 1 total-bytes = 32 timedout-pkts = 0, wrong-pkts = 0
06-17 08:36:47.018   759  1955 I tftp_server: pid=759 tid=1955 tftp-server : INF :[tftp_server.c, 1237] RRQ time stats : Total : [TX, RX] = [104, 297]
06-17 08:36:47.018   759  1955 I tftp_server: pid=759 tid=1955 tftp-server : INF :[tftp_server.c, 1243] RRQ time stats : Tx/Rx [Min, Max] = [41, 63, 138, 159]
06-17 08:36:47.018   759  1955 I tftp_server: pid=759 tid=1955 tftp-server : INF :[tftp_server.c, 1259] RRQ was successfully processed.
06-17 08:36:47.019   759   759 I tftp_server: pid=759 tid=759 tftp-server : INF :[tftp_server.c, 580] rcvd request [1] [119] [1] [0] [109]
06-17 08:36:47.019   759  1956 I tftp_server: pid=759 tid=1956 tftp-server : INF :[tftp_server_utils.c, 113] file [readonly/firmware/image/modem_pr/mcfg/configs/mcfg_sw/mbn_sw.dig] : [/vendor/rfs/msm/mps
06-17 08:36:47.020   759  1956 I tftp_server: pid=759 tid=1956 tftp-server : INF :[tftp_server.c, 1125] OACK options : [7680, 1000, 32, 10, 0, 0, 0, 0]
06-17 08:36:47.020   759  1956 I tftp_server: pid=759 tid=1956 tftp-server : INF :[tftp_os_la.c, 63] open : [-1] [-1] [384] [0] [/vendor/rfs/msm/mpss/readonly/firmware/image/modem_pr/mcfg/configs/mcfg_sw
06-17 08:36:47.021   759  1956 I tftp_server: pid=759 tid=1956 tftp-server : INF :[tftp_protocol.c, 742] Recd END OF TRANSFER pkt. Code = 9, Msg = End of Transfer
06-17 08:36:47.021   759  1956 I tftp_server: pid=759 tid=1956 tftp-server : INF :[tftp_server.c, 1233] RRQ stats : sent_size = 0 total-blocks = 0 total-bytes = 0 timedout-pkts = 0, wrong-pkts = 0
06-17 08:36:47.021   759  1956 I tftp_server: pid=759 tid=1956 tftp-server : INF :[tftp_server.c, 1237] RRQ time stats : Total : [TX, RX] = [56, 164]
06-17 08:36:47.021   759  1956 I tftp_server: pid=759 tid=1956 tftp-server : INF :[tftp_server.c, 1243] RRQ time stats : Tx/Rx [Min, Max] = [56, 56, 164, 164]
06-17 08:36:47.021   759  1956 I tftp_server: pid=759 tid=1956 tftp-server : INF :[tftp_server.c, 1259] RRQ was successfully processed.
06-17 08:36:47.021   759   759 I tftp_server: pid=759 tid=759 tftp-server : INF :[tftp_server.c, 580] rcvd request [1] [127] [1] [0] [110]
06-17 08:36:47.022   759  1957 I tftp_server: pid=759 tid=1957 tftp-server : INF :[tftp_server_utils.c, 113] file [readonly/firmware/image/modem_pr/mcfg/configs/mcfg_sw/mbn_sw.dig] : [/vendor/rfs/msm/mps
06-17 08:36:47.022   759  1957 I tftp_server: pid=759 tid=1957 tftp-server : INF :[tftp_server.c, 1125] OACK options : [7680, 1000, 0, 10, 32, 0, 0, 0]
06-17 08:36:47.022   759  1957 I tftp_server: pid=759 tid=1957 tftp-server : INF :[tftp_os_la.c, 63] open : [-1] [-1] [384] [0] [/vendor/rfs/msm/mpss/readonly/firmware/image/modem_pr/mcfg/configs/mcfg_sw
06-17 08:36:47.023   759  1957 I tftp_server: pid=759 tid=1957 tftp-server : INF :[tftp_server.c, 1233] RRQ stats : sent_size = 32 total-blocks = 1 total-bytes = 32 timedout-pkts = 0, wrong-pkts = 0
06-17 08:36:47.023   759  1957 I tftp_server: pid=759 tid=1957 tftp-server : INF :[tftp_server.c, 1237] RRQ time stats : Total : [TX, RX] = [104, 286]
06-17 08:36:47.023   759  1957 I tftp_server: pid=759 tid=1957 tftp-server : INF :[tftp_server.c, 1243] RRQ time stats : Tx/Rx [Min, Max] = [41, 63, 136, 150]
06-17 08:36:47.023   759  1957 I tftp_server: pid=759 tid=1957 tftp-server : INF :[tftp_server.c, 1259] RRQ was successfully processed.
06-17 08:36:47.060   736   736 D SDM     : DisplayBase::BuildLayerStackStats: LayerStack layer_count: 2, app_layer_count: 1, gpu_target_index: 1, display type: 0
06-17 08:36:47.113  1333  1333 E QTI_SDM_INFO: [qti_rmnet_peripheral.c:739] qti_file_open():Could not open device file. Errno 2 error msg=No such file or directory
06-17 08:36:47.143   736   736 D SDM     : DisplayBase::BuildLayerStackStats: LayerStack layer_count: 2, app_layer_count: 1, gpu_target_index: 1, display type: 0
06-17 08:36:47.214  1034  1034 I CNSS    : Device free memory is insufficient
06-17 08:36:47.215  1034  1034 I chatty  : uid=1000(system) /system/vendor/bin/cnss_diag identical 43 lines
06-17 08:36:47.215  1034  1034 I CNSS    : Device free memory is insufficient
06-17 08:36:47.227   736   736 D SDM     : DisplayBase::BuildLayerStackStats: LayerStack layer_count: 2, app_layer_count: 1, gpu_target_index: 1, display type: 0
06-17 08:36:47.310   736   736 I chatty  : uid=1000(system) composer@2.1-se identical 1 line
06-17 08:36:47.393   736   736 D SDM     : DisplayBase::BuildLayerStackStats: LayerStack layer_count: 2, app_layer_count: 1, gpu_target_index: 1, display type: 0
06-17 08:36:47.410  1027  1043 E QC-time-services: Daemon:genoff_wlan_qmi_service_request: qmi_client_get_service_list returned -2num_services 0
06-17 08:36:47.411  1027  1043 E QC-time-services: Daemon:genoff_wlan_qmi_service_request:retry count exceeds limitQMI init failed continuing withoutserver
06-17 08:36:47.436  1034  1034 I CNSS    : Device free memory is insufficient
06-17 08:36:47.437  1034  1034 I chatty  : uid=1000(system) /system/vendor/bin/cnss_diag identical 43 lines
06-17 08:36:47.437  1034  1034 I CNSS    : Device free memory is insufficient
06-17 08:36:47.477   736   736 D SDM     : DisplayBase::BuildLayerStackStats: LayerStack layer_count: 2, app_layer_count: 1, gpu_target_index: 1, display type: 0
06-17 08:36:47.560   736   736 I chatty  : uid=1000(system) composer@2.1-se identical 1 line
06-17 08:36:47.643   736   736 D SDM     : DisplayBase::BuildLayerStackStats: LayerStack layer_count: 2, app_layer_count: 1, gpu_target_index: 1, display type: 0
06-17 08:36:47.654  1034  1034 I CNSS    : Device free memory is insufficient
06-17 08:36:47.655  1034  1034 I chatty  : uid=1000(system) /system/vendor/bin/cnss_diag identical 43 lines
06-17 08:36:47.655  1034  1034 I CNSS    : Device free memory is insufficient
06-17 08:36:47.727   736   736 D SDM     : DisplayBase::BuildLayerStackStats: LayerStack layer_count: 2, app_layer_count: 1, gpu_target_index: 1, display type: 0
06-17 08:36:47.810   736   736 D SDM     : DisplayBase::BuildLayerStackStats: LayerStack layer_count: 2, app_layer_count: 1, gpu_target_index: 1, display type: 0
06-17 08:36:47.877  1034  1034 I CNSS    : Device free memory is insufficient
06-17 08:36:47.878  1034  1034 I chatty  : uid=1000(system) /system/vendor/bin/cnss_diag identical 43 lines
06-17 08:36:47.878  1034  1034 I CNSS    : Device free memory is insufficient
06-17 08:36:47.893   736   736 D SDM     : DisplayBase::BuildLayerStackStats: LayerStack layer_count: 2, app_layer_count: 1, gpu_target_index: 1, display type: 0
06-17 08:36:47.977   736   736 I chatty  : uid=1000(system) composer@2.1-se identical 1 line
06-17 08:36:48.060   736   736 D SDM     : DisplayBase::BuildLayerStackStats: LayerStack layer_count: 2, app_layer_count: 1, gpu_target_index: 1, display type: 0
06-17 08:36:48.099  1034  1034 I CNSS    : Device free memory is insufficient
06-17 08:36:48.100  1034  1034 I chatty  : uid=1000(system) /system/vendor/bin/cnss_diag identical 43 lines
06-17 08:36:48.100  1034  1034 I CNSS    : Device free memory is insufficient
06-17 08:36:48.113  1333  1333 E QTI_SDM_INFO: [qti_rmnet_peripheral.c:756] qti_file_open():Could not open device file. Abort. Errno 2 error msg=No such file or directory
06-17 08:36:48.113  1333  1333 E QTI_SDM_INFO: [qti_rmnet_peripheral.c:841] qti_rmnet_ph_init():Failed to open MHI peripheral device file. Abort. Error 2
06-17 08:36:48.113  1333  1333 I QTI_SDM_INFO: [qti_rmnet_dpm.c:232] qti_dpm_init():qti_dpm_init()
06-17 08:36:48.114  1333  1333 E QMI_FW  : QMUXD: WARNING qmi_qmux_if_pwr_up_init failed! rc=-6
06-17 08:36:48.114  1333  1333 I QTI_SDM_INFO: [qti_rmnet_dpm.c:624] dpm_service_available_cb():dpm_service_available_cb 
06-17 08:36:48.114  1333  1333 I QTI_SDM_INFO: [qti_rmnet_dpm.c:261] qti_dpm_init():Successful DPM service registration
06-17 08:36:48.114  1333  1333 I QTI_SDM_INFO: [qti_rmnet_peripheral.c:1428] qti_dpl_ph_init():Open DPL file to receive QMI messages
06-17 08:36:48.114  1333  1333 I QTI_SDM_INFO: [qti_rmnet_peripheral.c:747] qti_file_open():Successfully opened device file. FD is 11
06-17 08:36:48.114  1333  1333 I QTI_SDM_INFO: [qti_rmnet_peripheral.c:1443] qti_dpl_ph_init():Opened DPL file's fd is 11
06-17 08:36:48.114  1333  1958 I QTI_SDM_INFO: [qti_rmnet_dpm.c:128] dpm_client_init(): DPM client inited 2
06-17 08:36:48.114  1333  1958 I QTI_SDM_INFO: [qti_rmnet_peripheral.c:1221] qti_rmnet_ph_set_modem_state():Received set modem state to 1
06-17 08:36:48.114  1333  1958 E QTI_SDM_INFO: [qti_rmnet_peripheral.c:1233] qti_rmnet_ph_set_modem_state():Couldn't set ph_iface_fd
06-17 08:36:48.114  1333  1958 E QTI_SDM_INFO: [qti_rmnet_modem.c:1809] qti_rmnet_modem_in_service():Failed to set modem state on peripheral driver file
06-17 08:36:48.114  1333  1958 E QTI_SDM_INFO: [qti_rmnet_modem.c:1822] qti_rmnet_modem_in_service():Failed to set ph_iface_fd
06-17 08:36:48.114  1333  1958 I QTI_SDM_INFO: [qti_rmnet_peripheral.c:1298] qti_dpl_process_ph_reset():Processing DPL peripheral reset
06-17 08:36:48.114  1333  1958 I QTI_SDM_INFO: [qti_rmnet_peripheral.c:1312] qti_dpl_process_ph_reset():DPL line state 0
06-17 08:36:48.114  1333  1958 I QTI_SDM_INFO: [qti_rmnet_peripheral.c:1386] qti_dpl_process_ph_reset():Completed DPL peripheral reset processing
06-17 08:36:48.114  1333  1958 I QTI_SDM_INFO: [qti_cmdq.c:113] qti_cmdq_cmd_free():qcmap_cmdq: free one commmand data
06-17 08:36:48.143   736   736 D SDM     : DisplayBase::BuildLayerStackStats: LayerStack layer_count: 2, app_layer_count: 1, gpu_target_index: 1, display type: 0
06-17 08:36:48.227   736   736 I chatty  : uid=1000(system) composer@2.1-se identical 1 line
06-17 08:36:48.310   736   736 D SDM     : DisplayBase::BuildLayerStackStats: LayerStack layer_count: 2, app_layer_count: 1, gpu_target_index: 1, display type: 0
06-17 08:36:48.322  1034  1034 I CNSS    : Device free memory is insufficient
06-17 08:36:48.323  1034  1034 I chatty  : uid=1000(system) /system/vendor/bin/cnss_diag identical 43 lines
06-17 08:36:48.323  1034  1034 I CNSS    : Device free memory is insufficient
06-17 08:36:48.330  1595  1931 I ServiceManager: Waiting for service media.audio_policy...
06-17 08:36:48.393   736   736 D SDM     : DisplayBase::BuildLayerStackStats: LayerStack layer_count: 2, app_layer_count: 1, gpu_target_index: 1, display type: 0
06-17 08:36:48.477   736   736 D SDM     : DisplayBase::BuildLayerStackStats: LayerStack layer_count: 2, app_layer_count: 1, gpu_target_index: 1, display type: 0
06-17 08:36:48.540  1034  1034 I CNSS    : Device free memory is insufficient
06-17 08:36:48.541  1034  1034 I chatty  : uid=1000(system) /system/vendor/bin/cnss_diag identical 43 lines
06-17 08:36:48.541  1034  1034 I CNSS    : Device free memory is insufficient
06-17 08:36:48.560   736   736 D SDM     : DisplayBase::BuildLayerStackStats: LayerStack layer_count: 2, app_layer_count: 1, gpu_target_index: 1, display type: 0
06-17 08:36:48.643   736   736 I chatty  : uid=1000(system) composer@2.1-se identical 1 line
06-17 08:36:48.727   736   736 D SDM     : DisplayBase::BuildLayerStackStats: LayerStack layer_count: 2, app_layer_count: 1, gpu_target_index: 1, display type: 0
06-17 08:36:48.763  1034  1034 I CNSS    : Device free memory is insufficient
06-17 08:36:48.764  1034  1034 I chatty  : uid=1000(system) /system/vendor/bin/cnss_diag identical 43 lines
06-17 08:36:48.764  1034  1034 I CNSS    : Device free memory is insufficient
06-17 08:36:48.810   736   736 D SDM     : DisplayBase::BuildLayerStackStats: LayerStack layer_count: 2, app_layer_count: 1, gpu_target_index: 1, display type: 0
06-17 08:36:48.893   736   736 I chatty  : uid=1000(system) composer@2.1-se identical 1 line
06-17 08:36:48.977   736   736 D SDM     : DisplayBase::BuildLayerStackStats: LayerStack layer_count: 2, app_layer_count: 1, gpu_target_index: 1, display type: 0
06-17 08:36:48.986  1034  1034 I CNSS    : Device free memory is insufficient
06-17 08:36:48.987  1034  1034 I chatty  : uid=1000(system) /system/vendor/bin/cnss_diag identical 43 lines
06-17 08:36:48.987  1034  1034 I CNSS    : Device free memory is insufficient
06-17 08:36:49.060   736   736 D SDM     : DisplayBase::BuildLayerStackStats: LayerStack layer_count: 2, app_layer_count: 1, gpu_target_index: 1, display type: 0
06-17 08:36:49.143   736   736 D SDM     : DisplayBase::BuildLayerStackStats: LayerStack layer_count: 2, app_layer_count: 1, gpu_target_index: 1, display type: 0
06-17 08:36:49.209  1034  1034 I CNSS    : Device free memory is insufficient
06-17 08:36:49.210  1034  1034 I chatty  : uid=1000(system) /system/vendor/bin/cnss_diag identical 43 lines
06-17 08:36:49.210  1034  1034 I CNSS    : Device free memory is insufficient
06-17 08:36:49.227   736   736 D SDM     : DisplayBase::BuildLayerStackStats: LayerStack layer_count: 2, app_layer_count: 1, gpu_target_index: 1, display type: 0
06-17 08:36:49.310   736   736 D SDM     : DisplayBase::BuildLayerStackStats: LayerStack layer_count: 2, app_layer_count: 1, gpu_target_index: 1, display type: 0
06-17 08:36:49.332  1595  1931 I ServiceManager: Waiting for service media.audio_policy...
06-17 08:36:49.393   736   736 D SDM     : DisplayBase::BuildLayerStackStats: LayerStack layer_count: 2, app_layer_count: 1, gpu_target_index: 1, display type: 0
06-17 08:36:49.427  1034  1034 I CNSS    : Device free memory is insufficient
06-17 08:36:49.428  1034  1034 I chatty  : uid=1000(system) /system/vendor/bin/cnss_diag identical 43 lines
06-17 08:36:49.428  1034  1034 I CNSS    : Device free memory is insufficient
06-17 08:36:49.477   736   736 D SDM     : DisplayBase::BuildLayerStackStats: LayerStack layer_count: 2, app_layer_count: 1, gpu_target_index: 1, display type: 0
06-17 08:36:49.560   736   736 I chatty  : uid=1000(system) composer@2.1-se identical 1 line
06-17 08:36:49.643   736   736 D SDM     : DisplayBase::BuildLayerStackStats: LayerStack layer_count: 2, app_layer_count: 1, gpu_target_index: 1, display type: 0
06-17 08:36:49.650  1034  1034 I CNSS    : Device free memory is insufficient
06-17 08:36:49.651  1034  1034 I chatty  : uid=1000(system) /system/vendor/bin/cnss_diag identical 43 lines
06-17 08:36:49.651  1034  1034 I CNSS    : Device free memory is insufficient
06-17 08:36:49.727   736   736 D SDM     : DisplayBase::BuildLayerStackStats: LayerStack layer_count: 2, app_layer_count: 1, gpu_target_index: 1, display type: 0
06-17 08:36:49.810   736   736 D SDM     : DisplayBase::BuildLayerStackStats: LayerStack layer_count: 2, app_layer_count: 1, gpu_target_index: 1, display type: 0
06-17 08:36:49.824  1034  1034 I CNSS    : Device free memory is insufficient
01-01 10:30:57.268     0     0 I         : R0: [kworker/6:2][653162654] [08:36:49.823916]  wlan: [1613:F :HDD] hdd_wlan_stop_modules: 10743: stop WLAN module: entering driver status=1
01-01 10:30:57.268     0     0 I         : R0: [kworker/6:2][653162926] [08:36:49.823930]  wlan: [1613:I :HDD] hdd_wlan_stop_modules: 10779: Present Driver Status: 1
01-01 10:30:57.269     0     0 I         : R0: [kworker/6:2][653177379] [08:36:49.824683]  wlan: [1613:I :WMI] WMI Stop
01-01 10:30:57.274     0     0 I         : R0: [kworker/6:2][653262455] [08:36:49.829115]  wlan: [1613:I :TRX] Global Pool
06-17 08:36:49.839  1034  1034 I chatty  : uid=1000(system) /system/vendor/bin/cnss_diag identical 121 lines
06-17 08:36:49.839  1034  1034 I CNSS    : Device free memory is insufficient
06-17 08:36:49.843  1127  1585 I cnss-daemon: wlan_qmi_err_cb: WLPS service disconnect, called with error -2 for client 0x5K
01-01 10:30:57.281     0     0 I         : R0: [cds_mc_thread][653404615] [08:36:49.836519]  wlan: [1581:I :QDF] cds_mc_thread: MC thread signaled to shutdown
01-01 10:30:57.281     0     0 I         : R0: [cds_mc_thread][653404979] [08:36:49.836537]  wlan: [1581:I :QDF] cds_mc_thread: MC Thread exiting!!!!
01-01 10:30:57.281     0     0 I         : R0: [cds_ol_rx_threa][653406427] [08:36:49.836613]  wlan: [1582:I :QDF] cds_ol_rx_thread: Shutting down OL RX Thread
01-01 10:30:57.282     0     0 I         : R0: [kworker/6:2][653431197] [08:36:49.837903]  wlan: [1613:E :QDF] cds_remove_timer_from_sys_msg: 1242: gp_cds_sched_context is null
01-01 10:30:57.282     0     0 I         : R0: [kworker/6:2][653431591] [08:36:49.837923]  wlan: [1613:E :QDF] cds_remove_timer_from_sys_msg: 1242: gp_cds_sched_context is null
01-01 10:30:57.282     0     0 I         : R0: [kworker/6:2][653431743] [08:36:49.837931]  wlan: [1613:E :QDF] cds_remove_timer_from_sys_msg: 1242: gp_cds_sched_context is null
06-17 08:36:49.859  1034  1034 I CNSS    : Device free memory is insufficient
01-01 10:30:57.303     0     0 I         : R0: [kworker/6:2][653824820] [08:36:49.858404]  wlan: [1613:E :QDF] cds_get_context: Module ID 21 context is Null
01-01 10:30:57.304     0     0 I         : R0: [kworker/6:2][653838566] [08:36:49.859120]  wlan: [1613:I :HDD] hdd_wlan_stop_modules: 10872: Wlan transition (now CLOSED)
01-01 10:30:57.304     0     0 I         : R0: [kworker/6:2][653838889] [08:36:49.859137]  wlan: [1613:F :HDD] hdd_wlan_stop_modules: 10879: stop WLAN module: exit driver status=3
06-17 08:36:49.859  1034  1034 I chatty  : uid=1000(system) /system/vendor/bin/cnss_diag identical 14 lines
06-17 08:36:49.859  1034  1034 I CNSS    : Device free memory is insufficient
06-17 08:36:49.893   736   736 D SDM     : DisplayBase::BuildLayerStackStats: LayerStack layer_count: 2, app_layer_count: 1, gpu_target_index: 1, display type: 0
06-17 08:36:50.227   736   736 I chatty  : uid=1000(system) composer@2.1-se identical 4 lines
06-17 08:36:50.310   736   736 D SDM     : DisplayBase::BuildLayerStackStats: LayerStack layer_count: 2, app_layer_count: 1, gpu_target_index: 1, display type: 0
06-17 08:36:50.335  1595  1931 I ServiceManager: Waiting for service media.audio_policy...
06-17 08:36:50.393   736   736 D SDM     : DisplayBase::BuildLayerStackStats: LayerStack layer_count: 2, app_layer_count: 1, gpu_target_index: 1, display type: 0
06-17 08:36:51.227   736   736 I chatty  : uid=1000(system) composer@2.1-se identical 10 lines
06-17 08:36:51.310   736   736 D SDM     : DisplayBase::BuildLayerStackStats: LayerStack layer_count: 2, app_layer_count: 1, gpu_target_index: 1, display type: 0
06-17 08:36:51.337  1595  1931 I ServiceManager: Waiting for service media.audio_policy...
06-17 08:36:51.393   736   736 D SDM     : DisplayBase::BuildLayerStackStats: LayerStack layer_count: 2, app_layer_count: 1, gpu_target_index: 1, display type: 0
06-17 08:36:52.227   736   736 I chatty  : uid=1000(system) composer@2.1-se identical 10 lines
06-17 08:36:52.310   736   736 D SDM     : DisplayBase::BuildLayerStackStats: LayerStack layer_count: 2, app_layer_count: 1, gpu_target_index: 1, display type: 0
06-17 08:36:52.339  1595  1931 I ServiceManager: Waiting for service media.audio_policy...
06-17 08:36:52.393   736   736 D SDM     : DisplayBase::BuildLayerStackStats: LayerStack layer_count: 2, app_layer_count: 1, gpu_target_index: 1, display type: 0
06-17 08:36:52.440  1595  1931 W ServiceManager: Service media.audio_policy didn't start. Returning NULL
06-17 08:36:52.440  1595  1931 W AudioSystem: AudioPolicyService not published, waiting...
06-17 08:36:52.477   736   736 D SDM     : DisplayBase::BuildLayerStackStats: LayerStack layer_count: 2, app_layer_count: 1, gpu_target_index: 1, display type: 0
06-17 08:36:53.727   736   736 I chatty  : uid=1000(system) composer@2.1-se identical 15 lines
06-17 08:36:53.810   736   736 D SDM     : DisplayBase::BuildLayerStackStats: LayerStack layer_count: 2, app_layer_count: 1, gpu_target_index: 1, display type: 0
06-17 08:36:53.842  1595  1931 I ServiceManager: Waiting for service media.audio_policy...
06-17 08:36:53.893   736   736 D SDM     : DisplayBase::BuildLayerStackStats: LayerStack layer_count: 2, app_layer_count: 1, gpu_target_index: 1, display type: 0
06-17 08:36:54.727   736   736 I chatty  : uid=1000(system) composer@2.1-se identical 10 lines
06-17 08:36:54.810   736   736 D SDM     : DisplayBase::BuildLayerStackStats: LayerStack layer_count: 2, app_layer_count: 1, gpu_target_index: 1, display type: 0
06-17 08:36:54.844  1595  1931 I ServiceManager: Waiting for service media.audio_policy...
06-17 08:36:54.894   736   736 D SDM     : DisplayBase::BuildLayerStackStats: LayerStack layer_count: 2, app_layer_count: 1, gpu_target_index: 1, display type: 0
06-17 08:36:55.727   736   736 I chatty  : uid=1000(system) composer@2.1-se identical 10 lines
06-17 08:36:55.810   736   736 D SDM     : DisplayBase::BuildLayerStackStats: LayerStack layer_count: 2, app_layer_count: 1, gpu_target_index: 1, display type: 0
06-17 08:36:55.847  1595  1931 I ServiceManager: Waiting for service media.audio_policy...
06-17 08:36:55.893   736   736 D SDM     : DisplayBase::BuildLayerStackStats: LayerStack layer_count: 2, app_layer_count: 1, gpu_target_index: 1, display type: 0
06-17 08:36:56.727   736   736 I chatty  : uid=1000(system) composer@2.1-se identical 10 lines
06-17 08:36:56.810   736   736 D SDM     : DisplayBase::BuildLayerStackStats: LayerStack layer_count: 2, app_layer_count: 1, gpu_target_index: 1, display type: 0
06-17 08:36:56.849  1595  1931 I ServiceManager: Waiting for service media.audio_policy...
06-17 08:36:56.894   736   736 D SDM     : DisplayBase::BuildLayerStackStats: LayerStack layer_count: 2, app_layer_count: 1, gpu_target_index: 1, display type: 0
06-17 08:36:57.727   736   736 I chatty  : uid=1000(system) composer@2.1-se identical 10 lines
06-17 08:36:57.810   736   736 D SDM     : DisplayBase::BuildLayerStackStats: LayerStack layer_count: 2, app_layer_count: 1, gpu_target_index: 1, display type: 0
06-17 08:36:57.851  1595  1931 I ServiceManager: Waiting for service media.audio_policy...
06-17 08:36:57.894   736   736 D SDM     : DisplayBase::BuildLayerStackStats: LayerStack layer_count: 2, app_layer_count: 1, gpu_target_index: 1, display type: 0
06-17 08:36:57.952  1595  1931 W ServiceManager: Service media.audio_policy didn't start. Returning NULL
06-17 08:36:57.952  1595  1931 W AudioSystem: AudioPolicyService not published, waiting...
06-17 08:36:57.977   736   736 D SDM     : DisplayBase::BuildLayerStackStats: LayerStack layer_count: 2, app_layer_count: 1, gpu_target_index: 1, display type: 0
06-17 08:36:59.227   736   736 I chatty  : uid=1000(system) composer@2.1-se identical 15 lines
06-17 08:36:59.310   736   736 D SDM     : DisplayBase::BuildLayerStackStats: LayerStack layer_count: 2, app_layer_count: 1, gpu_target_index: 1, display type: 0
06-17 08:36:59.354  1595  1931 I ServiceManager: Waiting for service media.audio_policy...
06-17 08:36:59.394   736   736 D SDM     : DisplayBase::BuildLayerStackStats: LayerStack layer_count: 2, app_layer_count: 1, gpu_target_index: 1, display type: 0
06-17 08:37:00.227   736   736 I chatty  : uid=1000(system) composer@2.1-se identical 10 lines
06-17 08:37:00.310   736   736 D SDM     : DisplayBase::BuildLayerStackStats: LayerStack layer_count: 2, app_layer_count: 1, gpu_target_index: 1, display type: 0
06-17 08:37:00.356  1595  1931 I ServiceManager: Waiting for service media.audio_policy...
06-17 08:37:00.394   736   736 D SDM     : DisplayBase::BuildLayerStackStats: LayerStack layer_count: 2, app_layer_count: 1, gpu_target_index: 1, display type: 0
06-17 08:37:01.244   736   736 I chatty  : uid=1000(system) composer@2.1-se identical 10 lines
