06-17 08:37:56.670  2194  2194 D         : [0]initApnContexts: E
06-17 08:37:56.670  2194  2194 D         : [0]initApnContexts: skipping unknown type=1
06-17 08:37:56.670  2194  2194 D         : [0]initApnContexts: apnContext={mApnType=default mState=IDLE mWaitingApns={null} mApnSetting={null} mReason=dataEnabled mDataEnabled=false mDependencyMet=true}
06-17 08:37:56.670  2194  2194 D         : [0]initApnContexts: apnContext={mApnType=mms mState=IDLE mWaitingApns={null} mApnSetting={null} mReason=dataEnabled mDataEnabled=false mDependencyMet=true}
06-17 08:37:56.670  2194  2194 D         : [0]initApnContexts: apnContext={mApnType=supl mState=IDLE mWaitingApns={null} mApnSetting={null} mReason=dataEnabled mDataEnabled=false mDependencyMet=true}
06-17 08:37:56.670  2194  2194 D         : [0]initApnContexts: apnContext={mApnType=dun mState=IDLE mWaitingApns={null} mApnSetting={null} mReason=dataEnabled mDataEnabled=false mDependencyMet=true}
06-17 08:37:56.670  2194  2194 D         : [0]initApnContexts: apnContext={mApnType=hipri mState=IDLE mWaitingApns={null} mApnSetting={null} mReason=dataEnabled mDataEnabled=false mDependencyMet=true}
06-17 08:37:56.670  2194  2194 D         : [0]initApnContexts: apnContext={mApnType=fota mState=IDLE mWaitingApns={null} mApnSetting={null} mReason=dataEnabled mDataEnabled=false mDependencyMet=true}
06-17 08:37:56.670  2194  2194 D         : [0]initApnContexts: apnContext={mApnType=ims mState=IDLE mWaitingApns={null} mApnSetting={null} mReason=dataEnabled mDataEnabled=false mDependencyMet=true}
06-17 08:37:56.670  2194  2194 D         : [0]initApnContexts: apnContext={mApnType=cbs mState=IDLE mWaitingApns={null} mApnSetting={null} mReason=dataEnabled mDataEnabled=false mDependencyMet=true}
06-17 08:37:56.670  2194  2194 D         : [0]initApnContexts: skipping unknown type=7
06-17 08:37:56.670  2194  2194 D         : [0]initApnContexts: apnContext={mApnType=emergency mState=IDLE mWaitingApns={null} mApnSetting={null} mReason=dataEnabled mDataEnabled=false mDependencyMet=true}
01-01 10:32:04.110     0     0 I msm_vidc: info: Closed video instance: 0000000000000000
06-17 08:37:56.674  1107  1189 I OMX-VDEC-1080P: Video slvp perflock acquired
06-17 08:37:56.674  1107  1189 I OMX-VDEC-1080P: component_init: OMX.qcom.video.decoder.vp9 : fd=20
01-01 10:32:04.119     0     0 I msm_vidc: info: Opening video instance: 0000000000000000, 1
06-17 08:37:56.678  1107  1189 I OMX-VDEC-1080P: omx_vdec::component_init() success : fd=20
06-17 08:37:56.679  1107  1189 E OMXNodeInstance: getParameter(0xe959eec4:qcom.decoder.vp9.secure, ??(0x7f000044)) ERROR: UnsupportedSetting(0x80001019)
06-17 08:37:56.679  1107  1189 E OMXNodeInstance: getParameter(0xe959eec4:qcom.decoder.vp9.secure, ??(0x7f000044)) ERROR: UnsupportedSetting(0x80001019)
06-17 08:37:56.680  1107  1189 E OMXNodeInstance: getExtensionIndex(0xe959eec4:qcom.decoder.vp9.secure, OMX.google.android.index.configureVideoTunnelMode) ERROR: NotImplemented(0x80001006)
06-17 08:37:56.680  1107  1189 E OMX-VDEC-1080P: Enable/Disable allocate-native-handle allowed only on input port!
06-17 08:37:56.680  1107  1189 E OMX-VDEC-1080P: set_parameter: Error: 0x80001019, setting param 0x7f00005d
06-17 08:37:56.680  1107  1189 E OMXNodeInstance: setParameter(0xe959eec4:qcom.decoder.vp9.secure, OMX.google.android.index.allocateNativeHandle(0x7f00005d): Output:1 en=0) ERROR: UnsupportedSetting(0x80001019)
06-17 08:37:56.680  1107  1189 I OMX-VDEC-1080P: omx_vdec::component_deinit() complete
06-17 08:37:56.682  1107  1189 I OMX-VDEC-1080P: Exit OMX vdec Destructor: fd=20
06-17 08:37:56.682  1107  1189 I OMX-VDEC-1080P: Video slvp perflock released
01-01 10:32:04.127     0     0 I msm_vidc: info: Closed video instance: 0000000000000000
06-17 08:37:56.685  1075  1204 I OMXClient: IOmx service obtained
06-17 08:37:56.685  1107  1107 I OMXMaster: makeComponentInstance(OMX.google.vp9.decoder) in omx@1.0-service process
06-17 08:37:56.685  2032  2032 V KeyguardUpdateMonitor: *** register callback for com.android.systemui.statusbar.phone.UnlockMethodCache$1@55bfedd
06-17 08:37:56.685  2032  2032 V KeyguardUpdateMonitor: *** unregister callback for null
06-17 08:37:56.686  2194  2194 D QtiDCT  : [0]QtiDCT.constructor
06-17 08:37:56.686  2194  2194 D CarrierIdentifier: Creating CarrierIdentifier[0]
06-17 08:37:56.688  1107  1107 E OMXNodeInstance: getExtensionIndex(0xec028680:google.vp9.decoder, OMX.google.android.index.configureVideoTunnelMode) ERROR: UnsupportedIndex(0x8000101a)
06-17 08:37:56.688  1595  2122 D TelephonyRegistry: listen oscl: hasNotifySubscriptionInfoChangedOccurred==false no callback
06-17 08:37:56.688  1107  1107 E OMXNodeInstance: getExtensionIndex(0xec028680:google.vp9.decoder, OMX.google.android.index.enableAndroidNativeBuffers) ERROR: UnsupportedIndex(0x8000101a)
06-17 08:37:56.691  1075  1204 I OMXClient: IOmx service obtained
06-17 08:37:56.691  1107  1189 I OMXMaster: makeComponentInstance(OMX.qcom.video.encoder.avc) in omx@1.0-service process
06-17 08:37:56.691  2194  2194 D GsmCdmaPhone: [0] GsmCdmaPhone: constructor: sub = 0
06-17 08:37:56.691  2194  2194 D QtiGsmCdmaPhone: Constructor
06-17 08:37:56.691  2194  2194 D QtiRilInterface: instance = com.qualcomm.qti.internal.telephony.QtiRilInterface@e586800
06-17 08:37:56.691  2194  2194 I PhoneFactory: Creating Phone with type = 1 sub = 0
06-17 08:37:56.691  2194  2194 D QtiTelephonyComponentFactory: makePhone
06-17 08:37:56.692  2194  2194 D TelephonyTester: register for intent action=com.qualcomm.qti.internal.telephony.action_detached
06-17 08:37:56.692  2194  2194 D TelephonyTester: register for intent action=com.qualcomm.qti.internal.telephony.action_attached
06-17 08:37:56.692  2194  2194 D TelephonyTester: register for intent action=com.android.internal.telephony.TestServiceState
06-17 08:37:56.692  2194  2194 D Phone   : mDoesRilSendMultipleCallRing=false
06-17 08:37:56.692  2194  2194 D Phone   : mCallRingDelay=3000
06-17 08:37:56.692  2194  2194 D QtiTelephonyComponentFactory: makeSmsStorageMonitor
06-17 08:37:56.692  2194  2194 D TelephonyComponentFactory: makeSmsStorageMonitor
06-17 08:37:56.693  2032  2032 I CameraManagerGlobal: Connecting to camera service
06-17 08:37:56.693  2194  2194 D QtiTelephonyComponentFactory: makeSmsUsageMonitor
06-17 08:37:56.693  2194  2194 D TelephonyComponentFactory: makeSmsUsageMonitor
06-17 08:37:56.695  2194  2194 D QtiTelephonyComponentFactory: makeGsmCdmaCallTracker
06-17 08:37:56.695  2194  2194 D TelephonyComponentFactory: makeGsmCdmaCallTracker
06-17 08:37:56.696  2194  2194 D QtiTelephonyComponentFactory: makeQtiIccPhoneBookInterfaceManager
06-17 08:37:56.696  2194  2194 D QtiRilInterface: instance = com.qualcomm.qti.internal.telephony.QtiRilInterface@e586800
06-17 08:37:56.696  2194  2194 D QtiTelephonyComponentFactory: makeIccSmsInterfaceManager
06-17 08:37:56.696  2194  2194 D TelephonyComponentFactory: makeIccSmsInterfaceManager
06-17 08:37:56.696  2194  2194 D SmsDispatchersController: SmsDispatchersController created
06-17 08:37:56.697  2194  2194 I ImsManager: Creating ImsService
06-17 08:37:56.697  2194  2194 W MmTelFeatureConnection: create: binder is null! Slot Id: 1
06-17 08:37:56.698  2194  2194 E ImsSmsDispacher: Failed to get sms format. Error: getSmsFormat()
06-17 08:37:56.698  2194  2194 D SMSDispatcher: SMSDispatcher: ctor mSmsCapable=true format=unknown mSmsSendDisabled=false
06-17 08:37:56.698  1107  1189 I OMX-VENC: Video encode perflock acquired,handle=-1
06-17 08:37:56.698  2194  2194 D SMSDispatcher: SMSDispatcher: ctor mSmsCapable=true format=3gpp2 mSmsSendDisabled=false
06-17 08:37:56.698  2194  2194 D CdmaSMSDispatcher: CdmaSMSDispatcher created
06-17 08:37:56.700  2194  2194 D QtiTelephonyComponentFactory: getIDeviceIdleController
01-01 10:32:04.143     0     0 I msm_vidc: info: Opening video instance: 0000000000000000, 0
06-17 08:37:56.700  2194  2194 D TelephonyComponentFactory: getIDeviceIdleController
06-17 08:37:56.701  1107  1189 I GPU-STATS: GPU class constructor kernelMem = 0xec00a480, kernelSize = 21456 
06-17 08:37:56.702  2194  2194 D QtiTelephonyComponentFactory: getIDeviceIdleController
06-17 08:37:56.702  2194  2194 D TelephonyComponentFactory: getIDeviceIdleController
06-17 08:37:56.702  2194  2194 D GsmInboundSmsHandler: created InboundSmsHandler
06-17 08:37:56.703  2194  2375 D GsmInboundSmsHandler: entering Startup state
06-17 08:37:56.704  2194  2194 D QtiTelephonyComponentFactory: getIDeviceIdleController
06-17 08:37:56.704  2194  2194 D TelephonyComponentFactory: getIDeviceIdleController
06-17 08:37:56.704   728  2305 I vendor.qti.bluetooth@1.0-uart_transport: InitTransport: opening /dev/ttyHS0
06-17 08:37:56.706   728  2305 D vendor.qti.bluetooth@1.0-uart_transport: userial clock on
06-17 08:37:56.706   728  2305 I vendor.qti.bluetooth@1.0-uart_transport: GetBaudRate: Current Baudrate = 115200 bps
06-17 08:37:56.706   728  2305 I vendor.qti.bluetooth@1.0-uart_transport: InitTransport: device fd = 12 open @115200 bps
06-17 08:37:56.707  1107  1189 I OMX-VENC: Component_init : OMX.qcom.video.encoder.avc : return = 0x0
06-17 08:37:56.708  2194  2194 D QtiTelephonyComponentFactory: getIDeviceIdleController
06-17 08:37:56.708  2194  2194 D TelephonyComponentFactory: getIDeviceIdleController
06-17 08:37:56.708  2194  2194 D CdmaInboundSmsHandler: created InboundSmsHandler
06-17 08:37:56.710  1075  1204 W OMXUtils: do not know color format 0x7fa30c04 = 2141391876
06-17 08:37:56.710  1075  1204 W OMXUtils: do not know color format 0x7f000789 = 2130708361
06-17 08:37:56.711  2194  2378 D CdmaInboundSmsHandler: entering Startup state
06-17 08:37:56.712  2194  2194 D SMSDispatcher: SMSDispatcher: ctor mSmsCapable=true format=3gpp mSmsSendDisabled=false
06-17 08:37:56.712  2194  2194 D GsmSMSDispatcher: GsmSMSDispatcher created
06-17 08:37:56.712  2194  2378 D CdmaInboundSmsHandler: StartupState.processMessage:6
06-17 08:37:56.712  2194  2378 D CdmaInboundSmsHandler: entering Idle state
06-17 08:37:56.712  2194  2378 D CdmaInboundSmsHandler: IdleState.processMessage:5
06-17 08:37:56.712  2194  2378 D CdmaInboundSmsHandler: Idle state processing message type 5
06-17 08:37:56.713  2194  2194 D QtiTelephonyComponentFactory: getCdmaSubscriptionSourceManagerInstance
06-17 08:37:56.713  2194  2194 D TelephonyComponentFactory: getCdmaSubscriptionSourceManagerInstance
01-01 10:32:04.157     0     0 I msm_vidc: info: Closed video instance: 0000000000000000
06-17 08:37:56.713  2194  2378 D CdmaInboundSmsHandler: mWakeLock released
06-17 08:37:56.713  2194  2194 D QtiTelephonyComponentFactory: makeEriManager
06-17 08:37:56.713  2194  2194 D TelephonyComponentFactory: makeEriManager
06-17 08:37:56.713  2194  2375 D GsmInboundSmsHandler: StartupState.processMessage:6
06-17 08:37:56.713  2194  2375 D GsmInboundSmsHandler: entering Idle state
06-17 08:37:56.713  2194  2375 D GsmInboundSmsHandler: IdleState.processMessage:5
06-17 08:37:56.713  2194  2375 D GsmInboundSmsHandler: Idle state processing message type 5
06-17 08:37:56.714  2194  2375 D GsmInboundSmsHandler: mWakeLock released
06-17 08:37:56.715  2194  2194 D GsmCdmaPhone: [1] Precise phone type 1
06-17 08:37:56.715  2194  2194 D RILJ    : setPhoneType=1 old value=0 [SUB1]
06-17 08:37:56.716  2194  2194 D CarrierActionAgent: [1]Creating CarrierActionAgent
06-17 08:37:56.717  2194  2194 W CarrierConfigManager: Error getting config for subId 2147483643 ICarrierConfigLoader is null
06-17 08:37:56.717  1107  1107 I OMX-VENC: Component Deinit
06-17 08:37:56.717  1107  1107 I OMX-VENC: Video encode perflock released
06-17 08:37:56.718  2194  2194 D QtiTelephonyComponentFactory: makeQtiServiceStateTracker
06-17 08:37:56.720  1075  1204 I OMXClient: IOmx service obtained
06-17 08:37:56.721  1107  1189 I OMXMaster: makeComponentInstance(OMX.google.h264.encoder) in omx@1.0-service process
06-17 08:37:56.721  2194  2194 W CarrierConfigManager: Error getting config for subId 2147483643 ICarrierConfigLoader is null
06-17 08:37:56.722  1595  2124 D TelephonyRegistry: listen oscl: hasNotifySubscriptionInfoChangedOccurred==false no callback
06-17 08:37:56.722  2194  2194 W CarrierConfigManager: Error getting config for subId 2147483644 ICarrierConfigLoader is null
06-17 08:37:56.722  2194  2194 D NetworkRegistrationManager: Binding to packageName com.android.phone for transport type1
06-17 08:37:56.723   728  2305 I vendor.qti.bluetooth@1.0-uart_transport: Init:send out poweron signal
06-17 08:37:56.724   728  2305 D vendor.qti.bluetooth@1.0-uart_transport: userial clock off
06-17 08:37:56.724   728  2305 I vendor.qti.bluetooth@1.0-uart_transport: DeInitTransport: Transport is being closed!
06-17 08:37:56.724   728  2305 I vendor.qti.bluetooth@1.0-uart_transport: InitTransport: opening /dev/ttyHS0
06-17 08:37:56.724  2194  2194 D NetworkRegistrationManager: registerForNetworkRegistrationStateChanged
06-17 08:37:56.724   728  2305 D vendor.qti.bluetooth@1.0-uart_transport: userial clock on
06-17 08:37:56.724   728  2305 I vendor.qti.bluetooth@1.0-uart_transport: InitTransport: HW flow control enabled
06-17 08:37:56.724   728  2305 I vendor.qti.bluetooth@1.0-uart_transport: GetBaudRate: Current Baudrate = 115200 bps
06-17 08:37:56.724   728  2305 I vendor.qti.bluetooth@1.0-uart_transport: InitTransport: device fd = 12 open @115200 bps
06-17 08:37:56.724   728  2305 D vendor.qti.bluetooth@1.0-uart_transport: userial clock off
06-17 08:37:56.726   736   736 D SDM     : DisplayBase::BuildLayerStackStats: LayerStack layer_count: 2, app_layer_count: 1, gpu_target_index: 1, display type: 0
06-17 08:37:56.728  1075  1204 W OMXUtils: do not know color format 0x7f000789 = 2130708361
06-17 08:37:56.729  2194  2194 D SST     : handleNetworkUnavailable
06-17 08:37:56.731  2194  2194 D RILJ    : [3665]> SIGNAL_STRENGTH [SUB1]
06-17 08:37:56.732  2194  2194 D SST     : [1] notifyDataRegStateRilRadioTechnologyChanged: drs=1 rat=0
06-17 08:37:56.733  2194  2310 D RILJ    : [3665]< SIGNAL_STRENGTH SignalStrength: 0 0 0 0 0 0 0 0 0 0 0 0 0 2147483647 0 0 -120 gsm|lte use_rsrp_and_rssnr_for_lte_level  [-128, -118, -108, -98] [-115, -105, -95, -85] [SUB1]
06-17 08:37:56.734  1075  1204 I OMXClient: IOmx service obtained
06-17 08:37:56.734  1107  1189 I OMXMaster: makeComponentInstance(OMX.qcom.video.encoder.h263) in omx@1.0-service process
06-17 08:37:56.734  1595  2124 D TelephonyRegistry: listen oscl: hasNotifySubscriptionInfoChangedOccurred==false no callback
06-17 08:37:56.736  2194  2194 D QtiTelephonyComponentFactory: makeQtiDcTracker
06-17 08:37:56.736  2194  2194 D         : [1]DCT.constructor
06-17 08:37:56.736  2194  2194 W CarrierConfigManager: Error getting config for subId 2147483644 ICarrierConfigLoader is null
06-17 08:37:56.737  1595  2124 I DefaultPermGrantPolicy: Revoking permissions from disabled data services for user:0
06-17 08:37:56.737  1595  2124 I DefaultPermGrantPolicy: Granting permissions to enabled data services for user:0
06-17 08:37:56.737  2194  2194 I chatty  : uid=1001(radio) com.android.phone identical 1 line
06-17 08:37:56.737  2194  2194 W CarrierConfigManager: Error getting config for subId 2147483644 ICarrierConfigLoader is null
06-17 08:37:56.740  1595  2124 D TelephonyRegistry: listen oscl: hasNotifySubscriptionInfoChangedOccurred==false no callback
06-17 08:37:56.740  2194  2194 D Dcc     : E ctor
06-17 08:37:56.740  2194  2194 D Dcc     : X ctor
06-17 08:37:56.740  2194  2194 D DcTesterDeacativateAll: register for intent action=com.android.internal.telephony.dataconnection.action_deactivate_all
06-17 08:37:56.740  2194  2194 D DcTesterDeacativateAll: register for intent action=com.qualcomm.qti.internal.telephony.action_detached
06-17 08:37:56.740  1107  1189 I OMX-VENC: Video encode perflock acquired,handle=-1
06-17 08:37:56.742  2194  2194 D SubscriptionController: [getPhoneId] asked for default subId=2147483643
06-17 08:37:56.742  2194  2194 D QtiSubscriptionController: getPhoneId, received dummy subId 2147483643
06-17 08:37:56.743  2194  2194 D DcTesterFailBrinupAll: register for intent action=com.android.internal.telephony.dataconnection.action_fail_bringup
06-17 08:37:56.743  2194  2194 D DcTesterFailBrinupAll: register for intent action=com.qualcomm.qti.internal.telephony.action_detached
06-17 08:37:56.743  2194  2194 D DcTesterFailBrinupAll: register for intent action=com.qualcomm.qti.internal.telephony.action_attached
01-01 10:32:04.186     0     0 I msm_vidc: info: Opening video instance: 0000000000000000, 0
06-17 08:37:56.744  2194  2194 D SST     : [1] notifyDataRegStateRilRadioTechnologyChanged: drs=1 rat=0
06-17 08:37:56.744  2194  2194 D         : [1]update sub = 2147483644
06-17 08:37:56.745  2194  2194 D         : [1]update(): Active DDS, register for all events now!
06-17 08:37:56.745  2194  2194 D GsmCdmaPhone: [1] updateCurrentCarrierInProvider: mSubId = 2147483644 currentDds = -1 operatorNumeric = null
06-17 08:37:56.746  2194  2194 D         : [1]initApnContexts: E
06-17 08:37:56.746  2194  2194 D         : [1]initApnContexts: skipping unknown type=1
06-17 08:37:56.746  2194  2194 D         : [1]initApnContexts: apnContext={mApnType=default mState=IDLE mWaitingApns={null} mApnSetting={null} mReason=dataEnabled mDataEnabled=false mDependencyMet=true}
06-17 08:37:56.746  2194  2194 D         : [1]initApnContexts: apnContext={mApnType=mms mState=IDLE mWaitingApns={null} mApnSetting={null} mReason=dataEnabled mDataEnabled=false mDependencyMet=true}
06-17 08:37:56.746  1107  1189 I OMX-VENC: Component_init : OMX.qcom.video.encoder.h263 : return = 0x0
06-17 08:37:56.746  2194  2194 D         : [1]initApnContexts: apnContext={mApnType=supl mState=IDLE mWaitingApns={null} mApnSetting={null} mReason=dataEnabled mDataEnabled=false mDependencyMet=true}
06-17 08:37:56.746  2194  2194 D         : [1]initApnContexts: apnContext={mApnType=dun mState=IDLE mWaitingApns={null} mApnSetting={null} mReason=dataEnabled mDataEnabled=false mDependencyMet=true}
06-17 08:37:56.746  2194  2194 D         : [1]initApnContexts: apnContext={mApnType=hipri mState=IDLE mWaitingApns={null} mApnSetting={null} mReason=dataEnabled mDataEnabled=false mDependencyMet=true}
06-17 08:37:56.746  2194  2194 D         : [1]initApnContexts: apnContext={mApnType=fota mState=IDLE mWaitingApns={null} mApnSetting={null} mReason=dataEnabled mDataEnabled=false mDependencyMet=true}
06-17 08:37:56.746  2194  2194 D         : [1]initApnContexts: apnContext={mApnType=ims mState=IDLE mWaitingApns={null} mApnSetting={null} mReason=dataEnabled mDataEnabled=false mDependencyMet=true}
06-17 08:37:56.746  2194  2194 D         : [1]initApnContexts: apnContext={mApnType=cbs mState=IDLE mWaitingApns={null} mApnSetting={null} mReason=dataEnabled mDataEnabled=false mDependencyMet=true}
06-17 08:37:56.746  2194  2194 D         : [1]initApnContexts: skipping unknown type=7
06-17 08:37:56.746  2194  2194 D         : [1]initApnContexts: apnContext={mApnType=emergency mState=IDLE mWaitingApns={null} mApnSetting={null} mReason=dataEnabled mDataEnabled=false mDependencyMet=true}
06-17 08:37:56.748  1075  1204 W OMXUtils: do not know color format 0x7fa30c04 = 2141391876
06-17 08:37:56.748  1075  1204 W OMXUtils: do not know color format 0x7f000789 = 2130708361
06-17 08:37:56.750  1107  1107 I OMX-VENC: Component Deinit
06-17 08:37:56.750  1107  1107 I OMX-VENC: Video encode perflock released
06-17 08:37:56.752   594   594 I chatty  : uid=1000(system) hwservicemanage identical 36 lines
06-17 08:37:56.753   594   594 I snet_event_log: [121035042,-1,]
06-17 08:37:56.753  2032  2032 I sysui_multi_action: [757,1093,758,4,1094,0,1095,0,1359,0]
01-01 10:32:04.195     0     0 I msm_vidc: info: Closed video instance: 0000000000000000
06-17 08:37:56.753  1075  1204 I OMXClient: IOmx service obtained
06-17 08:37:56.754  1107  1107 I OMXMaster: makeComponentInstance(OMX.google.h263.encoder) in omx@1.0-service process
06-17 08:37:56.756  2194  2194 D QtiDCT  : [1]QtiDCT.constructor
06-17 08:37:56.756  2194  2194 D CarrierIdentifier: Creating CarrierIdentifier[1]
06-17 08:37:56.757  2032  2032 D NotificationEntryMgr: heads up is enabled
06-17 08:37:56.757  1107  1107 I SoftMPEG4Encoder: Construct SoftMPEG4Encoder
06-17 08:37:56.757  1595  2122 D TelephonyRegistry: listen oscl: hasNotifySubscriptionInfoChangedOccurred==false no callback
06-17 08:37:56.758  1075  1204 W OMXUtils: do not know color format 0x7f000789 = 2130708361
06-17 08:37:56.758  1107  1107 E OMXNodeInstance: getConfig(0xec027ea0:google.h263.encoder, ConfigAndroidIntraRefresh(0x6f60000a)) ERROR: Undefined(0x80001001)
06-17 08:37:56.759  2194  2194 D GsmCdmaPhone: [1] GsmCdmaPhone: constructor: sub = 1
06-17 08:37:56.759  2194  2194 D QtiGsmCdmaPhone: Constructor
06-17 08:37:56.759  2194  2194 D QtiRilInterface: instance = com.qualcomm.qti.internal.telephony.QtiRilInterface@e586800
06-17 08:37:56.759  2194  2194 I PhoneFactory: Creating Phone with type = 1 sub = 1
06-17 08:37:56.759   594   594 I snet_event_log: [121035042,-1,]
06-17 08:37:56.760  1075  1204 I OMXClient: IOmx service obtained
06-17 08:37:56.761  1107  1107 I OMXMaster: makeComponentInstance(OMX.qcom.video.encoder.hevc) in omx@1.0-service process
06-17 08:37:56.763  2194  2194 I PhoneFactory: defaultSmsApplication: NONE
06-17 08:37:56.764  2194  2194 I PhoneFactory: Creating SubInfoRecordUpdater 
06-17 08:37:56.764  2194  2194 D QtiTelephonyComponentFactory: makeSubscriptionInfoUpdater
06-17 08:37:56.764  1107  1107 I OMX-VENC: Video encode perflock acquired,handle=-1
06-17 08:37:56.765  2194  2194 D SubscriptionInfoUpdater: Constructor invoked
06-17 08:37:56.768  2032  2032 V KeyguardUpdateMonitor: *** register callback for com.android.systemui.statusbar.KeyguardIndicationController$BaseKeyguardCallback@f43f655
06-17 08:37:56.768  2032  2032 V KeyguardUpdateMonitor: *** unregister callback for null
06-17 08:37:56.770  1107  1107 I OMX-VENC: Component_init : OMX.qcom.video.encoder.hevc : return = 0x0
06-17 08:37:56.771  1075  1204 W OMXUtils: do not know color format 0x7fa30c04 = 2141391876
06-17 08:37:56.772  1075  1204 W OMXUtils: do not know color format 0x7f000789 = 2130708361
01-01 10:32:04.210     0     0 I msm_vidc: info: Opening video instance: 0000000000000000, 0
06-17 08:37:56.773  1107  1107 I OMX-VENC: Component Deinit
01-01 10:32:04.218     0     0 I msm_vidc: info: Closed video instance: 0000000000000000
06-17 08:37:56.774  1107  1107 I OMX-VENC: Video encode perflock released
06-17 08:37:56.776   736   736 D SDM     : DisplayBase::BuildLayerStackStats: LayerStack layer_count: 2, app_layer_count: 1, gpu_target_index: 1, display type: 0
06-17 08:37:56.777  1075  1204 I OMXClient: IOmx service obtained
06-17 08:37:56.777  1107  1107 I OMXMaster: makeComponentInstance(OMX.qcom.video.encoder.mpeg4) in omx@1.0-service process
06-17 08:37:56.781  1107  1107 I OMX-VENC: Video encode perflock acquired,handle=-1
01-01 10:32:04.226     0     0 I msm_vidc: info: Opening video instance: 0000000000000000, 0
06-17 08:37:56.787  1107  1107 I OMX-VENC: Component_init : OMX.qcom.video.encoder.mpeg4 : return = 0x0
06-17 08:37:56.788  1075  1204 W OMXUtils: do not know color format 0x7fa30c04 = 2141391876
06-17 08:37:56.788  1075  1204 W OMXUtils: do not know color format 0x7f000789 = 2130708361
06-17 08:37:56.790  2194  2194 I ImsManager: Creating ImsService
06-17 08:37:56.790  2194  2194 W MmTelFeatureConnection: create: binder is null! Slot Id: 0
06-17 08:37:56.790  1107  2400 I OMX-VENC: Component Deinit
06-17 08:37:56.791  2194  2194 D Phone   : updateImsPhone mImsServiceReady=true
06-17 08:37:56.791  1107  2400 I OMX-VENC: Video encode perflock released
06-17 08:37:56.791  2194  2194 D TelephonyTester: register for intent action=com.android.internal.telephony.imsphone.action_detached
06-17 08:37:56.791  2194  2194 D TelephonyTester: register for intent action=com.android.internal.telephony.imsphone.action_attached
06-17 08:37:56.791  2194  2194 D TelephonyTester: register for intent action=com.android.internal.telephony.TestConferenceEventPackage
06-17 08:37:56.791  2032  2032 E BluetoothHidDevice: Could not bind to Bluetooth HID Device Service with Intent { act=android.bluetooth.IBluetoothHidDevice }
06-17 08:37:56.791  2032  2032 D LocalBluetoothProfileManager: Adding local MAP profile
06-17 08:37:56.792  2032  2032 D BluetoothMap: Create BluetoothMap proxy object
06-17 08:37:56.792  2194  2194 D Phone   : mDoesRilSendMultipleCallRing=false
06-17 08:37:56.792  2194  2194 D Phone   : mCallRingDelay=3000
06-17 08:37:56.792  2194  2194 D ImsExternalCallTracker: Registering: Handler (com.android.internal.telephony.imsphone.ImsPhone) {50776fd}
06-17 08:37:56.792  2194  2194 D QtiTelephonyComponentFactory: makeImsPhoneCallTracker
06-17 08:37:56.792  2194  2194 D TelephonyComponentFactory: makeImsPhoneCallTracker
01-01 10:32:04.235     0     0 I msm_vidc: info: Closed video instance: 0000000000000000
06-17 08:37:56.794   736   736 D SDM     : DisplayBase::BuildLayerStackStats: LayerStack layer_count: 2, app_layer_count: 1, gpu_target_index: 1, display type: 0
06-17 08:37:56.794  2032  2032 D LocalBluetoothProfileManager: Adding local PBAP profile
06-17 08:37:56.794  2194  2194 E ImsPhoneCallTracker: [0] cacheCarrierConfiguration: No carrier config service found or not active subId = 2147483643
06-17 08:37:56.797  1075  1204 I OMXClient: IOmx service obtained
06-17 08:37:56.797  1107  2400 I OMXMaster: makeComponentInstance(OMX.google.mpeg4.encoder) in omx@1.0-service process
06-17 08:37:56.797  2194  2194 D SST     : [0] notifyDataRegStateRilRadioTechnologyChanged: drs=1 rat=0
06-17 08:37:56.797  2032  2032 D BluetoothDun: BluetoothDun() call bindService
06-17 08:37:56.798  2032  2032 E BluetoothDun: Could not bind to Bluetooth Dun Service with Intent { act=android.bluetooth.IBluetoothDun }
06-17 08:37:56.798  2194  2194 D ImsPhone: [0] updateDataServiceState: defSs = {mVoiceRegState=1(OUT_OF_SERVICE), mDataRegState=1(OUT_OF_SERVICE), mChannelNumber=-1, duplexMode()=0, mCellBandwidths=[], mVoiceRoamingType=home, mDataRoamingType=home, mVoiceOperatorAlphaLong=null, mVoiceOperatorAlphaShort=null, mDataOperatorAlphaLong=null, mDataOperatorAlphaShort=null, isManualNetworkSelection=false(automatic), mRilVoiceRadioTechnology=0(Unknown), mRilDataRadioTechnology=0(Unknown), mCssIndicator=unsupported, mNetworkId=-1, mSystemId=-1, mCdmaRoamingIndicator=-1, mCdmaDefaultRoamingIndicator=-1, mIsEmergencyOnly=false, mIsDataRoamingFromRegistration=false, mIsUsingCarrierAggregation=false, mLteEarfcnRsrpBoost=0, mNetworkRegistrationStates=[]} imsSs = {mVoiceRegState=1(OUT_OF_SERVICE), mDataRegState=1(OUT_OF_SERVICE), mChannelNumber=-1, duplexMode()=0, mCellBandwidths=[], mVoiceRoamingType=home, mDataRoamingType=home, mVoiceOperatorAlphaLong=null, mVoiceOperatorAlphaShort=null, mDataOperatorAlphaLong=null, mDataOperatorAlphaShort=null, isManualNetworkSelection=false(automatic), mRilVoiceRadioTechnology=0(Unknown), mRilDataRadioTechnology=0(Unknown), mCssIndicator=unsupported, mNetworkId=-1, mSystemId=-1, mCdmaRoamingIndicator=-1, mCdmaDefaultRoamingIndicator=-1, mIsEmergencyOnly=false, mIsDataRoamingFromRegistration=false, mIsUsingCarrierAggregation=false, mLteEarfcnRsrpBoost=0, mNetworkRegistrationStates=[]}
06-17 08:37:56.798  2032  2032 D LocalBluetoothProfileManager: LocalBluetoothProfileManager construction complete
06-17 08:37:56.798  1107  2400 I SoftMPEG4Encoder: Construct SoftMPEG4Encoder
06-17 08:37:56.798  2194  2194 D CallManager: registerPhone(ImsPhone Handler (com.android.internal.telephony.imsphone.ImsPhone) {50776fd})
06-17 08:37:56.799  2194  2194 I ImsManager: Creating ImsService
06-17 08:37:56.799  2194  2194 W MmTelFeatureConnection: create: binder is null! Slot Id: 1
06-17 08:37:56.799  1075  1204 W OMXUtils: do not know color format 0x7f000789 = 2130708361
06-17 08:37:56.799  2194  2194 D Phone   : updateImsPhone mImsServiceReady=true
06-17 08:37:56.799  1107  2400 E OMXNodeInstance: getConfig(0xec027ea0:google.mpeg4.encoder, ConfigAndroidIntraRefresh(0x6f60000a)) ERROR: Undefined(0x80001001)
06-17 08:37:56.800  2194  2194 D TelephonyTester: register for intent action=com.android.internal.telephony.imsphone.action_detached
06-17 08:37:56.800  2194  2194 D TelephonyTester: register for intent action=com.android.internal.telephony.imsphone.action_attached
06-17 08:37:56.800  2194  2194 D TelephonyTester: register for intent action=com.android.internal.telephony.TestConferenceEventPackage
06-17 08:37:56.801  2194  2194 D Phone   : mDoesRilSendMultipleCallRing=false
06-17 08:37:56.801  2194  2194 D Phone   : mCallRingDelay=3000
06-17 08:37:56.801  2194  2194 D ImsExternalCallTracker: Registering: Handler (com.android.internal.telephony.imsphone.ImsPhone) {e06193e}
06-17 08:37:56.801  2194  2194 D QtiTelephonyComponentFactory: makeImsPhoneCallTracker
06-17 08:37:56.801  2194  2194 D TelephonyComponentFactory: makeImsPhoneCallTracker
06-17 08:37:56.801  2194  2194 E ImsPhoneCallTracker: [1] cacheCarrierConfiguration: No carrier config service found or not active subId = 2147483644
06-17 08:37:56.802  1075  1204 I OMXClient: IOmx service obtained
06-17 08:37:56.802  1107  2400 I OMXMaster: makeComponentInstance(OMX.qcom.video.encoder.vp8) in omx@1.0-service process
06-17 08:37:56.803  2194  2194 D SST     : [1] notifyDataRegStateRilRadioTechnologyChanged: drs=1 rat=0
06-17 08:37:56.803  2194  2194 D ImsPhone: [1] updateDataServiceState: defSs = {mVoiceRegState=1(OUT_OF_SERVICE), mDataRegState=1(OUT_OF_SERVICE), mChannelNumber=-1, duplexMode()=0, mCellBandwidths=[], mVoiceRoamingType=home, mDataRoamingType=home, mVoiceOperatorAlphaLong=null, mVoiceOperatorAlphaShort=null, mDataOperatorAlphaLong=null, mDataOperatorAlphaShort=null, isManualNetworkSelection=false(automatic), mRilVoiceRadioTechnology=0(Unknown), mRilDataRadioTechnology=0(Unknown), mCssIndicator=unsupported, mNetworkId=-1, mSystemId=-1, mCdmaRoamingIndicator=-1, mCdmaDefaultRoamingIndicator=-1, mIsEmergencyOnly=false, mIsDataRoamingFromRegistration=false, mIsUsingCarrierAggregation=false, mLteEarfcnRsrpBoost=0, mNetworkRegistrationStates=[]} imsSs = {mVoiceRegState=1(OUT_OF_SERVICE), mDataRegState=1(OUT_OF_SERVICE), mChannelNumber=-1, duplexMode()=0, mCellBandwidths=[], mVoiceRoamingType=home, mDataRoamingType=home, mVoiceOperatorAlphaLong=null, mVoiceOperatorAlphaShort=null, mDataOperatorAlphaLong=null, mDataOperatorAlphaShort=null, isManualNetworkSelection=false(automatic), mRilVoiceRadioTechnology=0(Unknown), mRilDataRadioTechnology=0(Unknown), mCssIndicator=unsupported, mNetworkId=-1, mSystemId=-1, mCdmaRoamingIndicator=-1, mCdmaDefaultRoamingIndicator=-1, mIsEmergencyOnly=false, mIsDataRoamingFromRegistration=false, mIsUsingCarrierAggregation=false, mLteEarfcnRsrpBoost=0, mNetworkRegistrationStates=[]}
06-17 08:37:56.804  2194  2194 D CallManager: registerPhone(ImsPhone Handler (com.android.internal.telephony.imsphone.ImsPhone) {e06193e})
06-17 08:37:56.805  2194  2194 D SubscriptionController: [getPhoneId]- invalid subId return=-1
06-17 08:37:56.805  1595  2122 D TelephonyRegistry: listen oscl: hasNotifySubscriptionInfoChangedOccurred==false no callback
06-17 08:37:56.806  2194  2194 D QtiTelephonyComponentFactory: makeQtiPhoneSwitcher
06-17 08:37:56.806  1595  2124 D TelephonyRegistry: listen oscl: hasNotifySubscriptionInfoChangedOccurred==false no callback
06-17 08:37:56.807  2194  2194 D PhoneSwitcherNetworkRequstListener: Registering NetworkFactory
06-17 08:37:56.808  1107  2400 I OMX-VENC: Video encode perflock acquired,handle=-1
06-17 08:37:56.808  1595  1923 D ConnectivityService: Got NetworkFactory Messenger for PhoneSwitcherNetworkRequstListener
06-17 08:37:56.808  2194  2194 D PhoneSwitcher: PhoneSwitcher started
06-17 08:37:56.808  2194  2194 D QtiRilInterface: instance = com.qualcomm.qti.internal.telephony.QtiRilInterface@e586800
06-17 08:37:56.809  2194  2194 D ProxyController: Constructor - Enter
06-17 08:37:56.810  2032  2032 V WifiManager: registerSoftApCallback: callback=com.android.systemui.statusbar.policy.HotspotControllerImpl@e3344c3, handler=Handler (android.os.Handler) {c99e140}
06-17 08:37:56.810  2194  2194 D ProxyController: clearTransaction
06-17 08:37:56.810  2194  2194 D ProxyController: clearTransaction: phoneId=0 status=IDLE
06-17 08:37:56.810  2194  2194 D ProxyController: clearTransaction: phoneId=1 status=IDLE
06-17 08:37:56.810  2194  2194 D ProxyController: Constructor - Exit
06-17 08:37:56.811  2032  2047 V WifiManager: SoftApCallbackProxy: onStateChanged: state=11, failureReason=0
06-17 08:37:56.812  2032  2049 V WifiManager: SoftApCallbackProxy: onNumClientsChanged: numClients=0
06-17 08:37:56.812  2032  2049 V WifiManager: SoftApCallbackProxy: [0]onStaConnected Macaddr =
01-01 10:32:04.253     0     0 I msm_vidc: info: Opening video instance: 0000000000000000, 0
06-17 08:37:56.815  1107  2400 I OMX-VENC: Component_init : OMX.qcom.video.encoder.vp8 : return = 0x0
06-17 08:37:56.816  2194  2194 D TelephonyNetworkFactory[0]: Registering NetworkFactory
06-17 08:37:56.816  1595  1923 D ConnectivityService: Got NetworkFactory Messenger for TelephonyNetworkFactory[0]
06-17 08:37:56.816  2194  2194 D TelephonyNetworkFactory[1]: Registering NetworkFactory
06-17 08:37:56.817  2194  2194 D QtiTelephonyComponentFactory:  makeExtTelephonyClasses 
06-17 08:37:56.817  2194  2194 D QtiUiccCardProvisioner:  Invoking constructor, no of phones = 2
06-17 08:37:56.818  2194  2194 D QtiRilInterface: instance = com.qualcomm.qti.internal.telephony.QtiRilInterface@e586800
06-17 08:37:56.806   594   594 I chatty  : uid=1000(system) hwservicemanage identical 12 lines
06-17 08:37:56.807   594   594 I snet_event_log: [121035042,-1,]
06-17 08:37:56.818  1595  1595 I commit_sys_config_file: [notification-policy,5]
06-17 08:37:56.818  2194  2194 D QtiRadioCapabilityController: getInstance
06-17 08:37:56.819  2194  2194 D QtiRadioCapabilityController: Constructor - Exit
06-17 08:37:56.820  1595  1923 D ConnectivityService: Got NetworkFactory Messenger for TelephonyNetworkFactory[1]
06-17 08:37:56.820  2194  2194 D ExtTelephonyServiceImpl: init constructor 
06-17 08:37:56.818  2194  2194 D QtiRilInterface: instance = com.qualcomm.qti.internal.telephony.QtiRilInterface@e586800
06-17 08:37:56.821  1075  1204 W OMXUtils: do not know color format 0x7fa30c04 = 2141391876
06-17 08:37:56.821  2032  2308 D OpenGLRenderer: profile bars disabled
06-17 08:37:56.821  2194  2219 W m.android.phon: Long monitor contention with owner main (2194) at void java.lang.Object.wait()(Object.java:-2) waiters=0 in com.android.internal.telephony.Phone com.android.internal.telephony.PhoneFactory.getPhone(int) for 238ms
06-17 08:37:56.821  2032  2308 D OpenGLRenderer: ambientRatio = 1.50
06-17 08:37:56.821  1075  1204 W OMXUtils: do not know color format 0x7f000789 = 2130708361
06-17 08:37:56.821  1595  2122 D CompatibilityInfo: mCompatibilityFlags - 0
06-17 08:37:56.821  1595  2122 D CompatibilityInfo: applicationDensity - 320
06-17 08:37:56.821  1595  2122 D CompatibilityInfo: applicationScale - 1.0
06-17 08:37:56.822  2194  2194 D CallManager: registerPhone(GSM Handler (com.qualcomm.qti.internal.telephony.QtiGsmCdmaPhone) {409196d})
06-17 08:37:56.822  2194  2194 D CallManager: registerPhone(GSM Handler (com.qualcomm.qti.internal.telephony.QtiGsmCdmaPhone) {4ed39a2})
01-01 10:32:04.268     0     0 I msm_vidc: info: Closed video instance: 0000000000000000
06-17 08:37:56.823  1107  2400 I OMX-VENC: Component Deinit
06-17 08:37:56.823  1595  1595 I commit_sys_config_file: [notification-policy,5]
06-17 08:37:56.821  2194  2219 I dvm_lock_sample: [com.android.phone,1,Binder:2194_3,238,PhoneFactory.java,285,com.android.internal.telephony.Phone com.android.internal.telephony.PhoneFactory.getPhone(int),Object.java,-2,void java.lang.Object.wait(),47]
06-17 08:37:56.823  1107  2400 I OMX-VENC: Video encode perflock released
06-17 08:37:56.824   728  2305 D vendor.qti.bluetooth@1.0-patch_dl_manager: PatchDLManager
06-17 08:37:56.824   728  2305 D vendor.qti.bluetooth@1.0-ibs_handler: IbsHandler
06-17 08:37:56.824   728  2305 D vendor.qti.bluetooth@1.0-ibs_handler: InitInt: tty_fd = 12
06-17 08:37:56.825   594   594 I snet_event_log: [121035042,-1,]
06-17 08:37:56.826  2194  2407 E ActivityThread: Failed to find provider info for com.android.contacts
06-17 08:37:56.826  2194  2407 W CallerInfoCache: cursor is null
06-17 08:37:56.827  1075  1204 I OMXClient: IOmx service obtained
06-17 08:37:56.827  1107  2400 I OMXMaster: makeComponentInstance(OMX.google.vp8.encoder) in omx@1.0-service process
06-17 08:37:56.827   736   736 D SDM     : DisplayBase::BuildLayerStackStats: LayerStack layer_count: 2, app_layer_count: 1, gpu_target_index: 1, display type: 0
06-17 08:37:56.828   728  2305 E vendor.qti.bluetooth@1.0-bluetooth_address: CMD result: 1
06-17 08:37:56.828   728  2305 I vendor.qti.bluetooth@1.0-patch_dl_manager:  SocInit 
06-17 08:37:56.828   728  2305 I vendor.qti.bluetooth@1.0-patch_dl_manager: SocInit: reserved param
06-17 08:37:56.828   728  2305 I vendor.qti.bluetooth@1.0-uart_transport: ## userial_vendor_ioctl: UART Flow On 
06-17 08:37:56.831  2194  2194 D CarrierConfigLoader: CarrierConfigLoader has started
06-17 08:37:56.831  2032  2032 D StatusBar: disable<e i a s b h r c s > disable2<q i n >
06-17 08:37:56.834   728  2305 I vendor.qti.bluetooth@1.0-patch_dl_manager: 	 Current Product ID		: 0x0000000a
06-17 08:37:56.834   728  2305 I vendor.qti.bluetooth@1.0-patch_dl_manager: 	 Current Patch Version		: 0x0001
06-17 08:37:56.834   728  2305 I vendor.qti.bluetooth@1.0-patch_dl_manager: 	 Current ROM Build Version	: 0x0201
06-17 08:37:56.834   728  2305 I vendor.qti.bluetooth@1.0-patch_dl_manager: 	 Current SOC Version		: 0x40020140
06-17 08:37:56.835  1595  2142 D TelephonyRegistry: listen oscl: hasNotifySubscriptionInfoChangedOccurred==false no callback
06-17 08:37:56.835  1075  1204 W OMXUtils: do not know color format 0x7f000789 = 2130708361
06-17 08:37:56.835  2194  2194 D CallManager: registerForMmiComplete
06-17 08:37:56.835  1107  2400 E OMXNodeInstance: getConfig(0xec027f00:google.vp8.encoder, ConfigAndroidIntraRefresh(0x6f60000a)) ERROR: Undefined(0x80001001)
06-17 08:37:56.835  2194  2219 D QtiSubscriptionController: getPhoneId, received dummy subId 2147483643
06-17 08:37:56.835   728  2305 E vendor.qti.bluetooth@1.0-patch_dl_manager: PatchVerReq: rsp[CMD_RSP_OFFSET] = 0 ,  rsp[RSP_TYPE_OFFSET] = 2
06-17 08:37:56.836   728  2305 D vendor.qti.bluetooth@1.0-patch_dl_manager: ReadHciEvent: Expected CC
06-17 08:37:56.836   728  2305 I vendor.qti.bluetooth@1.0-patch_dl_manager: SocInit: Chipset Version (0x40a22150)
06-17 08:37:56.837   728  2305 I vendor.qti.bluetooth@1.0-uart_transport: ## userial_vendor_ioctl: UART Flow Off 
06-17 08:37:56.837  1075  1204 I OMXClient: IOmx service obtained
06-17 08:37:56.838  1107  2400 I OMXMaster: makeComponentInstance(OMX.google.vp9.encoder) in omx@1.0-service process
06-17 08:37:56.837  2194  2219 D QtiSubscriptionController: getPhoneId, received dummy subId 2147483643
06-17 08:37:56.840  2194  2403 D QtiSubscriptionController: getPhoneId, received dummy subId 2147483643
06-17 08:37:56.841  1075  1204 W OMXUtils: do not know color format 0x7f000789 = 2130708361
06-17 08:37:56.841  1107  2400 E OMXNodeInstance: getConfig(0xec027f00:google.vp9.encoder, ConfigAndroidIntraRefresh(0x6f60000a)) ERROR: Undefined(0x80001001)
06-17 08:37:56.842  1075  1204 D MediaCodecList: ignored a null builder
06-17 08:37:56.843   736   736 D SDM     : DisplayBase::BuildLayerStackStats: LayerStack layer_count: 2, app_layer_count: 1, gpu_target_index: 1, display type: 0
06-17 08:37:56.846  2194  2194 D RILJ    : [3666]> RIL_REQUEST_SET_TTY_MODE ttyMode = 0 [SUB0]
06-17 08:37:56.846  2194  2194 W ImsPhoneCallTracker: ImsManager is null when setting TTY mode
06-17 08:37:56.846  2194  2194 I TelecomFramework: TtyManager: updateUiTtyMode -1 -> 0
06-17 08:37:56.846  2194  2194 D ImsPhone: [0] sendErrorResponse
06-17 08:37:56.847  2032  2032 V WifiManager: registerSoftApCallback: callback=com.android.systemui.statusbar.policy.HotspotControllerImpl@e3344c3, handler=Handler (android.os.Handler) {c99e140}
06-17 08:37:56.848  2032  2049 V WifiManager: SoftApCallbackProxy: onStateChanged: state=11, failureReason=0
06-17 08:37:56.848  2032  2049 V WifiManager: SoftApCallbackProxy: onNumClientsChanged: numClients=0
06-17 08:37:56.848  2032  2048 V WifiManager: SoftApCallbackProxy: [0]onStaConnected Macaddr =
06-17 08:37:56.849  2194  2194 D RILJ    : [3667]> RIL_REQUEST_SET_TTY_MODE ttyMode = 0 [SUB1]
06-17 08:37:56.849  2194  2194 W ImsPhoneCallTracker: ImsManager is null when setting TTY mode
06-17 08:37:56.849  1595  2095 I OMXClient: IOmx service obtained
06-17 08:37:56.849  2194  2194 D ImsPhone: [1] sendErrorResponse
06-17 08:37:56.849  1107  1189 I OMXMaster: makeComponentInstance(OMX.google.vorbis.decoder) in omx@1.0-service process
06-17 08:37:56.849  2032  2255 I OMXClient: IOmx service obtained
06-17 08:37:56.850  1595  2122 D TelephonyRegistry: listen oscl: hasNotifySubscriptionInfoChangedOccurred==false no callback
06-17 08:37:56.850  1107  2400 I OMXMaster: makeComponentInstance(OMX.google.vorbis.decoder) in omx@1.0-service process
06-17 08:37:56.852  2194  2194 D SubscriptionController: [getPhoneId] asked for default subId=2147483643
06-17 08:37:56.852  2194  2194 D QtiSubscriptionController: getPhoneId, received dummy subId 2147483643
06-17 08:37:56.853  1107  1189 E OMXNodeInstance: getConfig(0xec027de0:google.vorbis.decoder, ConfigAndroidVendorExtension(0x6f100004)) ERROR: Undefined(0x80001001)
06-17 08:37:56.853  1595  2095 W ExtendedACodec: Failed to get extension for extradata parameter
06-17 08:37:56.854  1107  1189 E OMXNodeInstance: getConfig(0xec027f00:google.vorbis.decoder, ConfigAndroidVendorExtension(0x6f100004)) ERROR: Undefined(0x80001001)
06-17 08:37:56.854  2032  2032 V KeyguardUpdateMonitor: *** register callback for com.android.systemui.statusbar.phone.FingerprintUnlockController@a60625d
06-17 08:37:56.854  2032  2032 V KeyguardUpdateMonitor: *** unregister callback for null
06-17 08:37:56.854  2032  2032 V KeyguardUpdateMonitor: *** register callback for com.android.systemui.statusbar.phone.KeyguardBouncer$1@9f067d2
06-17 08:37:56.854  2032  2032 V KeyguardUpdateMonitor: *** unregister callback for null
06-17 08:37:56.854  2032  2032 V KeyguardUpdateMonitor: *** register callback for com.android.systemui.statusbar.phone.StatusBar$4@96a60a3
06-17 08:37:56.854  2032  2032 V KeyguardUpdateMonitor: *** unregister callback for null
06-17 08:37:56.855  2032  2255 W ExtendedACodec: Failed to get extension for extradata parameter
06-17 08:37:56.856  2194  2194 D SubscriptionManager: [getSubId]- fail
06-17 08:37:56.856  2194  2194 D ImsResolver: maybeAddedImsService, packageName: null
06-17 08:37:56.857   725   725 W AshmemAllocator: ashmem_create_region(65307) returning hidl_memory(0x7f9482c100, 65307)
06-17 08:37:56.857   725   725 W AshmemAllocator: ashmem_create_region(65307) returning hidl_memory(0x7f9482c100, 65307)
06-17 08:37:56.857  2194  2194 I ImsResolver: service name: ComponentInfo{org.codeaurora.ims/org.codeaurora.ims.ImsService}, manifest query: true
06-17 08:37:56.857  2194  2194 I ImsResolver: Adding newly added ImsService to cache: ComponentInfo{org.codeaurora.ims/org.codeaurora.ims.ImsService}
06-17 08:37:56.858   728  2305 I vendor.qti.bluetooth@1.0-uart_transport: ## userial_vendor_set_baud: 17
06-17 08:37:56.858   728  2305 I vendor.qti.bluetooth@1.0-uart_transport: SetBaudRate: in BOTHER
06-17 08:37:56.858   728  2305 I vendor.qti.bluetooth@1.0-uart_transport: GetBaudRate: Current Baudrate = 3200000 bps
06-17 08:37:56.858   728  2305 I vendor.qti.bluetooth@1.0-uart_transport: ## userial_vendor_ioctl: UART Flow On 
06-17 08:37:56.858  2032  2425 I SecurityController: could not bind to KeyChainService
06-17 08:37:56.858   728  2305 D vendor.qti.bluetooth@1.0-patch_dl_manager: ReadHciEvent: Expected CC
06-17 08:37:56.858   728  2305 I vendor.qti.bluetooth@1.0-patch_dl_manager: SocInit: Baud rate changed successfully 
06-17 08:37:56.858   728  2305 E vendor.qti.bluetooth@1.0-patch_dl_manager: /bt_firmware/image/apbtfw11.tlv File Open Fail
06-17 08:37:56.858   728  2305 I vendor.qti.bluetooth@1.0-patch_dl_manager: File open /vendor/bt_firmware/image/apbtfw11.tlv succeded
06-17 08:37:56.859  2194  2194 I ImsResolver: Binding ImsService: ComponentInfo{org.codeaurora.ims/org.codeaurora.ims.ImsService} with features: [{s=0, f=0}, {s=1, f=1}, {s=0, f=1}, {s=1, f=0}]
06-17 08:37:56.859  2194  2194 I ImsServiceController: Granting Runtime permissions to:ComponentInfo{org.codeaurora.ims/org.codeaurora.ims.ImsService}
06-17 08:37:56.859  1595  2122 I DefaultPermGrantPolicy: Granting permissions to enabled ImsServices for user:0
06-17 08:37:56.859  2194  2194 I ImsServiceController: Binding ImsService:ComponentInfo{org.codeaurora.ims/org.codeaurora.ims.ImsService}
06-17 08:37:56.860   728  2305 I vendor.qti.bluetooth@1.0-patch_dl_manager: ====================================================
06-17 08:37:56.860   728  2305 I vendor.qti.bluetooth@1.0-patch_dl_manager: TLV Type			 : 0x1
06-17 08:37:56.860   728  2305 I vendor.qti.bluetooth@1.0-patch_dl_manager: Length			 : 119808 bytes
06-17 08:37:56.860   728  2305 I vendor.qti.bluetooth@1.0-patch_dl_manager: Total Length			 : 119552 bytes
06-17 08:37:56.860   728  2305 I vendor.qti.bluetooth@1.0-patch_dl_manager: Patch Data Length			 : 119528 bytes
06-17 08:37:56.860   728  2305 I vendor.qti.bluetooth@1.0-patch_dl_manager: Signing Format Version	 : 0x1
06-17 08:37:56.860   728  2305 I vendor.qti.bluetooth@1.0-patch_dl_manager: Signature Algorithm		 : 0x2
06-17 08:37:56.860   728  2305 I vendor.qti.bluetooth@1.0-patch_dl_manager: Event Handling			 : 0x3
06-17 08:37:56.860   728  2305 I vendor.qti.bluetooth@1.0-patch_dl_manager: Reserved			 : 0x0
06-17 08:37:56.860   728  2305 I vendor.qti.bluetooth@1.0-patch_dl_manager: Product ID			 : 0x000a
06-17 08:37:56.860   728  2305 I vendor.qti.bluetooth@1.0-patch_dl_manager: Rom Build Version		 : 0x0201
06-17 08:37:56.860   728  2305 I vendor.qti.bluetooth@1.0-patch_dl_manager: Patch Version		 : 0x0002
06-17 08:37:56.860   728  2305 I vendor.qti.bluetooth@1.0-patch_dl_manager: Reserved			 : 0x8000
06-17 08:37:56.860   728  2305 I vendor.qti.bluetooth@1.0-patch_dl_manager: Patch Entry Address		 : 0x209e4
06-17 08:37:56.860   728  2305 I vendor.qti.bluetooth@1.0-patch_dl_manager: ====================================================
06-17 08:37:56.860   728  2305 I vendor.qti.bluetooth@1.0-patch_dl_manager: TlvDnldReq: TLV size: 119812, Total Seg num: 493, remain size: 13
06-17 08:37:56.860   728  2305 I vendor.qti.bluetooth@1.0-patch_dl_manager: Event handling type: SKIP_EVT_VSE_CC
06-17 08:37:56.860  1595  2122 D CompatibilityInfo: mCompatibilityFlags - 0
06-17 08:37:56.860  1595  2122 D CompatibilityInfo: applicationDensity - 320
06-17 08:37:56.860  1595  2122 D CompatibilityInfo: applicationScale - 1.0
06-17 08:37:56.861  2194  2194 D UiccController: Received EVENT_RADIO_AVAILABLE/EVENT_RADIO_ON, calling getIccCardStatus
06-17 08:37:56.862  2194  2194 D RILJ    : [3668]> GET_SIM_STATUS [SUB0]
06-17 08:37:56.862  2194  2194 D UiccController: Received EVENT_RADIO_AVAILABLE/EVENT_RADIO_ON for phoneId 0, calling getIccSlotsStatus
06-17 08:37:56.864  2194  2310 D RILJ    : responseIccCardStatus: from HIDL: IccCardState {CARDSTATE_ABSENT,PINSTATE_UNKNOWN,num_apps=0,gsm_id=-1,cdma_id=-1,ims_id=-1,physical_slot_id=0,atr=,iccid=} [SUB0]
06-17 08:37:56.865  2194  2310 D RILJ    : [3668]< GET_SIM_STATUS IccCardState {CARDSTATE_ABSENT,PINSTATE_UNKNOWN,num_apps=0,gsm_id=-1,cdma_id=-1,ims_id=-1,physical_slot_id=0,atr=,iccid=} [SUB0]
06-17 08:37:56.865  2194  2194 I android_os_HwBinder: HwBinder: Starting thread pool for default::android.hardware.radio.config@1.0::IRadioConfig
06-17 08:37:56.867  2194  2310 D RILJ    : [3667]< RIL_REQUEST_SET_TTY_MODE  [SUB1]
06-17 08:37:56.868  2032  2032 D KeyguardViewMediator: adjustStatusBarLocked: mShowing=true mOccluded=false isSecure=false force=false --> flags=0x1200000
06-17 08:37:56.868  2194  2310 D RILJ    : [3666]< RIL_REQUEST_SET_TTY_MODE  [SUB0]
06-17 08:37:56.868  2194  2194 D RadioConfig: [3669]> GET_SLOT_STATUS
06-17 08:37:56.869  2194  2194 D UiccController: Received EVENT_RADIO_AVAILABLE/EVENT_RADIO_ON, calling getIccCardStatus
06-17 08:37:56.869   725   725 W AshmemAllocator: ashmem_create_region(65307) returning hidl_memory(0x7f9482c100, 65307)
06-17 08:37:56.869  2194  2194 D RILJ    : [3670]> GET_SIM_STATUS [SUB1]
06-17 08:37:56.870  2194  2194 D QtiGsmCdmaPhone: handleMessage: Event: 30
06-17 08:37:56.870  2194  2194 D ImsManager: Connector: getImsService
06-17 08:37:56.870  2194  2194 I ImsManager: Creating ImsService
06-17 08:37:56.872  2194  2194 W MmTelFeatureConnection: create: binder is null! Slot Id: 0
06-17 08:37:56.872  2194  2310 D RadioConfigResponse: [3669]< GET_SLOT_STATUS [IccSlotStatus {CARDSTATE_ABSENT,SLOTSTATE_ACTIVE,logicalSlotIndex=0,atr=,iccid=}, IccSlotStatus {CARDSTATE_ABSENT,SLOTSTATE_ACTIVE,logicalSlotIndex=1,atr=,iccid=}]
06-17 08:37:56.872  2194  2194 E ImsManager: Connector: Retrying getting ImsService...
06-17 08:37:56.872  2194  2194 D GsmSMSDispatcher: GsmSMSDispatcher: subId = 2147483643 slotId = 0
06-17 08:37:56.870   725   725 I chatty  : uid=1000(system) allocator@1.0-s identical 4 lines
06-17 08:37:56.872   725   725 W AshmemAllocator: ashmem_create_region(65307) returning hidl_memory(0x7f9482c100, 65307)
06-17 08:37:56.872   725   725 W AshmemAllocator: ashmem_create_region(32768) returning hidl_memory(0x7f9482c100, 32768)
06-17 08:37:56.872  2194  2194 D QtiGsmCdmaPhone: handleMessage: Event: 1
06-17 08:37:56.872  2194  2310 D RILJ    : responseIccCardStatus: from HIDL: IccCardState {CARDSTATE_ABSENT,PINSTATE_UNKNOWN,num_apps=0,gsm_id=-1,cdma_id=-1,ims_id=-1,physical_slot_id=1,atr=,iccid=} [SUB1]
