06-17 08:38:14.307   736   892 D SDM     : DisplayBase::BuildLayerStackStats: LayerStack layer_count: 3, app_layer_count: 2, gpu_target_index: 2, display type: 0
06-17 08:38:14.316  3377  3377 I Perf    : Connecting to perf service.
06-17 08:38:14.323  3377  3377 D RadioConfigBootReceiver: onReceive
06-17 08:38:14.323  3377  3377 I RadioConfigBootReceiver: RadioConfig service is not started on boot
06-17 08:38:14.323   736   892 D SDM     : DisplayBase::BuildLayerStackStats: LayerStack layer_count: 3, app_layer_count: 2, gpu_target_index: 2, display type: 0
06-17 08:38:14.340   736   892 D SDM     : DisplayBase::BuildLayerStackStats: LayerStack layer_count: 3, app_layer_count: 2, gpu_target_index: 2, display type: 0
06-17 08:38:14.347   750   750 E ANDR-PERF-MPCTL: Request not accepted, as target initialization is not complete.
06-17 08:38:14.347  1595  1644 I am_proc_start: [0,3393,1000,com.qualcomm.qti.smcinvokepkgmgr,broadcast,com.qualcomm.qti.smcinvokepkgmgr/.SmcInvokeBroadcastReceiver]
06-17 08:38:14.347  1595  1644 I ActivityManager: Start proc 3393:com.qualcomm.qti.smcinvokepkgmgr/1000 for broadcast com.qualcomm.qti.smcinvokepkgmgr/.SmcInvokeBroadcastReceiver
06-17 08:38:14.357   736   892 D SDM     : DisplayBase::BuildLayerStackStats: LayerStack layer_count: 3, app_layer_count: 2, gpu_target_index: 2, display type: 0
06-17 08:38:14.370  1595  2123 I am_proc_bound: [0,3393,com.qualcomm.qti.smcinvokepkgmgr]
06-17 08:38:14.370  1595  2123 D CompatibilityInfo: mCompatibilityFlags - 0
06-17 08:38:14.370  1595  2123 D CompatibilityInfo: applicationDensity - 320
06-17 08:38:14.370  1595  2123 D CompatibilityInfo: applicationScale - 1.0
06-17 08:38:14.373   736   892 D SDM     : DisplayBase::BuildLayerStackStats: LayerStack layer_count: 3, app_layer_count: 2, gpu_target_index: 2, display type: 0
06-17 08:38:14.374  1595  2123 D CompatibilityInfo: mCompatibilityFlags - 0
06-17 08:38:14.374  1595  2123 D CompatibilityInfo: applicationDensity - 320
06-17 08:38:14.374  1595  2123 D CompatibilityInfo: applicationScale - 1.0
06-17 08:38:14.390   736   892 D SDM     : DisplayBase::BuildLayerStackStats: LayerStack layer_count: 3, app_layer_count: 2, gpu_target_index: 2, display type: 0
06-17 08:38:14.407   736   892 D SDM     : DisplayBase::BuildLayerStackStats: LayerStack layer_count: 3, app_layer_count: 2, gpu_target_index: 2, display type: 0
06-17 08:38:14.423  3393  3393 I Perf    : Connecting to perf service.
06-17 08:38:14.424   736   892 D SDM     : DisplayBase::BuildLayerStackStats: LayerStack layer_count: 3, app_layer_count: 2, gpu_target_index: 2, display type: 0
06-17 08:38:14.431  3393  3393 E SmcInvokeBroadcastReceiver: onReceive
06-17 08:38:14.432  3393  3393 W ContextImpl: Calling a method in the system process without a qualified user: android.app.ContextImpl.startService:1531 android.content.ContextWrapper.startService:664 android.content.ContextWrapper.startService:664 com.qualcomm.qti.smcinvokepkgmgr.SmcInvokeBroadcastReceiver.onReceive:22 android.app.ActivityThread.handleReceiver:3380 
06-17 08:38:14.434  1595  2123 D CompatibilityInfo: mCompatibilityFlags - 0
06-17 08:38:14.434  1595  2123 D CompatibilityInfo: applicationDensity - 320
06-17 08:38:14.434  1595  2123 D CompatibilityInfo: applicationScale - 1.0
06-17 08:38:14.435  1595  2123 D CompatibilityInfo: mCompatibilityFlags - 0
06-17 08:38:14.435  1595  2123 D CompatibilityInfo: applicationDensity - 320
06-17 08:38:14.435  1595  2123 D CompatibilityInfo: applicationScale - 1.0
06-17 08:38:14.436  2678  2678 D QDMA_UI : BootReceiver
06-17 08:38:14.436  2678  2678 D QDMA_UI - bootReceiver : : android.intent.action.BOOT_COMPLETED intent received
06-17 08:38:14.437  2678  2678 E QTRDBTask: QTR Settings Update happened
06-17 08:38:14.437  3393  3393 V SmcInvokeService: onStartCommand
06-17 08:38:14.438  2678  3410 D QDMA_UI : SMQContentProvider query
06-17 08:38:14.438  1595  2719 D CompatibilityInfo: mCompatibilityFlags - 0
06-17 08:38:14.438  1595  2719 D CompatibilityInfo: applicationDensity - 320
06-17 08:38:14.438  1595  2719 D CompatibilityInfo: applicationScale - 1.0
06-17 08:38:14.439  2678  3410 E QTRDBTask: QTR Content Settings Update 
06-17 08:38:14.440   736   892 D SDM     : DisplayBase::BuildLayerStackStats: LayerStack layer_count: 3, app_layer_count: 2, gpu_target_index: 2, display type: 0
06-17 08:38:14.440  2180  2180 D QtiTelephonyService BootReceiver: onReceive: Intent { act=android.intent.action.BOOT_COMPLETED flg=0x9000010 cmp=com.qualcomm.qti.telephonyservice/.BootReceiver (has extras) }
06-17 08:38:14.441  2645  2645 I QDMA:OptInOutObserver: onChange, uri = content://com.qti.smq.Feedback.provider/smq_settings
06-17 08:38:14.442  2678  3284 D QDMA_UI : SMQContentProvider query
06-17 08:38:14.443  3393  3409 V SmcInvokeService: Started Local Server
06-17 08:38:14.445  2645  2645 E QDMA:OptInOutObserver: DB Key is not valid
06-17 08:38:14.446  2180  2180 I QtiTelephonyService BootReceiver: com.qualcomm.qti.telephonyservice.QtiTelephonyService is already running. Intent { act=android.intent.action.BOOT_COMPLETED flg=0x9000010 cmp=com.qualcomm.qti.telephonyservice/.BootReceiver (has extras) } ignored.
06-17 08:38:14.447  1595  2719 D CompatibilityInfo: mCompatibilityFlags - 0
06-17 08:38:14.447  1595  2719 D CompatibilityInfo: applicationDensity - 320
06-17 08:38:14.447  1595  2719 D CompatibilityInfo: applicationScale - 1.0
06-17 08:38:14.448  2159  2159 D RCSService BC-Receiver: Boot Complete Event Received
06-17 08:38:14.448  2159  2159 D RCSService BC-Receiver: START RCS SERVICE ON BOOTUP
06-17 08:38:14.448  2159  2159 W ContextImpl: Calling a method in the system process without a qualified user: android.app.ContextImpl.startService:1531 android.content.ContextWrapper.startService:664 android.content.ContextWrapper.startService:664 com.qualcomm.qti.uceShimService.RCSReceiver.onReceive:41 android.app.ActivityThread.handleReceiver:3380 
06-17 08:38:14.449  2159  2159 I QRCSService: onStartCommand- Call
06-17 08:38:14.450  2159  3412 I QRCSService: Already have a Service Manager running
06-17 08:38:14.457   736   892 D SDM     : DisplayBase::BuildLayerStackStats: LayerStack layer_count: 3, app_layer_count: 2, gpu_target_index: 2, display type: 0
06-17 08:38:14.470   750   750 E ANDR-PERF-MPCTL: Request not accepted, as target initialization is not complete.
06-17 08:38:14.470  1595  1644 I am_proc_start: [0,3413,1001,com.qualcomm.simcontacts,broadcast,com.qualcomm.simcontacts/.SimStateReceiver]
06-17 08:38:14.470  1595  1644 I ActivityManager: Start proc 3413:com.qualcomm.simcontacts/1001 for broadcast com.qualcomm.simcontacts/.SimStateReceiver
06-17 08:38:14.474   736   892 D SDM     : DisplayBase::BuildLayerStackStats: LayerStack layer_count: 3, app_layer_count: 2, gpu_target_index: 2, display type: 0
06-17 08:38:14.489  1595  2719 I am_proc_bound: [0,3413,com.qualcomm.simcontacts]
06-17 08:38:14.490  1595  2719 D CompatibilityInfo: mCompatibilityFlags - 0
06-17 08:38:14.490  1595  2719 D CompatibilityInfo: applicationDensity - 320
06-17 08:38:14.490  1595  2719 D CompatibilityInfo: applicationScale - 1.0
06-17 08:38:14.490   736   892 D SDM     : DisplayBase::BuildLayerStackStats: LayerStack layer_count: 3, app_layer_count: 2, gpu_target_index: 2, display type: 0
06-17 08:38:14.493  1595  2719 D CompatibilityInfo: mCompatibilityFlags - 0
06-17 08:38:14.494  1595  2719 D CompatibilityInfo: applicationDensity - 320
06-17 08:38:14.494  1595  2719 D CompatibilityInfo: applicationScale - 1.0
06-17 08:38:14.507   736   892 D SDM     : DisplayBase::BuildLayerStackStats: LayerStack layer_count: 3, app_layer_count: 2, gpu_target_index: 2, display type: 0
06-17 08:38:14.524   736   892 D SDM     : DisplayBase::BuildLayerStackStats: LayerStack layer_count: 3, app_layer_count: 2, gpu_target_index: 2, display type: 0
06-17 08:38:14.540  3413  3413 I Perf    : Connecting to perf service.
06-17 08:38:14.541   736   892 D SDM     : DisplayBase::BuildLayerStackStats: LayerStack layer_count: 3, app_layer_count: 2, gpu_target_index: 2, display type: 0
06-17 08:38:14.550  3413  3413 D SimStateReceiver: received broadcast android.intent.action.BOOT_COMPLETED
06-17 08:38:14.552  1595  2719 D CompatibilityInfo: mCompatibilityFlags - 0
06-17 08:38:14.552  1595  2719 D CompatibilityInfo: applicationDensity - 320
06-17 08:38:14.552  1595  2719 D CompatibilityInfo: applicationScale - 1.0
06-17 08:38:14.553  3413  3413 D SimContactsService: service onCreate!
06-17 08:38:14.554  1595  2719 D CompatibilityInfo: mCompatibilityFlags - 0
06-17 08:38:14.554  1595  2719 D CompatibilityInfo: applicationDensity - 320
06-17 08:38:14.554  1595  2719 D CompatibilityInfo: applicationScale - 1.0
06-17 08:38:14.556  3413  3413 D SimContactsService: service onStart!
06-17 08:38:14.557   736   892 D SDM     : DisplayBase::BuildLayerStackStats: LayerStack layer_count: 3, app_layer_count: 2, gpu_target_index: 2, display type: 0
06-17 08:38:14.559  3413  3413 D SimContactsService: on boot complete event
06-17 08:38:14.561  3413  3413 D SimContactsService: handle no sim on sub : 0
06-17 08:38:14.565  1997  1997 I droid.bluetoot: The ClassLoaderContext is a special shared library.
06-17 08:38:14.574   736   892 D SDM     : DisplayBase::BuildLayerStackStats: LayerStack layer_count: 3, app_layer_count: 2, gpu_target_index: 2, display type: 0
06-17 08:38:14.578  3413  3413 D SimContactsService: deleteDatabaseSimContacts
06-17 08:38:14.580  3413  3413 D SimContactsService: handle no sim on sub : 1
06-17 08:38:14.586  3413  3413 D SimContactsService: deleteDatabaseSimContacts
06-17 08:38:14.591   736   892 D SDM     : DisplayBase::BuildLayerStackStats: LayerStack layer_count: 3, app_layer_count: 2, gpu_target_index: 2, display type: 0
06-17 08:38:14.594  1997  1997 I BluetoothFtpReceiver:  action :android.intent.action.BOOT_COMPLETED
06-17 08:38:14.595  1997  1997 I BluetoothFtpReceiver: State :12
06-17 08:38:14.598  1595  2122 D CompatibilityInfo: mCompatibilityFlags - 0
06-17 08:38:14.598  1595  2122 D CompatibilityInfo: applicationDensity - 320
06-17 08:38:14.598  1595  2122 D CompatibilityInfo: applicationScale - 1.0
06-17 08:38:14.600  1997  1997 I BluetoothFtpReceiver: exit
06-17 08:38:14.600  1595  2122 D CompatibilityInfo: mCompatibilityFlags - 0
06-17 08:38:14.600  1595  2122 D CompatibilityInfo: applicationDensity - 320
06-17 08:38:14.601  1595  2122 D CompatibilityInfo: applicationScale - 1.0
06-17 08:38:14.601  1997  1997 I BluetoothFtpService: onCreate
06-17 08:38:14.602  1997  1997 I BluetoothFtpService:  not started Adapter STATE: 12
06-17 08:38:14.605  1997  1997 I BluetoothFtpService: onStartCommand
06-17 08:38:14.605  1997  1997 I BluetoothFtpService: action :android.intent.action.BOOT_COMPLETED
06-17 08:38:14.607  1997  1997 I BluetoothDunReceiver:  action :android.intent.action.BOOT_COMPLETED
06-17 08:38:14.607   736   892 D SDM     : DisplayBase::BuildLayerStackStats: LayerStack layer_count: 3, app_layer_count: 2, gpu_target_index: 2, display type: 0
06-17 08:38:14.607  1997  1997 I BluetoothDunReceiver:  State :12
06-17 08:38:14.611  1595  2719 D CompatibilityInfo: mCompatibilityFlags - 0
06-17 08:38:14.611  1595  2719 D CompatibilityInfo: applicationDensity - 320
06-17 08:38:14.611  1595  2719 D CompatibilityInfo: applicationScale - 1.0
06-17 08:38:14.612  1997  1997 I BluetoothDunReceiver: exit
06-17 08:38:14.613  1997  1997 I BluetoothFtpService: Handler(): got msg=1
06-17 08:38:14.613  1595  2719 W BroadcastQueue: Permission Denial: receiving Intent { act=android.intent.action.BOOT_COMPLETED flg=0x9000010 (has extras) } to org.codeaurora.snapcam/com.android.camera.DisableCameraReceiver requires android.permission.RECEIVE_BOOT_COMPLETED due to sender null (uid 1000)
06-17 08:38:14.613  1997  1997 I BluetoothFtpService: startRfcommSocketListener
06-17 08:38:14.614  1595  1642 I ActivityManager: Finished processing BOOT_COMPLETED for u0
06-17 08:38:14.615  1595  1642 D CompatibilityInfo: mCompatibilityFlags - 0
06-17 08:38:14.615  1595  1642 D CompatibilityInfo: applicationDensity - 320
06-17 08:38:14.615  1595  1642 D CompatibilityInfo: applicationScale - 1.0
06-17 08:38:14.616  1997  3431 I BluetoothFtpService: initSocket
06-17 08:38:14.616  2194  2194 I VvmSimStateTracker: android.intent.action.SIM_STATE_CHANGED
06-17 08:38:14.617  1595  2122 D CompatibilityInfo: mCompatibilityFlags - 0
06-17 08:38:14.617  1595  2122 D CompatibilityInfo: applicationDensity - 320
06-17 08:38:14.618  1595  2122 D CompatibilityInfo: applicationScale - 1.0
06-17 08:38:14.620  1997  3431 W BluetoothAdapter: getBluetoothService() called with no BluetoothManagerCallback
06-17 08:38:14.622  1997  2498 I bt_stack: [INFO:port_api.cc(123)] RFCOMM_CreateConnection BDA: ff:ff:ff:ff:ff:ff
06-17 08:38:14.622   728   728 D vendor.qti.bluetooth@1.0-ibs_handler: SerialClockVote: vote for UART CLK ON
06-17 08:38:14.623  1997  3431 I BluetoothFtpService: Succeed to create listening socket on channel 20
06-17 08:38:14.623  1997  3431 I BluetoothFtpService: Run Accept thread
06-17 08:38:14.623  1997  1997 I BluetoothDunService: Telephony Service interface got Successfully
06-17 08:38:14.624  2212  2212 D SimSelectNotification:  no of slots 2 provision = true
06-17 08:38:14.625   728   728 D vendor.qti.bluetooth@1.0-wake_lock: Acquire wakelock is acquired 
06-17 08:38:14.625   728   728 I vendor.qti.bluetooth@1.0-ibs_handler: DeviceWakeUp: Writing IBS_WAKE_IND
06-17 08:38:14.626  1595  2122 D CompatibilityInfo: mCompatibilityFlags - 0
06-17 08:38:14.626  1595  2122 D CompatibilityInfo: applicationDensity - 320
06-17 08:38:14.626  1595  2122 D CompatibilityInfo: applicationScale - 1.0
06-17 08:38:14.627  1997  1997 I BluetoothDunService: action :android.intent.action.BOOT_COMPLETED
06-17 08:38:14.628   728  2491 I vendor.qti.bluetooth@1.0-ibs_handler: ProcessIbsCmd: Received IBS_WAKE_ACK: 0xFC
06-17 08:38:14.630   728  2491 I vendor.qti.bluetooth@1.0-ibs_handler: ProcessIbsCmd: Received IBS_WAKE_IND: 0xFD
06-17 08:38:14.630   728  2491 I vendor.qti.bluetooth@1.0-ibs_handler: ProcessIbsCmd: Writing IBS_WAKE_ACK
06-17 08:38:14.631  1997  1997 V BluetoothDunService: Starting server process
06-17 08:38:14.632  1997  3432 I BluetoothDunService: MessageHandler: 1
06-17 08:38:14.634  1997  3432 I BluetoothDunService: startRfcommListenerThread null
06-17 08:38:14.636  1997  3433 W BluetoothAdapter: getBluetoothService() called with no BluetoothManagerCallback
06-17 08:38:14.638  1997  2498 I bt_stack: [INFO:port_api.cc(123)] RFCOMM_CreateConnection BDA: ff:ff:ff:ff:ff:ff
06-17 08:38:14.638  1997  3433 D BluetoothDunService: Succeed to create listening socket 
06-17 08:38:14.638  1997  3433 D BluetoothDunService: Listening for rfcomm socket connection...
01-01 10:32:22.078     0     0 I init    : processing action (vendor.bluetooth.dun.status=running) from (/vendor/etc/init/hw/init.qcom.rc:524)
01-01 10:32:22.080     0     0 I init    : starting service 'vendor.bt-dun'...
06-17 08:38:14.639  2212  2212 I ndroid.setting: The ClassLoaderContext is a special shared library.
06-17 08:38:14.653  3434  3434 I BT_DUN  : prop_value[0]: sdm, prop_value[1]: sdm660
06-17 08:38:14.653  3434  3434 I BT_DUN  : Modem Port: /dev/smd7, Physical network device: rmnet_data0
06-17 08:38:14.654  3434  3436 D BT_DUN  : pipe_lock locking 
06-17 08:38:14.679   728  2491 I vendor.qti.bluetooth@1.0-ibs_handler: ProcessIbsCmd: Received IBS_SLEEP_IND: 0xFE
06-17 08:38:14.686  2212  2212 D SimSelectNotification:  no of slots 2 provision = false
06-17 08:38:14.687  1595  2719 D CompatibilityInfo: mCompatibilityFlags - 0
06-17 08:38:14.687  1595  2719 D CompatibilityInfo: applicationDensity - 320
06-17 08:38:14.687  1595  2719 D CompatibilityInfo: applicationScale - 1.0
06-17 08:38:14.688  3413  3413 D SimStateReceiver: received broadcast android.intent.action.SIM_STATE_CHANGED
06-17 08:38:14.691   736   892 D SDM     : DisplayBase::BuildLayerStackStats: LayerStack layer_count: 3, app_layer_count: 2, gpu_target_index: 2, display type: 0
06-17 08:38:14.692  2194  2481 D QtiSubscriptionController: getPhoneId, received dummy subId 2147483643
06-17 08:38:14.692  3413  3413 D SimStateReceiver: ACTION_SIM_STATE_CHANGED intent received on sub = 0SIM STATE IS ABSENT
06-17 08:38:14.697  3413  3413 D SimContactsService: service onStart!
06-17 08:38:14.698  1595  2719 D CompatibilityInfo: mCompatibilityFlags - 0
06-17 08:38:14.698  1595  2719 D CompatibilityInfo: applicationDensity - 320
06-17 08:38:14.698  1595  2719 D CompatibilityInfo: applicationScale - 1.0
06-17 08:38:14.700  2194  2194 I VvmSimStateTracker: android.intent.action.SIM_STATE_CHANGED
06-17 08:38:14.700  2194  2481 D QtiSubscriptionController: getPhoneId, received dummy subId 2147483643
06-17 08:38:14.700  2194  2481 D SubscriptionController: [getPhoneId]- no sims, returning default phoneId=0
06-17 08:38:14.701  1595  2719 D CompatibilityInfo: mCompatibilityFlags - 0
06-17 08:38:14.701  1595  2719 D CompatibilityInfo: applicationDensity - 320
06-17 08:38:14.701  1595  2719 D CompatibilityInfo: applicationScale - 1.0
06-17 08:38:14.703  3413  3413 D SimContactsService: on sim state changed event, state:3, slot:0
06-17 08:38:14.706  2212  2212 D SimSelectNotification:  no of slots 2 provision = true
06-17 08:38:14.707  1595  2719 D CompatibilityInfo: mCompatibilityFlags - 0
06-17 08:38:14.707  1595  2719 D CompatibilityInfo: applicationDensity - 320
06-17 08:38:14.707  1595  2719 D CompatibilityInfo: applicationScale - 1.0
06-17 08:38:14.709  2212  2212 D SimSelectNotification:  no of slots 2 provision = false
06-17 08:38:14.710  1595  2719 D CompatibilityInfo: mCompatibilityFlags - 0
06-17 08:38:14.710  1595  2719 D CompatibilityInfo: applicationDensity - 320
06-17 08:38:14.710  1595  2719 D CompatibilityInfo: applicationScale - 1.0
06-17 08:38:14.719  3413  3413 D SimContactsService: deleteDatabaseSimContacts
06-17 08:38:14.720  3413  3413 D SimStateReceiver: received broadcast android.intent.action.SIM_STATE_CHANGED
06-17 08:38:14.722  2194  2481 D QtiSubscriptionController: getPhoneId, received dummy subId 2147483643
06-17 08:38:14.723  3413  3413 D SimStateReceiver: ACTION_SIM_STATE_CHANGED intent received on sub = 1SIM STATE IS ABSENT
06-17 08:38:14.725  1595  2122 I am_uid_running: 10078
06-17 08:38:14.729  3413  3413 D SimContactsService: service onStart!
06-17 08:38:14.732  2194  2481 D QtiSubscriptionController: getPhoneId, received dummy subId 2147483643
06-17 08:38:14.732  2194  2481 D SubscriptionController: [getPhoneId]- no sims, returning default phoneId=0
06-17 08:38:14.733  3413  3413 D SimContactsService: on sim state changed event, state:3, slot:1
06-17 08:38:14.741  3413  3413 D SimContactsService: deleteDatabaseSimContacts
06-17 08:38:14.752   750   750 E ANDR-PERF-MPCTL: Request not accepted, as target initialization is not complete.
06-17 08:38:14.752  1595  1644 I am_proc_start: [0,3437,10078,com.android.quicksearchbox,broadcast,com.android.quicksearchbox/.SearchWidgetProvider]
06-17 08:38:14.752  1595  1644 I ActivityManager: Start proc 3437:com.android.quicksearchbox/u0a78 for broadcast com.android.quicksearchbox/.SearchWidgetProvider
06-17 08:38:14.779  1595  2122 I am_proc_bound: [0,3437,com.android.quicksearchbox]
06-17 08:38:14.780  1595  2122 D CompatibilityInfo: mCompatibilityFlags - 10
06-17 08:38:14.780  1595  2122 D CompatibilityInfo: applicationDensity - 320
06-17 08:38:14.780  1595  2122 D CompatibilityInfo: applicationScale - 1.0
06-17 08:38:14.785  1595  2122 D CompatibilityInfo: mCompatibilityFlags - 10
06-17 08:38:14.785  1595  2122 D CompatibilityInfo: applicationDensity - 320
06-17 08:38:14.785  1595  2122 D CompatibilityInfo: applicationScale - 1.0
06-17 08:38:14.810  3437  3437 I .quicksearchbo: The ClassLoaderContext is a special shared library.
06-17 08:38:14.839  3437  3437 I Perf    : Connecting to perf service.
06-17 08:38:14.871  1595  2122 D CompatibilityInfo: mCompatibilityFlags - 10
06-17 08:38:14.871  1595  2122 D CompatibilityInfo: applicationDensity - 320
06-17 08:38:14.871  1595  2122 D CompatibilityInfo: applicationScale - 1.0
06-17 08:38:14.885  1595  2122 D CompatibilityInfo: mCompatibilityFlags - 10
06-17 08:38:14.885  1595  2122 D CompatibilityInfo: applicationDensity - 320
06-17 08:38:14.885  1595  2122 D CompatibilityInfo: applicationScale - 1.0
06-17 08:38:14.891  1595  2122 D CompatibilityInfo: mCompatibilityFlags - 10
06-17 08:38:14.892  1595  2122 D CompatibilityInfo: applicationDensity - 320
06-17 08:38:14.892  1595  2122 D CompatibilityInfo: applicationScale - 1.0
06-17 08:38:14.894  1595  2719 D CompatibilityInfo: mCompatibilityFlags - 10
06-17 08:38:14.894  1595  2719 D CompatibilityInfo: applicationDensity - 320
06-17 08:38:14.894  1595  2719 D CompatibilityInfo: applicationScale - 1.0
06-17 08:38:14.898  1595  2719 D CompatibilityInfo: mCompatibilityFlags - 10
06-17 08:38:14.898  1595  2719 D CompatibilityInfo: applicationDensity - 320
06-17 08:38:14.898  1595  2719 D CompatibilityInfo: applicationScale - 1.0
06-17 08:38:14.901  1595  2719 D CompatibilityInfo: mCompatibilityFlags - 0
06-17 08:38:14.901  1595  2719 D CompatibilityInfo: applicationDensity - 320
06-17 08:38:14.901  1595  2719 D CompatibilityInfo: applicationScale - 1.0
06-17 08:38:14.903  3138  3138 D Mms-debug: onReceiveWithPrivilege:intent=Intent { act=com.android.mms.transaction.SEND_INACTIVE_MESSAGE flg=0x10 cmp=com.android.mms/.transaction.SmsReceiver }|privileged=false
06-17 08:38:14.907  1595  2719 D CompatibilityInfo: mCompatibilityFlags - 0
06-17 08:38:14.907  1595  2719 D CompatibilityInfo: applicationDensity - 320
06-17 08:38:14.907  1595  2719 D CompatibilityInfo: applicationScale - 1.0
06-17 08:38:14.909  1595  2719 I BroadcastQueue: Delay finish: com.android.mms/.transaction.SmsReceiver
06-17 08:38:14.913  3138  3138 D Mms-debug: onStart: #1 resultCode: -1 = Activity.RESULT_OK
06-17 08:38:14.914  3138  3454 D Mms-debug: handleMessage serviceId: 1 intent: Intent { act=com.android.mms.transaction.SEND_INACTIVE_MESSAGE flg=0x10 cmp=com.android.mms/.transaction.SmsReceiverService (has extras) }
06-17 08:38:14.916  3138  3454 D Mms-debug: handleMessage action: com.android.mms.transaction.SEND_INACTIVE_MESSAGE error: 0
06-17 08:38:14.921  2194  2481 D SubscriptionController: [getActiveSubInfoList] Sub Controller not ready
06-17 08:38:14.923  1595  2122 I BroadcastQueue: Resuming delayed broadcast
06-17 08:38:14.924  1595  2122 D CompatibilityInfo: mCompatibilityFlags - 0
06-17 08:38:14.924  1595  2122 D CompatibilityInfo: applicationDensity - 320
06-17 08:38:14.924  1595  2122 D CompatibilityInfo: applicationScale - 1.0
06-17 08:38:15.120  1595  1642 I ActivityManager: Waited long enough for: ServiceRecord{3027348 u0 com.qti.diagservices/.QTIDiagServices}
06-17 08:38:15.155  3434  3436 D BT_DUN  : pipe_lock unlocked 
06-17 08:38:15.306  1595  1642 I ActivityManager: Waited long enough for: ServiceRecord{ab764ea u0 com.android.calendar/.alerts.InitAlarmsService}
01-01 10:32:22.750     0     0 E kgsl-3d 5000000.qcom,kgsl-3d0: dev_pm_opp_get_opp_count: OPP table not found (-19)
01-01 10:32:22.751     0     0 E devbw soc: qcom,gpubw: dev_pm_opp_get_opp_count: OPP table not found (-19)
06-17 08:38:15.342   750  3458 E ANDR-PERF-MPCTL:  before pthread_cond_wait 1695, chk_core_online_poll
01-01 10:32:22.785     0     0 E devbw soc: qcom,cpubw: dev_pm_opp_get_opp_count: OPP table not found (-19)
06-17 08:38:15.439   750   750 I auditd  : type=1400 audit(0.0:94): avc: denied { dac_override } for comm="perf@1.0-servic" capability=1 scontext=u:r:hal_perf_default:s0 tcontext=u:r:hal_perf_default:s0 tclass=capability permissive=1
06-17 08:38:15.439   750   750 I perf@1.0-servic: type=1400 audit(0.0:94): avc: denied { dac_override } for capability=1 scontext=u:r:hal_perf_default:s0 tcontext=u:r:hal_perf_default:s0 tclass=capability permissive=1
06-17 08:38:15.613  2032  2032 V KeyguardStatusView: Enable transport text marquee
06-17 08:38:15.638   728  2501 I vendor.qti.bluetooth@1.0-ibs_handler: DeviceSleep: TX Awake, Sending SLEEP_IND
06-17 08:38:15.639   728  2501 D vendor.qti.bluetooth@1.0-ibs_handler: SerialClockVote: vote for UART CLK OFF
06-17 08:38:15.790   728  2304 D vendor.qti.bluetooth@1.0-wake_lock: Release wakelock is released 
06-17 08:38:16.527  2032  2032 V StatusBar: mStatusBarWindow: com.android.systemui.statusbar.phone.StatusBarWindowView{3f34068 V.ED..... ........ 0,0-720,1280} canPanelBeCollapsed(): true
06-17 08:38:16.533   594   594 I snet_event_log: [121035042,-1,]
06-17 08:38:16.538   594   594 I snet_event_log: [121035042,-1,]
06-17 08:38:16.581  1595  2122 I sysui_multi_action: [757,128,758,1,793,18951,794,0,795,18951,796,26,798,0,806,android,857,DEVELOPER,858,2,947,0,1395,2]
06-17 08:38:16.581  1595  2122 I sysui_histogram: [note_freshness,18951]
06-17 08:38:16.582  1595  2122 I sysui_multi_action: [757,804,799,note_freshness,801,18951,802,1]
06-17 08:38:16.582  1595  2122 I notification_visibility: [-1|android|26|null|1000,1,18951,18951,0,0]
06-17 08:38:16.596   736   892 D SDM     : DisplayBase::BuildLayerStackStats: LayerStack layer_count: 3, app_layer_count: 2, gpu_target_index: 2, display type: 0
06-17 08:38:16.814   736   892 I chatty  : uid=1000(system) HwBinder:736_2 identical 13 lines
06-17 08:38:16.831   736   892 D SDM     : DisplayBase::BuildLayerStackStats: LayerStack layer_count: 3, app_layer_count: 2, gpu_target_index: 2, display type: 0
06-17 08:38:16.831  2032  2032 D KeyguardViewBase: screen on, instance c762663
06-17 08:38:16.848  1595  2122 I sysui_multi_action: [757,128,758,2,793,19217,794,266,795,19217,796,26,798,0,806,android,857,DEVELOPER,858,2,947,0,1395,2]
06-17 08:38:16.848  1595  2122 I notification_visibility: [-1|android|26|null|1000,0,19217,19217,0,0]
06-17 08:38:16.850  1595  2122 I sysui_view_visibility: [127,0]
06-17 08:38:16.850  1595  2122 I sysui_multi_action: [757,127,758,2]
06-17 08:38:16.850  1595  2122 I notification_panel_hidden: 
06-17 08:38:16.851  2032  2032 D KeyguardSecurityView: showNextSecurityScreenOrFinish(false)
06-17 08:38:16.855  2032  2032 D KeyguardViewMediator: handleKeyguardDone
06-17 08:38:16.856  2032  2032 D KeyguardViewMediator: handleHide
06-17 08:38:16.856  2032  2032 D KeyguardViewMediator: keyguardGoingAway
06-17 08:38:16.858  1595  2122 D ActivityTrigger: activityResumeTrigger: The activity in ApplicationInfo{3077aeb com.android.launcher3} is now in focus and seems to be in full-screen mode
06-17 08:38:16.858  1595  2122 E ActivityTrigger: activityResumeTrigger: not whiteListedcom.android.launcher3/com.android.launcher3.Launcher/28
06-17 08:38:16.859  1595  2122 I am_set_resumed_activity: [0,com.android.launcher3/.Launcher,resumeTopActivityInnerLocked]
06-17 08:38:16.864   736   892 D SDM     : DisplayBase::BuildLayerStackStats: LayerStack layer_count: 3, app_layer_count: 2, gpu_target_index: 2, display type: 0
06-17 08:38:16.866  1595  2122 I am_resume_activity: [0,265861724,2,com.android.launcher3/.Launcher]
06-17 08:38:16.870  1595  2122 D CompatibilityInfo: mCompatibilityFlags - 0
06-17 08:38:16.870  1595  2122 D CompatibilityInfo: applicationDensity - 320
06-17 08:38:16.870  1595  2122 D CompatibilityInfo: applicationScale - 1.0
06-17 08:38:16.872  2731  2731 I am_on_restart_called: [0,com.android.launcher3.Launcher,performRestartActivity]
06-17 08:38:16.873  2032  2032 D StatusBar: disable<e i a s b H R c s > disable2<q i n >
06-17 08:38:16.878  2731  2731 I am_on_start_called: [0,com.android.launcher3.Launcher,handleStartActivity]
06-17 08:38:16.880   736   892 D SDM     : DisplayBase::BuildLayerStackStats: LayerStack layer_count: 3, app_layer_count: 2, gpu_target_index: 2, display type: 0
06-17 08:38:16.881  2731  2731 I am_on_resume_called: [0,com.android.launcher3.Launcher,RESUME_ACTIVITY]
06-17 08:38:16.959  2731  2731 E SchedPolicy: set_timerslack_ns write failed: Operation not permitted
06-17 08:38:16.931   736   892 I chatty  : uid=1000(system) HwBinder:736_2 identical 3 lines
06-17 08:38:16.946   736   892 D SDM     : DisplayBase::BuildLayerStackStats: LayerStack layer_count: 3, app_layer_count: 2, gpu_target_index: 2, display type: 0
06-17 08:38:16.960  2032  2032 D KeyguardViewMediator: handleStartKeyguardExitAnimation startTime=116414 fadeoutDuration=0
06-17 08:38:16.965   736   892 D SDM     : DisplayBase::BuildLayerStackStats: LayerStack layer_count: 3, app_layer_count: 2, gpu_target_index: 2, display type: 0
06-17 08:38:16.968  2032  2032 D StatusBar: disable<e i a s b H R c s > disable2<q i n >
06-17 08:38:16.969  2032  2032 D KeyguardViewMediator: adjustStatusBarLocked: mShowing=false mOccluded=false isSecure=false force=false --> flags=0x0
06-17 08:38:16.971  1595  1658 I am_activity_launch_time: [0,265861724,com.android.launcher3/.Launcher,18221,20776]
06-17 08:38:16.971  1595  1658 I ActivityManager: Displayed com.android.launcher3/.Launcher: +18s221ms (total +20s776ms)
06-17 08:38:16.974  2032  2032 D StatusBar: disable<e i a s b h!r!c s > disable2<q i n >
06-17 08:38:16.978  2032  2032 I sysui_view_visibility: [111,0]
06-17 08:38:16.978  2032  2032 I sysui_multi_action: [757,111,758,2]
06-17 08:38:16.979   765  2728 W AudioPolicyManagerCustom: getOutputForDevice() could not find output for stream 1, sampling rate 44100, format 0x1, channels 0x3, flags 0x4
06-17 08:38:16.979   765  2728 E AudioFlinger: createTrack() getOutputForAttr() return error -38 or invalid output handle
06-17 08:38:16.982   736   892 I SDM     : HWCDisplayPrimary::ProcessBootAnimCompleted: Applying default mode
06-17 08:38:16.984  2032  2244 E IAudioFlinger: createTrack returned error -38
06-17 08:38:16.984  2032  2244 E AudioTrack: AudioFlinger could not create track, status: -38 output 893384072
06-17 08:38:16.984   736   892 D SDM     : DisplayBase::BuildLayerStackStats: LayerStack layer_count: 4, app_layer_count: 3, gpu_target_index: 3, display type: 0
06-17 08:38:16.985  2032  2032 D KeyguardUpdateMonitor: onKeyguardVisibilityChanged(false)
06-17 08:38:16.986  2032  2244 E SoundPool: Error creating AudioTrack
06-17 08:38:16.986  2032  2244 D AudioTrack: no metrics gathered, track status=-38
06-17 08:38:16.986  2032  2032 I sysui_multi_action: [757,196,758,2,759,0]
06-17 08:38:16.986  2032  2032 I sysui_status_bar_state: [0,0,0,0,0,1]
06-17 08:38:16.987  2032  2032 V KeyguardDisplayManager: hide
06-17 08:38:16.989  2032  2032 D KeyguardViewMediator: adjustStatusBarLocked: mShowing=false mOccluded=false isSecure=false force=false --> flags=0x0
06-17 08:38:16.994  1595  2123 W UsageStatsService: Event reported without a package name
06-17 08:38:16.996  1595  2123 I notification_expansion: [-1|android|26|null|1000,0,1,19366,19366,415]
06-17 08:38:17.000  1595  1658 I user_activity_timeout_override: -1
06-17 08:38:17.010  2194  2481 D QtiSubscriptionController: getPhoneId, received dummy subId 2147483643
06-17 08:38:17.013   736   892 D SDM     : DisplayBase::BuildLayerStackStats: LayerStack layer_count: 4, app_layer_count: 3, gpu_target_index: 3, display type: 0
06-17 08:38:17.065  2731  2731 E SchedPolicy: set_timerslack_ns write failed: Operation not permitted
06-17 08:38:17.047   736   892 I chatty  : uid=1000(system) HwBinder:736_2 identical 2 lines
06-17 08:38:17.064   736   892 D SDM     : DisplayBase::BuildLayerStackStats: LayerStack layer_count: 4, app_layer_count: 3, gpu_target_index: 3, display type: 0
06-17 08:38:17.081   736   892 D SDM     : DisplayBase::BuildLayerStackStats: LayerStack layer_count: 5, app_layer_count: 4, gpu_target_index: 4, display type: 0
06-17 08:38:17.362  1595  1642 I ActivityManager: Waited long enough for: ServiceRecord{3f99e10 u0 com.qualcomm.atfwd/.AtFwdService}
06-17 08:38:17.611  1595  1642 I ActivityManager: Waited long enough for: ServiceRecord{a1ca94b u0 com.qualcomm.qti.callenhancement/.CallEnhancementService}
06-17 08:38:17.883   736   892 I chatty  : uid=1000(system) HwBinder:736_2 identical 47 lines
06-17 08:38:17.966   736   892 D SDM     : DisplayBase::BuildLayerStackStats: LayerStack layer_count: 5, app_layer_count: 4, gpu_target_index: 4, display type: 0
06-17 08:38:19.185  3360  3375 I rvice.telemetr: Waiting for a blocking GC ProfileSaver
06-17 08:38:19.193  3360  3375 I rvice.telemetr: WaitForGcToComplete blocked ProfileSaver on AddRemoveAppImageSpace for 8.156ms
06-17 08:38:19.308  3377  3392 I configinterfac: Waiting for a blocking GC ProfileSaver
06-17 08:38:19.347  3377  3392 I configinterfac: WaitForGcToComplete blocked ProfileSaver on AddRemoveAppImageSpace for 39.230ms
06-17 08:38:19.567  3413  3428 I omm.simcontact: Waiting for a blocking GC ProfileSaver
06-17 08:38:21.615  2194  2384 D RILJ    : [3790]> RIL_REQUEST_GET_CELL_INFO_LIST [SUB1]
06-17 08:38:21.629  2194  2310 D RILJ    : [3790]< RIL_REQUEST_GET_CELL_INFO_LIST [] [SUB1]
06-17 08:38:21.630  2194  2384 D LocaleTracker: getCellInfo: cell info=[]
06-17 08:38:21.631  2194  2384 D LocaleTracker: Can't get cell info. Try again in 32 secs.
06-17 08:38:21.631  2194  2384 D LocaleTracker: updateLocale: mcc = null, country = 
06-17 08:38:22.076  1595  1595 I force_gc: mem
06-17 08:38:22.246  1595  1606 I system_server: Background concurrent copying GC freed 32254(2MB) AllocSpace objects, 15(524KB) LOS objects, 42% free, 8MB/14MB, paused 1.031ms total 169.822ms
06-17 08:38:26.898  1595  2123 D CompatibilityInfo: mCompatibilityFlags - 0
06-17 08:38:26.898  1595  2123 D CompatibilityInfo: applicationDensity - 320
06-17 08:38:26.898  1595  2123 D CompatibilityInfo: applicationScale - 1.0
06-17 08:38:26.955   736   892 D SDM     : DisplayBase::BuildLayerStackStats: LayerStack layer_count: 5, app_layer_count: 4, gpu_target_index: 4, display type: 0
06-17 08:38:26.983  1595  1640 I am_pss  : [2731,10032,com.android.launcher3,45023232,36548608,0,95567872,0,2,60]
06-17 08:38:27.930  2032  2278 I sysui_multi_action: [757,1093,758,4,1094,268435458,1095,3,1359,30089]
06-17 08:38:28.843  1595  1642 I ActivityManager: Waited long enough for: ServiceRecord{8074a91 u0 com.qualcomm.qti.modemtestmode/.MbnSystemService}
06-17 08:38:29.437  1595  1642 I ActivityManager: Waited long enough for: ServiceRecord{6fba0da u0 com.qualcomm.qti.smcinvokepkgmgr/.SmcInvokeService}
06-17 08:38:29.555  1595  1642 I ActivityManager: Waited long enough for: ServiceRecord{6c2190b u0 com.qualcomm.simcontacts/.SimContactsService}
06-17 08:38:26.972   736   892 I chatty  : uid=1000(system) HwBinder:736_2 identical 1 line
06-17 08:38:27.039   736   892 D SDM     : DisplayBase::BuildLayerStackStats: LayerStack layer_count: 5, app_layer_count: 4, gpu_target_index: 4, display type: 0
06-17 08:38:29.714  1595  2899 V LocSvc_HIDL_Subscription_jni: battery_level_update
06-17 08:38:29.714  2032  2032 D KeyguardUpdateMonitor: received broadcast android.intent.action.BATTERY_CHANGED
06-17 08:38:29.714  2194  2194 D QtiCarrierConfigHelper: WARNING, no carrier configs on phone Id: 0
06-17 08:38:29.716  1595  2899 V LocSvc_HIDL_Subscription_jni: [battery_level_update][931] [HC] =>> [HS]
06-17 08:38:29.716   748   748 V LocSvc_HIDL_IzatSubscription: [batteryLevelUpdate][777] [HS] <<<<= [HC]
06-17 08:38:29.718  1595  2899 V LocSvc_HIDL_Subscription_jni: Exit Result 0
06-17 08:38:29.719  2032  2032 D KeyguardUpdateMonitor: handleBatteryUpdate
06-17 08:38:29.746   736   892 D SDM     : DisplayBase::BuildLayerStackStats: LayerStack layer_count: 5, app_layer_count: 4, gpu_target_index: 4, display type: 0
06-17 08:38:29.762   736   892 I chatty  : uid=1000(system) HwBinder:736_2 identical 1 line
06-17 08:38:29.848   736   892 D SDM     : DisplayBase::BuildLayerStackStats: LayerStack layer_count: 5, app_layer_count: 4, gpu_target_index: 4, display type: 0
06-17 08:38:30.358  2993  3021 D InitAlarmsService: Clearing and rescheduling alarms.
06-17 08:38:30.432  1595  1640 I am_pss  : [2678,1000,com.qualcomm.qti.smq,4083712,3084288,0,51712000,0,9,57]
06-17 08:38:30.476  1595  1640 I am_pss  : [2645,1000,com.qualcomm.qti.qdma,6083584,4521984,0,56975360,0,9,42]
06-17 08:38:30.518  1595  1640 I am_pss  : [2328,1001,com.qualcomm.qcrilmsgtunnel,4042752,3174400,0,49373184,0,5,40]
06-17 08:38:30.562  1595  1640 I am_pss  : [2906,1000,com.qualcomm.location.XT,4998144,3534848,0,52817920,0,9,41]
06-17 08:38:30.605  1595  1640 I am_pss  : [2015,10060,com.android.inputmethod.latin,9135104,7512064,0,60649472,0,6,40]
06-17 08:38:30.648  1595  1640 I am_pss  : [2973,1000,com.qti.diagservices,3727360,2854912,0,49496064,0,9,41]
06-17 08:38:30.688  1595  1640 I am_pss  : [2736,10084,com.android.smspush,3707904,2768896,0,49532928,0,5,38]
06-17 08:38:30.729  1595  1640 I am_pss  : [2522,10016,android.ext.services,4364288,3182592,0,52404224,0,4,39]
06-17 08:38:35.003  2032  2032 D KeyguardUpdateMonitor: received broadcast android.intent.action.BATTERY_CHANGED
06-17 08:38:35.005  1595  2899 V LocSvc_HIDL_Subscription_jni: battery_level_update
06-17 08:38:35.006  1595  2899 V LocSvc_HIDL_Subscription_jni: [battery_level_update][931] [HC] =>> [HS]
06-17 08:38:35.006   748   748 V LocSvc_HIDL_IzatSubscription: [batteryLevelUpdate][777] [HS] <<<<= [HC]
06-17 08:38:35.006  2194  2194 D QtiCarrierConfigHelper: WARNING, no carrier configs on phone Id: 0
06-17 08:38:35.007  1595  2899 V LocSvc_HIDL_Subscription_jni: Exit Result 0
06-17 08:38:35.012  2032  2032 D KeyguardUpdateMonitor: handleBatteryUpdate
06-17 08:38:35.044   736   892 D SDM     : DisplayBase::BuildLayerStackStats: LayerStack layer_count: 5, app_layer_count: 4, gpu_target_index: 4, display type: 0
06-17 08:38:35.059   736   892 I chatty  : uid=1000(system) HwBinder:736_2 identical 1 line
06-17 08:38:35.145   736   892 D SDM     : DisplayBase::BuildLayerStackStats: LayerStack layer_count: 5, app_layer_count: 4, gpu_target_index: 4, display type: 0
06-17 08:38:35.398  1595  1642 D CompatibilityInfo: mCompatibilityFlags - 0
06-17 08:38:35.398  1595  1642 D CompatibilityInfo: applicationDensity - 320
06-17 08:38:35.398  1595  1642 D CompatibilityInfo: applicationScale - 1.0
06-17 08:38:35.461  1595  1640 I am_pss  : [3266,10038,com.qualcomm.qti.callenhancement,3660800,2805760,0,49483776,0,9,52]
06-17 08:38:35.505  1595  1640 I am_pss  : [3230,10069,com.qualcomm.telephony,3713024,2854912,0,49397760,0,9,40]
06-17 08:38:40.968  1083  1191 E storaged: getDiskStats failed with result NOT_SUPPORTED and size 0
06-17 08:38:53.670  2194  2384 D RILJ    : [3791]> RIL_REQUEST_GET_CELL_INFO_LIST [SUB1]
06-17 08:38:53.683  2194  2310 D RILJ    : [3791]< RIL_REQUEST_GET_CELL_INFO_LIST [] [SUB1]
06-17 08:38:53.685  2194  2384 D LocaleTracker: getCellInfo: cell info=[]
06-17 08:38:53.686  2194  2384 D LocaleTracker: Can't get cell info. Try again in 64 secs.
06-17 08:38:53.687  2194  2384 D LocaleTracker: updateLocale: mcc = null, country = 
06-17 08:38:55.561  1595  1595 D CompatibilityInfo: mCompatibilityFlags - 0
06-17 08:38:55.561  1595  1595 D CompatibilityInfo: applicationDensity - 320
06-17 08:38:55.561  1595  1595 D CompatibilityInfo: applicationScale - 1.0
06-17 08:38:55.637  1595  1640 I am_pss  : [2731,10032,com.android.launcher3,45022208,36548608,0,95567872,0,2,67]
06-17 08:38:55.682  1595  1640 I am_pss  : [2840,1000,com.android.keychain,3804160,2932736,0,50335744,0,18,42]
06-17 08:38:55.725  1595  1640 I am_pss  : [3413,1001,com.qualcomm.simcontacts,3635200,2768896,0,49614848,0,9,40]
06-17 08:38:55.767  1595  1640 I am_pss  : [2678,1000,com.qualcomm.qti.smq,4062208,3063808,0,51691520,0,9,40]
06-17 08:38:55.808  1595  1640 I am_pss  : [3393,1000,com.qualcomm.qti.smcinvokepkgmgr,3495936,2674688,0,49000448,0,9,40]
06-17 08:38:55.850  1595  1640 I am_pss  : [2645,1000,com.qualcomm.qti.qdma,6083584,4521984,0,56975360,0,9,40]
06-17 08:38:55.892  1595  1640 I am_pss  : [3327,1001,com.qualcomm.qti.modemtestmode,3829760,2850816,0,50270208,0,9,40]
06-17 08:38:55.935  1595  1640 I am_pss  : [3266,10038,com.qualcomm.qti.callenhancement,3660800,2805760,0,49483776,0,9,40]
06-17 08:38:55.978  1595  1640 I am_pss  : [2906,1000,com.qualcomm.location.XT,4998144,3534848,0,52817920,0,9,41]
06-17 08:38:56.020  1595  1640 I am_pss  : [3230,10069,com.qualcomm.telephony,3713024,2854912,0,49397760,0,9,40]
06-17 08:38:56.063  1595  1640 I am_pss  : [2993,10074,com.android.calendar,4861952,3543040,0,53342208,0,18,41]
06-17 08:38:56.105  1595  1640 I am_pss  : [2973,1000,com.qti.diagservices,3727360,2854912,0,49496064,0,9,40]
06-17 08:38:56.148  1595  1640 I am_pss  : [2736,10084,com.android.smspush,3707904,2768896,0,49532928,0,5,39]
06-17 08:38:56.189  1595  1640 I am_pss  : [2522,10016,android.ext.services,4364288,3182592,0,52404224,0,4,39]
06-17 08:38:56.332  1595  3478 I system_server: The ClassLoaderContext is a special shared library.
06-17 08:38:57.489  1595  3478 I chatty  : uid=1000(system) BackgroundDexOp identical 4 lines
06-17 08:38:57.647  1595  3478 I system_server: The ClassLoaderContext is a special shared library.
06-17 08:38:57.903  1595  3478 I BackgroundDexOptService: Pinning optimized code {}
06-17 08:38:59.515   748  2903 I LocSvc_libulp: ulp_msg_process_system_update: systemEvent:5 
06-17 08:38:59.515   748  2903 I LocSvc_libulp: ulp_msg_process_start_req, at ulp state = 1
06-17 08:38:59.515   748  2109 I LocSvc_api_v02: ---> locClientSendReq line 2154 QMI_LOC_GET_BEST_AVAILABLE_POSITION_REQ_V02
06-17 08:38:59.525   748  2115 I LocSvc_ApiV02: <--- globalRespCb line 151 QMI_LOC_GET_BEST_AVAILABLE_POSITION_REQ_V02
06-17 08:38:59.526   748  2903 I LocSvc_libulp: ulp_brain_process_zpp_position_report, report ZPP position to providers,report_position = 1
06-17 08:38:59.537  1595  1642 I am_uid_idle: 10013
06-17 08:39:00.008  2032  2032 D KeyguardUpdateMonitor: received broadcast android.intent.action.TIME_TICK
06-17 08:39:00.009  2032  2032 D KeyguardUpdateMonitor: handleTimeUpdate
06-17 08:39:00.055   736   892 D SDM     : DisplayBase::BuildLayerStackStats: LayerStack layer_count: 5, app_layer_count: 4, gpu_target_index: 4, display type: 0
06-17 08:39:00.087  1595  1640 I am_pss  : [2212,1000,com.android.settings,7674880,5312512,0,59514880,0,18,71]
06-17 08:39:00.141  1595  1640 I am_pss  : [1997,1002,com.android.bluetooth,18038784,15880192,0,71053312,0,0,50]
06-17 08:39:00.157  1595  1642 I am_uid_idle: 10021
06-17 08:39:00.189  1595  1640 I am_pss  : [2920,10043,com.android.dialer,11121664,9236480,0,61435904,0,18,43]
06-17 08:39:00.230  1595  1640 I am_pss  : [2601,10062,com.android.deskclock,6097920,4460544,0,56741888,0,18,40]
06-17 08:39:00.271  1595  1640 I am_pss  : [2882,10046,com.qualcomm.qti.server.wigigapp,3687424,2891776,0,48742400,0,18,40]
06-17 08:39:00.313  1595  1640 I am_pss  : [2857,1000,com.qualcomm.qti.qmmi,3686400,2887680,0,48824320,0,18,40]
06-17 08:39:00.354  1595  1640 I am_pss  : [2700,1068,com.android.se,3880960,2953216,0,50278400,0,0,39]
06-17 08:39:00.394  1595  1640 I am_pss  : [2542,1000,com.qualcomm.qti.poweroffalarm,3518464,2695168,0,48828416,0,18,39]
06-17 08:39:00.448  1595  1640 I am_pss  : [2194,1001,com.android.phone,23337984,20144128,0,80162816,0,0,53]
06-17 08:39:00.490  1595  1640 I am_pss  : [2180,1001,com.qualcomm.qti.telephonyservice,4256768,3104768,0,51527680,0,0,39]
06-17 08:39:00.534  1595  1640 I am_pss  : [2159,1000,.dataservices,6115328,4952064,0,54394880,0,0,42]
06-17 08:39:01.294  2032  2032 I sysui_count: [panel_open,1]
06-17 08:39:01.295  2032  2032 I sysui_multi_action: [757,803,799,panel_open,802,1]
06-17 08:39:01.310  2194  3154 D QtiSubscriptionController: getPhoneId, received dummy subId 2147483643
06-17 08:39:00.087   736   892 I chatty  : uid=1000(system) HwBinder:736_2 identical 2 lines
06-17 08:39:00.171   736   892 D SDM     : DisplayBase::BuildLayerStackStats: LayerStack layer_count: 5, app_layer_count: 4, gpu_target_index: 4, display type: 0
06-17 08:39:01.328  2032  2032 D StatusBar: disable<e i a s b h r c s > disable2<q i n >
06-17 08:39:01.328  1595  2123 I sysui_view_visibility: [127,100]
06-17 08:39:01.328  1595  2123 I sysui_multi_action: [757,127,758,1]
06-17 08:39:01.329  1595  2123 I sysui_histogram: [note_load,2]
06-17 08:39:01.329  1595  2123 I sysui_multi_action: [757,804,799,note_load,801,2,802,1]
06-17 08:39:01.329  1595  2123 I notification_panel_revealed: 2
06-17 08:39:01.332  2032  2032 I sysui_multi_action: [757,1328,758,4,1326,41,1327,0,1329,0]
06-17 08:39:01.358   736   892 D SDM     : DisplayBase::BuildLayerStackStats: LayerStack layer_count: 5, app_layer_count: 4, gpu_target_index: 4, display type: 0
06-17 08:39:01.386  2032  2032 D StatusBar: disable<e i a s b h r c s > disable2<q i n >
06-17 08:39:01.409   736   892 D SDM     : DisplayBase::BuildLayerStackStats: LayerStack layer_count: 5, app_layer_count: 4, gpu_target_index: 4, display type: 0
06-17 08:39:01.886  1595  2719 I sysui_multi_action: [757,128,758,1,793,64256,794,0,795,64256,796,26,798,0,806,android,857,DEVELOPER,858,2,947,0,1395,2]
06-17 08:39:01.886  1595  2719 I sysui_histogram: [note_freshness,64256]
06-17 08:39:01.887  1595  2719 I sysui_multi_action: [757,804,799,note_freshness,801,64256,802,1]
06-17 08:39:01.887  1595  2719 I notification_visibility: [-1|android|26|null|1000,1,64256,64256,0,0]
06-17 08:39:01.887  1595  2719 I sysui_multi_action: [757,128,758,1,793,65410,794,0,795,65410,796,32,798,1,806,android,857,USB,858,1,947,0,1395,2]
06-17 08:39:01.887  1595  2719 I sysui_histogram: [note_freshness,65410]
06-17 08:39:01.887  1595  2719 I sysui_multi_action: [757,804,799,note_freshness,801,65410,802,1]
06-17 08:39:01.887  1595  2719 I notification_visibility: [-1|android|32|null|1000,1,65410,65410,0,1]
06-17 08:39:02.417  2032  2032 I sysui_multi_action: [757,925,758,4,759,113,833,0,927,1,928,1]
06-17 08:39:02.420  1595  2123 D BluetoothManagerService: disable(): mBluetooth = android.bluetooth.IBluetooth$Stub$Proxy@eb5c4dd mBinding = false
06-17 08:39:02.421  1595  2123 D BluetoothManagerService: Persisting Bluetooth Setting: 0
06-17 08:39:02.422  1595  1657 D BluetoothManagerService: MESSAGE_DISABLE: mBluetooth = android.bluetooth.IBluetooth$Stub$Proxy@eb5c4dd
06-17 08:39:02.422  1595  1595 V SettingsProvider: Notifying for 0: content://settings/global/bluetooth_on
06-17 08:39:02.423  1595  1657 D BluetoothManagerService: Sending off request.
06-17 08:39:01.809   736   892 I chatty  : uid=1000(system) HwBinder:736_2 identical 24 lines
06-17 08:39:01.893   736   892 D SDM     : DisplayBase::BuildLayerStackStats: LayerStack layer_count: 5, app_layer_count: 4, gpu_target_index: 4, display type: 0
06-17 08:39:02.424  1997  2697 D BluetoothAdapterService: disable() called with mRunningProfiles.size() = 12
06-17 08:39:02.425  1997  2099 I AdapterState: TURNING_OFF : entered 
06-17 08:39:02.425  1997  2099 D AdapterProperties: Setting state to TURNING_OFF
06-17 08:39:02.425  1997  2099 D BluetoothAdapterService: updateAdapterState() - Broadcasting state TURNING_OFF to 1 receivers.
06-17 08:39:02.426  1997  2099 W AdapterState: Calling startBrEdrCleanup
06-17 08:39:02.426  1997  2099 D AdapterProperties: onBluetoothDisable()
06-17 08:39:02.426  1997  2099 D BluetoothAdapterService: cancelDiscovery
06-17 08:39:02.426  1997  2099 I BluetoothAdapterService: discovery not active, ignore cancelDiscovery
06-17 08:39:02.427   736   892 D SDM     : DisplayBase::BuildLayerStackStats: LayerStack layer_count: 5, app_layer_count: 4, gpu_target_index: 4, display type: 0
06-17 08:39:02.427  1997  2099 I BluetoothVendorJni: bredrcleanupNative
06-17 08:39:02.427  1997  2099 I bt_btif_vendor: bredrcleanup
06-17 08:39:02.427   728   728 D vendor.qti.bluetooth@1.0-ibs_handler: SerialClockVote: vote for UART CLK ON
06-17 08:39:02.430   728   728 D vendor.qti.bluetooth@1.0-wake_lock: Acquire wakelock is acquired 
06-17 08:39:02.430   728   728 I vendor.qti.bluetooth@1.0-ibs_handler: DeviceWakeUp: Writing IBS_WAKE_IND
06-17 08:39:02.430  1997  2120 D AdapterProperties: Scan Mode:20
06-17 08:39:02.431  1997  2498 D bt_btif : bta_av_ssm_execute(): AV Sevent(0x41)=0x120a(API_CLOSE) state=0(INIT)
06-17 08:39:02.431  1997  2120 I bt_btif_queue: btif_queue_release
06-17 08:39:02.431  1997  2120 I BluetoothVendorJni: bredr_cleanup_callback
06-17 08:39:02.431  1997  2120 D BluetoothVendorService: BREDR cleanup done
06-17 08:39:02.431  1997  2498 D bt_btif : bta_av_ssm_execute(): AV Sevent(0x42)=0x120a(API_CLOSE) state=0(INIT)
06-17 08:39:02.431  1997  2498 W bt_l2cap: L2CAP - L2CA_Deregister() called for PSM: 0x0019
06-17 08:39:02.431  1997  2498 W bt_l2cap: L2CAP - L2CA_Deregister() called for PSM: 0x0017
06-17 08:39:02.431  1997  2498 D bt_btif : bta_av_del_rc  handle: 0 status=0x10, rc_acp_handle:0, idx:1
06-17 08:39:02.431  1997  2498 D bt_btif : AVRC_Close handle:0, clean up all system resources
06-17 08:39:02.431  1997  2498 D bt_btif : bta_ag_hdl_event: p_scb 0x3b69def0 
06-17 08:39:02.432  1997  2498 D bt_btif : bta_ag_hdl_event: p_scb 0x3b69e2b8 
06-17 08:39:02.432  1997  2498 D bt_btif : bta_ag_hdl_event: p_scb 0x3b69e680 
06-17 08:39:02.432  1997  2120 D bt_btif : btif_hf_upstreams_evt: event=BTA_AG_DISABLE_EVT
06-17 08:39:02.432  1997  2498 W bt_l2cap: L2CAP - L2CA_Deregister() called for PSM: 0x0011
06-17 08:39:02.432  1997  2498 W bt_l2cap: L2CAP - L2CA_Deregister() called for PSM: 0x0013
06-17 08:39:02.433   765  2728 W AudioPolicyManagerCustom: getOutputForDevice() could not find output for stream 1, sampling rate 48000, format 0x1, channels 0x3, flags 0x4
06-17 08:39:02.434   765  2728 E AudioFlinger: createTrack() getOutputForAttr() return error -38 or invalid output handle
06-17 08:39:02.434  1595  1931 E IAudioFlinger: createTrack returned error -38
06-17 08:39:02.434  1595  1931 E AudioTrack: AudioFlinger could not create track, status: -38 output 970331528
06-17 08:39:02.435  1595  1931 E SoundPool: Error creating AudioTrack
06-17 08:39:02.435  1595  1931 D AudioTrack: no metrics gathered, track status=-38
06-17 08:39:02.436   728  2491 I vendor.qti.bluetooth@1.0-ibs_handler: ProcessIbsCmd: Received IBS_WAKE_ACK: 0xFC
06-17 08:39:02.437   728  2491 I vendor.qti.bluetooth@1.0-ibs_handler: ProcessIbsCmd: Received IBS_WAKE_IND: 0xFD
