06-17 08:37:55.996  1595  1595 W LocationProviderProxy-network: Odd, no component found for service com.android.location.service.v3.NetworkLocationProvider
06-17 08:37:55.997  1595  1595 D CompatibilityInfo: mCompatibilityFlags - 0
06-17 08:37:55.997  1595  1595 D CompatibilityInfo: applicationDensity - 320
06-17 08:37:55.997  1595  1595 D CompatibilityInfo: applicationScale - 1.0
06-17 08:37:55.998  1595  1640 D GnssLocationProvider: gnssNameCb: name=qcom;MPSS.AT.3.1-00773-SDM660_GEN_PACK-1;
06-17 08:37:55.998  1595  1595 E LocationManagerService: no geocoder provider found
06-17 08:37:55.998  1595  1595 D CompatibilityInfo: mCompatibilityFlags - 0
06-17 08:37:55.998  1595  1595 D CompatibilityInfo: applicationDensity - 320
06-17 08:37:55.998  1595  1595 D CompatibilityInfo: applicationScale - 1.0
06-17 08:37:55.998  1595  1595 D LocationManagerService: Unable to bind FLP Geofence proxy.
06-17 08:37:55.998  1595  1595 E ActivityRecognitionHardware: activity_recognition HAL is deprecated. is_supported is effectively a no-op
06-17 08:37:55.998  1595  1595 D LocationManagerService: Hardware Activity-Recognition not supported.
06-17 08:37:55.999  1595  1595 E ActivityRecognitionProxy: ServiceWatcher could not start.
06-17 08:37:55.999  1595  1595 D LocationManagerService: Unable to bind ActivityRecognitionProxy.
06-17 08:37:55.999  1595  1595 I GnssLocationProvider: WakeLock acquired by sendMessage(ENABLE, 1, null)
06-17 08:37:55.999  1997  1997 I BluetoothVendorJni: classInitNative: succeeds
06-17 08:37:56.000  1997  1997 D AdapterState: make() - Creating AdapterState
06-17 08:37:56.000  1595  1595 D SystemServerTiming: MakeLocationServiceReady took to complete: 13ms
06-17 08:37:56.000  1595  1595 I SystemServer: MakeCountryDetectionServiceReady
06-17 08:37:56.000  1595  1595 D SystemServerTiming: MakeCountryDetectionServiceReady took to complete: 0ms
06-17 08:37:56.000  1595  1595 I SystemServer: MakeNetworkTimeUpdateReady
06-17 08:37:56.001  1595  1595 D ConnectivityService: requestNetwork for uid/pid:1000/1595 NetworkRequest [ TRACK_DEFAULT id=6, [ Capabilities: INTERNET&NOT_RESTRICTED&TRUSTED Unwanted:  Uid: 1000] ]
06-17 08:37:56.001  1595  1595 D SystemServerTiming: MakeNetworkTimeUpdateReady took to complete: 1ms
06-17 08:37:56.001  1595  1595 I SystemServer: MakeCommonTimeManagementServiceReady
06-17 08:37:56.001  1595  1990 D Ethernet: got request NetworkRequest [ TRACK_DEFAULT id=6, [ Capabilities: INTERNET&NOT_RESTRICTED&TRUSTED Unwanted:  Uid: 1000] ] with score 0
06-17 08:37:56.001  1997  1997 I BluetoothVendorSocketJni: classInitNative: succeeds
06-17 08:37:56.001  1997  2099 I AdapterState: OFF : entered 
06-17 08:37:56.002  1997  2099 D AdapterProperties: Setting state to OFF
06-17 08:37:56.002  1997  1997 I bt_btif : QTI OMR1 stack: init
06-17 08:37:56.002  1595  1595 I CommonTimeManagementService: No common time service detected on this platform.  Common time services will be unavailable.
06-17 08:37:56.002  1595  1595 D SystemServerTiming: MakeCommonTimeManagementServiceReady took to complete: 0ms
06-17 08:37:56.002  1595  1595 I SystemServer: MakeInputManagerServiceReady
06-17 08:37:56.002  1595  1595 D SystemServerTiming: MakeInputManagerServiceReady took to complete: 0ms
06-17 08:37:56.002  1595  1595 I SystemServer: MakeTelephonyRegistryReady
06-17 08:37:56.002  1595  1595 D TelephonyRegistry: systemRunning register for intents
06-17 08:37:56.003  1595  1595 D SystemServerTiming: MakeTelephonyRegistryReady took to complete: 1ms
06-17 08:37:56.003  1595  1595 I SystemServer: MakeMediaRouterServiceReady
06-17 08:37:56.003  1595  1595 D SystemServerTiming: MakeMediaRouterServiceReady took to complete: 0ms
06-17 08:37:56.003  1595  1595 I SystemServer: MakeMmsServiceReady
06-17 08:37:56.003  1595  1595 I MmsServiceBroker: Delay connecting to MmsService until an API is called
06-17 08:37:56.003  1595  1595 D SystemServerTiming: MakeMmsServiceReady took to complete: 0ms
06-17 08:37:56.003  1595  1595 I SystemServer: IncidentDaemonReady
06-17 08:37:56.004  1595  1595 D SystemServerTiming: IncidentDaemonReady took to complete: 1ms
06-17 08:37:56.004  1595  1595 I SystemServiceManager: Calling onStartUser u0
06-17 08:37:56.004  1595  1595 W VoiceInteractionManagerService: no available voice interaction services found for user 0
06-17 08:37:56.005  1595  1595 W VoiceInteractionManagerService: no available voice recognition services found for user 0
06-17 08:37:55.990   594   594 I chatty  : uid=1000(system) hwservicemanage identical 4 lines
06-17 08:37:55.990   594   594 I snet_event_log: [121035042,-1,]
06-17 08:37:56.006  1595  1595 I am_uid_running: 1001
06-17 08:37:56.007  1595  1595 I ActivityManager: START u0 {act=android.intent.action.MAIN cat=[android.intent.category.HOME] flg=0x10000100 cmp=com.android.settings/.FallbackHome} from uid 0
06-17 08:37:56.018  1997  1997 D bt_osi_allocation_tracker: canary initialized
06-17 08:37:56.019  1997  2104 I bt_osi_thread: run_thread: thread id 2104, thread name stack_manager started
06-17 08:37:56.019  1997  2104 I bt_stack_manager: event_init_stack is initializing the stack
06-17 08:37:56.019  1997  2104 I bt_utils: init_soc_type
06-17 08:37:56.019  1997  2104 I bt_utils: vendor.bluetooth.soc prop not set
06-17 08:37:56.019  1997  2104 I bt_utils: vendor.qcom.bluetooth.soc set to cherokee
06-17 08:37:56.019  2052  2052 I WebViewLoader-: System.exit called, status: 0
06-17 08:37:56.020  2052  2052 I AndroidRuntime: VM exiting with result code 0, cleanup skipped.
06-17 08:37:56.026   594   594 I snet_event_log: [121035042,-1,]
06-17 08:37:56.026  1075  1204 I OMXClient: IOmx service obtained
06-17 08:37:56.027  1997  2108 I bt_osi_thread: run_thread: thread id 2108, thread name alarm_default_ca started
06-17 08:37:56.027  1107  1107 I OMXMaster: makeComponentInstance(OMX.google.amrnb.decoder) in omx@1.0-service process
06-17 08:37:56.028   748  2109 I LocSvc_api_v02: locClientOpen:2000]: Service instance id is -1
06-17 08:37:56.029   748   748 I LocSvc_APIClientBase: locAPIEnable:112] start new session: 2
06-17 08:37:56.030  1595  1640 E GnssLocationProvider: Unable to initialize GNSS Xtra interface
06-17 08:37:56.030   748  2109 I LocSvc_api_v02: ---> locClientOpenInstance line 1875 loc client open
06-17 08:37:56.030   748   748 I LocSvc_GnssAdapter: GnssAdapter::initAgpsCommand
06-17 08:37:56.031  1997  2110 I bt_osi_thread: run_thread: thread id 2110, thread name alarm_dispatcher started
06-17 08:37:56.031  1040  1040 I Zygote  : Process 2052 exited cleanly (0)
06-17 08:37:56.026   594   594 I snet_event_log: [121035042,-1,]
06-17 08:37:56.031  1997  2104 I bt_config_source: 1
06-17 08:37:56.032  1997  2104 I bt_btif_core: btif_init_bluetooth entered
06-17 08:37:56.034  1595  1899 I InputReader: Reconfiguring input devices.  changes=0x00000020
06-17 08:37:56.035   748  2109 E QMI_FW  : QMUXD: WARNING qmi_qmux_if_pwr_up_init failed! rc=-6
06-17 08:37:56.035   748   748 I LocSvc_GnssInterface: ===> setGnssNiCb line 174 
06-17 08:37:56.037   748  2109 I LocSvc_api_v02: ---> locClientSendReq line 2154 QMI_LOC_REG_EVENTS_REQ_V02
06-17 08:37:56.037   748   748 I LocSvc_GnssInterface: ===> cleanup line 264 
06-17 08:37:56.039   748   748 I LocSvc_GnssInterface: ===> updateConfiguration line 184 
06-17 08:37:56.041  1595  1640 D TelephonyRegistry: listen oscl: hasNotifySubscriptionInfoChangedOccurred==false no callback
06-17 08:37:56.040   748   748 I chatty  : uid=1021(gps) gnss@2.0-servic identical 6 lines
06-17 08:37:56.040   748   748 I LocSvc_GnssInterface: ===> updateConfiguration line 184 
06-17 08:37:56.043   736   736 D SDM     : DisplayBase::BuildLayerStackStats: LayerStack layer_count: 2, app_layer_count: 1, gpu_target_index: 1, display type: 0
06-17 08:37:56.046  1997  2104 D bt_osi_config: config_parse no key/value separator found on line 360.
06-17 08:37:56.048  1997  2104 W bt_device_interop:  feature:: 0, key :: 08:62:66, value :: Address_Based
06-17 08:37:56.048  1997  2104 W bt_device_interop:  feature:: 0, key :: 38:2C:4A:C9, value :: Address_Based
06-17 08:37:56.048  1997  2104 W bt_device_interop:  feature:: 0, key :: 38:2C:4A:E6, value :: Address_Based
06-17 08:37:56.048  1997  2104 W bt_device_interop:  feature:: 0, key :: 54:A0:50:D9, value :: Address_Based
06-17 08:37:56.048  1997  2104 W bt_device_interop:  feature:: 0, key :: AC:9E:17, value :: Address_Based
06-17 08:37:56.048  1997  2104 W bt_device_interop:  feature:: 0, key :: F0:79:59, value :: Address_Based
06-17 08:37:56.048  1997  2104 W bt_device_interop:  feature:: 0, key :: 80:E4:DA:70, value :: Address_Based
06-17 08:37:56.048  1997  2104 W bt_device_interop:  feature:: 0, key :: 1C:96:5A, value :: Address_Based
06-17 08:37:56.048  1997  2104 W bt_device_interop:  feature:: 0, key :: 80:EA:CA, value :: Address_Based
06-17 08:37:56.048  1997  2104 W bt_device_interop:  feature:: 0, key :: 51:01:00, value :: Address_Based
06-17 08:37:56.048  1997  2104 W bt_device_interop:  feature:: 0, key :: 61:01:00, value :: Address_Based
06-17 08:37:56.048  1997  2104 W bt_device_interop:  feature:: 2, key :: A0:E9:DB, value :: Address_Based
06-17 08:37:56.048  1997  2104 W bt_device_interop:  feature:: 2, key :: 00:14:02, value :: Address_Based
06-17 08:37:56.048  1997  2104 W bt_device_interop:  feature:: 2, key :: 1C:48:F9, value :: Address_Based
06-17 08:37:56.048  1997  2104 W bt_device_interop:  feature:: 2, key :: 44:5E:F3, value :: Address_Based
06-17 08:37:56.048  1997  2104 W bt_device_interop:  feature:: 2, key :: D4:9C:28, value :: Address_Based
06-17 08:37:56.048  1997  2104 W bt_device_interop:  feature:: 2, key :: 00:18:6B, value :: Address_Based
06-17 08:37:56.048  1997  2104 W bt_device_interop:  feature:: 2, key :: B8:AD:3E, value :: Address_Based
06-17 08:37:56.048  1997  2104 W bt_device_interop:  feature:: 2, key :: 00:11:B1, value :: Address_Based
06-17 08:37:56.048  1997  2104 W bt_device_interop:  feature:: 2, key :: A4:15:66, value :: Address_Based
06-17 08:37:56.048  1997  2104 W bt_device_interop:  feature:: 2, key :: 00:14:F1, value :: Address_Based
06-17 08:37:56.048  1997  2104 W bt_device_interop:  feature:: 2, key :: 00:26:7E, value :: Address_Based
06-17 08:37:56.048  1997  2104 W bt_device_interop:  feature:: 2, key :: 90:03:B7, value :: Address_Based
06-17 08:37:56.048  1997  2104 W bt_device_interop:  feature:: 2, key :: 04:F8:C2, value :: Address_Based
06-17 08:37:56.048  1997  2104 W bt_device_interop:  feature:: 2, key :: 00:18:91, value :: Address_Based
06-17 08:37:56.048  1997  2104 W bt_device_interop:  feature:: 2, key :: 00:24:1C, value :: Address_Based
06-17 08:37:56.049  1997  2104 W bt_device_interop:  feature:: 3, key :: 34:C7:31, value :: Address_Based
06-17 08:37:56.049  1997  2104 W bt_device_interop:  feature:: 3, key :: 00:07:04, value :: Address_Based
06-17 08:37:56.049  1997  2104 W bt_device_interop:  feature:: 3, key :: E0:75:0A, value :: Address_Based
06-17 08:37:56.049  1997  2104 W bt_device_interop:  feature:: 3, key :: Audi, value :: Name_Based
06-17 08:37:56.049  1997  2104 W bt_device_interop:  feature:: 3, key :: BMW, value :: Name_Based
06-17 08:37:56.049  1997  2104 W bt_device_interop:  feature:: 3, key :: Parrot, value :: Name_Based
06-17 08:37:56.049  1997  2104 W bt_device_interop:  feature:: 3, key :: Car, value :: Name_Based
06-17 08:37:56.049  1997  2104 W bt_device_interop:  feature:: 3, key :: NISSAN, value :: Name_Based
06-17 08:37:56.049  1997  2104 W bt_device_interop:  feature:: 4, key :: 00:0F:F6, value :: Address_Based
06-17 08:37:56.049  1997  2104 W bt_device_interop:  feature:: 5, key :: 00:18:91, value :: Address_Based
06-17 08:37:56.049  1997  2104 W bt_device_interop:  feature:: 5, key :: 00:21:4F, value :: Address_Based
06-17 08:37:56.049  1997  2104 W bt_device_interop:  feature:: 5, key :: 20:15:06, value :: Address_Based
06-17 08:37:56.049  1997  2104 W bt_device_interop:  feature:: 5, key :: 9C:DF:03, value :: Address_Based
06-17 08:37:56.049  1997  2104 W bt_device_interop:  feature:: 5, key :: 04:52:C7, value :: Address_Based
06-17 08:37:56.049  1997  2104 W bt_device_interop:  feature:: 5, key :: 30:14:4A, value :: Address_Based
06-17 08:37:56.049  1997  2104 W bt_device_interop:  feature:: 5, key :: 00:54:AF, value :: Address_Based
06-17 08:37:56.049  1997  2104 W bt_device_interop:  feature:: 5, key :: 7C:1C:4E, value :: Address_Based
06-17 08:37:56.049  1997  2104 W bt_device_interop:  feature:: 21, key :: 00:12:A1, value :: Address_Based
06-17 08:37:56.049  1997  2104 W bt_device_interop:  feature:: 21, key :: Targus BT Laser Notebook Mouse, value :: Name_Based
06-17 08:37:56.049  1997  2104 W bt_device_interop:  feature:: 7, key :: Motorola Keyboard KZ500, value :: Name_Based
06-17 08:37:56.049  1997  2104 D bt_device_interop: Entry is already present in the list
06-17 08:37:56.049  1997  2104 W bt_device_interop:  feature:: 7, key :: Motorola Keyboard KZ500 v122, value :: Name_Based
06-17 08:37:56.049  1997  2104 W bt_device_interop:  feature:: 7, key :: 0x22b8-0x093D, value :: Vndr_Prdt_Based
06-17 08:37:56.049  1997  2104 W bt_device_interop:  feature:: 8, key :: 20:4C:10, value :: Address_Based
06-17 08:37:56.049  1997  2104 W bt_device_interop:  feature:: 8, key :: 0x004C, value :: Manufacturer_Based
06-17 08:37:56.049  1997  2104 W bt_device_interop:  feature:: 11, key :: 00:14:09, value :: Address_Based
06-17 08:37:56.049  1997  2104 W bt_device_interop:  feature:: 12, key :: BSMBB09DS, value :: Name_Based
06-17 08:37:56.049  1997  2104 W bt_device_interop:  feature:: 12, key :: ELECOM, value :: Name_Based
06-17 08:37:56.049  1997  2104 W bt_device_interop:  feature:: 18, key :: 00:02:5B:4A, value :: Address_Based
06-17 08:37:56.049  1997  2104 W bt_device_interop:  feature:: 25, key :: FC:C2:DE, value :: Address_Based
06-17 08:37:56.049  1997  2104 W bt_device_interop:  feature:: 25, key :: 00:26:B4, value :: Address_Based
06-17 08:37:56.049  1997  2104 W bt_device_interop:  feature:: 25, key :: 00:04:3E, value :: Address_Based
06-17 08:37:56.050  1997  2104 W bt_device_interop:  feature:: 25, key :: 00:23:01, value :: Address_Based
06-17 08:37:56.050  1997  2104 W bt_device_interop:  feature:: 25, key :: 1C:48:F9, value :: Address_Based
06-17 08:37:56.050  1997  2104 W bt_device_interop:  feature:: 25, key :: 00:54:AF, value :: Address_Based
06-17 08:37:56.050  1997  2104 W bt_device_interop:  feature:: 25, key :: 00:26:E8, value :: Address_Based
06-17 08:37:56.050  1997  2104 W bt_device_interop:  feature:: 25, key :: 00:37:6D, value :: Address_Based
06-17 08:37:56.050  1997  2104 W bt_device_interop:  feature:: 25, key :: 9C:3A:AF, value :: Address_Based
06-17 08:37:56.050  1997  2104 W bt_device_interop:  feature:: 25, key :: 00:18:91, value :: Address_Based
06-17 08:37:56.050  1997  2104 W bt_device_interop:  feature:: 25, key :: 0C:E0:E4, value :: Address_Based
06-17 08:37:56.050  1997  2104 W bt_device_interop:  feature:: 25, key :: 00:07:04, value :: Address_Based
06-17 08:37:56.050  1997  2104 W bt_device_interop:  feature:: 25, key :: A4:15:66, value :: Address_Based
06-17 08:37:56.050  1997  2104 W bt_device_interop:  feature:: 25, key :: D0:13:1E, value :: Address_Based
06-17 08:37:56.050  1997  2104 W bt_device_interop:  feature:: 25, key :: 8F:20:B4, value :: Address_Based
06-17 08:37:56.050  1997  2104 W bt_device_interop:  feature:: 25, key :: A8:B9:B3, value :: Address_Based
06-17 08:37:56.050  1997  2104 W bt_device_interop:  feature:: 25, key :: 00:0D:F0, value :: Address_Based
06-17 08:37:56.050  1997  2104 W bt_device_interop:  feature:: 25, key :: 00:08:E0, value :: Address_Based
06-17 08:37:56.050  1997  2104 W bt_device_interop:  feature:: 25, key :: 00:25:52, value :: Address_Based
06-17 08:37:56.050  1997  2104 W bt_device_interop:  feature:: 25, key :: 1C:52:16, value :: Address_Based
06-17 08:37:56.050  1997  2104 W bt_device_interop:  feature:: 25, key :: 00:06:66, value :: Address_Based
06-17 08:37:56.050  1997  2104 W bt_device_interop:  feature:: 25, key :: 00:24:E4, value :: address_Based
06-17 08:37:56.050  1997  2104 W bt_device_interop:  feature:: 25, key :: 00:1C:D8, value :: Address_Based
06-17 08:37:56.050  1997  2104 W bt_device_interop:  feature:: 16, key :: 00:0D:FD, value :: Address_Based
06-17 08:37:56.050  1997  2104 W bt_device_interop:  feature:: 16, key :: 00:1B:DC, value :: Address_Based
06-17 08:37:56.050  1997  2104 W bt_device_interop:  feature:: 16, key :: 00:07:04, value :: Address_Based
06-17 08:37:56.050  1997  2104 W bt_device_interop:  feature:: 16, key :: A4:15:66, value :: Address_Based
06-17 08:37:56.050  1997  2104 W bt_device_interop:  feature:: 16, key :: 00:54:AF, value :: Address_Based
06-17 08:37:56.050  1997  2104 W bt_device_interop:  feature:: 16, key :: 00:23:7F, value :: Address_Based
06-17 08:37:56.050  1997  2104 W bt_device_interop:  feature:: 14, key :: AC:7A:4D, value :: Address_Based
06-17 08:37:56.050  1997  2104 W bt_device_interop:  feature:: 14, key :: 28:A1:83, value :: Address_Based
06-17 08:37:56.050  1997  2104 W bt_device_interop:  feature:: 14, key :: A0:14:3D, value :: Address_Based
06-17 08:37:56.050  1997  2104 W bt_device_interop:  feature:: 14, key :: 90:03:B7, value :: Address_Based
06-17 08:37:56.050  1997  2104 W bt_device_interop:  feature:: 14, key :: 00:21:3c, value :: Address_Based
06-17 08:37:56.050  1997  2104 W bt_device_interop:  feature:: 14, key :: 9C:DF:03, value :: Address_Based
06-17 08:37:56.051  1997  2104 W bt_device_interop:  feature:: 14, key :: E0:75:0A, value :: Address_Based
06-17 08:37:56.051  1997  2104 W bt_device_interop:  feature:: 14, key :: 48:F0:7B, value :: Address_Based
06-17 08:37:56.051  1997  2104 W bt_device_interop:  feature:: 14, key :: 04:52:C7, value :: Address_Based
06-17 08:37:56.051  1997  2104 W bt_device_interop:  feature:: 14, key :: 30:C3:D9, value :: Address_Based
06-17 08:37:56.051  1997  2104 W bt_device_interop:  feature:: 14, key :: 00:E0:4C, value :: Address_Based
06-17 08:37:56.051  1997  2104 W bt_device_interop:  feature:: 14, key :: abramtek M1, value :: Name_Based
06-17 08:37:56.051  1997  2104 W bt_device_interop:  feature:: 15, key :: B8:AD:3E, value :: Address_Based
06-17 08:37:56.051  1997  2104 W bt_device_interop:  feature:: 15, key :: LG HBSA100, value :: Name_Based
06-17 08:37:56.051  1997  2104 W bt_device_interop:  feature:: 15, key :: LG HBS1100, value :: Name_Based
06-17 08:37:56.051  1997  2104 W bt_device_interop:  feature:: 15, key :: 00:18:09, value :: Address_Based
06-17 08:37:56.051  1997  2104 W bt_device_interop:  feature:: 15, key :: MDR-XB80BS, value :: Name_Based
06-17 08:37:56.051  1997  2104 W bt_device_interop:  feature:: 15, key :: 7C:04:D0, value :: Address_Based
06-17 08:37:56.051  1997  2104 W bt_device_interop:  feature:: 15, key :: AirPods, value :: Name_Based
06-17 08:37:56.051  1997  2104 W bt_device_interop:  feature:: 15, key :: 48:D6:D5, value :: Address_Based
06-17 08:37:56.051  1997  2104 W bt_device_interop:  feature:: 15, key :: Pixel Buds 7943, value :: Name_Based
06-17 08:37:56.051  1997  2104 W bt_device_interop:  feature:: 15, key :: 8C:DE:52, value :: Address_Based
06-17 08:37:56.051  1997  2104 W bt_device_interop:  feature:: 15, key :: SRS-X33, value :: Name_Based
06-17 08:37:56.051  1997  2104 W bt_device_interop:  feature:: 15, key :: 04:5D:4B, value :: Address_Based
06-17 08:37:56.051  1997  2104 W bt_device_interop:  feature:: 15, key :: WH-1000XM2, value :: Name_Based
06-17 08:37:56.051  1997  2104 W bt_device_interop:  feature:: 15, key :: h.ear (MDR-100ABN), value :: Name_Based
06-17 08:37:56.051  1997  2104 W bt_device_interop:  feature:: 15, key :: WI-1000X, value :: Name_Based
06-17 08:37:56.051  1997  2104 W bt_device_interop:  feature:: 15, key :: WH-H800 (h.ear), value :: Name_Based
06-17 08:37:56.051  1997  2104 W bt_device_interop:  feature:: 15, key :: MDR-1000X, value :: Name_Based
06-17 08:37:56.051  1997  2104 W bt_device_interop:  feature:: 15, key :: WI-H700 (h.ear), value :: Name_Based
06-17 08:37:56.051  1997  2104 W bt_device_interop:  feature:: 15, key :: WH-H900N (h.ear), value :: Name_Based
06-17 08:37:56.051  1997  2104 W bt_device_interop:  feature:: 15, key :: 10:4F:A8, value :: Address_Based
06-17 08:37:56.051  1997  2104 W bt_device_interop:  feature:: 15, key :: MDR-1ABT, value :: Name_Based
06-17 08:37:56.051  1997  2104 W bt_device_interop:  feature:: 15, key :: h.ear (MDR-EX750BT), value :: Name_Based
06-17 08:37:56.051  1997  2104 W bt_device_interop:  feature:: 15, key :: AC:9B:0A, value :: Address_Based
06-17 08:37:56.051   594   594 I snet_event_log: [121035042,-1,]
06-17 08:37:56.051  1997  2104 W bt_device_interop:  feature:: 15, key :: MDR-ZX770BN, value :: Name_Based
06-17 08:37:56.051  1997  2104 W bt_device_interop:  feature:: 15, key :: 04:52:C7, value :: Address_Based
06-17 08:37:56.051  1997  2104 W bt_device_interop:  feature:: 15, key :: Bose QuietComfort 35, value :: Name_Based
06-17 08:37:56.052  1997  2104 W bt_device_interop:  feature:: 15, key :: 94:B2:CC, value :: Address_Based
06-17 08:37:56.052  1997  2104 W bt_device_interop:  feature:: 15, key :: AVH-X5890BT, value :: Name_Based
06-17 08:37:56.052  1997  2104 W bt_device_interop:  feature:: 15, key :: 74:5E:1C, value :: Address_Based
06-17 08:37:56.052  1997  2104 W bt_device_interop:  feature:: 15, key :: AVH-X5790BT, value :: Name_Based
06-17 08:37:56.052  1997  2104 W bt_device_interop:  feature:: 15, key :: 00:1D:86, value :: Address_Based
06-17 08:37:56.052  1997  2104 W bt_device_interop:  feature:: 15, key :: Car Multimedia, value :: Name_Based
06-17 08:37:56.052  1997  2104 W bt_device_interop:  feature:: 15, key :: DDX6, value :: Name_Based
06-17 08:37:56.052  1997  2104 W bt_device_interop:  feature:: 15, key :: 90:03:B7, value :: Address_Based
06-17 08:37:56.052  1997  2104 W bt_device_interop:  feature:: 15, key :: Parrot ASTEROID, value :: Name_Based
06-17 08:37:56.052  1997  2104 W bt_device_interop:  feature:: 15, key :: 0C:E0:E4, value :: Address_Based
06-17 08:37:56.052  1997  2104 W bt_device_interop:  feature:: 15, key :: PLT_BBTPRO, value :: Name_Based
06-17 08:37:56.052  1997  2104 W bt_device_interop:  feature:: 15, key :: A4:15:66, value :: Address_Based
06-17 08:37:56.052  1997  2104 W bt_device_interop:  feature:: 15, key :: Tracks Air, value :: Name_Based
06-17 08:37:56.052  1997  2104 W bt_device_interop:  feature:: 15, key :: 00:1A:7D, value :: Address_Based
06-17 08:37:56.052  1997  2104 W bt_device_interop:  feature:: 15, key :: 66 Audio BTS, value :: Name_Based
06-17 08:37:56.052  1997  2104 W bt_device_interop:  feature:: 15, key :: 88:E6:03, value :: Address_Based
06-17 08:37:56.052  1997  2104 W bt_device_interop:  feature:: 15, key :: XB10, value :: Name_Based
06-17 08:37:56.052  1997  2104 W bt_device_interop:  feature:: 15, key :: B8:69:C2, value :: Address_Based
06-17 08:37:56.052  1997  2104 W bt_device_interop:  feature:: 15, key :: SRS-XB3, value :: Name_Based
06-17 08:37:56.052  1997  2104 W bt_device_interop:  feature:: 15, key :: 30:C3:D9, value :: Address_Based
06-17 08:37:56.052  1997  2104 W bt_device_interop:  feature:: 15, key :: MB Bluetooth 84389, value :: Name_Based
06-17 08:37:56.052  1997  2104 W bt_device_interop:  feature:: 15, key :: 00:02:5B, value :: Address_Based
06-17 08:37:56.052  1997  2104 W bt_device_interop:  feature:: 15, key :: HATS_00025B0085E9, value :: Name_Based
06-17 08:37:56.052  1997  2104 W bt_device_interop:  feature:: 20, key :: 00:1B:DC-0x0012, value :: SSR_Max_Lat_Based
06-17 08:37:56.052  1997  2104 W bt_device_interop:  feature:: 20, key :: DC:2C:26-0x0000, value :: SSR_Max_Lat_Based
06-17 08:37:56.052  1997  2104 W bt_device_interop:  feature:: 20, key :: 54:46:6B-0x0001, value :: SSR_Max_Lat_Based
06-17 08:37:56.052  1997  2104 W bt_device_interop:  feature:: 24, key :: 98:7b:f3, value :: Address_Based
06-17 08:37:56.052  1997  2104 W bt_device_interop:  feature:: 26, key :: 04:52:c7, value :: Address_Based
06-17 08:37:56.052  1997  2104 W bt_device_interop:  feature:: 27, key :: 00:08:8a, value :: Address_Based
06-17 08:37:56.052  1997  2104 W bt_device_interop:  feature:: 27, key :: JABRA EASYGO, value :: Name_Based
06-17 08:37:56.052  1997  2104 W bt_device_interop:  feature:: 28, key :: 00:09:93, value :: Address_Based
06-17 08:37:56.052  1075  1204 I OMXClient: IOmx service obtained
06-17 08:37:56.052  1997  2104 W bt_device_interop:  feature:: 28, key :: 74:6f:f7, value :: Address_Based
06-17 08:37:56.053  1997  2104 W bt_device_interop:  feature:: 9, key :: 08:62:66, value :: Address_Based
06-17 08:37:56.053  1997  2104 W bt_device_interop:  feature:: 9, key :: 38:2C:4A:C9, value :: Address_Based
06-17 08:37:56.053  1997  2104 W bt_device_interop:  feature:: 9, key :: 38:2C:4A:E6, value :: Address_Based
06-17 08:37:56.053  1997  2104 W bt_device_interop:  feature:: 9, key :: 54:A0:50:D9, value :: Address_Based
06-17 08:37:56.053  1997  2104 W bt_device_interop:  feature:: 9, key :: AC:9E:17, value :: Address_Based
06-17 08:37:56.053  1107  1107 I OMXMaster: makeComponentInstance(OMX.google.amrwb.decoder) in omx@1.0-service process
06-17 08:37:56.053  1997  2104 W bt_device_interop:  feature:: 9, key :: F0:79:59, value :: Address_Based
06-17 08:37:56.053  1997  2104 W bt_device_interop:  feature:: 22, key :: 00:1D:86, value :: Address_Based
06-17 08:37:56.053  1997  2104 W bt_device_interop:  feature:: 22, key :: KMM-BT51*HD, value :: Name_Based
06-17 08:37:56.053  1997  2104 W bt_device_interop:  feature:: 10, key :: Pixel C Keyboard, value :: Name_Based
06-17 08:37:56.053  1997  2104 W bt_device_interop:  feature:: 10, key :: MiMouse, value :: Name_Based
06-17 08:37:56.053  1997  2104 W bt_device_interop:  feature:: 10, key :: HTC Fetch, value :: Name_Based
06-17 08:37:56.053  1997  2104 W bt_device_interop:  feature:: 30, key :: LG Lighting, value :: Name_Based
06-17 08:37:56.053  1997  2104 W bt_device_interop:  feature:: 30, key :: KS_5w4Zu, value :: Name_Based
06-17 08:37:56.053  1997  2104 W bt_device_interop:  feature:: 30, key :: ZUK, value :: Name_Based
06-17 08:37:56.053  1997  2104 W bt_device_interop:  feature:: 30, key :: ITAG, value :: Name_Based
06-17 08:37:56.053  1997  2104 W bt_device_interop:  feature:: 30, key :: Pokemon GO Plus, value :: Name_Based
06-17 08:37:56.053  1997  2104 W bt_device_interop:  feature:: 32, key :: 2c:dc:ad:08, value :: Address_Based
06-17 08:37:56.053  1997  2104 W bt_device_interop:  feature:: 32, key :: 74:6f:f7, value :: Address_Based
06-17 08:37:56.055   748  2109 I LocSvc_api_v02: ---> locClientSupportMsgCheck line 2273 QMI_LOC_GET_SUPPORTED_MSGS_REQ_V02
06-17 08:37:56.056   748  2109 I LocSvc_api_v02: ---> locClientSendReq line 2154 QMI_LOC_QUERY_AON_CONFIG_REQ_V02
06-17 08:37:56.056  1075  1204 I OMXClient: IOmx service obtained
06-17 08:37:56.056  1107  1107 I OMXMaster: makeComponentInstance(OMX.google.flac.decoder) in omx@1.0-service process
06-17 08:37:56.056   748  2115 I LocSvc_ApiV02: <--- globalRespCb line 151 QMI_LOC_QUERY_AON_CONFIG_REQ_V02
06-17 08:37:56.056   748  2109 I LocSvc_api_v02: ---> locClientSendReq line 2154 QMI_LOC_GET_SUPPORTED_FEATURE_REQ_V02
06-17 08:37:56.057   748  2115 I LocSvc_ApiV02: <--- globalRespCb line 151 QMI_LOC_GET_SUPPORTED_FEATURE_REQ_V02
06-17 08:37:56.057   748  2109 I LocSvc_api_v02: ---> locClientSendReq line 2154 QMI_LOC_SET_GNSS_CONSTELL_REPORT_CONFIG_V02
06-17 08:37:56.059   748  2115 I LocSvc_ApiV02: <--- globalRespCb line 151 QMI_LOC_SET_GNSS_CONSTELL_REPORT_CONFIG_V02
06-17 08:37:56.060   748  2109 I LocSvc_api_v02: ---> locClientSendReq line 2154 QMI_LOC_SET_PREMIUM_SERVICES_CONFIG_REQ_V02
06-17 08:37:56.060   748  2115 I LocSvc_ApiV02: <--- globalRespCb line 151 QMI_LOC_SET_PREMIUM_SERVICES_CONFIG_REQ_V02
06-17 08:37:56.060   748  2109 I LocSvc_api_v02: ---> locClientSendReq line 2154 QMI_LOC_SET_PREMIUM_SERVICES_CONFIG_REQ_V02
06-17 08:37:56.061   748  2115 I LocSvc_ApiV02: <--- globalRespCb line 151 QMI_LOC_SET_PREMIUM_SERVICES_CONFIG_REQ_V02
06-17 08:37:56.061   748  2109 I LocSvc_api_v02: ---> locClientSendReq line 2154 QMI_LOC_SET_PREMIUM_SERVICES_CONFIG_REQ_V02
06-17 08:37:56.063   748  2115 I LocSvc_ApiV02: <--- globalRespCb line 151 QMI_LOC_SET_PREMIUM_SERVICES_CONFIG_REQ_V02
06-17 08:37:56.063  1997  2104 W bt_device_profile: profile_config_init load config file succesful : /data/misc/bluedroid/bt_profile.conf
06-17 08:37:56.063  1997  2104 W bt_device_profile:  AVRCP_ID: key :: avrcp_0103_support, value :: false
06-17 08:37:56.063  1997  2104 W bt_device_profile:  AVRCP_ID: entry->profile_feature_type.avrcp_feature_entry.avrcp_0103_support false
06-17 08:37:56.063  1997  2104 W bt_device_profile:  AVRCP_ID: key :: avrcp_coverart_support, value :: true
06-17 08:37:56.063  1997  2104 W bt_device_profile:  AVRCP_ID: &entry->profile_feature_type.avrcp_feature_entry.avrcp_coverart_support true
06-17 08:37:56.063  1997  2104 D bt_device_profile: Entry is already present in the list
06-17 08:37:56.063  1997  2104 W bt_device_profile:  PBAP_ID: key :: pbap_0102_support, value :: true
06-17 08:37:56.063  1997  2104 W bt_device_profile:  PBAP_ID: key :: use_sim_support, value :: true
06-17 08:37:56.063  1997  2104 D bt_device_profile: Entry is already present in the list
06-17 08:37:56.063  1997  2104 W bt_device_profile:  MAP_ID: key :: map_email_support, value :: true
06-17 08:37:56.063   748  2109 I LocSvc_api_v02: ---> locClientSendReq line 2154 QMI_LOC_SET_PROTOCOL_CONFIG_PARAMETERS_REQ_V02
06-17 08:37:56.063  1997  2104 I bt_stack_config: init attempt to load stack conf from /etc/bluetooth/bt_stack.conf
06-17 08:37:56.064   748  2115 I LocSvc_ApiV02: <--- globalRespCb line 151 QMI_LOC_SET_PROTOCOL_CONFIG_PARAMETERS_REQ_V02
06-17 08:37:56.064   748  2109 I LocSvc_api_v02: ---> locClientSendReq line 2154 QMI_LOC_SET_PROTOCOL_CONFIG_PARAMETERS_REQ_V02
06-17 08:37:56.065   748  2115 I LocSvc_ApiV02: <--- globalRespCb line 151 QMI_LOC_SET_PROTOCOL_CONFIG_PARAMETERS_REQ_V02
06-17 08:37:56.066   748  2109 I LocSvc_api_v02: ---> locClientSendReq line 2154 QMI_LOC_SET_PROTOCOL_CONFIG_PARAMETERS_REQ_V02
06-17 08:37:56.066   748  2115 I LocSvc_ApiV02: <--- globalRespCb line 151 QMI_LOC_SET_PROTOCOL_CONFIG_PARAMETERS_REQ_V02
06-17 08:37:56.066   748  2109 I LocSvc_api_v02: ---> locClientSendReq line 2154 QMI_LOC_SET_SERVER_REQ_V02
06-17 08:37:56.067   748  2115 I LocSvc_ApiV02: <--- globalRespCb line 151 QMI_LOC_SET_SERVER_REQ_V02
06-17 08:37:56.067   748  2109 I LocSvc_api_v02: ---> locClientSendReq line 2154 QMI_LOC_SET_SENSOR_CONTROL_CONFIG_REQ_V02
06-17 08:37:56.067   748  2115 I LocSvc_ApiV02: <--- globalRespCb line 151 QMI_LOC_SET_SENSOR_CONTROL_CONFIG_REQ_V02
06-17 08:37:56.067   748  2109 I LocSvc_api_v02: ---> locClientSendReq line 2154 QMI_LOC_SET_PROTOCOL_CONFIG_PARAMETERS_REQ_V02
06-17 08:37:56.068   748  2115 I LocSvc_ApiV02: <--- globalRespCb line 151 QMI_LOC_SET_PROTOCOL_CONFIG_PARAMETERS_REQ_V02
06-17 08:37:56.068   748  2109 I LocSvc_api_v02: ---> locClientSendReq line 2154 QMI_LOC_SET_PROTOCOL_CONFIG_PARAMETERS_REQ_V02
06-17 08:37:56.069   748  2115 I LocSvc_ApiV02: <--- globalRespCb line 151 QMI_LOC_SET_PROTOCOL_CONFIG_PARAMETERS_REQ_V02
06-17 08:37:56.069   748  2109 I LocSvc_api_v02: ---> locClientSendReq line 2154 QMI_LOC_SET_NMEA_TYPES_REQ_V02
06-17 08:37:56.069   748  2115 I LocSvc_ApiV02: <--- globalRespCb line 151 QMI_LOC_SET_NMEA_TYPES_REQ_V02
06-17 08:37:56.069   748  2109 I LocSvc_api_v02: ---> locClientSendReq line 2154 QMI_LOC_SET_XTRA_VERSION_CHECK_REQ_V02
06-17 08:37:56.070   748  2115 I LocSvc_ApiV02: <--- globalRespCb line 151 QMI_LOC_SET_XTRA_VERSION_CHECK_REQ_V02
06-17 08:37:56.070   748  2109 I LocSvc_api_v02: ---> locClientSendReq line 2154 QMI_LOC_SET_SENSOR_PERFORMANCE_CONTROL_CONFIGURATION_REQ_V02
06-17 08:37:56.070   748  2115 I LocSvc_ApiV02: <--- globalRespCb line 151 QMI_LOC_SET_SENSOR_PERFORMANCE_CONTROL_CONFIGURATION_REQ_V02
06-17 08:37:56.070   748  2109 I LocSvc_api_v02: ---> locClientSendReq line 2154 QMI_LOC_REG_EVENTS_REQ_V02
06-17 08:37:56.071  1595  1764 D GnssLocationProvider: gnssSetCapabilitesCb: 99u
06-17 08:37:56.071  1595  1764 D GnssLocationProvider: gnssSetSystemInfoCb: yearOfHw=2017
06-17 08:37:56.071   748  2109 I LocSvc_api_v02: locClientOpen:2000]: Service instance id is -1
06-17 08:37:56.071   748  2109 I LocSvc_api_v02: ---> locClientOpenInstance line 1875 loc client open
06-17 08:37:56.071  1997  2120 I bt_osi_thread: run_thread: thread id 2120, thread name bt_jni_workqueue started
06-17 08:37:56.071  1997  2104 I bt_btif_core: btif_init_bluetooth finished
06-17 08:37:56.071   748  2109 I LocSvc_api_v02: ---> locClientSendReq line 2154 QMI_LOC_REG_EVENTS_REQ_V02
06-17 08:37:56.072  1997  2120 I bt_btif_core: run_message_loop entered
06-17 08:37:56.072   748  2109 I LocSvc_api_v02: ---> locClientSendReq line 2154 QMI_LOC_QUERY_AON_CONFIG_REQ_V02
06-17 08:37:56.072  1997  2104 I bt_stack_manager: event_init_stack finished
06-17 08:37:56.072   748  2121 I LocSvc_ApiV02: <--- globalRespCb line 151 QMI_LOC_QUERY_AON_CONFIG_REQ_V02
06-17 08:37:56.072   748  2109 I LocSvc_api_v02: ---> locClientSendReq line 2154 QMI_LOC_GET_SUPPORTED_FEATURE_REQ_V02
06-17 08:37:56.072  1997  1997 I bt_btif : get_profile_interface: id = socket
06-17 08:37:56.073  1997  2120 E bt_btif_storage: btif_storage_get_adapter_property: Controller not ready! Unable to return Bluetooth Address
06-17 08:37:56.073   748  2121 I LocSvc_ApiV02: <--- globalRespCb line 151 QMI_LOC_GET_SUPPORTED_FEATURE_REQ_V02
06-17 08:37:56.073  1997  2120 E BluetoothServiceJni: adapter_properties_callback: Status 1 is incorrect
06-17 08:37:56.073   748  2109 I LocSvc_api_v02: ---> locClientSendReq line 2154 QMI_LOC_SET_GNSS_CONSTELL_REPORT_CONFIG_V02
06-17 08:37:56.074   748  2121 I LocSvc_ApiV02: <--- globalRespCb line 151 QMI_LOC_SET_GNSS_CONSTELL_REPORT_CONFIG_V02
06-17 08:37:56.074  1997  1997 I bt_btif : get_profile_interface: id = sdp
06-17 08:37:56.078   595   595 I SELinux : SELinux: Loaded service_contexts from:
06-17 08:37:56.078   595   595 I SELinux :     /vendor/etc/selinux/vndservice_contexts
06-17 08:37:56.079   595   595 I SELinux : avc:  received setenforce notice (enforcing=0)
06-17 08:37:56.079   762   812 D PerMgrSrv: modem state: is on-line, add client GPS
06-17 08:37:56.079   762   812 D PerMgrSrv: GPS registered
06-17 08:37:56.080   748  2109 D PerMgrLib: GPS successfully registered for modem
06-17 08:37:56.080   748  2109 D PerMgrLib: GPS voting for modem
06-17 08:37:56.080   762   812 D PerMgrSrv: GPS voting for modem
06-17 08:37:56.080   762   812 D PerMgrSrv: modem num voters is 5
06-17 08:37:56.080   748  2109 I LocSvc_api_v02: ---> locClientSendReq line 2154 QMI_LOC_SET_ENGINE_LOCK_REQ_V02
06-17 08:37:56.084  1075  1204 I OMXClient: IOmx service obtained
06-17 08:37:56.084  1107  1107 I OMXMaster: makeComponentInstance(OMX.google.g711.alaw.decoder) in omx@1.0-service process
06-17 08:37:56.096  1075  1204 I OMXClient: IOmx service obtained
06-17 08:37:56.096  1107  1189 I OMXMaster: makeComponentInstance(OMX.google.g711.mlaw.decoder) in omx@1.0-service process
06-17 08:37:56.096   748  2115 I LocSvc_ApiV02: <--- globalRespCb line 151 QMI_LOC_SET_ENGINE_LOCK_REQ_V02
06-17 08:37:56.097  2032  2032 I Perf    : Connecting to perf service.
06-17 08:37:56.095   594   594 I chatty  : uid=1000(system) hwservicemanage identical 7 lines
06-17 08:37:56.099   594   594 I snet_event_log: [121035042,-1,]
06-17 08:37:56.099  1595  2012 I commit_sys_config_file: [input-subtypes,63]
06-17 08:37:56.100   594   594 I snet_event_log: [121035042,-1,]
06-17 08:37:56.100  1075  1204 I OMXClient: IOmx service obtained
06-17 08:37:56.100  1107  1189 I OMXMaster: makeComponentInstance(OMX.google.gsm.decoder) in omx@1.0-service process
06-17 08:37:56.103   748  2109 E Diag_Lib:  Diag_LSM_Init: Failed to open handle to diag driver, error = 13
06-17 08:37:56.111  1075  1204 I OMXClient: IOmx service obtained
06-17 08:37:56.111  1107  1189 I OMXMaster: makeComponentInstance(OMX.google.mp3.decoder) in omx@1.0-service process
06-17 08:37:56.121  1075  1204 I OMXClient: IOmx service obtained
06-17 08:37:56.121  1107  1189 I OMXMaster: makeComponentInstance(OMX.google.opus.decoder) in omx@1.0-service process
06-17 08:37:56.122   748  2109 I LocSvc_api_v02: ---> locClientSendReq line 2154 QMI_LOC_REG_EVENTS_REQ_V02
06-17 08:37:56.124   748  2109 I LocSvc_api_v02: ---> locClientSendReq line 2154 QMI_LOC_REG_EVENTS_REQ_V02
06-17 08:37:56.125   748  2109 D PerMgrLib: GPS unvoting for modem
06-17 08:37:56.125   762   812 D PerMgrSrv: GPS removing vote for modem
06-17 08:37:56.125   762   812 D PerMgrSrv: modem num voters is 5
06-17 08:37:56.125   748  2109 I LocSvc_api_v02: ---> locClientSendReq line 2154 QMI_LOC_SET_ENGINE_LOCK_REQ_V02
06-17 08:37:56.126   736   736 D SDM     : DisplayBase::BuildLayerStackStats: LayerStack layer_count: 2, app_layer_count: 1, gpu_target_index: 1, display type: 0
06-17 08:37:56.127   748  2115 I LocSvc_ApiV02: <--- globalRespCb line 151 QMI_LOC_SET_ENGINE_LOCK_REQ_V02
06-17 08:37:56.128   748  2109 I LocSvc_api_v02: ---> locClientSendReq line 2154 QMI_LOC_SET_SERVER_REQ_V02
06-17 08:37:56.128   748  2115 I LocSvc_ApiV02: <--- globalRespCb line 151 QMI_LOC_SET_SERVER_REQ_V02
06-17 08:37:56.128   748  2109 I LocSvc_api_v02: ---> locClientSendReq line 2154 QMI_LOC_SET_PROTOCOL_CONFIG_PARAMETERS_REQ_V02
06-17 08:37:56.129   748  2115 I LocSvc_ApiV02: <--- globalRespCb line 151 QMI_LOC_SET_PROTOCOL_CONFIG_PARAMETERS_REQ_V02
06-17 08:37:56.129   748  2109 I LocSvc_api_v02: ---> locClientSendReq line 2154 QMI_LOC_SET_PROTOCOL_CONFIG_PARAMETERS_REQ_V02
06-17 08:37:56.130   748  2115 I LocSvc_ApiV02: <--- globalRespCb line 151 QMI_LOC_SET_PROTOCOL_CONFIG_PARAMETERS_REQ_V02
06-17 08:37:56.130   748  2109 I LocSvc_api_v02: ---> locClientSendReq line 2154 QMI_LOC_SET_ENGINE_LOCK_REQ_V02
06-17 08:37:56.130   748  2115 I LocSvc_ApiV02: <--- globalRespCb line 151 QMI_LOC_SET_ENGINE_LOCK_REQ_V02
06-17 08:37:56.133  2073  2073 I WebViewLoader-: System.exit called, status: 0
06-17 08:37:56.133  2073  2073 I AndroidRuntime: VM exiting with result code 0, cleanup skipped.
06-17 08:37:56.138  1075  1204 I OMXClient: IOmx service obtained
06-17 08:37:56.138  1107  1107 I OMXMaster: makeComponentInstance(OMX.google.raw.decoder) in omx@1.0-service process
06-17 08:37:56.143  1039  1039 I Zygote  : Process 2073 exited cleanly (0)
06-17 08:37:56.144  1075  1204 I OMXClient: IOmx service obtained
06-17 08:37:56.144  1107  1107 I OMXMaster: makeComponentInstance(OMX.google.vorbis.decoder) in omx@1.0-service process
06-17 08:37:56.152  1075  1204 I OMXClient: IOmx service obtained
06-17 08:37:56.153  1107  1107 I OMXMaster: makeComponentInstance(OMX.google.aac.encoder) in omx@1.0-service process
06-17 08:37:56.164  1075  1204 I OMXClient: IOmx service obtained
06-17 08:37:56.164  1107  1189 I OMXMaster: makeComponentInstance(OMX.google.amrnb.encoder) in omx@1.0-service process
06-17 08:37:56.167   594   594 W hwservicemanager: getTransport: Cannot find entry vendor.qti.hardware.iop@2.0::IIop/default in either framework or device manifest.
06-17 08:37:56.167  1595  1899 I InputReader: Reconfiguring input devices.  changes=0x00000010
06-17 08:37:56.167  1595  1595 E ANDR-PERF-JNI: Iop tryGetService failed
06-17 08:37:56.169  1595  1595 I ActivityManager: Loaded persisted task ids for user 0
06-17 08:37:56.161   594   594 I chatty  : uid=1000(system) hwservicemanage identical 12 lines
06-17 08:37:56.166   594   594 I snet_event_log: [121035042,-1,]
06-17 08:37:56.170  1595  1595 I wm_task_created: [1,0]
06-17 08:37:56.171   594   594 I snet_event_log: [121035042,-1,]
06-17 08:37:56.172  1075  1204 I OMXClient: IOmx service obtained
06-17 08:37:56.172  1107  1189 I OMXMaster: makeComponentInstance(OMX.google.amrwb.encoder) in omx@1.0-service process
06-17 08:37:56.171   594   594 I snet_event_log: [121035042,-1,]
06-17 08:37:56.173  1595  1595 I wm_task_moved: [1,0,2147483647]
06-17 08:37:56.174  1595  1595 I am_create_task: [0,1]
06-17 08:37:56.174  1595  1595 I am_create_activity: [0,226526210,1,com.android.settings/.FallbackHome,android.intent.action.MAIN,NULL,NULL,276824320]
06-17 08:37:56.174  1595  1595 I wm_task_moved: [1,0,2147483647]
06-17 08:37:56.176   736   736 D SDM     : DisplayBase::BuildLayerStackStats: LayerStack layer_count: 2, app_layer_count: 1, gpu_target_index: 1, display type: 0
06-17 08:37:56.178   594   594 I snet_event_log: [121035042,-1,]
06-17 08:37:56.179  1595  1595 D ActivityTrigger: activityStartTrigger: Activity is Triggerred in full screen ApplicationInfo{4c5f72a com.android.settings}
06-17 08:37:56.179  1595  1595 E ActivityTrigger: activityStartTrigger: not whiteListedcom.android.settings/com.android.settings.FallbackHome/28
06-17 08:37:56.179  1075  1204 I OMXClient: IOmx service obtained
06-17 08:37:56.179  1107  1189 I OMXMaster: makeComponentInstance(OMX.google.flac.encoder) in omx@1.0-service process
06-17 08:37:56.180  1595  1595 D CompatibilityInfo: mCompatibilityFlags - 0
06-17 08:37:56.180  1595  1595 D CompatibilityInfo: applicationDensity - 320
06-17 08:37:56.180  1595  1595 D CompatibilityInfo: applicationScale - 1.0
06-17 08:37:56.181  1595  1595 D ActivityTrigger: activityResumeTrigger: The activity in ApplicationInfo{4c5f72a com.android.settings} is now in focus and seems to be in full-screen mode
06-17 08:37:56.181  1595  1595 E ActivityTrigger: activityResumeTrigger: not whiteListedcom.android.settings/com.android.settings.FallbackHome/28
06-17 08:37:56.185  1075  1204 I OMXClient: IOmx service obtained
06-17 08:37:56.185  1107  1107 I OMXMaster: makeComponentInstance(OMX.qcom.video.decoder.avc) in omx@1.0-service process
06-17 08:37:56.191  1107  1107 E         : Service not available yet
06-17 08:37:56.193   736   736 D SDM     : DisplayBase::BuildLayerStackStats: LayerStack layer_count: 2, app_layer_count: 1, gpu_target_index: 1, display type: 0
06-17 08:37:56.184   594   594 I chatty  : uid=1000(system) hwservicemanage identical 2 lines
06-17 08:37:56.185   594   594 I snet_event_log: [121035042,-1,]
06-17 08:37:56.198  1595  1774 I commit_sys_config_file: [settings-0-0,4]
06-17 08:37:56.204   594   594 I snet_event_log: [121035042,-1,]
06-17 08:37:56.207  1107  1107 I OMX-VDEC-1080P: Video slvp perflock acquired
06-17 08:37:56.205   594   594 I snet_event_log: [121035042,-1,]
06-17 08:37:56.199  1107  1107 I auditd  : type=1400 audit(0.0:84): avc: denied { read } for comm="omx@1.0-service" name="u:object_r:default_prop:s0" dev="tmpfs" ino=18286 scontext=u:r:mediacodec:s0 tcontext=u:object_r:default_prop:s0 tclass=file permissive=1
06-17 08:37:56.199  1107  1107 I omx@1.0-service: type=1400 audit(0.0:84): avc: denied { read } for name="u:object_r:default_prop:s0" dev="tmpfs" ino=18286 scontext=u:r:mediacodec:s0 tcontext=u:object_r:default_prop:s0 tclass=file permissive=1
06-17 08:37:56.199  1107  1107 I auditd  : type=1400 audit(0.0:85): avc: denied { open } for comm="omx@1.0-service" path="/dev/__properties__/u:object_r:default_prop:s0" dev="tmpfs" ino=18286 scontext=u:r:mediacodec:s0 tcontext=u:object_r:default_prop:s0 tclass=file permissive=1
06-17 08:37:56.199  1107  1107 I omx@1.0-service: type=1400 audit(0.0:85): avc: denied { open } for path="/dev/__properties__/u:object_r:default_prop:s0" dev="tmpfs" ino=18286 scontext=u:r:mediacodec:s0 tcontext=u:object_r:default_prop:s0 tclass=file permissive=1
06-17 08:37:56.199  1107  1107 I auditd  : type=1400 audit(0.0:86): avc: denied { getattr } for comm="omx@1.0-service" path="/dev/__properties__/u:object_r:default_prop:s0" dev="tmpfs" ino=18286 scontext=u:r:mediacodec:s0 tcontext=u:object_r:default_prop:s0 tclass=file permissive=1
06-17 08:37:56.199  1107  1107 I omx@1.0-service: type=1400 audit(0.0:86): avc: denied { getattr } for path="/dev/__properties__/u:object_r:default_prop:s0" dev="tmpfs" ino=18286 scontext=u:r:mediacodec:s0 tcontext=u:object_r:default_prop:s0 tclass=file permissive=1
06-17 08:37:56.210   736   736 D SDM     : DisplayBase::BuildLayerStackStats: LayerStack layer_count: 2, app_layer_count: 1, gpu_target_index: 1, display type: 0
01-01 10:32:03.653     0     0 I msm_vidc: info: Opening video instance: 0000000000000000, 1
01-01 10:32:03.658     0     0 I subsys-restart: __subsystem_get(): Changing subsys fw_name to venus
06-17 08:37:56.214  1595  1595 W system_server: Framework Matrix: Ignore file /system/etc/vintf/manifest.xml: 
06-17 08:37:56.214  1595  1595 W system_server: 
06-17 08:37:56.222  1595  1595 D ActivityTrigger: activityResumeTrigger: The activity in ApplicationInfo{4c5f72a com.android.settings} is now in focus and seems to be in full-screen mode
06-17 08:37:56.222  1595  1595 E ActivityTrigger: activityResumeTrigger: not whiteListedcom.android.settings/com.android.settings.FallbackHome/28
06-17 08:37:56.222  1595  1595 D CompatibilityInfo: mCompatibilityFlags - 0
06-17 08:37:56.222  1595  1595 D CompatibilityInfo: applicationDensity - 320
06-17 08:37:56.222  1595  1595 D CompatibilityInfo: applicationScale - 1.0
06-17 08:37:56.223  1595  1595 D SystemServerTiming: ActivityManagerStartApps took to complete: 219ms
06-17 08:37:56.223  1595  1595 D SystemServerTiming: PhaseActivityManagerReady took to complete: 582ms
06-17 08:37:56.223  1595  1644 W system_server: Long monitor contention with owner main (1595) at void com.android.server.am.ActivityManagerService.systemReady(java.lang.Runnable, android.util.TimingsTraceLog)(ActivityManagerService.java:15410) waiters=0 in void com.android.server.am.ActivityManagerService.lambda$startProcessLocked$0(com.android.server.am.ActivityManagerService, com.android.server.am.ProcessRecord, long, java.lang.String, java.lang.String, int[], int, int, java.lang.String, java.lang.String) for 217ms
06-17 08:37:56.223  1595  1644 I dvm_lock_sample: [system_server,1,ActivityManager:procStart,217,ActivityManagerService.java,4473,void com.android.server.am.ActivityManagerService.lambda$startProcessLocked$0(com.android.server.am.ActivityManagerService, com.android.server.am.ProcessRecord, long, java.lang.String, java.lang.String, int[], int, int, java.lang.String, java.lang.String),-,15410,void com.android.server.am.ActivityManagerService.systemReady(java.lang.Runnable, android.util.TimingsTraceLog),43]
06-17 08:37:56.224  1595  1644 W ActivityManager: Slow operation: 218ms so far, now at startProcess: asking zygote to start proc
06-17 08:37:56.224  1595  1595 D SystemServerInitThreadPool: Shutdown successful
06-17 08:37:56.224  1595  1595 D SystemServerTiming: StartServices took to complete: 76179ms
06-17 08:37:56.224  1595  1643 W system_server: Long monitor contention with owner main (1595) at void com.android.server.am.ActivityManagerService.systemReady(java.lang.Runnable, android.util.TimingsTraceLog)(ActivityManagerService.java:15410) waiters=1 in void com.android.server.am.ActivityManagerService.dispatchUidsChanged() for 218ms
06-17 08:37:56.224  1595  1595 I sysui_histogram: [boot_system_server_ready,95680]
06-17 08:37:56.224  1595  1643 I dvm_lock_sample: [system_server,1,android.ui,218,ActivityManagerService.java,4972,void com.android.server.am.ActivityManagerService.dispatchUidsChanged(),-,15410,void com.android.server.am.ActivityManagerService.systemReady(java.lang.Runnable, android.util.TimingsTraceLog),43]
06-17 08:37:56.224  1595  1595 I sysui_multi_action: [757,804,799,boot_system_server_ready,801,95680,802,1]
06-17 08:37:56.224  1595  1595 E SystemServerTiming: SystemServer init took too long. uptimeMillis=95680
06-17 08:37:56.225  1595  1624 I ActivityManager: Process WebViewLoader-armeabi-v7a (pid 2052) has died: psvc PER 
06-17 08:37:56.225  1595  1624 I am_proc_died: [0,2052,WebViewLoader-armeabi-v7a,-700,0]
06-17 08:37:56.225  1595  1645 W libprocessgroup: kill(-2052, 9) failed: No such process
06-17 08:37:56.225  1595  1645 I libprocessgroup: Successfully killed process cgroup uid 1037 pid 2052 in 0ms
06-17 08:37:56.229  1595  1624 I am_mem_factor: [3,0]
06-17 08:37:56.230  1595  1624 I am_low_memory: 8
06-17 08:37:56.231  1595  1656 W system_server: Long monitor contention with owner main (1595) at void com.android.server.am.ActivityManagerService.systemReady(java.lang.Runnable, android.util.TimingsTraceLog)(ActivityManagerService.java:15410) waiters=3 in int com.android.server.am.ActivityManagerService.broadcastIntent(android.app.IApplicationThread, android.content.Intent, java.lang.String, android.content.IIntentReceiver, int, java.lang.String, android.os.Bundle, java.lang.String[], int, android.os.Bundle, boolean, boolean, int) for 196ms
06-17 08:37:56.231  1595  1656 I dvm_lock_sample: [system_server,0,android.fg,196,ActivityManagerService.java,22109,int com.android.server.am.ActivityManagerService.broadcastIntent(android.app.IApplicationThread, android.content.Intent, java.lang.String, android.content.IIntentReceiver, int, java.lang.String, android.os.Bundle, java.lang.String[], int, android.os.Bundle, boolean, boolean, int),-,15410,void com.android.server.am.ActivityManagerService.systemReady(java.lang.Runnable, android.util.TimingsTraceLog),39]
06-17 08:37:56.232  1595  1640 W system_server: Long monitor contention with owner main (1595) at void com.android.server.am.ActivityManagerService.systemReady(java.lang.Runnable, android.util.TimingsTraceLog)(ActivityManagerService.java:15410) waiters=4 in android.content.Intent com.android.server.am.ActivityManagerService.registerReceiver(android.app.IApplicationThread, java.lang.String, android.content.IIntentReceiver, android.content.IntentFilter, java.lang.String, int, int) for 191ms
06-17 08:37:56.232  1595  1656 W Looper  : Slow dispatch took 197ms android.fg h=com.android.server.DropBoxManagerService$3 c=null m=1
