06-17 08:37:57.571  2194  2194 D DefaultPhoneNotifier: nofityServiceState: mRegistry=com.android.internal.telephony.ITelephonyRegistry$Stub$Proxy@4fd74d9 ss={mVoiceRegState=1(OUT_OF_SERVICE), mDataRegState=1(OUT_OF_SERVICE), mChannelNumber=-1, duplexMode()=0, mCellBandwidths=[], mVoiceRoamingType=home, mDataRoamingType=home, mVoiceOperatorAlphaLong=, mVoiceOperatorAlphaShort=, mDataOperatorAlphaLong=, mDataOperatorAlphaShort=, isManualNetworkSelection=false(automatic), mRilVoiceRadioTechnology=0(Unknown), mRilDataRadioTechnology=0(Unknown), mCssIndicator=unsupported, mNetworkId=-1, mSystemId=-1, mCdmaRoamingIndicator=-1, mCdmaDefaultRoamingIndicator=-1, mIsEmergencyOnly=false, mIsDataRoamingFromRegistration=false, mIsUsingCarrierAggregation=false, mLteEarfcnRsrpBoost=0, mNetworkRegistrationStates=[NetworkRegistrationState{transportType=1 domain=PS regState=NOT_REG_SEARCHING accessNetworkTechnology=UNKNOWN reasonForDenial=0 emergencyEnabled=false supportedServices=null cellIdentity=null voiceSpecificStates=null dataSpecificStates=DataSpecificRegistrationStates { mMaxDataCalls=20}}, NetworkRegistrationState{transportType=1 domain=CS regState=NOT_REG_SEARCHING accessNetworkTechnology=UNKNOWN reasonForDenial=0 emergencyEnabled=false supportedServices=null cellIdentity=null voiceSpecificStates=VoiceSpecificRegistrationStates { mCssSupported=false mRoamingIndicator=-1 mSystemIsInPrl=-1 mDefaultRoamingIndicator=-1} dataSpecificStates=null}]} sender=Handler (com.qualcomm.qti.internal.telephony.QtiGsmCdmaPhone) {4ed39a2} phondId=1 subId=2147483644
06-17 08:37:57.571  1595  1917 W BestClock: java.time.DateTimeException: Missing NTP fix
06-17 08:37:57.572  1595  1917 W BestClock: java.time.DateTimeException: Missing NTP fix
06-17 08:37:57.574  2032  2032 D KeyguardUpdateMonitor: handleKeyguardBouncerChanged(0)
06-17 08:37:57.574  2032  2032 V KeyguardUpdateMonitor: startListeningForFingerprint()
06-17 08:37:57.574  2194  2194 D QtiSubscriptionController: getPhoneId, received dummy subId 2147483643
06-17 08:37:57.575  2032  2032 D KeyguardUpdateMonitor: handleKeyguardReset
06-17 08:37:57.575  2032  2032 V KeyguardUpdateMonitor: startListeningForFingerprint()
06-17 08:37:57.576  2194  2194 D ServiceStateProvider: subId=2147483644
06-17 08:37:57.577   736   736 D SDM     : DisplayBase::BuildLayerStackStats: LayerStack layer_count: 2, app_layer_count: 1, gpu_target_index: 1, display type: 0
06-17 08:37:57.578  2194  2194 D use-Rlog/RLOG-QC_RIL_OEM_HOOK: Received Broadcast Intent ACTION_UNSOL_RESPONSE_OEM_HOOK_RAW
06-17 08:37:57.578  2194  2194 D use-Rlog/RLOG-QC_RIL_OEM_HOOK: Oem ID in QCRILHOOK UNSOL RESP is QOEMHOOK
06-17 08:37:57.578  2194  2194 D use-Rlog/RLOG-QC_RIL_OEM_HOOK: Received Broadcast Intent ACTION_UNSOL_RESPONSE_OEM_HOOK_RAW
06-17 08:37:57.578  2194  2194 D use-Rlog/RLOG-QC_RIL_OEM_HOOK: Oem ID in QCRILHOOK UNSOL RESP is QOEMHOOK
06-17 08:37:57.578  2194  2194 D use-Rlog/RLOG-QC_RIL_OEM_HOOK: Received Broadcast Intent ACTION_UNSOL_RESPONSE_OEM_HOOK_RAW
06-17 08:37:57.578  2194  2194 D use-Rlog/RLOG-QC_RIL_OEM_HOOK: Oem ID in QCRILHOOK UNSOL RESP is QOEMHOOK
06-17 08:37:57.579  2194  2194 D use-Rlog/RLOG-QC_RIL_OEM_HOOK: Received Broadcast Intent ACTION_UNSOL_RESPONSE_OEM_HOOK_RAW
06-17 08:37:57.579  2194  2194 D use-Rlog/RLOG-QC_RIL_OEM_HOOK: Oem ID in QCRILHOOK UNSOL RESP is QOEMHOOK
06-17 08:37:57.579  2194  2194 D use-Rlog/RLOG-QC_RIL_OEM_HOOK: Received Broadcast Intent ACTION_UNSOL_RESPONSE_OEM_HOOK_RAW
06-17 08:37:57.579  2194  2194 D use-Rlog/RLOG-QC_RIL_OEM_HOOK: Oem ID in QCRILHOOK UNSOL RESP is QOEMHOOK
06-17 08:37:57.579  2194  2194 D use-Rlog/RLOG-QC_RIL_OEM_HOOK: Received Broadcast Intent ACTION_UNSOL_RESPONSE_OEM_HOOK_RAW
06-17 08:37:57.579  2194  2194 D use-Rlog/RLOG-QC_RIL_OEM_HOOK: Oem ID in QCRILHOOK UNSOL RESP is QOEMHOOK
06-17 08:37:57.579  2194  2194 D use-Rlog/RLOG-QC_RIL_OEM_HOOK: Received Broadcast Intent ACTION_UNSOL_RESPONSE_OEM_HOOK_RAW
06-17 08:37:57.579  2194  2194 D use-Rlog/RLOG-QC_RIL_OEM_HOOK: Oem ID in QCRILHOOK UNSOL RESP is QOEMHOOK
06-17 08:37:57.579  2194  2194 D use-Rlog/RLOG-QC_RIL_OEM_HOOK: Received Broadcast Intent ACTION_UNSOL_RESPONSE_OEM_HOOK_RAW
06-17 08:37:57.579  2194  2194 D use-Rlog/RLOG-QC_RIL_OEM_HOOK: Oem ID in QCRILHOOK UNSOL RESP is QOEMHOOK
06-17 08:37:57.579  2194  2194 D use-Rlog/RLOG-QC_RIL_OEM_HOOK: Received Broadcast Intent ACTION_UNSOL_RESPONSE_OEM_HOOK_RAW
06-17 08:37:57.579  2194  2194 D use-Rlog/RLOG-QC_RIL_OEM_HOOK: Oem ID in QCRILHOOK UNSOL RESP is QOEMHOOK
06-17 08:37:57.579  2194  2194 I QImsService: ImsSubControllerHandler : Message received: what = 2
06-17 08:37:57.579  2194  2194 I QImsService: ImsSubControllerHandler : Received SubConfig Event phoneId = 0
06-17 08:37:57.579  2194  2194 I QImsService: ImsServiceSub : [0] onStackConfigChanged :: activeStacks[0]=true
06-17 08:37:57.579  2194  2194 I QImsService: ImsServiceSub : [0] oldFeatureState = 0
06-17 08:37:57.579  2194  2194 I ImsFeature: notifying ImsFeatureState=2
06-17 08:37:57.580  2194  2194 I ImsServiceController: notifyImsFeatureStatus: slot=0, feature=1, status=2
06-17 08:37:57.580  2194  2194 I MmTelFeatureConnection: imsStatusChanged: slot: 0 feature: 1 status: 2
06-17 08:37:57.580  2194  2194 D ImsManager: Status Changed: 2
06-17 08:37:57.580  2194  2194 D ImsSmsDispacher: ImsManager: connection ready.
06-17 08:37:57.581  2194  2194 I CallbackAdapterManager: Local callback added: com.android.internal.telephony.ImsSmsDispatcher$1@96b7275
06-17 08:37:57.581  2194  2194 D ImsManager: Registration Callback registered.
06-17 08:37:57.581  2194  2194 I CallbackAdapterManager: Local callback added: com.android.internal.telephony.ImsSmsDispatcher$2@bd26a7b
06-17 08:37:57.581  2194  2194 D ImsManager: Capability Callback registered.
06-17 08:37:57.581  2194  2194 I QImsService: ImsSubControllerHandler : Message received: what = 2
06-17 08:37:57.581  2194  2194 I QImsService: ImsSubControllerHandler : Received SubConfig Event phoneId = 0
06-17 08:37:57.582  2194  2194 I QImsService: ImsServiceSub : [0] onStackConfigChanged :: activeStacks[0]=true
06-17 08:37:57.582  2194  2194 I QImsService: ImsServiceSub : [0] oldFeatureState = 2
06-17 08:37:57.582  2194  2194 I QImsService: ImsSubControllerHandler : Message received: what = 2
06-17 08:37:57.582  2194  2194 I QImsService: ImsSubControllerHandler : Received SubConfig Event phoneId = 1
06-17 08:37:57.582  2194  2194 I QImsService: ImsServiceSub : [1] onStackConfigChanged :: activeStacks[1]=false
06-17 08:37:57.582  2194  2194 I QImsService: ImsServiceSub : [1] oldFeatureState = 0
06-17 08:37:57.582  2194  2194 I QImsService: ImsSubControllerHandler : Message received: what = 2
06-17 08:37:57.582  2194  2194 I QImsService: ImsSubControllerHandler : Received SubConfig Event phoneId = 1
06-17 08:37:57.582  2194  2194 I QImsService: ImsServiceSub : [1] onStackConfigChanged :: activeStacks[1]=false
06-17 08:37:57.582  2194  2194 I QImsService: ImsServiceSub : [1] oldFeatureState = 0
06-17 08:37:57.582  2194  2194 E CarrierActionAgent: [0]Unsupported action: 7
06-17 08:37:57.582  2194  2194 D CarrierActionAgent: [0]EVENT_SIM_STATE_CHANGED status: ABSENT
06-17 08:37:57.582  2194  2194 E CarrierActionAgent: [1]Unsupported action: 7
06-17 08:37:57.582  2194  2194 D CarrierActionAgent: [1]EVENT_SIM_STATE_CHANGED status: ABSENT
06-17 08:37:57.582  2194  2194 I VvmSimStateTracker: android.intent.action.SIM_STATE_CHANGED
06-17 08:37:57.582  2032  2032 D KeyguardUpdateMonitor: handleSimStateChange(subId=2147483643, slotId=0, state=ABSENT)
06-17 08:37:57.582  2032  2032 D CarrierText: onSimStateChanged: SimMissing
06-17 08:37:57.582  2032  2032 D CarrierText: onSimStateChanged: SimMissing
06-17 08:37:57.583  1595  2012 D CompatibilityInfo: mCompatibilityFlags - 0
06-17 08:37:57.583  1595  2012 D CompatibilityInfo: applicationDensity - 320
06-17 08:37:57.583  1595  2012 D CompatibilityInfo: applicationScale - 1.0
06-17 08:37:57.583  2194  2194 D TelephonyProvider: subIdString = 2147483644 subId = 2147483644
06-17 08:37:57.585  2194  2194 D TelephonyProvider: getPreferredApnIdFromApn: for subId 2147483644
06-17 08:37:57.585  2032  2032 D CarrierText: onSimStateChanged: SimMissing
06-17 08:37:57.585  2032  2032 D KeyguardViewMediator: onSimStateChanged(subId=2147483643, slotId=0,state=ABSENT)
06-17 08:37:57.585  2212  2212 D SimSelectNotification:  no of slots 2 provision = true
06-17 08:37:57.585  2032  2032 V KeyguardUpdateMonitor: onSubscriptionInfoChanged()
06-17 08:37:57.586  2194  2209 D SubscriptionController: [getActiveSubInfoList] Sub Controller not ready
06-17 08:37:57.586  2032  2032 V KeyguardUpdateMonitor: onSubscriptionInfoChanged: list is null
06-17 08:37:57.587  2032  2032 D CarrierText: updateCarrierText(): 0
06-17 08:37:57.587  2032  2032 D CarrierText: Getting plmn/spn sticky brdcst No service/
06-17 08:37:57.587  2032  2032 D CarrierText: updateCarrierText(): 0
06-17 08:37:57.588  2032  2032 D CarrierText: Getting plmn/spn sticky brdcst No service/
06-17 08:37:57.588  2032  2032 D CarrierText: updateCarrierText(): 0
06-17 08:37:57.588  1997  2499 D bt_controller: start_up sending scrambling support VSC
06-17 08:37:57.588  1997  2499 E bt_hci  : read_command_complete_header: return status - 0x1
06-17 08:37:57.588  1997  2499 D bt_controller: start_up number_of_scrambling_supported_freqs 0
06-17 08:37:57.588  1997  2499 I bt_core_module: module_start_up Started module "controller_module"
06-17 08:37:57.588  1997  2499 W bt_osi_thread: run_thread: thread id 2499, thread name module_wrapper exited
06-17 08:37:57.589  2032  2032 D CarrierText: Getting plmn/spn sticky brdcst No service/
06-17 08:37:57.589  1997  2497 W bt_btm  : btm_decode_ext_features_page: feature page 1 ignored
06-17 08:37:57.589  1997  2497 W bt_btm  : btm_decode_ext_features_page: feature page 2 ignored
06-17 08:37:57.589  2032  2032 D KeyguardUpdateMonitor: handleSimStateChange(subId=2147483644, slotId=1, state=ABSENT)
06-17 08:37:57.589  2032  2032 D CarrierText: onSimStateChanged: SimMissing
06-17 08:37:57.589  2032  2032 D CarrierText: onSimStateChanged: SimMissing
06-17 08:37:57.589  1997  2498 I bt_btm_sec: BTM_SecRegister p_cb_info->p_le_callback == 0x0x743b3418dc
06-17 08:37:57.589  1997  2498 I bt_btm_sec: BTM_SecRegister btm_cb.api.p_le_callback = 0x0x743b3418dc 
06-17 08:37:57.589  1997  2498 I bt_stack: [INFO:gatt_api.cc(949)] GATT_Registerc07fb427-0575-4667-65dd-6f8a55f315dc
06-17 08:37:57.589  1997  2498 I bt_stack: [INFO:gatt_api.cc(969)] allocated gatt_if=3
06-17 08:37:57.591  2032  2032 D CarrierText: onSimStateChanged: SimMissing
06-17 08:37:57.591  2032  2032 D KeyguardViewMediator: onSimStateChanged(subId=2147483644, slotId=1,state=ABSENT)
06-17 08:37:57.591  2032  2032 V KeyguardUpdateMonitor: onSubscriptionInfoChanged()
06-17 08:37:57.586  2194  2209 I chatty  : uid=1001(radio) Binder:2194_2 identical 1 line
06-17 08:37:57.592  2194  2209 D SubscriptionController: [getActiveSubInfoList] Sub Controller not ready
06-17 08:37:57.592  2194  2194 D CarrierIdentifier: [matchCarrier - no match] cid: -1 name: null
06-17 08:37:57.592  2032  2032 V KeyguardUpdateMonitor: onSubscriptionInfoChanged: list is null
06-17 08:37:57.593  2194  2209 D SubscriptionController: [getActiveSubInfoList] Sub Controller not ready
06-17 08:37:57.593  2032  2032 D CarrierText: updateCarrierText(): 0
06-17 08:37:57.594   736   736 D SDM     : DisplayBase::BuildLayerStackStats: LayerStack layer_count: 2, app_layer_count: 1, gpu_target_index: 1, display type: 0
06-17 08:37:57.594  2032  2032 D CarrierText: Getting plmn/spn sticky brdcst No service/
06-17 08:37:57.594  2194  2194 I ImsExternalCallTracker: handleVideoCapabilitiesChanged : isVideoCapable = false
06-17 08:37:57.594  2194  2194 D ImsExternalCallTracker: refreshCallPullState
06-17 08:37:57.594  2194  2194 I TelecomFramework: PstnPhoneCapabilitiesNotifier: handleVideoCapabilitesChanged. Video capability - false
06-17 08:37:57.594  2032  2032 D CarrierText: updateCarrierText(): 0
06-17 08:37:57.594  2032  2032 D CarrierText: Getting plmn/spn sticky brdcst No service/
06-17 08:37:57.595  2032  2032 D CarrierText: updateCarrierText(): 0
06-17 08:37:57.595  2194  2194 D TelephonyProvider: subIdString = 2147483643 subId = 2147483643
06-17 08:37:57.595  2194  2194 D TelephonyProvider: getPreferredApnIdFromApn: for subId 2147483643
06-17 08:37:57.595  2032  2032 D CarrierText: Getting plmn/spn sticky brdcst No service/
06-17 08:37:57.595  2032  2032 D KeyguardUpdateMonitor: handleServiceStateChange(subId=2147483643, serviceState={mVoiceRegState=3(POWER_OFF), mDataRegState=3(POWER_OFF), mChannelNumber=-1, duplexMode()=0, mCellBandwidths=[], mVoiceRoamingType=home, mDataRoamingType=home, mVoiceOperatorAlphaLong=, mVoiceOperatorAlphaShort=, mDataOperatorAlphaLong=, mDataOperatorAlphaShort=, isManualNetworkSelection=false(automatic), mRilVoiceRadioTechnology=0(Unknown), mRilDataRadioTechnology=0(Unknown), mCssIndicator=unsupported, mNetworkId=-1, mSystemId=-1, mCdmaRoamingIndicator=-1, mCdmaDefaultRoamingIndicator=-1, mIsEmergencyOnly=false, mIsDataRoamingFromRegistration=false, mIsUsingCarrierAggregation=false, mLteEarfcnRsrpBoost=0, mNetworkRegistrationStates=[]}
06-17 08:37:57.595  2032  2032 D CarrierText: updateCarrierText(): 0
06-17 08:37:57.596  2032  2032 D CarrierText: Getting plmn/spn sticky brdcst No service/
06-17 08:37:57.596  2032  2032 D CarrierText: updateCarrierText(): 0
06-17 08:37:57.596  1997  2498 I bt_stack: [INFO:ble_advertiser_hci_interface.cc(713)] VSC advertising will be in use
06-17 08:37:57.596  2032  2032 D CarrierText: Getting plmn/spn sticky brdcst No service/
06-17 08:37:57.596  1997  2498 I bt_stack: [INFO:ble_advertiser_hci_interface.cc(264)] QuirkAdvertiserZeroHandle in use
06-17 08:37:57.597  1997  2120 D AdapterProperties: BT_PROPERTY_LOCAL_LE_FEATURES: update from BT controller mNumOfAdvertisementInstancesSupported = 16 mRpaOffloadSupported = true mNumOfOffloadedIrkSupported = 32 mNumOfOffloadedScanFilterSupported = 16 mOffloadedScanResultStorageBytes= 10240 mIsActivityAndEnergyReporting = true mVersSupported = 96 mTotNumOfTrackableAdv = 32 mIsExtendedScanSupported = true mIsDebugLogSupported = true mIsLe2MPhySupported = true mIsLeCodedPhySupported = false mIsLeExtendedAdvertisingSupported = false mIsLePeriodicAdvertisingSupported = false mLeMaximumAdvertisingDataLength = 31
06-17 08:37:57.597  2194  2194 D CarrierIdentifier: [matchCarrier - no match] cid: -1 name: null
06-17 08:37:57.598  2194  2194 D SubscriptionController: [getPhoneId]- invalid subId return=-1
06-17 08:37:57.598  2194  2194 D PhoneSwitcher: handle event - 101
06-17 08:37:57.598  2194  2194 D PhoneSwitcher: isAnyVoiceCallActiveOnDevice: false
06-17 08:37:57.598  2194  2194 D SubscriptionController: [getPhoneId]- invalid subId return=-1
06-17 08:37:57.599  2194  2194 I ImsExternalCallTracker: handleVideoCapabilitiesChanged : isVideoCapable = false
06-17 08:37:57.599  2194  2194 D ImsExternalCallTracker: refreshCallPullState
06-17 08:37:57.599  1997  2120 E bt_btif_storage: btif_storage_get_adapter_property: Controller ready!
06-17 08:37:57.599  1997  2120 I bt_btif_storage: btif_storage_get_adapter_property service_mask:0x20000000
06-17 08:37:57.599  2032  2032 D CarrierText: updateCarrierText(): 0
06-17 08:37:57.599  1997  2120 D AdapterProperties: Address is:22:22:88:67:53:F9
06-17 08:37:57.599  2032  2032 D CarrierText: Getting plmn/spn sticky brdcst No service/
06-17 08:37:57.600  2194  2194 D QtiSubscriptionController: getPhoneId, received dummy subId 2147483643
06-17 08:37:57.600  2194  2194 E PhoneInterfaceManager: [PhoneIntfMgr] getIccId: No UICC
06-17 08:37:57.599  2194  2194 I TelecomFramework: PstnPhoneCapabilitiesNotifier: handleVideoCapabilitesChanged. Video capability - false
06-17 08:37:57.600  1595  1595 D BluetoothManagerService: Bluetooth Adapter address changed to 22:22:88:67:53:F9
06-17 08:37:57.600  1997  2120 D AdapterProperties: Name is: QCOM-BTD
06-17 08:37:57.600  1595  1595 D BluetoothManagerService: Stored Bluetoothaddress: 22:22:88:67:53:F9
06-17 08:37:57.600  1595  1595 D BluetoothManagerService: Bluetooth Adapter name changed to QCOM-BTD
06-17 08:37:57.600  1595  1595 D BluetoothManagerService: Stored Bluetooth name: QCOM-BTD
06-17 08:37:57.601  1997  2120 D AdapterProperties: Scan Mode:20
06-17 08:37:57.601  1997  2120 D AdapterProperties: Discoverable Timeout:120
06-17 08:37:57.601  1997  2120 I bt_btif_core: btif_enable_bluetooth_evt entered: status 0
06-17 08:37:57.601  1997  2120 W bt_btif : btif_enable_bluetooth_evt: Saving the Adapter Address
06-17 08:37:57.601  1997  2120 D AdapterProperties: Address is:22:22:88:67:53:F9
06-17 08:37:57.600  2194  2194 D QtiSubscriptionController: getPhoneId, received dummy subId 2147483643
06-17 08:37:57.601  2194  2194 D SubscriptionController: [getActiveSubInfoList] Sub Controller not ready
06-17 08:37:57.601  2194  2194 D SubscriptionController: [getActiveSubInfoForSubscriber]- subId=2147483643 subList=null subInfo=null
06-17 08:37:57.601  1595  1595 D BluetoothManagerService: Bluetooth Adapter address changed to 22:22:88:67:53:F9
06-17 08:37:57.602  1595  1595 D BluetoothManagerService: Stored Bluetoothaddress: 22:22:88:67:53:F9
06-17 08:37:57.602  1997  2510 I bt_osi_thread: run_thread: thread id 2510, thread name btif_sock started
06-17 08:37:57.603  2194  2194 D QtiSubscriptionController: getPhoneId, received dummy subId 2147483643
06-17 08:37:57.603  2032  2032 I ImageWallpaper: Redrawing in rect: RectF(0.0, 0.0, 1553.75, 1280.0) with surface size: 1243x1280
06-17 08:37:57.604  1997  2120 D bt_bte_conf: Device ID record 1 : primary
06-17 08:37:57.604  1997  2120 D bt_bte_conf:   vendorId            = 000f
06-17 08:37:57.604  1997  2120 D bt_bte_conf:   vendorIdSource      = 0001
06-17 08:37:57.604  1997  2120 D bt_bte_conf:   product             = 1200
06-17 08:37:57.604  1997  2120 D bt_bte_conf:   version             = 1436
06-17 08:37:57.604  1997  2120 D bt_bte_conf:   clientExecutableURL = 
06-17 08:37:57.604  1997  2120 D bt_bte_conf:   serviceDescription  = 
06-17 08:37:57.604  1997  2120 D bt_bte_conf:   documentationURL    = 
06-17 08:37:57.604  1997  2120 D bt_bte_conf: bte_load_did_conf no section named DID2.
06-17 08:37:57.604  1997  2120 I bt_btif_core: btif_enable_bluetooth_evt finished
06-17 08:37:57.604  1997  2104 I bt_stack_manager: event_start_up_stack finished
06-17 08:37:57.605  1997  2099 I AdapterState: BLE_ON : entered 
06-17 08:37:57.605  1997  2099 D AdapterProperties: Setting state to BLE_ON
06-17 08:37:57.605  1997  2099 D BluetoothAdapterService: updateAdapterState() - Broadcasting state BLE_ON to 1 receivers.
06-17 08:37:57.605  1595  1657 D BluetoothManagerService: MESSAGE_BLUETOOTH_STATE_CHANGE: BLE_TURNING_ON > BLE_ON
06-17 08:37:57.605  1595  1657 D BluetoothManagerService: Bluetooth is in LE only mode
06-17 08:37:57.605  1595  1657 D BluetoothManagerService: Binding Bluetooth GATT service
06-17 08:37:57.606  1595  1657 D BluetoothManagerService: Sending BLE State Change: BLE_TURNING_ON > BLE_ON
06-17 08:37:57.606  2032  2032 D KeyguardUpdateMonitor: received broadcast android.intent.action.SERVICE_STATE
06-17 08:37:57.607  1595  1595 D BluetoothManagerService: BluetoothServiceConnection: com.android.bluetooth.gatt.GattService
06-17 08:37:57.607  2032  2032 V KeyguardUpdateMonitor: action android.intent.action.SERVICE_STATE serviceState={mVoiceRegState=1(OUT_OF_SERVICE), mDataRegState=1(OUT_OF_SERVICE), mChannelNumber=-1, duplexMode()=0, mCellBandwidths=[], mVoiceRoamingType=home, mDataRoamingType=home, mVoiceOperatorAlphaLong=, mVoiceOperatorAlphaShort=, mDataOperatorAlphaLong=, mDataOperatorAlphaShort=, isManualNetworkSelection=false(automatic), mRilVoiceRadioTechnology=0(Unknown), mRilDataRadioTechnology=0(Unknown), mCssIndicator=unsupported, mNetworkId=-1, mSystemId=-1, mCdmaRoamingIndicator=-1, mCdmaDefaultRoamingIndicator=-1, mIsEmergencyOnly=false, mIsDataRoamingFromRegistration=false, mIsUsingCarrierAggregation=false, mLteEarfcnRsrpBoost=0, mNetworkRegistrationStates=[]} subId=2147483644
06-17 08:37:57.607  1595  1657 D BluetoothManagerService: MESSAGE_BLUETOOTH_SERVICE_CONNECTED: 2
06-17 08:37:57.607  1595  1657 D BluetoothManagerService: continueFromBleOnState()
06-17 08:37:57.607  1595  1657 D BluetoothManagerService: Persisting Bluetooth Setting: 1
06-17 08:37:57.607  1997  2099 I AdapterState: TURNING_ON : entered 
06-17 08:37:57.608  1997  2099 D AdapterProperties: Setting state to TURNING_ON
06-17 08:37:57.608  1997  2099 D BluetoothAdapterService: updateAdapterState() - Broadcasting state TURNING_ON to 1 receivers.
06-17 08:37:57.608  1997  2099 D BluetoothAdapterService: startCoreServices()
06-17 08:37:57.608  1595  1657 D BluetoothManagerService: MESSAGE_BLUETOOTH_STATE_CHANGE: BLE_ON > TURNING_ON
06-17 08:37:57.608  1595  1657 D BluetoothManagerService: Sending BLE State Change: BLE_ON > TURNING_ON
06-17 08:37:57.609  1595  1623 D CompatibilityInfo: mCompatibilityFlags - 0
06-17 08:37:57.609  1595  1623 D CompatibilityInfo: applicationDensity - 320
06-17 08:37:57.609  1595  1623 D CompatibilityInfo: applicationScale - 1.0
06-17 08:37:57.611  1595  1623 D CompatibilityInfo: mCompatibilityFlags - 0
06-17 08:37:57.611   736   736 D SDM     : DisplayBase::BuildLayerStackStats: LayerStack layer_count: 3, app_layer_count: 2, gpu_target_index: 2, display type: 0
06-17 08:37:57.611  1595  1623 D CompatibilityInfo: applicationDensity - 320
06-17 08:37:57.611  1595  1623 D CompatibilityInfo: applicationScale - 1.0
06-17 08:37:57.612  1997  1997 I HeadsetService: create()
06-17 08:37:57.613  1595  1595 D BluetoothHeadset: Proxy object connected
06-17 08:37:57.613  1997  1997 D BluetoothAdapterService: getAdapterService() - returning com.android.bluetooth.btservice.AdapterService@b7faa63
06-17 08:37:57.613  1595  1595 D BluetoothHeadset: Proxy object connected
06-17 08:37:57.613  1595  1595 D BluetoothHeadset: Proxy object connected
06-17 08:37:57.613  1595  2123 D CompatibilityInfo: mCompatibilityFlags - 0
06-17 08:37:57.613  1595  1595 I AudioService: In onServiceConnected(), profile: 1, proxy: android.bluetooth.BluetoothHeadset@63084f0
06-17 08:37:57.613  2194  2209 D BluetoothHeadset: Proxy object connected
06-17 08:37:57.613  1595  2123 D CompatibilityInfo: applicationDensity - 320
06-17 08:37:57.613  1595  2123 D CompatibilityInfo: applicationScale - 1.0
06-17 08:37:57.614  1997  1997 D HeadsetService: Received start request. Starting profile...
06-17 08:37:57.614  1997  1997 D BluetoothAdapterService: getAdapterService() - returning com.android.bluetooth.btservice.AdapterService@b7faa63
06-17 08:37:57.615  1595  1595 I AudioService: setBtScoActiveDevice: null -> null
06-17 08:37:57.615  1595  1595 I AudioService: In checkScoAudioState(), mScoAudioState: 0
06-17 08:37:57.615  1595  2012 D CompatibilityInfo: mCompatibilityFlags - 0
06-17 08:37:57.615  1595  2012 D CompatibilityInfo: applicationDensity - 320
06-17 08:37:57.615  1595  2012 D CompatibilityInfo: applicationScale - 1.0
06-17 08:37:57.615  1595  1595 I AudioService: In HEADSET profile, mScoAudioState: 0, mScoAudioMode: 0
06-17 08:37:57.615  1595  1595 W Telecom : BluetoothPhoneService: onServiceConnected: setting mBluetoothHeadset
06-17 08:37:57.616  1595  1595 I Telecom : : - Got BluetoothHeadset: com.android.server.telecom.BluetoothHeadsetProxy@78dc425: BMSL.oSC@ACA
06-17 08:37:57.616  1595  1658 I WindowManager: ******* TELLING SURFACE FLINGER WE ARE BOOTED!
06-17 08:37:57.616   767   979 I SurfaceFlinger: Boot is finished (82328 ms)
06-17 08:37:57.617  1997  1997 I HeadsetService: start()
06-17 08:37:57.617  1595  1623 D CompatibilityInfo: mCompatibilityFlags - 0
06-17 08:37:57.617  1595  1623 D CompatibilityInfo: applicationDensity - 320
06-17 08:37:57.617  1997  1997 D BluetoothAdapterService: getAdapterService() - returning com.android.bluetooth.btservice.AdapterService@b7faa63
06-17 08:37:57.617  1595  1623 D CompatibilityInfo: applicationScale - 1.0
06-17 08:37:57.618   767   979 I sf_stop_bootanim: 97074
06-17 08:37:57.620  1595  1658 I wm_boot_animation_done: 97076
06-17 08:37:57.620  1595  1623 D CompatibilityInfo: mCompatibilityFlags - 0
06-17 08:37:57.621  1595  1623 D CompatibilityInfo: applicationDensity - 320
06-17 08:37:57.621  1595  1623 D CompatibilityInfo: applicationScale - 1.0
06-17 08:37:57.622  2032  2032 V KeyguardUpdateMonitor: onSubscriptionInfoChanged()
06-17 08:37:57.618  2194  2194 I chatty  : uid=1001(radio) com.android.phone identical 9 lines
06-17 08:37:57.620  2194  2194 D QtiSubscriptionController: getPhoneId, received dummy subId 2147483643
06-17 08:37:57.622  2194  2209 D SubscriptionController: [getActiveSubInfoList] Sub Controller not ready
06-17 08:37:57.623  1595  2142 D CompatibilityInfo: mCompatibilityFlags - 0
06-17 08:37:57.623  1595  2142 D CompatibilityInfo: applicationDensity - 320
06-17 08:37:57.623  1595  2142 D CompatibilityInfo: applicationScale - 1.0
06-17 08:37:57.623  2032  2032 V KeyguardUpdateMonitor: onSubscriptionInfoChanged: list is null
06-17 08:37:57.623  1595  1658 I SystemServiceManager: Starting phase 1000
06-17 08:37:57.624  1997  2516 I HeadsetPhoneState: stopListenForPhoneState(), no listener indicates nothing is listening
06-17 08:37:57.624  1595  2123 I Telecom : PhoneAccountRegistrar: Modify account: [ComponentInfo{com.android.phone/com.android.services.telephony.TelephonyConnectionService}, ***, UserHandle{0}]: TSI.rPA@ACE
06-17 08:37:57.624  1595  1658 D ColorDisplayService: setUp: currentUser=0
06-17 08:37:57.624  2032  2032 D CarrierText: updateCarrierText(): 0
06-17 08:37:57.625  1997  2516 W HeadsetPhoneState: startListenForPhoneState, no event to listen
06-17 08:37:57.625  1595  1623 D CompatibilityInfo: mCompatibilityFlags - 0
06-17 08:37:57.625  1595  1623 D CompatibilityInfo: applicationDensity - 320
06-17 08:37:57.625  1595  1623 D CompatibilityInfo: applicationScale - 1.0
06-17 08:37:57.624  2194  2209 D SubscriptionController: [getActiveSubInfoList] Sub Controller not ready
06-17 08:37:57.626  2194  2194 E CarrierActionAgent: [0]Unsupported action: 7
06-17 08:37:57.626  2194  2194 D CarrierActionAgent: [0]EVENT_SIM_STATE_CHANGED status: ABSENT
06-17 08:37:57.626  2194  2194 E CarrierActionAgent: [1]Unsupported action: 7
06-17 08:37:57.626  2194  2194 D CarrierActionAgent: [1]EVENT_SIM_STATE_CHANGED status: ABSENT
06-17 08:37:57.626  2194  2194 D CdmaSSM : getcdmasubscriptionSource: 0
06-17 08:37:57.626  2194  2194 D SST     : [0] Subscription Source : 0
06-17 08:37:57.626  2194  2194 D SST     : [0] isFromRuim: true
06-17 08:37:57.626  2194  2194 D SST     : [0] Storing cdma subscription source: 0
06-17 08:37:57.627  2194  2194 D SST     : [0] Read from settings: 0
06-17 08:37:57.627  2194  2194 D SST     : [0] mDeviceShuttingDown=false, mDesiredPowerState=true, getRadioState=RADIO_ON, mPowerOffDelayNeed=true, mAlarmSwitch=false, mRadioDisabledByCarrier=false
06-17 08:37:57.627  2194  2194 D SST     : [0] pollState: modemTriggered=true
06-17 08:37:57.627   736   736 D SDM     : DisplayBase::BuildLayerStackStats: LayerStack layer_count: 3, app_layer_count: 2, gpu_target_index: 2, display type: 0
06-17 08:37:57.628  2194  2194 D RILJ    : [3744]> OPERATOR [SUB0]
06-17 08:37:57.628  2194  2194 D NetworkRegistrationManager: getNetworkRegistrationState domain 2
06-17 08:37:57.628  2194  2194 D NetworkRegistrationManager: getNetworkRegistrationState domain 1
06-17 08:37:57.628  2194  2194 D ImsPhone: [0] handleMessage what=52
06-17 08:37:57.628  2194  2194 D ImsPhone: [0] EVENT_DEFAULT_PHONE_DATA_STATE_CHANGED
06-17 08:37:57.629  2032  2032 D CarrierText: Getting plmn/spn sticky brdcst No service/
06-17 08:37:57.629  1595  1623 D CompatibilityInfo: mCompatibilityFlags - 0
06-17 08:37:57.629  1595  1623 D CompatibilityInfo: applicationDensity - 320
06-17 08:37:57.629  1595  1623 D CompatibilityInfo: applicationScale - 1.0
06-17 08:37:57.629  2032  2032 D CarrierText: updateCarrierText(): 0
06-17 08:37:57.629  2194  2194 D ImsPhone: [0] updateDataServiceState: defSs = {mVoiceRegState=1(OUT_OF_SERVICE), mDataRegState=1(OUT_OF_SERVICE), mChannelNumber=-1, duplexMode()=0, mCellBandwidths=[], mVoiceRoamingType=home, mDataRoamingType=home, mVoiceOperatorAlphaLong=null, mVoiceOperatorAlphaShort=null, mDataOperatorAlphaLong=null, mDataOperatorAlphaShort=null, isManualNetworkSelection=false(automatic), mRilVoiceRadioTechnology=0(Unknown), mRilDataRadioTechnology=0(Unknown), mCssIndicator=unsupported, mNetworkId=-1, mSystemId=-1, mCdmaRoamingIndicator=-1, mCdmaDefaultRoamingIndicator=-1, mIsEmergencyOnly=false, mIsDataRoamingFromRegistration=false, mIsUsingCarrierAggregation=false, mLteEarfcnRsrpBoost=0, mNetworkRegistrationStates=[]} imsSs = {mVoiceRegState=1(OUT_OF_SERVICE), mDataRegState=1(OUT_OF_SERVICE), mChannelNumber=-1, duplexMode()=0, mCellBandwidths=[], mVoiceRoamingType=home, mDataRoamingType=home, mVoiceOperatorAlphaLong=null, mVoiceOperatorAlphaShort=null, mDataOperatorAlphaLong=null, mDataOperatorAlphaShort=null, isManualNetworkSelection=false(automatic), mRilVoiceRadioTechnology=0(Unknown), mRilDataRadioTechnology=0(Unknown), mCssIndicator=unsupported, mNetworkId=-1, mSystemId=-1, mCdmaRoamingIndicator=-1, mCdmaDefaultRoamingIndicator=-1, mIsEmergencyOnly=false, mIsDataRoamingFromRegistration=false, mIsUsingCarrierAggregation=false, mLteEarfcnRsrpBoost=0, mNetworkRegistrationStates=[]}
06-17 08:37:57.629  2194  2194 D QtiDdsSwitchController: isPropertyEnabled: false
06-17 08:37:57.630  2194  2194 D QtiDdsSwitchController: mUserDdsSubId - -1, voiceRat - 0
06-17 08:37:57.630  2032  2032 D CarrierText: Getting plmn/spn sticky brdcst No service/
06-17 08:37:57.630  2194  2430 D RILJ    : [3745]> DATA_REGISTRATION_STATE [SUB0]
06-17 08:37:57.630  2032  2032 D CarrierText: updateCarrierText(): 0
06-17 08:37:57.630  2032  2032 D CarrierText: Getting plmn/spn sticky brdcst No service/
06-17 08:37:57.630  2194  2430 D RILJ    : [3746]> VOICE_REGISTRATION_STATE [SUB0]
06-17 08:37:57.631  2032  2032 D KeyguardUpdateMonitor: handleServiceStateChange(subId=2147483644, serviceState={mVoiceRegState=1(OUT_OF_SERVICE), mDataRegState=1(OUT_OF_SERVICE), mChannelNumber=-1, duplexMode()=0, mCellBandwidths=[], mVoiceRoamingType=home, mDataRoamingType=home, mVoiceOperatorAlphaLong=, mVoiceOperatorAlphaShort=, mDataOperatorAlphaLong=, mDataOperatorAlphaShort=, isManualNetworkSelection=false(automatic), mRilVoiceRadioTechnology=0(Unknown), mRilDataRadioTechnology=0(Unknown), mCssIndicator=unsupported, mNetworkId=-1, mSystemId=-1, mCdmaRoamingIndicator=-1, mCdmaDefaultRoamingIndicator=-1, mIsEmergencyOnly=false, mIsDataRoamingFromRegistration=false, mIsUsingCarrierAggregation=false, mLteEarfcnRsrpBoost=0, mNetworkRegistrationStates=[]}
06-17 08:37:57.631  1595  1658 D ColorDisplayService: onAutoModeChanged: autoMode=0
06-17 08:37:57.631  2032  2032 D CarrierText: updateCarrierText(): 0
06-17 08:37:57.631  1595  1658 I ColorDisplayService: Turning off night display
06-17 08:37:57.631  1595  2142 D CompatibilityInfo: mCompatibilityFlags - 0
06-17 08:37:57.631  1595  2142 D CompatibilityInfo: applicationDensity - 320
06-17 08:37:57.631  1595  2142 D CompatibilityInfo: applicationScale - 1.0
06-17 08:37:57.631  2194  2310 D RILJ    : [3744]< OPERATOR {, , } [SUB0]
06-17 08:37:57.631  1595  1595 I notification_enqueue: [1000,1595,android,26,NULL,-1,Notification(channel=DEVELOPER pri=0 contentView=null vibrate=null sound=null tick defaults=0x0 flags=0x2 color=0xff607d8b vis=PUBLIC),0]
06-17 08:37:57.631  2032  2032 D CarrierText: Getting plmn/spn sticky brdcst No service/
06-17 08:37:57.632  2194  2194 D QtiSubscriptionController: getPhoneId, received dummy subId 2147483643
06-17 08:37:57.632  2032  2032 D CarrierText: updateCarrierText(): 0
06-17 08:37:57.632  1997  1997 I HeadsetService: mIsTwsPlusEnabled: false
06-17 08:37:57.632  1997  1997 D HeadsetService: Max_HFP_Connections  2
06-17 08:37:57.632  1997  1997 D HeadsetService: mSetMaxConfig  2
06-17 08:37:57.632  2032  2032 D CarrierText: Getting plmn/spn sticky brdcst No service/
06-17 08:37:57.632  1997  1997 I BluetoothHeadsetServiceJni: classInitNative: succeeds
06-17 08:37:57.633  2194  2194 D GsmCdmaCallTracker: Event EVENT_POLL_CALLS_RESULT Received
06-17 08:37:57.633  2194  2194 D GsmCdmaCallTracker: [0] update phone state, old=IDLE new=IDLE
06-17 08:37:57.633  2194  2194 D QtiGsmCdmaPhone: handleMessage: Event: 6
06-17 08:37:57.633  2194  2194 D GsmCdmaPhone: [0] Baseband version: BP01.005(SC66CENAR01A05)
06-17 08:37:57.633  2194  2194 E TelephonyManager: xxxxxxxxxxxxxxxxx
06-17 08:37:57.633  1997  1997 D HeadsetService: isInbandRingingEnabled returning: false
06-17 08:37:57.633  1997  1997 I bt_btif : get_profile_interface: id = handsfree
06-17 08:37:57.633  1997  1997 I bt_stack: [INFO:btif_hf.cc(2110)] GetInterface
06-17 08:37:57.634  1997  1997 D HeadsetService: setHeadsetService(): set to: com.android.bluetooth.hfp.HeadsetService@79a1643
06-17 08:37:57.635  2194  2310 D RILJ    : [3745]< DATA_REGISTRATION_STATE {.regState = NOT_REG_MT_SEARCHING_OP, .rat = 0, .reasonDataDenied = 0, .maxDataCalls = 20, .cellIdentity = {.cellInfoType = NONE, .cellIdentityGsm = [], .cellIdentityWcdma = [], .cellIdentityCdma = [], .cellIdentityLte = [], .cellIdentityTdscdma = []}} [SUB0]
06-17 08:37:57.635  2194  2476 D NetworkRegistrationManager: onGetNetworkRegistrationStateComplete result 0 state NetworkRegistrationState{transportType=1 domain=PS regState=NOT_REG_SEARCHING accessNetworkTechnology=UNKNOWN reasonForDenial=0 emergencyEnabled=false supportedServices=null cellIdentity=null voiceSpecificStates=null dataSpecificStates=DataSpecificRegistrationStates { mMaxDataCalls=20}}
06-17 08:37:57.635  1997  1997 I HeadsetService:  HeadsetService Started 
06-17 08:37:57.636  1997  1997 D HeadsetService:  profile started successfully
06-17 08:37:57.636  1997  1997 I A2dpService: create()
06-17 08:37:57.636  2032  2032 D CarrierText: updateCarrierText(): 0
06-17 08:37:57.636  1997  2498 I bt_stack: [INFO:port_api.cc(123)] RFCOMM_CreateConnection BDA: ff:ff:ff:ff:ff:ff
06-17 08:37:57.637  1997  2498 I chatty  : uid=1002(bluetooth) btu message loo identical 2 lines
06-17 08:37:57.637  1997  2498 I bt_stack: [INFO:port_api.cc(123)] RFCOMM_CreateConnection BDA: ff:ff:ff:ff:ff:ff
06-17 08:37:57.637  1997  2120 I bt_btif_storage: btif_storage_get_adapter_property service_mask:0x20000040
06-17 08:37:57.637  1997  2498 I bt_stack: [INFO:port_api.cc(123)] RFCOMM_CreateConnection BDA: ff:ff:ff:ff:ff:ff
06-17 08:37:57.637  1997  2120 D bt_btif : btif_hf_upstreams_evt: event=BTA_AG_ENABLE_EVT
06-17 08:37:57.637  1997  2120 D bt_btif : btif_hf_upstreams_evt: event=BTA_AG_REGISTER_EVT
06-17 08:37:57.637  1997  2120 D bt_btif : btif_hf_upstreams_evt: event=BTA_AG_REGISTER_EVT
06-17 08:37:57.637  1997  2498 I bt_stack: [INFO:port_api.cc(123)] RFCOMM_CreateConnection BDA: ff:ff:ff:ff:ff:ff
06-17 08:37:57.638  1997  2120 D bt_btif : btif_hf_upstreams_evt: event=BTA_AG_REGISTER_EVT
06-17 08:37:57.641  2194  2194 D PhoneGlobals: Radio technology switched. Now CDMA is active.
01-01 10:32:05.086     0     0 I init    : processing action (sys.boot_completed=1) from (/init.rc:735)
01-01 10:32:05.086     0     0 I init    : processing action (sys.boot_completed=1) from (/vendor/etc/init/hw/init.qcom.rc:501)
06-17 08:37:57.643  1595  1658 D ActivityManager: Finishing user boot 0
06-17 08:37:57.643  1595  1658 I ActivityManager: User 0 state changed from BOOTING to RUNNING_LOCKED
06-17 08:37:57.643  1595  1658 I am_user_state_changed: [0,1]
06-17 08:37:57.643  1595  1658 I sysui_histogram: [framework_locked_boot_completed,97]
06-17 08:37:57.643  1595  1658 I sysui_multi_action: [757,804,799,framework_locked_boot_completed,801,97,802,1]
06-17 08:37:57.645  2194  2476 D NetworkRegistrationManager: onGetNetworkRegistrationStateComplete result 0 state NetworkRegistrationState{transportType=1 domain=CS regState=NOT_REG_SEARCHING accessNetworkTechnology=UNKNOWN reasonForDenial=0 emergencyEnabled=false supportedServices=null cellIdentity=null voiceSpecificStates=VoiceSpecificRegistrationStates { mCssSupported=false mRoamingIndicator=-1 mSystemIsInPrl=-1 mDefaultRoamingIndicator=-1} dataSpecificStates=null}
06-17 08:37:57.645  2194  2310 D RILJ    : [3746]< VOICE_REGISTRATION_STATE {.regState = NOT_REG_MT_SEARCHING_OP, .rat = 0, .cssSupported = false, .roamingIndicator = -1, .systemIsInPrl = -1, .defaultRoamingIndicator = -1, .reasonForDenial = 0, .cellIdentity = {.cellInfoType = NONE, .cellIdentityGsm = [], .cellIdentityWcdma = [], .cellIdentityCdma = [], .cellIdentityLte = [], .cellIdentityTdscdma = []}} [SUB0]
06-17 08:37:57.645  1595  1658 D ActivityManager: Started unlocking user 0
06-17 08:37:57.645  1595  1658 D ActivityManager: Unlocking user 0 progress 0
06-17 08:37:57.645  1595  1658 D ActivityManager: Unlocking user 0 progress 5
06-17 08:37:57.645  2194  2194 E ToneGenerator: Unable to marshal AudioFlinger
06-17 08:37:57.645  2194  2194 E ToneGenerator: ToneGenerator init failed
06-17 08:37:57.646  2194  2194 W CallNotifier: CallNotifier: Exception caught while creating mSignalInfoToneGenerator: java.lang.RuntimeException: Init failed
06-17 08:37:57.646  2194  2194 D SubscriptionController: [getPhoneId]- invalid subId return=-1
06-17 08:37:57.646  2194  2194 D PhoneSwitcher: handle event - 108
06-17 08:37:57.646  1595  2142 D CompatibilityInfo: mCompatibilityFlags - 0
06-17 08:37:57.646  1595  2142 D CompatibilityInfo: applicationDensity - 320
06-17 08:37:57.646  1595  2142 D CompatibilityInfo: applicationScale - 1.0
06-17 08:37:57.646  2194  2194 D QtiGsmCdmaPhone: handleMessage: Event: 35
06-17 08:37:57.646  2194  2194 D QtiRadioCapabilityController:  radioCapabilityUpdated phoneId[0] rc = {mPhoneId = 0 mVersion=1 mSession=0 mPhase=0 mRadioAccessFamily=213320 mLogicModemId=0 mStatus=1}
06-17 08:37:57.646  2194  2194 D GsmCdmaPhone: EVENT_GET_RADIO_CAPABILITY: phone rc: {mPhoneId = 0 mVersion=1 mSession=0 mPhase=0 mRadioAccessFamily=213320 mLogicModemId=0 mStatus=1}
06-17 08:37:57.647  2194  2194 D QtiGsmCdmaPhone: handleMessage: Event: 21
06-17 08:37:57.647  2194  2194 D QtiGsmCdmaPhone: handleMessage: Event: 40
06-17 08:37:57.647  2194  2194 D GsmCdmaPhone: [0] EVENT_REQUEST_VOICE_RADIO_TECH_DONE: newVoiceTech=4
06-17 08:37:57.647  2194  2194 D GsmCdmaPhone: [0] phoneObjectUpdater: newVoiceRadioTech=4
06-17 08:37:57.647  2194  2194 D GsmCdmaPhone: [0] phoneObjectUpdater: No change ignore, newVoiceRadioTech=4 mActivePhone=CDMA
06-17 08:37:57.647  2194  2194 D SST     : [0] SubscriptionListener.onSubscriptionInfoChanged
06-17 08:37:57.647  2194  2194 D SST     : [1] SubscriptionListener.onSubscriptionInfoChanged
06-17 08:37:57.647  2194  2194 D QtiDCT  : [1]SubscriptionListener.onSubscriptionInfoChanged
06-17 08:37:57.647   621   625 D vold    : e4crypt_prepare_user_storage for volume null, user 0, serial 0, flags 2
06-17 08:37:57.647   621   625 D vold    : Preparing: /data/system_ce/0
06-17 08:37:57.647   621   625 D vold    : Preparing: /data/misc_ce/0
06-17 08:37:57.647   621   625 D vold    : Preparing: /data/vendor_ce/0
06-17 08:37:57.648  2194  2194 D QtiDCT  : [0]SubscriptionListener.onSubscriptionInfoChanged
06-17 08:37:57.649   621   625 D vold    : Preparing: /data/media/0
06-17 08:37:57.649   621   625 D vold    : Preparing: /data/data
06-17 08:37:57.649   621   625 V vold    : Starting restorecon of /data/system_ce/0
01-01 10:32:05.087     0     0 I         : Boot completed
01-01 10:32:05.095     0     0 I init    : processing action (sys.boot_completed=1) from (/vendor/etc/init/hw/init.qcom.rc:960)
01-01 10:32:05.096     0     0 I init    : starting service 'qcom-post-boot'...
01-01 10:32:05.098     0     0 I init    : starting service 'qti-testscripts'...
01-01 10:32:05.098     0     0 I selinux : SELinux: Skipping restorecon_recursive(/data/system_ce/0)
06-17 08:37:57.654  2194  2194 D SubscriptionController: [getPhoneId]- invalid subId return=-1
01-01 10:32:05.100     0     0 I init    : processing action (sys.boot_completed=1) from (/vendor/etc/init/hw/init.qcom.test.rc:49)
06-17 08:37:57.654  2194  2194 D PhoneSwitcher: handle event - 102
06-17 08:37:57.654  2194  2194 D SubscriptionController: [getPhoneId]- invalid subId return=-1
06-17 08:37:57.655  2194  2194 D SubscriptionController: [getActiveSubInfoList] Sub Controller not ready
06-17 08:37:57.656  2194  2194 I TelecomFramework: PstnIncomingCallNotifier: Unregistering: Handler (com.qualcomm.qti.internal.telephony.QtiGsmCdmaPhone) {409196d}
06-17 08:37:57.657  2194  2194 D PhoneUtils: Logical Modem id: 0 phoneId: 0
06-17 08:37:57.657  2194  2194 D PhoneUtils: Primay Stack phone id: 0 selected
06-17 08:37:57.658  2194  2194 D QtiSubscriptionController: getPhoneId, received dummy subId 2147483643
06-17 08:37:57.658  2194  2194 E PhoneInterfaceManager: [PhoneIntfMgr] getIccId: No UICC
06-17 08:37:57.658  2032  2032 D CarrierText: Getting plmn/spn sticky brdcst No service/
06-17 08:37:57.659  1595  1595 D BluetoothA2dp: Proxy object connected
06-17 08:37:57.659  1595  1595 I AudioService: In onServiceConnected(), profile: 2, proxy: android.bluetooth.BluetoothA2dp@8e6bc7c
06-17 08:37:57.659  1997  1997 D BluetoothAdapterService: getAdapterService() - returning com.android.bluetooth.btservice.AdapterService@b7faa63
06-17 08:37:57.658  2194  2194 D QtiSubscriptionController: getPhoneId, received dummy subId 2147483643
06-17 08:37:57.659  2194  2194 D SubscriptionController: [getActiveSubInfoList] Sub Controller not ready
06-17 08:37:57.659  2194  2194 D SubscriptionController: [getActiveSubInfoForSubscriber]- subId=2147483643 subList=null subInfo=null
06-17 08:37:57.659  1997  1997 D A2dpService: Received start request. Starting profile...
06-17 08:37:57.659  1997  1997 D BluetoothAdapterService: getAdapterService() - returning com.android.bluetooth.btservice.AdapterService@b7faa63
06-17 08:37:57.660  2194  2194 D QtiSubscriptionController: getPhoneId, received dummy subId 2147483643
06-17 08:37:57.661  1997  1997 I A2dpService: start()
06-17 08:37:57.661  1997  1997 D BluetoothAdapterService: getAdapterService() - returning com.android.bluetooth.btservice.AdapterService@b7faa63
06-17 08:37:57.662  1997  1997 I BluetoothA2dpServiceJni: classInitNative: succeeds
06-17 08:37:57.662  1997  1997 I A2dpService: mMaxConnectedAudioDevices: 2
06-17 08:37:57.663  1997  1997 I A2dpService: Max connected audio devices set to 2
06-17 08:37:57.663  1997  1997 I BluetoothAvrcpServiceJni: classInitNative: succeeds
06-17 08:37:57.663  1997  1997 V Avrcp_ext: make
06-17 08:37:57.663  1997  1997 V Avrcp_ext: mAvrcp = null
06-17 08:37:57.663  1997  1997 V Avrcp_ext: Avrcp
06-17 08:37:57.664  1997  1997 I bt_btif : get_profile_interface: id = avrcp
06-17 08:37:57.666  1595  1644 I am_proc_start: [0,2522,10016,android.ext.services,on-hold,]
06-17 08:37:57.666  1595  1644 I ActivityManager: Start proc 2522:android.ext.services/u0a16 for on-hold
06-17 08:37:57.667   621   625 V vold    : Finished restorecon of /data/system_ce/0
06-17 08:37:57.667   621   625 V vold    : Starting restorecon of /data/misc_ce/0
06-17 08:37:57.673  1595  2012 I Telecom : PhoneAccountRegistrar: Modify account: [ComponentInfo{com.android.phone/com.android.services.telephony.TelephonyConnectionService}, ***, UserHandle{0}]: TSI.rPA@ACQ
01-01 10:32:05.100     0     0 I init    : starting service 'cs-post-boot'...
01-01 10:32:05.112     0     0 I init    : Async property child exited with status 0
01-01 10:32:05.112     0     0 I init    : processing action (sys.boot_completed=1 && sys.logbootcomplete=1) from (/system/etc/init/bootstat.rc:70)
01-01 10:32:05.113     0     0 I init    : starting service 'exec 13 (/system/bin/bootstat --set_system_boot_reason --record_boot_complete --record_boot_reason --record_time_since_factory_reset -l)'...
01-01 10:32:05.115     0     0 I init    : processing action (sys.boot_completed=1 && sys.wifitracing.started=0) from (/system/etc/init/wifi-events.rc:20)
06-17 08:37:57.675  2194  2194 I TelecomFramework: AccountEntry: Registered phoneAccount: [[ ] PhoneAccount: ComponentInfo{com.android.phone/com.android.services.telephony.TelephonyConnectionService}, ***, UserHandle{0} Capabilities: CallProvider EmergOnly MultiUser PlaceEmerg SimSub  Audio Routes: BESW Schemes: tel voicemail  Extras: Bundle[{android.telecom.extra.SUPPORTS_VIDEO_CALLING_FALLBACK=true}] GroupId: ***] with handle: ComponentInfo{com.android.phone/com.android.services.telephony.TelephonyConnectionService}, ***, UserHandle{0}
06-17 08:37:57.675  1997  1997 V Avrcp_ext: start
06-17 08:37:57.675  2194  2194 I TelecomFramework: PstnIncomingCallNotifier: Registering: Handler (com.qualcomm.qti.internal.telephony.QtiGsmCdmaPhone) {409196d}
06-17 08:37:57.677   736   736 D SDM     : DisplayBase::BuildLayerStackStats: LayerStack layer_count: 3, app_layer_count: 2, gpu_target_index: 2, display type: 0
06-17 08:37:57.679  1595  2012 D MediaSessionService: The callback android.media.session.ICallback$Stub$Proxy@7a8d103 is set by org.codeaurora.bluetooth
06-17 08:37:57.679  1997  1997 D BluetoothAdapterService: getAdapterService() - returning com.android.bluetooth.btservice.AdapterService@b7faa63
06-17 08:37:57.679  1997  1997 D BluetoothVendorService: getProfileInfo profile_id: 1
06-17 08:37:57.679  1997  1997 I BluetoothVendorJni: getProfileInfoNative
06-17 08:37:57.679  1997  1997 I bt_btif_vendor: get_profile_info :1
06-17 08:37:57.679  1997  1997 W bt_device_profile: profile_feature_fetch:profile 1
06-17 08:37:57.679  1997  1997 W bt_device_profile: profile_feature_fetch:AVRCP_0103_SUPPORT found 0
06-17 08:37:57.679  1997  1997 D BluetoothVendorService: getProfileInfo profile_id: 1
06-17 08:37:57.679  1997  1997 I BluetoothVendorJni: getProfileInfoNative
06-17 08:37:57.679  1997  1997 I bt_btif_vendor: get_profile_info :1
06-17 08:37:57.679  1997  1997 W bt_device_profile: profile_feature_fetch:profile 1
06-17 08:37:57.679  1997  1997 W bt_device_profile: profile_feature_fetch:AVRCP_COVERART_SUPPORT found 1
06-17 08:37:57.679  1997  1997 D Avrcp_ext: isCoverArtSupported: true
06-17 08:37:57.679  1997  1997 D Avrcp_ext: avrcpVersion: avrcp14
06-17 08:37:57.670  2194  2194 I chatty  : uid=1001(radio) com.android.phone identical 9 lines
06-17 08:37:57.671  2194  2194 D QtiSubscriptionController: getPhoneId, received dummy subId 2147483643
06-17 08:37:57.680  2194  2194 D SubscriptionController: [getActiveSubInfoList] Sub Controller not ready
06-17 08:37:57.680  1997  1997 D Avrcp_ext: Starting AVRCP AvrcpPlayerAppSetting Service
06-17 08:37:57.681  2194  2194 D ImsPhone: [1] handleMessage what=53
06-17 08:37:57.681  1997  1997 V AvrcpPlayerAppSettings: Start 
06-17 08:37:57.681  2194  2194 D QtiSubscriptionController: getPhoneId, received dummy subId 2147483644
06-17 08:37:57.681  2194  2194 D SubscriptionController: [getPhoneId]- invalid subId return=-1
06-17 08:37:57.681  2194  2194 D PhoneSwitcher: handle event - 108
06-17 08:37:57.682  2194  2194 D SubscriptionController: [getPhoneId]- invalid subId return=-1
06-17 08:37:57.682  2194  2194 D PhoneSwitcher: handle event - 108
06-17 08:37:57.682  2194  2194 D SubscriptionController: [getPhoneId]- invalid subId return=-1
06-17 08:37:57.682  2194  2194 D PhoneSwitcher: handle event - 108
06-17 08:37:57.682  2194  2194 D SubscriptionController: [getPhoneId]- invalid subId return=-1
06-17 08:37:57.682  2194  2194 D PhoneSwitcher: handle event - 108
06-17 08:37:57.683  2194  2194 D SubscriptionController: [getPhoneId]- invalid subId return=-1
06-17 08:37:57.683   728  2491 I vendor.qti.bluetooth@1.0-ibs_handler: ProcessIbsCmd: Received IBS_SLEEP_IND: 0xFE
06-17 08:37:57.683  2194  2194 D PhoneSwitcher: handle event - 108
06-17 08:37:57.683  2194  2194 D SubscriptionController: [getPhoneId]- invalid subId return=-1
06-17 08:37:57.683  2194  2194 D PhoneSwitcher: handle event - 108
06-17 08:37:57.683  2194  2194 D SubscriptionController: [getPhoneId]- invalid subId return=-1
06-17 08:37:57.683  2194  2194 D PhoneSwitcher: handle event - 108
06-17 08:37:57.683  2194  2194 D SubscriptionController: [getPhoneId]- invalid subId return=-1
06-17 08:37:57.683  2194  2194 D PhoneSwitcher: handle event - 108
06-17 08:37:57.683  1997  1997 V Avrcp_ext: initMediaPlayerInfoList: 0 controllers
06-17 08:37:57.684  1997  1997 V Avrcp_ext: updateCurrentMediaState: mMediaController: null
06-17 08:37:57.684  2194  2194 D SubscriptionController: [getPhoneId]- invalid subId return=-1
06-17 08:37:57.684  2194  2194 D PhoneSwitcher: handle event - 108
06-17 08:37:57.684  1997  1997 V Avrcp_ext: isMusicActive: false getBluetoothPlayState: 0
06-17 08:37:57.684  1997  1997 V Avrcp_ext: updateCurrentMediaState: isPlaying = false
06-17 08:37:57.684  1997  1997 V Avrcp_ext: updateCurrentMediaState: mMediaController or getPlaybackState() null
06-17 08:37:57.684  2194  2194 D ImsManager: Connector: getImsService
06-17 08:37:57.684  2194  2194 I ImsManager: Creating ImsService
06-17 08:37:57.684  1997  1997 V Avrcp_ext: Media update: id -1➡-1? [MediaAttributes: none] : [MediaAttributes: none]
06-17 08:37:57.685  1997  1997 V Avrcp_ext: newPlayStatus:2mReportedPlayStatus:-1
06-17 08:37:57.685  1997  1997 V Avrcp_ext: updatePlaybackState, state: PlaybackState {state=2, position=-1, buffered position=0, speed=0.0, updated=97140, actions=0, custom actions=[], active item id=-1, error=null} device: null
06-17 08:37:57.685  1997  1997 V Avrcp_ext: Device: no name: 
06-17 08:37:57.685  1997  1997 V Avrcp_ext: Device: no name: 
06-17 08:37:57.685  1997  1997 V Avrcp_ext: updatePlayerStateAndPosition, old=PlaybackState {state=0, position=-1, buffered position=0, speed=0.0, updated=97120, actions=0, custom actions=[], active item id=-1, error=null}, state=PlaybackState {state=2, position=-1, buffered position=0, speed=0.0, updated=97140, actions=0, custom actions=[], active item id=-1, error=null}
