06-17 08:37:57.791  2194  2468 D ImsPhone: [0] updateDataServiceState: defSs = {mVoiceRegState=1(OUT_OF_SERVICE), mDataRegState=1(OUT_OF_SERVICE), mChannelNumber=0, duplexMode()=0, mCellBandwidths=[], mVoiceRoamingType=home, mDataRoamingType=home, mVoiceOperatorAlphaLong=, mVoiceOperatorAlphaShort=, mDataOperatorAlphaLong=, mDataOperatorAlphaShort=, isManualNetworkSelection=false(automatic), mRilVoiceRadioTechnology=0(Unknown), mRilDataRadioTechnology=0(Unknown), mCssIndicator=unsupported, mNetworkId=0, mSystemId=0, mCdmaRoamingIndicator=1, mCdmaDefaultRoamingIndicator=-1, mIsEmergencyOnly=false, mIsDataRoamingFromRegistration=false, mIsUsingCarrierAggregation=false, mLteEarfcnRsrpBoost=0, mNetworkRegistrationStates=[NetworkRegistrationState{transportType=1 domain=PS regState=NOT_REG_SEARCHING accessNetworkTechnology=UNKNOWN reasonForDenial=0 emergencyEnabled=false supportedServices=null cellIdentity=null voiceSpecificStates=null dataSpecificStates=DataSpecificRegistrationStates { mMaxDataCalls=20}}, NetworkRegistrationState{transportType=1 domain=CS regState=NOT_REG_SEARCHING accessNetworkTechnology=UNKNOWN reasonForDenial=0 emergencyEnabled=false supportedServices=null cellIdentity=null voiceSpecificStates=VoiceSpecificRegistrationStates { mCssSupported=false mRoamingIndicator=-1 mSystemIsInPrl=-1 mDefaultRoamingIndicator=-1} dataSpecificStates=null}]} imsSs = {mVoiceRegState=1(OUT_OF_SERVICE), mDataRegState=1(OUT_OF_SERVICE), mChannelNumber=-1, duplexMode()=0, mCellBandwidths=[], mVoiceRoamingType=home, mDataRoamingType=home, mVoiceOperatorAlphaLong=null, mVoiceOperatorAlphaShort=null, mDataOperatorAlphaLong=null, mDataOperatorAlphaShort=null, isManualNetworkSelection=false(automatic), mRilVoiceRadioTechnology=0(Unknown), mRilDataRadioTechnology=0(Unknown), mCssIndicator=unsupported, mNetworkId=-1, mSystemId=-1, mCdmaRoamingIndicator=-1, mCdmaDefaultRoamingIndicator=-1, mIsEmergencyOnly=false, mIsDataRoamingFromRegistration=false, mIsUsingCarrierAggregation=false, mLteEarfcnRsrpBoost=0, mNetworkRegistrationStates=[]}
06-17 08:37:57.793  1997  1997 V BtOppService: start()
06-17 08:37:57.794   736   736 D SDM     : DisplayBase::BuildLayerStackStats: LayerStack layer_count: 3, app_layer_count: 2, gpu_target_index: 2, display type: 0
06-17 08:37:57.799  1997  1997 D BtOppService: setBluetoothOppService(): set to: com.android.bluetooth.opp.BluetoothOppService@e95fe05
06-17 08:37:57.799  1997  1997 D BluetoothOppService:  profile started successfully
06-17 08:37:57.799  1997  1997 D HeadsetPhoneState: sendDeviceStateChanged. mService=0 mIsSimStateLoaded=false mSignal=0 mRoam=0 mBatteryCharge=4
06-17 08:37:57.800  1997  1997 D BluetoothAdapterService: handleMessage() - Message: 1
06-17 08:37:57.800  1997  1997 D BluetoothAdapterService: handleMessage() - MESSAGE_PROFILE_SERVICE_STATE_CHANGED
06-17 08:37:57.805  2032  2032 D PbapServerProfile: Bluetooth service connected
01-01 10:32:05.251     0     0 I msm_thermal: store_cc_enabled Core control disabled
01-01 10:32:05.262     0     0 I msm_thermal: store_cc_enabled Core control enabled
06-17 08:37:57.805  1595  1595 I commit_sys_config_file: [notification-policy,6]
06-17 08:37:57.805  1595  1595 I notification_cancel_all: [1002,1997,com.android.bluetooth,0,0,64,9,NULL]
06-17 08:37:57.806  2194  2205 W System  : A resource failed to call close. 
06-17 08:37:57.806  2194  2205 W System  : A resource failed to call close. 
06-17 08:37:57.807  2542  2542 D libnativeloader: classloader namespace configured for unbundled vendor apk. library_path=/vendor/app/PowerOffAlarm/lib/arm64:/vendor/app/PowerOffAlarm/PowerOffAlarm.apk!/lib/arm64-v8a:/vendor/lib64
06-17 08:37:57.809  1997  1997 D BluetoothAdapterService: getAdapterService() - returning com.android.bluetooth.btservice.AdapterService@b7faa63
06-17 08:37:57.810   736   736 D SDM     : DisplayBase::BuildLayerStackStats: LayerStack layer_count: 3, app_layer_count: 2, gpu_target_index: 2, display type: 0
06-17 08:37:57.811  2194  2468 D SubscriptionController: Valid row not present in db
06-17 08:37:57.812  2194  2468 D SubscriptionController: getSubscriptionProperty Query value = null
06-17 08:37:57.813  1997  1997 D BluetoothPbapService: Received start request. Starting profile...
06-17 08:37:57.813  1997  1997 D BluetoothAdapterService: getAdapterService() - returning com.android.bluetooth.btservice.AdapterService@b7faa63
06-17 08:37:57.814  2194  2468 D QtiSubscriptionController: getPhoneId, received dummy subId 2147483643
06-17 08:37:57.814  2194  2468 D ImsSmsDispacher: onImsDisconnected imsReasonInfo=ImsReasonInfo :: {1000, 0, }
06-17 08:37:57.816  1997  1997 I BluetoothPbapService: setCurrentUser(0)
06-17 08:37:57.826  2542  2542 I Perf    : Connecting to perf service.
06-17 08:37:57.827   736   736 D SDM     : DisplayBase::BuildLayerStackStats: LayerStack layer_count: 3, app_layer_count: 2, gpu_target_index: 2, display type: 0
06-17 08:37:57.831  2194  2209 D QtiSubscriptionController: getPhoneId, received dummy subId 2147483643
06-17 08:37:57.831  2194  2209 E PhoneInterfaceManager: [PhoneIntfMgr] getIccId: No UICC
06-17 08:37:57.833  2194  2209 I chatty  : uid=1001(radio) Binder:2194_2 identical 2 lines
06-17 08:37:57.834  2194  2209 D QtiSubscriptionController: getPhoneId, received dummy subId 2147483643
06-17 08:37:57.834  2194  2209 E GsmCdmaPhone: [0] getLine1AlphaTag: not possible in CDMA
06-17 08:37:57.833  2194  2209 E PhoneInterfaceManager: [PhoneIntfMgr] getIccId: No UICC
06-17 08:37:57.835  1997  1997 D BluetoothPbapService: setBluetoothPbapService(): set to: com.android.bluetooth.pbap.BluetoothPbapService@6fff814
06-17 08:37:57.835  1997  1997 D BluetoothPbapService:  profile started successfully
06-17 08:37:57.835  1997  1997 D BluetoothAdapterService: handleMessage() - Message: 2
06-17 08:37:57.835  1997  1997 D BluetoothAdapterService: handleMessage() - MESSAGE_PROFILE_SERVICE_REGISTERED
06-17 08:37:57.835  1997  1997 D BluetoothAdapterService: handleMessage() - Message: 1
06-17 08:37:57.835  1997  1997 D BluetoothAdapterService: handleMessage() - MESSAGE_PROFILE_SERVICE_STATE_CHANGED
06-17 08:37:57.835  1997  2585 D ObexServerSockets: create(rfcomm = 19, l2capPsm = 4133)
06-17 08:37:57.836  1997  1997 D BluetoothAdapterService: handleMessage() - Message: 2
06-17 08:37:57.836  1997  1997 D BluetoothAdapterService: handleMessage() - MESSAGE_PROFILE_SERVICE_REGISTERED
06-17 08:37:57.836  1997  1997 D BluetoothAdapterService: handleMessage() - Message: 1
06-17 08:37:57.836  1997  1997 D BluetoothAdapterService: handleMessage() - MESSAGE_PROFILE_SERVICE_STATE_CHANGED
06-17 08:37:57.836  1997  1997 D BluetoothAdapterService: handleMessage() - Message: 2
06-17 08:37:57.836  1997  1997 D BluetoothAdapterService: handleMessage() - MESSAGE_PROFILE_SERVICE_REGISTERED
06-17 08:37:57.836  1997  1997 D BluetoothAdapterService: handleMessage() - Message: 1
06-17 08:37:57.836  1997  1997 D BluetoothAdapterService: handleMessage() - MESSAGE_PROFILE_SERVICE_STATE_CHANGED
06-17 08:37:57.836  1997  1997 D BluetoothAdapterService: handleMessage() - Message: 2
06-17 08:37:57.836  1997  1997 D BluetoothAdapterService: handleMessage() - MESSAGE_PROFILE_SERVICE_REGISTERED
06-17 08:37:57.836  1997  1997 D BluetoothAdapterService: handleMessage() - Message: 1
06-17 08:37:57.836  1997  1997 D BluetoothAdapterService: handleMessage() - MESSAGE_PROFILE_SERVICE_STATE_CHANGED
06-17 08:37:57.836  1997  1997 D BluetoothAdapterService: handleMessage() - Message: 2
06-17 08:37:57.836  1997  1997 D BluetoothAdapterService: handleMessage() - MESSAGE_PROFILE_SERVICE_REGISTERED
06-17 08:37:57.836  1997  1997 D BluetoothAdapterService: handleMessage() - Message: 1
06-17 08:37:57.836  1997  1997 D BluetoothAdapterService: handleMessage() - MESSAGE_PROFILE_SERVICE_STATE_CHANGED
06-17 08:37:57.836  1997  1997 D BluetoothAdapterService: handleMessage() - Message: 2
06-17 08:37:57.836  1997  1997 D BluetoothAdapterService: handleMessage() - MESSAGE_PROFILE_SERVICE_REGISTERED
06-17 08:37:57.836  1997  1997 D BluetoothAdapterService: handleMessage() - Message: 1
06-17 08:37:57.836  1997  1997 D BluetoothAdapterService: handleMessage() - MESSAGE_PROFILE_SERVICE_STATE_CHANGED
06-17 08:37:57.836  1997  2172 D BluetoothActiveDeviceManager: handleMessage(MESSAGE_A2DP_ACTION_ACTIVE_DEVICE_CHANGED): device= null
06-17 08:37:57.836  1997  1997 D BluetoothAdapterService: handleMessage() - Message: 2
06-17 08:37:57.836  1997  1997 D BluetoothAdapterService: handleMessage() - MESSAGE_PROFILE_SERVICE_REGISTERED
06-17 08:37:57.836  1997  1997 D BluetoothAdapterService: handleMessage() - Message: 1
06-17 08:37:57.836  1997  1997 D BluetoothAdapterService: handleMessage() - MESSAGE_PROFILE_SERVICE_STATE_CHANGED
06-17 08:37:57.836  1997  1997 D BluetoothAdapterService: handleMessage() - Message: 2
06-17 08:37:57.836  1997  1997 D BluetoothAdapterService: handleMessage() - MESSAGE_PROFILE_SERVICE_REGISTERED
06-17 08:37:57.837  1997  2585 W BluetoothAdapter: getBluetoothService() called with no BluetoothManagerCallback
06-17 08:37:57.837  1997  1997 D BluetoothAdapterService: handleMessage() - Message: 1
06-17 08:37:57.837  1997  1997 D BluetoothAdapterService: handleMessage() - MESSAGE_PROFILE_SERVICE_STATE_CHANGED
06-17 08:37:57.837  1997  1997 D BluetoothAdapterService: handleMessage() - Message: 2
06-17 08:37:57.837  1997  1997 D BluetoothAdapterService: handleMessage() - MESSAGE_PROFILE_SERVICE_REGISTERED
06-17 08:37:57.838  1997  1997 D BluetoothAdapterService: handleMessage() - Message: 1
06-17 08:37:57.838  1997  1997 D BluetoothAdapterService: handleMessage() - MESSAGE_PROFILE_SERVICE_STATE_CHANGED
06-17 08:37:57.837  2542  2542 I service_manager_slow: [10,vendor.perfservice]
06-17 08:37:57.838  1997  1997 D BluetoothAdapterService: handleMessage() - Message: 2
06-17 08:37:57.838  1997  1997 D BluetoothAdapterService: handleMessage() - MESSAGE_PROFILE_SERVICE_REGISTERED
06-17 08:37:57.838  1997  1997 D BluetoothAdapterService: handleMessage() - Message: 1
06-17 08:37:57.838  1997  1997 D BluetoothAdapterService: handleMessage() - MESSAGE_PROFILE_SERVICE_STATE_CHANGED
06-17 08:37:57.838  1997  1997 W BluetoothAdapterService: onProfileServiceStateChange() - All profile services started..
06-17 08:37:57.838  1997  1997 D AdapterProperties: onBluetoothReady, state=TURNING_ON, ScanMode=20
06-17 08:37:57.838  1997  1997 D BluetoothAdapterService: updateUuids() - Updating UUIDs for bonded devices
06-17 08:37:57.839   728  2491 I vendor.qti.bluetooth@1.0-ibs_handler: ProcessIbsCmd: Received IBS_WAKE_IND: 0xFD
06-17 08:37:57.840   728  2491 I vendor.qti.bluetooth@1.0-ibs_handler: ProcessIbsCmd: Writing IBS_WAKE_ACK
06-17 08:37:57.840  1997  2099 I AdapterState: ON : entered 
06-17 08:37:57.840  1997  2099 D AdapterProperties: Setting state to ON
06-17 08:37:57.840  1997  2099 D BluetoothAdapterService: updateAdapterState() - Broadcasting state ON to 1 receivers.
06-17 08:37:57.840  1595  1657 D BluetoothManagerService: MESSAGE_BLUETOOTH_STATE_CHANGE: TURNING_ON > ON
06-17 08:37:57.840  1595  1657 D BluetoothManagerService: Broadcasting onBluetoothStateChange(true) to 12 receivers.
06-17 08:37:57.840  1997  2498 I bt_stack: [INFO:port_api.cc(123)] RFCOMM_CreateConnection BDA: ff:ff:ff:ff:ff:ff
06-17 08:37:57.840  1595  1657 D BluetoothHeadset: onBluetoothStateChange: up=true
06-17 08:37:57.840  2032  2423 D BluetoothHidDevice: onBluetoothStateChange: up=true
06-17 08:37:57.841  2032  2423 D BluetoothHidDevice: Binding HID Device service...
06-17 08:37:57.841  2032  2415 D BluetoothPan: onBluetoothStateChange on: true
06-17 08:37:57.841  2032  2278 I sysui_multi_action: [757,1093,758,4,1094,268435458,1095,3,1359,1087]
06-17 08:37:57.841  2032  2049 D BluetoothMap: onBluetoothStateChange: up=true
06-17 08:37:57.841  1997  2120 D AdapterProperties: Scan Mode:21
06-17 08:37:57.841  1595  1657 E BluetoothHearingAid: Could not bind to Bluetooth Hearing Aid Service with Intent { act=android.bluetooth.IBluetoothHearingAid }
06-17 08:37:57.841  1997  1997 D BluetoothVendorService: setWifiState to: false
06-17 08:37:57.841  1595  1657 D BluetoothHeadset: onBluetoothStateChange: up=true
06-17 08:37:57.841  1997  1997 I BluetoothVendorJni: setWifiStateNative
06-17 08:37:57.841  1997  1997 I bt_btif_vendor: setWifiState :0
06-17 08:37:57.841  1595  1657 D BluetoothA2dp: onBluetoothStateChange: up=true
06-17 08:37:57.841  1997  2120 D AdapterProperties: Discoverable Timeout:120
06-17 08:37:57.841  2194  2209 D BluetoothHeadset: onBluetoothStateChange: up=true
06-17 08:37:57.841  1595  1657 D BluetoothHeadset: onBluetoothStateChange: up=true
06-17 08:37:57.841  1997  1997 I BluetoothPhonePolicy: processProfileActiveDeviceChanged, activeDevice=null, profile=2
06-17 08:37:57.841  1595  1657 D BluetoothManagerService: Sending BLE State Change: TURNING_ON > ON
06-17 08:37:57.841  1997  1997 W BluetoothPhonePolicy: processProfileActiveDeviceChanged: ignore null A2DP active device
06-17 08:37:57.841  2032  2047 D BluetoothDun: onBluetoothStateChange on: true
06-17 08:37:57.841  2032  2047 D BluetoothDun: onBluetoothStateChange call bindService
06-17 08:37:57.841  2032  2048 D BluetoothHidHost: onBluetoothStateChange: up=true
06-17 08:37:57.841  2032  2423 E BluetoothHidDevice: Could not bind to Bluetooth HID Device Service with Intent { act=android.bluetooth.IBluetoothHidDevice }
06-17 08:37:57.841  2032  2047 E BluetoothDun: Could not bind to Bluetooth Dun Service with Intent { act=android.bluetooth.IBluetoothDun }
06-17 08:37:57.842  1595  1595 W Telecom : BluetoothPhoneService: Calling get Profile proxy
06-17 08:37:57.843  1595  1595 W Telecom : BluetoothPhoneService: Done Calling get Profile proxy
06-17 08:37:57.844   736   736 D SDM     : DisplayBase::BuildLayerStackStats: LayerStack layer_count: 3, app_layer_count: 2, gpu_target_index: 2, display type: 0
06-17 08:37:57.844  1595  1595 I Telecom : BluetoothPhoneService: queryPhoneState: BPSI.qPS@ACo
06-17 08:37:57.844  1595  1595 I Telecom : BluetoothPhoneService: updateHeadsetWithCallState numActive 0, numHeld 0, callState 6, ringing number ***, ringing type 128: BPSI.qPS@ACo
06-17 08:37:57.845  1997  2172 D BluetoothActiveDeviceManager: handleMessage(MESSAGE_ADAPTER_ACTION_STATE_CHANGED): newState=12
06-17 08:37:57.845  1997  1997 D BluetoothMapService: onReceive
06-17 08:37:57.845  1997  1997 D BluetoothMapService: onReceive: android.bluetooth.adapter.action.STATE_CHANGED
06-17 08:37:57.845  1997  1997 D BluetoothMapService: STATE_ON
06-17 08:37:57.845  1997  1997 D SapService: STATE_ON
06-17 08:37:57.845  1997  1997 D BtOppService: action : android.bluetooth.adapter.action.STATE_CHANGED
06-17 08:37:57.846  1997  2516 I HeadsetService: No device is connected and no call, set A2DPsuspended to false
06-17 08:37:57.847  1997  2516 D HeadsetA2dpSync:  releaseA2DP mA2dpSuspendTriggered 0 by device null
06-17 08:37:57.847  2032  2278 D LocalBluetoothProfileManager: Adding local A2DP SRC profile
06-17 08:37:57.847  1997  2585 W BluetoothAdapter: getBluetoothService() called with no BluetoothManagerCallback
06-17 08:37:57.848  1997  2498 W bt_l2cap: L2CAP - L2CA_Register() called for PSM: 0x1025
06-17 08:37:57.848  1997  2585 D ObexServerSockets: Succeed to create listening sockets 
06-17 08:37:57.848  1997  2585 D ObexServerSockets0: startAccept()
06-17 08:37:57.848  1997  2586 E ActivityThread: Failed to find provider info for com.android.contacts
06-17 08:37:57.849  1997  2586 D BluetoothPbapUtils: Failed to fetch contacts data from database..
06-17 08:37:57.852  2542  2542 D PowerOffAlarm: Receive android.intent.action.LOCKED_BOOT_COMPLETED intent. 
06-17 08:37:57.852  2542  2542 E PowerOffAlarm: java.io.FileNotFoundException: /persist/alarm/data (No such file or directory)
06-17 08:37:57.855  1997  2585 D BluetoothAdapterService: getAdapterService() - returning com.android.bluetooth.btservice.AdapterService@b7faa63
06-17 08:37:57.856  1997  2585 D BluetoothVendorService: getProfileInfo profile_id: 2
06-17 08:37:57.856  1997  2585 I BluetoothVendorJni: getProfileInfoNative
06-17 08:37:57.856  1997  2585 I bt_btif_vendor: get_profile_info :2
06-17 08:37:57.856  1997  2585 W bt_device_profile: profile_feature_fetch:profile 2
06-17 08:37:57.856  1997  2585 W bt_device_profile: profile_feature_fetch:PBAP_0102_SUPPORT found 1
06-17 08:37:57.856  1997  2585 D BluetoothVendorService: getProfileInfo profile_id: 2
06-17 08:37:57.856  1997  2585 I BluetoothVendorJni: getProfileInfoNative
06-17 08:37:57.856  1997  2585 I bt_btif_vendor: get_profile_info :2
06-17 08:37:57.856  1997  2585 W bt_device_profile: profile_feature_fetch:profile 2
06-17 08:37:57.856  1997  2585 W bt_device_profile: profile_feature_fetch:USE_SIM_SUPPORT found 1
06-17 08:37:57.856  2032  2278 D LocalBluetoothProfileManager: Adding local HEADSET profile
06-17 08:37:57.856  1997  2585 D BluetoothPbapFixes: isSupportedPbap12: true
06-17 08:37:57.856  1997  2585 D BluetoothPbapFixes: isSimSupported: true
06-17 08:37:57.856  1997  2585 D BluetoothPbapFixes: creating PBAP 1.1 record with sim support
06-17 08:37:57.856  1997  2585 D BluetoothSdpJni: sdpCreatePbapPseRecordNative
06-17 08:37:57.856  1997  2592 D ObexServerSockets0: Accepting socket connection...
06-17 08:37:57.856  1997  2585 D BluetoothSdpJni: SDP Create record success - handle: 0
06-17 08:37:57.856  1997  2585 D BluetoothPbapService: created Sdp record, mSdpHandle=0
06-17 08:37:57.859  2032  2278 D LocalBluetoothProfileManager: Handsfree Uuid not found.
06-17 08:37:57.859  2032  2278 D LocalBluetoothProfileManager: MAP Client Uuid not found.
06-17 08:37:57.859  2032  2032 D BluetoothA2dp: Proxy object connected
06-17 08:37:57.860   736   736 D SDM     : DisplayBase::BuildLayerStackStats: LayerStack layer_count: 3, app_layer_count: 2, gpu_target_index: 2, display type: 0
06-17 08:37:57.861  1997  2593 D ObexServerSockets0: Accepting socket connection...
06-17 08:37:57.865  1997  2557 V BluetoothMapService: Handler(): got msg=1
06-17 08:37:57.866  1997  2557 D BluetoothMapMasInstance0: Map Service startSocketListeners
06-17 08:37:57.866  1997  2557 D ObexServerSockets: create(rfcomm = 26, l2capPsm = 4137)
06-17 08:37:57.867  1997  1997 I BluetoothPhonePolicy: delay auto connect by 500 ms
06-17 08:37:57.867  1997  1997 D BluetoothAdapterService: isQuetModeEnabled() - Enabled = false
06-17 08:37:57.868  1997  1997 I BtOppService:  handleMessage :1
06-17 08:37:57.868  1997  2557 W BluetoothAdapter: getBluetoothService() called with no BluetoothManagerCallback
06-17 08:37:57.868  1997  2498 I bt_stack: [INFO:port_api.cc(123)] RFCOMM_CreateConnection BDA: ff:ff:ff:ff:ff:ff
06-17 08:37:57.869  1997  1997 D BtOppService: start Socket Listeners
06-17 08:37:57.869  1997  1997 D BtOppService: stopListeners: mServerSocket is null
06-17 08:37:57.869  1997  1997 D ObexServerSockets: create(rfcomm = 12, l2capPsm = 4131)
06-17 08:37:57.870  1595  1595 I am_uid_running: 10062
06-17 08:37:57.872  1997  1997 W BluetoothAdapter: getBluetoothService() called with no BluetoothManagerCallback
06-17 08:37:57.872  1595  1920 D WifiConfigStore: Reading from stores completed in 2 ms.
06-17 08:37:57.873  1997  2557 W BluetoothAdapter: getBluetoothService() called with no BluetoothManagerCallback
06-17 08:37:57.873  1997  2498 I bt_stack: [INFO:port_api.cc(123)] RFCOMM_CreateConnection BDA: ff:ff:ff:ff:ff:ff
06-17 08:37:57.873  1997  1997 D BluetoothAdapter: listenUsingInsecureL2capOn: port=4131
06-17 08:37:57.873  1997  2498 W bt_l2cap: L2CAP - L2CA_Register() called for PSM: 0x1029
06-17 08:37:57.874  1997  2557 D ObexServerSockets: Succeed to create listening sockets 
06-17 08:37:57.874  1997  2557 D ObexServerSockets1: startAccept()
06-17 08:37:57.874  1595  1920 W WifiConfigManager: No stored networks found.
06-17 08:37:57.874  1997  2557 D BluetoothSdpJni: sdpCreateMapMasRecordNative
06-17 08:37:57.874  1997  2557 D BluetoothSdpJni: SDP Create record success - handle: 1
06-17 08:37:57.875  1997  2598 D ObexServerSockets1: Accepting socket connection...
06-17 08:37:57.877   736   736 D SDM     : DisplayBase::BuildLayerStackStats: LayerStack layer_count: 3, app_layer_count: 2, gpu_target_index: 2, display type: 0
06-17 08:37:57.878  1595  1920 D WIFI    : Registering NetworkFactory
06-17 08:37:57.878  1595  1920 D WIFI_UT : Registering NetworkFactory
06-17 08:37:57.878  1595  1923 D ConnectivityService: Got NetworkFactory Messenger for WIFI
06-17 08:37:57.879  1595  1923 D ConnectivityService: Got NetworkFactory Messenger for WIFI_UT
06-17 08:37:57.879  1595  1920 D WIFI    : got request NetworkRequest [ TRACK_DEFAULT id=10, [ Capabilities: INTERNET&NOT_RESTRICTED&TRUSTED Unwanted:  Uid: 1000] ] with score 0
06-17 08:37:57.879  1595  1920 D WIFI    : got request NetworkRequest [ BACKGROUND_REQUEST id=2, [ Transports: CELLULAR Capabilities: INTERNET&NOT_RESTRICTED&TRUSTED&NOT_VPN Unwanted: ] ] with score 0
06-17 08:37:57.879  1595  1920 D WIFI    : got request NetworkRequest [ TRACK_DEFAULT id=6, [ Capabilities: INTERNET&NOT_RESTRICTED&TRUSTED Unwanted:  Uid: 1000] ] with score 0
06-17 08:37:57.879  1595  1920 D WIFI    : got request NetworkRequest [ TRACK_DEFAULT id=12, [ Capabilities: INTERNET&NOT_RESTRICTED&TRUSTED Unwanted:  Uid: 10018] ] with score 0
06-17 08:37:57.879  1595  1920 D WIFI    : got request NetworkRequest [ REQUEST id=1, [ Capabilities: INTERNET&NOT_RESTRICTED&TRUSTED&NOT_VPN Unwanted: ] ] with score 0
06-17 08:37:57.879  1595  1920 D WIFI_UT : got request NetworkRequest [ TRACK_DEFAULT id=10, [ Capabilities: INTERNET&NOT_RESTRICTED&TRUSTED Unwanted:  Uid: 1000] ] with score 0
06-17 08:37:57.879  1595  1920 D WIFI_UT : got request NetworkRequest [ BACKGROUND_REQUEST id=2, [ Transports: CELLULAR Capabilities: INTERNET&NOT_RESTRICTED&TRUSTED&NOT_VPN Unwanted: ] ] with score 0
06-17 08:37:57.879  1595  1920 D WIFI_UT : got request NetworkRequest [ TRACK_DEFAULT id=6, [ Capabilities: INTERNET&NOT_RESTRICTED&TRUSTED Unwanted:  Uid: 1000] ] with score 0
06-17 08:37:57.879  1595  1920 D WIFI_UT : got request NetworkRequest [ TRACK_DEFAULT id=12, [ Capabilities: INTERNET&NOT_RESTRICTED&TRUSTED Unwanted:  Uid: 10018] ] with score 0
06-17 08:37:57.879  1595  1920 D WIFI_UT : got request NetworkRequest [ REQUEST id=1, [ Capabilities: INTERNET&NOT_RESTRICTED&TRUSTED&NOT_VPN Unwanted: ] ] with score 0
06-17 08:37:57.882  1997  2596 W BluetoothAdapter: getBluetoothService() called with no BluetoothManagerCallback
06-17 08:37:57.885  1997  1997 W BluetoothAdapter: getBluetoothService() called with no BluetoothManagerCallback
06-17 08:37:57.885  1997  2498 W bt_l2cap: L2CAP - L2CA_Register() called for PSM: 0x1023
06-17 08:37:57.885  1997  1997 D ObexServerSockets: Succeed to create listening sockets 
06-17 08:37:57.885  1997  1997 D ObexServerSockets2: startAccept()
06-17 08:37:57.886  1997  1997 D BluetoothSdpJni: sdpCreateOppOpsRecordNative
06-17 08:37:57.886  1997  1997 D BluetoothSdpJni: SDP Create record success - handle: 2
06-17 08:37:57.886  1997  1997 D BtOppService: mOppSdpHandle :2
06-17 08:37:57.887  1997  2498 I bt_stack: [INFO:port_api.cc(123)] RFCOMM_CreateConnection BDA: ff:ff:ff:ff:ff:ff
06-17 08:37:57.887  1997  2596 D BluetoothSdpJni: sdpCreateSapsRecordNative
06-17 08:37:57.887  1997  2596 D BluetoothSdpJni: SDP Create record success - handle: 3
06-17 08:37:57.887  1997  2600 D ObexServerSockets2: Accepting socket connection...
06-17 08:37:57.890  1997  2599 D ObexServerSockets2: Accepting socket connection...
06-17 08:37:57.892  1595  1644 I am_proc_start: [0,2601,10062,com.android.deskclock,broadcast,com.android.deskclock/.AlarmInitReceiver]
06-17 08:37:57.892  1595  1644 I ActivityManager: Start proc 2601:com.android.deskclock/u0a62 for broadcast com.android.deskclock/.AlarmInitReceiver
06-17 08:37:57.894   736   736 D SDM     : DisplayBase::BuildLayerStackStats: LayerStack layer_count: 3, app_layer_count: 2, gpu_target_index: 2, display type: 0
06-17 08:37:57.895  1997  2597 D ObexServerSockets1: Accepting socket connection...
06-17 08:37:57.898  2529  2529 I bootstat: Canonical boot reason: bootloader
06-17 08:37:57.902  2529  2529 I sysui_multi_action: [757,1098,758,4,1099,<EMPTY>]
06-17 08:37:57.904  2529  2529 I sysui_multi_action: [757,804,799,factory_reset_current_time,801,1560760677,802,1]
06-17 08:37:57.904  2529  2529 I sysui_multi_action: [757,804,799,factory_reset_record_value,801,1560440383,802,1]
06-17 08:37:57.904  2529  2529 I sysui_multi_action: [757,804,799,time_since_factory_reset,801,320294,802,1]
06-17 08:37:57.904  2529  2529 I sysui_multi_action: [757,804,799,time_since_last_boot,801,0,802,1]
06-17 08:37:57.904  2529  2529 I sysui_multi_action: [757,804,799,factory_reset_boot_complete_post_decrypt,801,80,802,1]
06-17 08:37:57.904  2529  2529 I sysui_multi_action: [757,804,799,boot_complete,801,97,802,1]
06-17 08:37:57.904  2529  2529 I sysui_multi_action: [757,804,799,ro.boottime.init,801,8337,802,1]
06-17 08:37:57.904  2529  2529 I sysui_multi_action: [757,804,799,factory_reset_record_value,801,1560440383,802,1]
06-17 08:37:57.904  2529  2529 I sysui_multi_action: [757,804,799,factory_reset_boot_complete,801,96,802,1]
06-17 08:37:57.904  2529  2529 I sysui_multi_action: [757,804,799,ro.boottime.init.selinux,801,101,802,1]
06-17 08:37:57.904  2529  2529 I sysui_multi_action: [757,804,799,boot_decryption_complete,801,97,802,1]
06-17 08:37:57.904  2529  2529 I sysui_multi_action: [757,804,799,factory_reset_current_time,801,1560760677,802,1]
06-17 08:37:57.904  2529  2529 I sysui_multi_action: [757,804,799,system_boot_reason,801,55,802,1]
06-17 08:37:57.904  2529  2529 I sysui_multi_action: [757,804,799,boot_complete_post_decrypt,801,81,802,1]
06-17 08:37:57.905  2529  2529 I sysui_multi_action: [757,804,799,post_decrypt_time_elapsed,801,16,802,1]
06-17 08:37:57.905  2529  2529 I sysui_multi_action: [757,804,799,last_boot_time_utc,801,1560760677,802,1]
06-17 08:37:57.905  2529  2529 I sysui_multi_action: [757,804,799,factory_reset,801,1560440383,802,1]
06-17 08:37:57.905  2529  2529 I sysui_multi_action: [757,804,799,build_date,801,1560410018,802,1]
06-17 08:37:57.905  2529  2529 I sysui_multi_action: [757,804,799,ro.boottime.init.cold_boot_wait,801,996,802,1]
06-17 08:37:57.905  2529  2529 I sysui_multi_action: [757,804,799,boottime.bootloader.total,801,0,802,1]
06-17 08:37:57.905  2529  2529 I sysui_multi_action: [757,804,799,boot_reason,801,0,802,1]
06-17 08:37:57.905  2529  2529 I sysui_multi_action: [757,804,799,absolute_boot_time,801,97,802,1]
06-17 08:37:57.910   736   736 D SDM     : DisplayBase::BuildLayerStackStats: LayerStack layer_count: 3, app_layer_count: 2, gpu_target_index: 2, display type: 0
01-01 10:32:05.349     0     0 W         : IRQ5 no longer affine to CPU4
01-01 10:32:05.349     0     0 I init    : processing action (ro.boot.bootreason=*) from (/system/etc/init/bootstat.rc:4)
01-01 10:32:05.352     0     0 I init    : Service 'exec 13 (/system/bin/bootstat --set_system_boot_reason --record_boot_complete --record_boot_reason --record_time_since_factory_reset -l)' (pid 2529) exited with status 0
06-17 08:37:57.929  1595  1623 I am_proc_bound: [0,2601,com.android.deskclock]
06-17 08:37:57.927   736   736 D SDM     : DisplayBase::BuildLayerStackStats: LayerStack layer_count: 3, app_layer_count: 2, gpu_target_index: 2, display type: 0
06-17 08:37:57.929  1595  1623 D CompatibilityInfo: mCompatibilityFlags - 10
06-17 08:37:57.929  1595  1623 D CompatibilityInfo: applicationDensity - 320
06-17 08:37:57.929  1595  1623 D CompatibilityInfo: applicationScale - 1.0
06-17 08:37:57.930   728  2491 I vendor.qti.bluetooth@1.0-ibs_handler: ProcessIbsCmd: Received IBS_SLEEP_IND: 0xFE
06-17 08:37:57.932  1595  1623 D CompatibilityInfo: mCompatibilityFlags - 10
06-17 08:37:57.932  1595  1623 D CompatibilityInfo: applicationDensity - 320
06-17 08:37:57.932  1595  1623 D CompatibilityInfo: applicationScale - 1.0
06-17 08:37:57.943  1595  1657 D BluetoothHeadset: Proxy object connected
06-17 08:37:57.944  1595  1595 W Telecom : BluetoothPhoneService: onServiceConnected: setting mBluetoothHeadset
06-17 08:37:57.944   736   736 D SDM     : DisplayBase::BuildLayerStackStats: LayerStack layer_count: 3, app_layer_count: 2, gpu_target_index: 2, display type: 0
06-17 08:37:57.939  1067  1067 I auditd  : type=1400 audit(0.0:87): avc: denied { getattr } for comm="Binder:1067_4" path="/data/data/com.qualcomm.qti.auth.fidocryptoservice" dev="dm-0" ino=655582 scontext=u:r:installd:s0 tcontext=u:object_r:qsee_svc_app_data_file:s0 tclass=dir permissive=1
06-17 08:37:57.939  1067  1067 I Binder:1067_4: type=1400 audit(0.0:87): avc: denied { getattr } for path="/data/data/com.qualcomm.qti.auth.fidocryptoservice" dev="dm-0" ino=655582 scontext=u:r:installd:s0 tcontext=u:object_r:qsee_svc_app_data_file:s0 tclass=dir permissive=1
06-17 08:37:57.951  2601  2601 I droid.deskcloc: The ClassLoaderContext is a special shared library.
06-17 08:37:57.939  1067  1067 I auditd  : type=1400 audit(0.0:88): avc: denied { read } for comm="Binder:1067_4" name="com.qualcomm.qti.auth.fidocryptoservice" dev="dm-0" ino=655582 scontext=u:r:installd:s0 tcontext=u:object_r:qsee_svc_app_data_file:s0 tclass=dir permissive=1
06-17 08:37:57.939  1067  1067 I Binder:1067_4: type=1400 audit(0.0:88): avc: denied { read } for name="com.qualcomm.qti.auth.fidocryptoservice" dev="dm-0" ino=655582 scontext=u:r:installd:s0 tcontext=u:object_r:qsee_svc_app_data_file:s0 tclass=dir permissive=1
06-17 08:37:57.959  2032  2589 D BluetoothHeadset: Proxy object connected
06-17 08:37:57.959  2032  2032 D HeadsetProfile: Bluetooth service connected
06-17 08:37:57.960   736   736 D SDM     : DisplayBase::BuildLayerStackStats: LayerStack layer_count: 3, app_layer_count: 2, gpu_target_index: 2, display type: 0
06-17 08:37:58.004  1595  1623 I sysui_multi_action: [757,128,758,1,793,374,794,0,795,374,796,26,798,0,806,android,857,DEVELOPER,858,2,947,0,1395,2]
06-17 08:37:58.004  1595  1623 I sysui_histogram: [note_freshness,374]
06-17 08:37:58.004  1595  1623 I sysui_multi_action: [757,804,799,note_freshness,801,374,802,1]
06-17 08:37:58.004  1595  1623 I notification_visibility: [-1|android|26|null|1000,1,374,374,0,0]
06-17 08:37:57.994   736   736 I chatty  : uid=1000(system) composer@2.1-se identical 2 lines
06-17 08:37:58.010   736   736 D SDM     : DisplayBase::BuildLayerStackStats: LayerStack layer_count: 3, app_layer_count: 2, gpu_target_index: 2, display type: 0
06-17 08:37:58.017  2601  2601 I Perf    : Connecting to perf service.
06-17 08:37:58.027   736   736 D SDM     : DisplayBase::BuildLayerStackStats: LayerStack layer_count: 3, app_layer_count: 2, gpu_target_index: 2, display type: 0
01-01 10:32:05.516     0     0 I zram0   : detected capacity change from 0 to 1073741824
06-17 08:37:58.077   736   736 I chatty  : uid=1000(system) composer@2.1-se identical 3 lines
06-17 08:37:58.094   736   736 D SDM     : DisplayBase::BuildLayerStackStats: LayerStack layer_count: 3, app_layer_count: 2, gpu_target_index: 2, display type: 0
06-17 08:37:58.100  2601  2601 I AlarmClock: AlarmInitReceiver android.intent.action.LOCKED_BOOT_COMPLETED
06-17 08:37:58.110   736   736 D SDM     : DisplayBase::BuildLayerStackStats: LayerStack layer_count: 3, app_layer_count: 2, gpu_target_index: 2, display type: 0
06-17 08:37:58.114  1305  1305 I MSM-irqbalance: Discovered a new IRQ: 11
06-17 08:37:58.116  1305  1305 I MSM-irqbalance: Discovered a new IRQ: 307
06-17 08:37:58.120  2601  2638 I AlarmClock: Fixing alarm instances
06-17 08:37:58.122  1305  1305 E MSM-irqbalance: WARNING: Cannot find matching virq for hwirq(22).
06-17 08:37:58.127   736   736 D SDM     : DisplayBase::BuildLayerStackStats: LayerStack layer_count: 3, app_layer_count: 2, gpu_target_index: 2, display type: 0
01-01 10:32:05.572     0     0 I         : Adding 1048572k swap on /dev/block/zram0.  Priority:32758 extents:1 across:1048572k SS
06-17 08:37:58.131  1305  1305 E MSM-irqbalance: WARNING: Cannot find matching virq for hwirq(446).
06-17 08:37:58.134  1305  1305 E MSM-irqbalance: WARNING: Cannot find matching virq for hwirq(455).
06-17 08:37:58.137  1305  1305 E MSM-irqbalance: WARNING: Cannot find matching virq for hwirq(456).
06-17 08:37:58.144   736   736 D SDM     : DisplayBase::BuildLayerStackStats: LayerStack layer_count: 3, app_layer_count: 2, gpu_target_index: 2, display type: 0
06-17 08:37:58.150  2601  2638 V AlarmClock: AlarmInitReceiver finished
06-17 08:37:58.157  1595  1623 D CompatibilityInfo: mCompatibilityFlags - 0
06-17 08:37:58.157  1595  1623 D CompatibilityInfo: applicationDensity - 320
06-17 08:37:58.157  1595  1623 D CompatibilityInfo: applicationScale - 1.0
06-17 08:37:58.160   736   736 D SDM     : DisplayBase::BuildLayerStackStats: LayerStack layer_count: 3, app_layer_count: 2, gpu_target_index: 2, display type: 0
06-17 08:37:58.166  2328  2328 D QcrilMsgTunnelAutoboot: ComponentInfo{com.qualcomm.qcrilmsgtunnel/com.qualcomm.qcrilmsgtunnel.QcrilMsgTunnelService} started successfully
06-17 08:37:58.177   736   736 D SDM     : DisplayBase::BuildLayerStackStats: LayerStack layer_count: 3, app_layer_count: 2, gpu_target_index: 2, display type: 0
06-17 08:37:58.182  1595  1644 I am_proc_start: [0,2645,1000,com.qualcomm.qti.qdma,broadcast,com.qualcomm.qti.qdma/.app.BootReceiver]
06-17 08:37:58.182  1595  1644 I ActivityManager: Start proc 2645:com.qualcomm.qti.qdma/1000 for broadcast com.qualcomm.qti.qdma/.app.BootReceiver
06-17 08:37:58.246  1595  1623 I am_proc_bound: [0,2645,com.qualcomm.qti.qdma]
06-17 08:37:58.229   736   736 I chatty  : uid=1000(system) composer@2.1-se identical 3 lines
06-17 08:37:58.244   736   736 D SDM     : DisplayBase::BuildLayerStackStats: LayerStack layer_count: 3, app_layer_count: 2, gpu_target_index: 2, display type: 0
06-17 08:37:58.247  1595  1623 D CompatibilityInfo: mCompatibilityFlags - 0
06-17 08:37:58.247  1595  1623 D CompatibilityInfo: applicationDensity - 320
06-17 08:37:58.247  1595  1623 D CompatibilityInfo: applicationScale - 1.0
06-17 08:37:58.250  1595  1623 D CompatibilityInfo: mCompatibilityFlags - 0
06-17 08:37:58.250  1595  1623 D CompatibilityInfo: applicationDensity - 320
06-17 08:37:58.250  1595  1623 D CompatibilityInfo: applicationScale - 1.0
06-17 08:37:58.260   736   736 D SDM     : DisplayBase::BuildLayerStackStats: LayerStack layer_count: 3, app_layer_count: 2, gpu_target_index: 2, display type: 0
01-01 10:32:05.713     0     0 I init    : Received control message 'start' for 'vendor.cdsprpcd' from pid: 2663 (start vendor.cdsprpcd)
01-01 10:32:05.713     0     0 E init    : Could not ctl.start for service vendor.cdsprpcd: Cannot find '/vendor/bin/cdsprpcd': No such file or directory
06-17 08:37:58.277   736   736 I chatty  : uid=1000(system) composer@2.1-se identical 1 line
06-17 08:37:58.294   736   736 D SDM     : DisplayBase::BuildLayerStackStats: LayerStack layer_count: 3, app_layer_count: 2, gpu_target_index: 2, display type: 0
06-17 08:37:58.302  2645  2645 D libnativeloader: classloader namespace configured for unbundled vendor apk. library_path=/vendor/app/QDMA/lib/arm64:/vendor/app/QDMA/QDMA.apk!/lib/arm64-v8a:/vendor/lib64
06-17 08:37:58.311   736   736 D SDM     : DisplayBase::BuildLayerStackStats: LayerStack layer_count: 3, app_layer_count: 2, gpu_target_index: 2, display type: 0
06-17 08:37:58.327   736   736 D SDM     : DisplayBase::BuildLayerStackStats: LayerStack layer_count: 3, app_layer_count: 2, gpu_target_index: 2, display type: 0
06-17 08:37:58.335  2645  2645 I Perf    : Connecting to perf service.
06-17 08:37:58.336   591   591 E SELinux : avc:  denied  { find } for service=vendor.perfservice pid=2645 uid=1000 scontext=u:r:qdma_app:s0 tcontext=u:object_r:vendor_perf_service:s0 tclass=service_manager permissive=1
06-17 08:37:58.336   591   591 I auditd  : avc:  denied  { find } for service=vendor.perfservice pid=2645 uid=1000 scontext=u:r:qdma_app:s0 tcontext=u:object_r:vendor_perf_service:s0 tclass=service_manager permissive=1
06-17 08:37:58.344   736   736 D SDM     : DisplayBase::BuildLayerStackStats: LayerStack layer_count: 3, app_layer_count: 2, gpu_target_index: 2, display type: 0
06-17 08:37:58.357  2645  2645 I QDMA:OptInOutObserver: QDRDBObserver construct for handle
06-17 08:37:58.358  1595  1658 W WindowManager: App freeze timeout expired.
06-17 08:37:58.358  2645  2645 I QDMA:OptInOutObserver: OptInOutObserver construct for context
06-17 08:37:58.358  2645  2645 I QDMA:OptInOutObserver: onRegisterDBObserver 
06-17 08:37:58.359  2645  2672 V Logger  : Log directory path : /data/user_de/0/com.qualcomm.qti.qdma/files
06-17 08:37:58.359  2645  2672 V Logger  : Log file path : /data/user_de/0/com.qualcomm.qti.qdma/files/app_log.txt
06-17 08:37:58.360   736   736 D SDM     : DisplayBase::BuildLayerStackStats: LayerStack layer_count: 3, app_layer_count: 2, gpu_target_index: 2, display type: 0
06-17 08:37:58.362  2645  2645 V QDMA:ApplicationManager: checkPermissions true
06-17 08:37:58.364  2645  2645 I QDMA:ApplicationManager: 
06-17 08:37:58.364  2645  2645 I QDMA:ApplicationManager: 
06-17 08:37:58.364  2645  2645 I QDMA:ApplicationManager: 
06-17 08:37:58.364  2645  2645 I QDMA:ApplicationManager: ********** FOTA Application Started ***********
06-17 08:37:58.364  2645  2672 V Logger  : Backup Log file path : /data/user_de/0/com.qualcomm.qti.qdma/files/app_log.bak
06-17 08:37:58.366  2645  2645 D QDMA:DMENativeInterface: Trying to load libqdma.so
06-17 08:37:58.368  1997  1997 I BluetoothPhonePolicy: MESSAGE_AUTO_CONNECT_PROFILES
06-17 08:37:58.369  1997  1997 D BluetoothAdapterService: isQuetModeEnabled() - Enabled = false
06-17 08:37:58.369  1997  1997 I BluetoothPhonePolicy: autoConnect: Initiate auto connection on BT on...
06-17 08:37:58.369  1997  1997 W A2dpSinkService: getA2dpSinkService(): service is null
06-17 08:37:58.369  1997  1997 E BluetoothPhonePolicy: autoConnectA2dpSink, service is null
06-17 08:37:58.377   736   736 D SDM     : DisplayBase::BuildLayerStackStats: LayerStack layer_count: 3, app_layer_count: 2, gpu_target_index: 2, display type: 0
06-17 08:37:58.389  2645  2645 I QDMA:DMENativeInterface: New dme code version 6 name version QDMA2.0.0-180806
06-17 08:37:58.389  2645  2645 I QDMA:DMENativeInterface: Old dme code version 6 name version QDMA2.0.0-180806
06-17 08:37:58.389  2645  2645 I QDMA:DMENativeInterface: *****    Verify DME tree integrity    *****
06-17 08:37:58.394   736   736 D SDM     : DisplayBase::BuildLayerStackStats: LayerStack layer_count: 3, app_layer_count: 2, gpu_target_index: 2, display type: 0
06-17 08:37:58.395  2645  2645 I QDMA:DMENativeInterface: File list from Assets : [QdmaFile.dfp, QdmaFile.tre, QdmaReg.dfp, QdmaReg.tre, fumo.dfp, fumo.tre, mgmtree.dfp, mgmtree.tre]
06-17 08:37:58.396  2645  2645 I QDMA:DMENativeInterface: File list from Application Tree directory : [mgmtree.tre, QdmaFile.tre, QdmaFile.dfp, fumo.dfp, QdmaReg.tre, QdmaReg.dfp, mgmtree.dfp, dme_log.txt, fumo.tre]
06-17 08:37:58.396  2645  2645 I QDMA:DMENativeInterface: Assets Path : dme. Application Tree path : /data/user_de/0/com.qualcomm.qti.qdma/app_dme
06-17 08:37:58.396  2645  2645 V QDMA:DMENativeInterface: Check if application tree file is good for use. File Name : QdmaFile.dfp
06-17 08:37:58.396  2645  2645 V QDMA:DMENativeInterface: Get file lengths.
06-17 08:37:58.397  2645  2645 V QDMA:DMENativeInterface: Tree file : QdmaFile.dfp. Assets File Size : 400. Application Tree file size  : 400. 
06-17 08:37:58.397  2645  2645 V QDMA:DMENativeInterface: File is good to use.
06-17 08:37:58.397  2645  2645 V QDMA:DMENativeInterface: Check if application tree file is good for use. File Name : QdmaFile.tre
06-17 08:37:58.397  2645  2645 V QDMA:DMENativeInterface: Get file lengths.
06-17 08:37:58.397  2645  2645 V QDMA:DMENativeInterface: Tree file : QdmaFile.tre. Assets File Size : 481. Application Tree file size  : 481. 
06-17 08:37:58.397  2645  2645 V QDMA:DMENativeInterface: File is good to use.
06-17 08:37:58.397  2645  2645 V QDMA:DMENativeInterface: Check if application tree file is good for use. File Name : QdmaReg.dfp
06-17 08:37:58.398  2645  2645 V QDMA:DMENativeInterface: Get file lengths.
06-17 08:37:58.398  2645  2645 V QDMA:DMENativeInterface: Tree file : QdmaReg.dfp. Assets File Size : 1408. Application Tree file size  : 1408. 
06-17 08:37:58.399  2645  2645 V QDMA:DMENativeInterface: File is good to use.
06-17 08:37:58.399  2645  2645 V QDMA:DMENativeInterface: Check if application tree file is good for use. File Name : QdmaReg.tre
06-17 08:37:58.399  2645  2645 V QDMA:DMENativeInterface: Get file lengths.
06-17 08:37:58.399  2645  2645 V QDMA:DMENativeInterface: Tree file : QdmaReg.tre. Assets File Size : 1434. Application Tree file size  : 1434. 
06-17 08:37:58.399  2645  2645 V QDMA:DMENativeInterface: File is good to use.
06-17 08:37:58.399  2645  2645 V QDMA:DMENativeInterface: Check if application tree file is good for use. File Name : fumo.dfp
06-17 08:37:58.399  2645  2645 V QDMA:DMENativeInterface: Get file lengths.
06-17 08:37:58.400  2645  2645 V QDMA:DMENativeInterface: Tree file : fumo.dfp. Assets File Size : 1427. Application Tree file size  : 1427. 
06-17 08:37:58.400  2645  2645 V QDMA:DMENativeInterface: File is good to use.
06-17 08:37:58.400  2645  2645 V QDMA:DMENativeInterface: Check if application tree file is good for use. File Name : fumo.tre
06-17 08:37:58.400  2645  2645 V QDMA:DMENativeInterface: Get file lengths.
06-17 08:37:58.400  2645  2645 V QDMA:DMENativeInterface: Tree file : fumo.tre. Assets File Size : 895. Application Tree file size  : 895. 
06-17 08:37:58.400  2645  2645 V QDMA:DMENativeInterface: File is good to use.
06-17 08:37:58.400  2645  2645 V QDMA:DMENativeInterface: Check if application tree file is good for use. File Name : mgmtree.dfp
06-17 08:37:58.400  2645  2645 V QDMA:DMENativeInterface: Get file lengths.
06-17 08:37:58.401  2645  2645 V QDMA:DMENativeInterface: Tree file : mgmtree.dfp. Assets File Size : 11491. Application Tree file size  : 11491. 
06-17 08:37:58.401  2645  2645 V QDMA:DMENativeInterface: File is good to use.
06-17 08:37:58.401  2645  2645 V QDMA:DMENativeInterface: Check if application tree file is good for use. File Name : mgmtree.tre
06-17 08:37:58.401  2645  2645 V QDMA:DMENativeInterface: Get file lengths.
06-17 08:37:58.401  2645  2645 V QDMA:DMENativeInterface: Tree file : mgmtree.tre. Assets File Size : 7472. Application Tree file size  : 9534. 
06-17 08:37:58.401  2645  2645 V QDMA:DMENativeInterface: File is good to use.
01-01 10:32:05.848     0     0 I init    : Service 'cs-post-boot' (pid 2528) exited with status 0
06-17 08:37:58.407  2645  2645 I QDMA:DMENativeInterface: === initEngineNative ===
06-17 08:37:58.408  2645  2645 I QDMA:DMENativeInterface: DME Working directory: /data/user_de/0/com.qualcomm.qti.qdma/app_dme
06-17 08:37:58.408  2645  2645 I QDMA:ApplicationManager: DME initialization: true
06-17 08:37:58.409  2645  2645 W QDMA:Collector: enable: already enabled
06-17 08:37:58.409  2645  2645 I chatty  : uid=1000(system) com.qualcomm.qti.qdma identical 4 lines
06-17 08:37:58.410  2645  2645 W QDMA:Collector: enable: already enabled
06-17 08:37:58.410   736   736 D SDM     : DisplayBase::BuildLayerStackStats: LayerStack layer_count: 3, app_layer_count: 2, gpu_target_index: 2, display type: 0
06-17 08:37:58.413  2645  2645 W ContextImpl: Calling a method in the system process without a qualified user: android.app.ContextImpl.startService:1531 android.content.ContextWrapper.startService:664 com.qualcomm.qti.qdma.app.ApplicationManager.onCreate:357 android.app.Instrumentation.callApplicationOnCreate:1155 android.app.ActivityThread.handleBindApplication:5885 
06-17 08:37:58.414  1595  1623 D CompatibilityInfo: mCompatibilityFlags - 0
06-17 08:37:58.414  1595  1623 D CompatibilityInfo: applicationDensity - 320
06-17 08:37:58.414  1595  1623 D CompatibilityInfo: applicationScale - 1.0
06-17 08:37:58.416  2645  2645 W ContextImpl: Calling a method in the system process without a qualified user: android.app.ContextImpl.startService:1531 android.content.ContextWrapper.startService:664 com.qualcomm.qti.qdma.app.ApplicationManager.onCreate:361 android.app.Instrumentation.callApplicationOnCreate:1155 android.app.ActivityThread.handleBindApplication:5885 
06-17 08:37:58.417  1595  1623 D CompatibilityInfo: mCompatibilityFlags - 0
06-17 08:37:58.417  1595  1623 D CompatibilityInfo: applicationDensity - 320
06-17 08:37:58.417  1595  1623 D CompatibilityInfo: applicationScale - 1.0
06-17 08:37:58.419  2645  2645 V QDMA:PersistentStore: openDataBase : (dbFileConnection.exists() is false
06-17 08:37:58.419  2645  2645 V QDMA:DeferPolicy60: retrievePersistentDeferPolicy60 : zn was NULL so allocate with new...this will make start-time as ZERO
06-17 08:37:58.420  2645  2645 V QDMA:PersistableUpdateInfo: PersistableUpdateInfo Constructor called
06-17 08:37:58.424  2194  2209 D SubscriptionController: [getPhoneId] asked for default subId=2147483643
06-17 08:37:58.425  2194  2209 D QtiSubscriptionController: getPhoneId, received dummy subId 2147483643
06-17 08:37:58.426  2645  2645 V QDMA:DownloadModulePhoneServiceReceiver: DownloadModulePhoneServiceReceiver() invoked.
06-17 08:37:58.427  2645  2645 V QDMA:DownloadModulePhoneStateListener: DownloadModulePhoneStateListener() invoked.
06-17 08:37:58.427  2645  2645 V QDMA:DownloadModulePhoneServiceReceiver: registerCallStateListener() invoked.
06-17 08:37:58.427   736   736 D SDM     : DisplayBase::BuildLayerStackStats: LayerStack layer_count: 3, app_layer_count: 2, gpu_target_index: 2, display type: 0
06-17 08:37:58.431  2194  2209 D SubscriptionController: [getPhoneId] asked for default subId=2147483643
06-17 08:37:58.431  2194  2209 D QtiSubscriptionController: getPhoneId, received dummy subId 2147483643
06-17 08:37:58.432  2645  2645 I QDMA:ApplicationManager: ********** On Start of application retrieveApplicationData from Persistent Store ***********
06-17 08:37:58.433  2645  2645 I QDMA:ApplicationManager: isItDMSessionRecovery, Invoked.?
06-17 08:37:58.433  2645  2645 V QDMA:ApplicationManager: activeSessionInfo == null
06-17 08:37:58.433  2645  2645 V QDMA:ApplicationManager: getSessionInfoForDMSessionRecovery, Invoked.
06-17 08:37:58.433  2645  2645 I QDMA:ApplicationManager: isItDMSessionRecovery, return false.
06-17 08:37:58.433  2645  2645 I QDMA:ApplicationManager: Application retrieved sessionsQueue from Persistent Store, Session queue is null
06-17 08:37:58.444   736   736 D SDM     : DisplayBase::BuildLayerStackStats: LayerStack layer_count: 3, app_layer_count: 2, gpu_target_index: 2, display type: 0
06-17 08:37:58.454  2645  2645 D QDMA:Recovery: android.intent.action.LOCKED_BOOT_COMPLETED intent received
06-17 08:37:58.454  2645  2645 D QDMA:ApplicationManager: setBootUpJobReq : true
06-17 08:37:58.455  2645  2645 I QDMA:QDMAEmbargoesList: checkEmbargoesListFile 
06-17 08:37:58.456  2645  2645 D QDMA:QDMAEmbargoesList: there is no embargoes list file
06-17 08:37:58.460  2645  2645 V QDMA:QDMAEmbargoesList: Before computing is current n/w state regulated area:  0
06-17 08:37:58.460  2645  2645 V QDMA:QDMAEmbargoesList: isDeviceInRegulatedArea phoneType:  2
06-17 08:37:58.460   736   736 D SDM     : DisplayBase::BuildLayerStackStats: LayerStack layer_count: 3, app_layer_count: 2, gpu_target_index: 2, display type: 0
06-17 08:37:58.462  2645  2645 D QDMA:QDMAEmbargoesList: Embargoed MCC - read from res
06-17 08:37:58.462  2645  2645 D QDMA:QDMAEmbargoesList: Embargoed SID - read from res
06-17 08:37:58.458  2194  2209 D QtiSubscriptionController: getPhoneId, received dummy subId 2147483643
06-17 08:37:58.471  2194  2209 D SST     : [0] SST.getAllCellInfo(): return last, back to back calls
06-17 08:37:58.471  2194  2209 D SST     : [1] SST.getAllCellInfo(): return last, back to back calls
06-17 08:37:58.471  2645  2645 D QDMA:QDMAEmbargoesList: isDeviceInRegulatedArea: Sid is zero
06-17 08:37:58.472  2645  2645 V QDMA:QDMAEmbargoesList: After computing is n/w state in regulated area?, 0
06-17 08:37:58.472  2645  2645 V QDMA:QDMAEmbargoesList: isDeviceInRegulatedArea: unknown - keeping previous state
06-17 08:37:58.472  2645  2645 I QDMA:QDMAEmbargoesList: QDMAEmbargoesIsDeviceInRegulatedArea regulated:false
06-17 08:37:58.472  2645  2645 D QDMA:Recovery: Blacklist Network is empty, no validation required
06-17 08:37:58.473  2645  2645 D QDMA:ApplicationManager: isQDMAUIInstalled : true
06-17 08:37:58.473  2645  2645 I QDMA:OptInOutHandler: getAppStatusOptInOut
06-17 08:37:58.477   736   736 D SDM     : DisplayBase::BuildLayerStackStats: LayerStack layer_count: 3, app_layer_count: 2, gpu_target_index: 2, display type: 0
06-17 08:37:58.488  1595  1656 V PackageManager: reconcileAppsData finished 162 packages
06-17 08:37:58.488  1595  1656 I ActivityManager: User 0 state changed from RUNNING_LOCKED to RUNNING_UNLOCKING
06-17 08:37:58.488  1595  1656 I am_user_state_changed: [0,2]
06-17 08:37:58.488  1595  1656 D ActivityManager: Unlocking user 0 progress 20
06-17 08:37:58.489  1595  1656 W Looper  : Slow dispatch took 843ms android.fg h=android.os.Handler c=com.android.server.am.-$$Lambda$UserController$o6oQFjGYYIfx-I94cSakTLPLt6s@77e7a39 m=0
06-17 08:37:58.489  1595  1642 I SystemServiceManager: Calling onUnlockUser u0
06-17 08:37:58.489  1595  1656 W Looper  : Slow delivery took 770ms android.fg h=com.android.server.AppStateTracker$MyHandler c=null m=12
06-17 08:37:58.489  1595  1656 W Looper  : Drained
06-17 08:37:58.489  1595  1642 D BluetoothManagerService: User 0 unlocked
06-17 08:37:58.489  1595  1642 D StorageManagerService: onUnlockUser 0
06-17 08:37:58.490   621   625 D vold    : Linking /storage/emulated/0 to /mnt/user/0/primary
06-17 08:37:58.490  1595  1657 D BluetoothManagerService: MESSAGE_USER_UNLOCKED
06-17 08:37:58.494   736   736 D SDM     : DisplayBase::BuildLayerStackStats: LayerStack layer_count: 3, app_layer_count: 2, gpu_target_index: 2, display type: 0
