06-17 08:36:41.601  1595  1595 I SystemServer: WindowManagerServiceOnInitReady
06-17 08:36:41.613  1595  1595 D SystemServerTiming: WindowManagerServiceOnInitReady took to complete: 12ms
06-17 08:36:41.613  1595  1595 I SystemServer: StartVrManagerService
06-17 08:36:41.613  1595  1762 D SystemServerInitThreadPool: Started executing StartHidlServices
06-17 08:36:41.613  1595  1595 I SystemServiceManager: Starting com.android.server.vr.VrManagerService
01-01 10:30:49.052     0     0 I init    : processing action (sys.sysctl.extra_free_kbytes=*) from (/init.rc:741)
06-17 08:36:41.614   594   594 I snet_event_log: [121035042,-1,]
06-17 08:36:41.610   736   736 D SDM     : DisplayBase::BuildLayerStackStats: LayerStack layer_count: 2, app_layer_count: 1, gpu_target_index: 1, display type: 0
06-17 08:36:41.615   594   594 W hwservicemanager: getTransport: Cannot find entry android.hardware.vr@1.0::IVr/default in either framework or device manifest.
06-17 08:36:41.616  1595  1595 W VrManagerService: init_native: Could not open IVr interface
06-17 08:36:41.616  1595  1595 D SystemServerTiming: StartVrManagerService took to complete: 4ms
06-17 08:36:41.617  1595  1595 I SystemServer: StartInputManager
06-17 08:36:41.617  1595  1762 D SystemServerTimingAsync: StartHidlServices took to complete: 4ms
06-17 08:36:41.617  1595  1762 D SystemServerInitThreadPool: Finished executing StartHidlServices
06-17 08:36:41.617  1595  1595 I InputManager: Starting input manager
06-17 08:36:41.620  1595  1900 I HidlSensorManager: hidl_ssvc_poll started.
06-17 08:36:41.620  1595  1899 I EventHub: ignoring event id /dev/input/event3 driver STM VL53L0 proximity sensor
06-17 08:36:41.621  1595  1595 D SystemServerTiming: StartInputManager took to complete: 4ms
06-17 08:36:41.621  1595  1595 I SystemServer: DisplayManagerWindowManagerAndInputReady
06-17 08:36:41.621  1595  1595 D SystemServerTiming: DisplayManagerWindowManagerAndInputReady took to complete: 0ms
06-17 08:36:41.621  1210  1259 E slim_daemon: [NDK] bindNDKSensors: Exit bindNDKSensors
06-17 08:36:41.621  1595  1595 I SystemServer: StartBluetoothService
06-17 08:36:41.621  1210  1210 I slim_daemon: [SLIM] slim_ProviderConfigure: Updated available providers for service 0: 00000002.
06-17 08:36:41.621  1595  1595 I SystemServiceManager: Starting com.android.server.BluetoothService
06-17 08:36:41.621  1210  1210 I slim_daemon: [QMISLIM] slim_QSQmiSvcTask_HandleIpc: IPC_SLIM_QS_TO_TASK_SLIM_CALLBACK_MSG
06-17 08:36:41.621  1210  1210 I slim_daemon: [QMISLIM] QSQmiSvcClt_HandleSlimIndication: INDICATION: status=0 msg=2
06-17 08:36:41.621  1210  1210 I slim_daemon: [SLIM] slim_ProviderConfigure: Updated available providers for service 2: 00000002.
06-17 08:36:41.621  1210  1210 I slim_daemon: [QMISLIM] slim_QSQmiSvcTask_HandleIpc: IPC_SLIM_QS_TO_TASK_SLIM_CALLBACK_MSG
06-17 08:36:41.621  1210  1210 I slim_daemon: [QMISLIM] QSQmiSvcClt_HandleSlimIndication: INDICATION: status=0 msg=2
06-17 08:36:41.621  1210  1210 I slim_daemon: [SLIM] slim_ProviderConfigure: Updated available providers for service 13: 00000002.
06-17 08:36:41.621  1210  1210 I slim_daemon: [QMISLIM] slim_QSQmiSvcTask_HandleIpc: IPC_SLIM_QS_TO_TASK_SLIM_CALLBACK_MSG
06-17 08:36:41.621  1210  1210 I slim_daemon: [QMISLIM] QSQmiSvcClt_HandleSlimIndication: INDICATION: status=0 msg=2
06-17 08:36:41.621  1210  1210 I slim_daemon: [SLIM] slim_ProviderConfigure: Updated available providers for service 14: 00000002.
06-17 08:36:41.621  1210  1210 I slim_daemon: [QMISLIM] slim_QSQmiSvcTask_HandleIpc: IPC_SLIM_QS_TO_TASK_SLIM_CALLBACK_MSG
06-17 08:36:41.621  1210  1210 I slim_daemon: [QMISLIM] QSQmiSvcClt_HandleSlimIndication: INDICATION: status=0 msg=2
06-17 08:36:41.622  1595  1595 D BluetoothManagerService: Loading stored name and address
06-17 08:36:41.622  1595  1595 D BluetoothManagerService: Stored bluetooth Name=QCOM-BTD,Address=22:22:88:67:53:F9
06-17 08:36:41.622  1595  1595 D BluetoothManagerService: Bluetooth persisted state: 1
06-17 08:36:41.622  1595  1595 D BluetoothManagerService: Startup: Bluetooth persisted state is ON.
06-17 08:36:41.623  1595  1595 D BluetoothManagerService: Detected SystemUiUid: 10018
06-17 08:36:41.623  1595  1595 D SystemServerTiming: StartBluetoothService took to complete: 2ms
06-17 08:36:41.623  1595  1595 I SystemServer: IpConnectivityMetrics
06-17 08:36:41.623  1595  1595 I SystemServiceManager: Starting com.android.server.connectivity.IpConnectivityMetrics
06-17 08:36:41.623  1067  1768 E cutils  : Failed to lstat(/data/data/com.qualcomm.qti.auth.fidocryptoservice): Permission denied
06-17 08:36:41.623  1067  1768 E installd: Failed to prepare /data/data/com.qualcomm.qti.auth.fidocryptoservice: Permission denied
06-17 08:36:41.624  1595  1595 D SystemServerTiming: IpConnectivityMetrics took to complete: 1ms
06-17 08:36:41.624  1595  1595 I SystemServer: NetworkWatchlistService
06-17 08:36:41.624  1595  1595 I SystemServiceManager: Starting com.android.server.net.watchlist.NetworkWatchlistService$Lifecycle
06-17 08:36:41.624  1595  1758 E PackageManager: Failed to create app data for com.qualcomm.qti.auth.fidocryptoservice, but trying to recover: com.android.server.pm.Installer$InstallerException: android.os.ServiceSpecificException: Failed to prepare /data/data/com.qualcomm.qti.auth.fidocryptoservice (code 13)
06-17 08:36:41.616   594   594 I chatty  : uid=1000(system) hwservicemanage identical 2 lines
06-17 08:36:41.616   594   594 I snet_event_log: [121035042,-1,]
06-17 08:36:41.624  1595  1758 I pm_critical_info: Failed to create app data for com.qualcomm.qti.auth.fidocryptoservice, but trying to recover: com.android.server.pm.Installer$InstallerException: android.os.ServiceSpecificException: Failed to prepare /data/data/com.qualcomm.qti.auth.fidocryptoservice (code 13)
06-17 08:36:41.623  1067  1768 E installd: Failed to prepare /data/data/com.qualcomm.qti.auth.fidocryptoservice: Permission denied
06-17 08:36:41.626   736   736 D SDM     : DisplayBase::BuildLayerStackStats: LayerStack layer_count: 2, app_layer_count: 1, gpu_target_index: 1, display type: 0
06-17 08:36:41.631   729  1804 E mm-camera: <SENSOR><ERROR> 247: module_sensor_offload_init_config: func_tbl for submodule 4 is NULL
06-17 08:36:41.631   729  1804 E mm-camera: <SENSOR><ERROR> 249: module_sensor_offload_init_config: failed to get led off frame skip time
06-17 08:36:41.632   729  1800 I mm-camera: <MCT   >< INFO> 3468: mct_pipeline_fill_dimensions_snapshot: Running out of table limit for mct_fps_table. Consider increasing           MAX_FPS_RANGE_ENTRIES 
06-17 08:36:41.632   729  1800 I mm-camera: <MCT   >< INFO> 3468: mct_pipeline_fill_dimensions_snapshot: Running out of table limit for mct_fps_table. Consider increasing           MAX_FPS_RANGE_ENTRIES 
06-17 08:36:41.632   729  1800 I mm-camera: <MCT   >< INFO> 2210: mct_pipeline_append_fps_entry:  Added hal_table[0]: (15.000000, 15.000000)
06-17 08:36:41.632   729  1800 I mm-camera: <MCT   >< INFO> 2210: mct_pipeline_append_fps_entry:  Added hal_table[1]: (7.000000, 20.000000)
06-17 08:36:41.632   729  1800 I mm-camera: <MCT   >< INFO> 2223: mct_pipeline_append_fps_entry:  Added hal_table[2]: (20.000000, 20.000000)
06-17 08:36:41.632   729  1800 I mm-camera: <MCT   >< INFO> 2210: mct_pipeline_append_fps_entry:  Added hal_table[3]: (5.000000, 30.000000)
06-17 08:36:41.632   729  1800 I mm-camera: <MCT   >< INFO> 2223: mct_pipeline_append_fps_entry:  Added hal_table[4]: (30.000000, 30.000000)
06-17 08:36:41.632   729  1800 I mm-camera: <MCT   >< INFO> 2210: mct_pipeline_append_fps_entry:  Added hal_table[5]: (7.000000, 30.000000)
06-17 08:36:41.632   729  1800 I mm-camera: <MCT   >< INFO> 3482: mct_pipeline_fill_dimensions_snapshot: Cam 1: FPS range selection complete. Publishing 6 ranges.
06-17 08:36:41.632   729  1800 I mm-camera: <MCT   >< INFO> 2662: mct_pipeline_fill_caps_isp: isp max encoder size : 5504 X 16383
06-17 08:36:41.632   729  1800 I mm-camera: <MCT   >< INFO> 2669: mct_pipeline_fill_caps_isp: single isp max size : 3264 X 2448
06-17 08:36:41.632   729  1800 I mm-camera: <MCT   >< INFO> 2680: mct_pipeline_fill_caps_isp: HAL max snapshot size in dual cam mode : 3264 X 2448
06-17 08:36:41.632   729   729 I mm-camera: <MCT   >< INFO> 310: mct_controller_destroy: Initiating destroy sequence for session = 3
06-17 08:36:41.632   729   729 I mm-camera: <MCT   >< INFO> 328: mct_controller_destroy: serv_thread closed
06-17 08:36:41.632   729   729 I mm-camera: <MCT   >< INFO> 343: mct_controller_destroy: bus_handler thread closed
06-17 08:36:41.632   729   729 I mm-camera: <MCT   >< INFO> 5239: mct_pipeline_stop_session: Initiating stop_session on session 3
06-17 08:36:41.632   729   729 I mm-camera: <MCT   >< INFO> 4153: mct_pipeline_process_set: command=800000b
06-17 08:36:41.632   729   729 I mm-camera: <MCT   >< INFO> 4372: mct_pipeline_process_set: Issuing DEL_STREAM on stream 0x3000f and stream type=10
06-17 08:36:41.633   729   729 I mm-camera: <IFACE >< INFO> 684: iface_unreserve_sink_port: stream_id f mode 0 
06-17 08:36:41.633   729   729 I mm-camera: <ISP   >< INFO> 939: isp_port_check_caps_unreserve: ide 3000f port 0xeba75b80
06-17 08:36:41.634   729   729 I mm-camera: <MCT   >< INFO> 4395: mct_pipeline_process_set: Stream 0x3000f and stream type=10, successfully deleted
06-17 08:36:41.635   729  1902 I mm-camera: <MCT   >< INFO> 4973: mct_pipeline_stop_session_thread: Stop module name: sensor - E
06-17 08:36:41.635   729  1903 I mm-camera: <MCT   >< INFO> 4973: mct_pipeline_stop_session_thread: Stop module name: iface - E
06-17 08:36:41.635   729  1903 I mm-camera: <MCT   >< INFO> 4981: mct_pipeline_stop_session_thread: Stop module name: iface - X
06-17 08:36:41.635   729  1904 I mm-camera: <MCT   >< INFO> 4973: mct_pipeline_stop_session_thread: Stop module name: isp - E
06-17 08:36:41.635   729  1904 I mm-camera: <ISP   >< INFO> 510: isp_module_stop_session: session id 3
06-17 08:36:41.635   729  1905 I mm-camera: <MCT   >< INFO> 4973: mct_pipeline_stop_session_thread: Stop module name: stats - E
06-17 08:36:41.636   729  1906 I mm-camera: <MCT   >< INFO> 4973: mct_pipeline_stop_session_thread: Stop module name: pproc - E
06-17 08:36:41.636   729  1902 I mm-camera: <MCT   >< INFO> 4981: mct_pipeline_stop_session_thread: Stop module name: sensor - X
06-17 08:36:41.636   729  1904 I mm-camera: <MCT   >< INFO> 4981: mct_pipeline_stop_session_thread: Stop module name: isp - X
06-17 08:36:41.638   729   729 I mm-camera: <MCT   >< INFO> 5261: mct_pipeline_stop_session: Modules left: 5
06-17 08:36:41.638   729   729 I mm-camera: <MCT   >< INFO> 5261: mct_pipeline_stop_session: Modules left: 4
06-17 08:36:41.638   729   729 I mm-camera: <MCT   >< INFO> 5261: mct_pipeline_stop_session: Modules left: 3
06-17 08:36:41.638   729  1907 I mm-camera: <MCT   >< INFO> 4973: mct_pipeline_stop_session_thread: Stop module name: imglib - E
06-17 08:36:41.638   729  1906 E mm-camera: <IMGLIB><ERROR> 328: AllocateBuffers: Nothing allocated or already freed!
06-17 08:36:41.638   729  1906 I mm-camera: <MCT   >< INFO> 4981: mct_pipeline_stop_session_thread: Stop module name: pproc - X
06-17 08:36:41.638   729   729 I mm-camera: <MCT   >< INFO> 5261: mct_pipeline_stop_session: Modules left: 2
06-17 08:36:41.638   729  1907 I mm-camera: <MCT   >< INFO> 4981: mct_pipeline_stop_session_thread: Stop module name: imglib - X
06-17 08:36:41.638   729   729 I mm-camera: <MCT   >< INFO> 5261: mct_pipeline_stop_session: Modules left: 1
06-17 08:36:41.642   729  1905 I mm-camera: <MCT   >< INFO> 4981: mct_pipeline_stop_session_thread: Stop module name: stats - X
06-17 08:36:41.642   729   729 I mm-camera: <MCT   >< INFO> 5261: mct_pipeline_stop_session: Modules left: 0
06-17 08:36:41.642   729   729 I mm-camera: <MCT   >< INFO> 5271: mct_pipeline_stop_session: Stopped session 3 successfully
06-17 08:36:41.642   729   729 I mm-camera: <MCT   >< INFO> 5573: mct_pipeline_destroy: E: session:3
06-17 08:36:41.642   729   729 E mm-camera: <MCT   ><ERROR> 179: stop_sof_check_thread: Returning as SOF timer thread not yet initialized
06-17 08:36:41.642   729   729 I mm-camera: <MCT   >< INFO> 5650: mct_pipeline_destroy: X: Pipeline destroyed successfully session =3
06-17 08:36:41.642   729   729 I mm-camera: <MCT   >< INFO> 422: mct_controller_destroy: X Successfully closed mct_controller session 3
06-17 08:36:41.643   729   729 E CamComm1.0-MD: Update metadata entry: Unknown tag -2145976319
06-17 08:36:41.643   729   729 E CamComm1.0-MD: Update metadata entry: Unknown tag -2145976317
06-17 08:36:41.643   729   729 I QCamera : <HAL><INFO> getCamInfo: 11125: camera 1 resource cost is 100
06-17 08:36:41.644   594   594 I snet_event_log: [121035042,-1,]
06-17 08:36:41.644   729   729 I ServiceManagement: Removing namespace from process name android.hardware.camera.provider@2.4-service to provider@2.4-service.
01-01 10:30:49.081     0     0 E msm_camera_power_down: 1714:seq_val:3 > num_vreg: 2
01-01 10:30:49.081     0     0 E         : msm_camera_config_single_vreg can't disable cam_vio
01-01 10:30:49.082     0     0 I MSM-CPP cpp_release_hardware: 1221 cpp hw release done
06-17 08:36:41.645  1595  1899 D EventHub: No input device configuration file found for device 'goodix_gt1x-ts'.
06-17 08:36:41.647   729   729 I android.hardware.camera.provider@2.4-service: Registration complete for android.hardware.camera.provider@2.4::ICameraProvider/legacy/0.
06-17 08:36:41.648  1041  1041 I CameraProviderManager: Connecting to new camera provider: legacy/0, isRemote? 1
06-17 08:36:41.648  1041  1041 I CameraProviderManager: Enumerating new camera device: device@3.3/legacy/0
06-17 08:36:41.649  1041  1041 I CameraProviderManager: Enumerating new camera device: device@3.3/legacy/1
06-17 08:36:41.650  1041  1041 I CameraProviderManager: Camera provider legacy/0 ready with 2 camera devices
06-17 08:36:41.651   594   594 W hwservicemanager: getTransport: Cannot find entry android.hardware.camera.provider@2.4::ICameraProvider/external/0 in either framework or device manifest.
06-17 08:36:41.651  1041  1234 W CameraProviderManager: addProviderLocked: Camera provider HAL with name 'legacy/0' already registered
06-17 08:36:41.652  1041  1041 I CameraService: onDeviceStatusChanged: Status changed for cameraId=1, newStatus=1
06-17 08:36:41.652  1041  1041 I CameraService: onDeviceStatusChanged: Unknown camera ID 1, a new camera is added
06-17 08:36:41.653  1041  1234 I CameraService: onDeviceStatusChanged: Status changed for cameraId=1, newStatus=1
06-17 08:36:41.653  1041  1234 I CameraService: onDeviceStatusChanged: Status changed for cameraId=0, newStatus=1
06-17 08:36:41.653  1041  1234 I CameraService: onDeviceStatusChanged: Unknown camera ID 0, a new camera is added
06-17 08:36:41.653  1041  1041 I CameraService: onDeviceStatusChanged: Status changed for cameraId=0, newStatus=1
06-17 08:36:41.654  1595  1595 I WatchlistSettings: Reload watchlist settings done
06-17 08:36:41.654  1595  1908 I WatchlistLoggingHandler: No need to aggregate record yet.
06-17 08:36:41.654  1595  1908 I WatchlistLoggingHandler: Milliseconds spent on tryAggregateRecords(): 0
06-17 08:36:41.655  1595  1595 D SystemServerTiming: NetworkWatchlistService took to complete: 31ms
06-17 08:36:41.655  1595  1595 I SystemServer: PinnerService
06-17 08:36:41.655  1595  1595 I SystemServiceManager: Starting com.android.server.PinnerService
06-17 08:36:41.656  1595  1595 D SystemServerTiming: PinnerService took to complete: 1ms
06-17 08:36:41.656  1595  1595 I SystemServer: StartInputMethodManagerLifecycle
06-17 08:36:41.656  1595  1595 I SystemServiceManager: Starting com.android.server.InputMethodManagerService$Lifecycle
06-17 08:36:41.667  1067  1768 E         : Couldn't opendir /data/data/com.qualcomm.qti.auth.fidocryptoservice: Permission denied
06-17 08:36:41.667  1067  1768 E installd: Failed to delete /data/data/com.qualcomm.qti.auth.fidocryptoservice: Permission denied
06-17 08:36:41.667  1067  1768 E         : Couldn't opendir /data/user_de/0/com.qualcomm.qti.auth.fidocryptoservice: Permission denied
06-17 08:36:41.667  1067  1768 E installd: Failed to delete /data/user_de/0/com.qualcomm.qti.auth.fidocryptoservice: Permission denied
06-17 08:36:41.669  1595  1595 D SystemServerTiming: StartInputMethodManagerLifecycle took to complete: 13ms
06-17 08:36:41.669  1595  1595 I SystemServer: StartAccessibilityManagerService
06-17 08:36:41.670  1595  1899 W EventHub: Unable to disable kernel key repeat for /dev/input/event2: Function not implemented
06-17 08:36:41.670  1595  1899 I EventHub: wakeMechanism=EPOLLWAKEUP, usingClockIoctl=true
06-17 08:36:41.670  1595  1899 I EventHub: New device: id=1, fd=129, path='/dev/input/event2', name='goodix_gt1x-ts', classes=0x15, configuration='', keyLayout='/system/usr/keylayout/Generic.kl', keyCharacterMap='/system/usr/keychars/Generic.kcm', builtinKeyboard=false, 
06-17 08:36:41.670  1595  1899 E EventHub: could not get driver version for /dev/input/mouse0, Not a typewriter
06-17 08:36:41.672  1595  1758 W PackageManager: com.android.server.pm.Installer$InstallerException: android.os.ServiceSpecificException: Failed to delete /data/user_de/0/com.qualcomm.qti.auth.fidocryptoservice (code 13)
06-17 08:36:41.672  1595  1595 D SystemServerTiming: StartAccessibilityManagerService took to complete: 3ms
06-17 08:36:41.672  1067  1768 E cutils  : Failed to lstat(/data/data/com.qualcomm.qti.auth.fidocryptoservice): Permission denied
06-17 08:36:41.672  1067  1768 E installd: Failed to prepare /data/data/com.qualcomm.qti.auth.fidocryptoservice: Permission denied
06-17 08:36:41.672  1595  1595 I SystemServer: MakeDisplayReady
06-17 08:36:41.672  1067  1768 E installd: Failed to prepare /data/data/com.qualcomm.qti.auth.fidocryptoservice: Permission denied
06-17 08:36:41.672  1040  1040 D libEGL  : loaded /vendor/lib/egl/libGLESv2_adreno.so
06-17 08:36:41.672  1595  1758 D PackageManager: Recovery failed!
06-17 08:36:41.647   594   594 I chatty  : uid=1000(system) hwservicemanage identical 2 lines
06-17 08:36:41.650   594   594 I snet_event_log: [121035042,-1,]
06-17 08:36:41.673  1595  1758 I pm_critical_info: Recovery failed!
06-17 08:36:41.674  1067  1768 E installd: Failed to mark default storage /data/data/com.qualcomm.qti.auth.fidocryptoservice: Permission denied
06-17 08:36:41.674  1595  1758 W PackageManager: Failed to migrate com.qualcomm.qti.auth.fidocryptoservice: android.os.ServiceSpecificException: Failed to mark default storage /data/data/com.qualcomm.qti.auth.fidocryptoservice (code 13)
06-17 08:36:41.674  1595  1758 I pm_critical_info: Failed to migrate com.qualcomm.qti.auth.fidocryptoservice: android.os.ServiceSpecificException: Failed to mark default storage /data/data/com.qualcomm.qti.auth.fidocryptoservice (code 13)
06-17 08:36:41.674  1595  1595 I configuration_changed: 536894968
06-17 08:36:41.674  1595  1595 I ActivityManager: Config changes=20005df8 {1.0 ?mcc?mnc [en_US] ldltr sw360dp w360dp h640dp 320dpi nrml long port ?uimode ?night -touch -keyb/v/h -nav/h winConfig={ mBounds=Rect(0, 0 - 0, 0) mAppBounds=Rect(0, 0 - 720, 1280) mWindowingMode=fullscreen mActivityType=undefined} s.2}
06-17 08:36:41.674  1067  1768 E cutils  : Failed to lstat(/data/data/com.qualcomm.qti.auth.fidocryptoservice): Permission denied
06-17 08:36:41.674  1067  1768 E installd: Failed to prepare /data/data/com.qualcomm.qti.auth.fidocryptoservice: Permission denied
06-17 08:36:41.674  1595  1640 I UsageStatsService: Time changed in UsageStats by 1560722753 seconds
06-17 08:36:41.675  1595  1758 E PackageManager: Failed to create app data for com.qualcomm.qti.auth.fidocryptoservice, but trying to recover: com.android.server.pm.Installer$InstallerException: android.os.ServiceSpecificException: Failed to prepare /data/data/com.qualcomm.qti.auth.fidocryptoservice (code 13)
06-17 08:36:41.675  1595  1640 I UsageStatsDatabase: Time changed by +18063d22h5m53s397ms. files deleted: 0 files moved: 0
06-17 08:36:41.675  1595  1758 I pm_critical_info: Failed to create app data for com.qualcomm.qti.auth.fidocryptoservice, but trying to recover: com.android.server.pm.Installer$InstallerException: android.os.ServiceSpecificException: Failed to prepare /data/data/com.qualcomm.qti.auth.fidocryptoservice (code 13)
06-17 08:36:41.675  1595  1640 I UsageStatsService: User[0] Rollover scheduled @ 2019-06-18 08:36:41(1560847001674)
06-17 08:36:41.674  1067  1768 E installd: Failed to prepare /data/data/com.qualcomm.qti.auth.fidocryptoservice: Permission denied
06-17 08:36:41.675  1067  1768 E         : Couldn't opendir /data/data/com.qualcomm.qti.auth.fidocryptoservice: Permission denied
06-17 08:36:41.675  1067  1768 E installd: Failed to delete /data/data/com.qualcomm.qti.auth.fidocryptoservice: Permission denied
06-17 08:36:41.675  1067  1768 E         : Couldn't opendir /data/user_de/0/com.qualcomm.qti.auth.fidocryptoservice: Permission denied
06-17 08:36:41.675  1067  1768 E installd: Failed to delete /data/user_de/0/com.qualcomm.qti.auth.fidocryptoservice: Permission denied
06-17 08:36:41.675  1595  1758 W PackageManager: com.android.server.pm.Installer$InstallerException: android.os.ServiceSpecificException: Failed to delete /data/user_de/0/com.qualcomm.qti.auth.fidocryptoservice (code 13)
06-17 08:36:41.675  1067  1768 E cutils  : Failed to lstat(/data/data/com.qualcomm.qti.auth.fidocryptoservice): Permission denied
06-17 08:36:41.675  1067  1768 E installd: Failed to prepare /data/data/com.qualcomm.qti.auth.fidocryptoservice: Permission denied
06-17 08:36:41.675  1595  1758 D PackageManager: Recovery failed!
06-17 08:36:41.675  1595  1758 I pm_critical_info: Recovery failed!
06-17 08:36:41.675  1067  1768 E installd: Failed to prepare /data/data/com.qualcomm.qti.auth.fidocryptoservice: Permission denied
06-17 08:36:41.678  1595  1899 D EventHub: No input device configuration file found for device 'gpio-keys'.
06-17 08:36:41.609  1067  1067 I auditd  : type=1400 audit(0.0:68): avc: denied { getattr } for comm="Binder:1067_4" path="/data/data/com.qualcomm.qti.auth.fidocryptoservice" dev="dm-0" ino=655582 scontext=u:r:installd:s0 tcontext=u:object_r:qsee_svc_app_data_file:s0 tclass=dir permissive=0
06-17 08:36:41.609  1067  1067 W Binder:1067_4: type=1400 audit(0.0:68): avc: denied { getattr } for path="/data/data/com.qualcomm.qti.auth.fidocryptoservice" dev="dm-0" ino=655582 scontext=u:r:installd:s0 tcontext=u:object_r:qsee_svc_app_data_file:s0 tclass=dir permissive=0
06-17 08:36:41.681  1595  1899 W EventHub: Unable to disable kernel key repeat for /dev/input/event4: Function not implemented
06-17 08:36:41.681  1595  1899 I EventHub: wakeMechanism=EPOLLWAKEUP, usingClockIoctl=true
06-17 08:36:41.681  1595  1899 I EventHub: New device: id=2, fd=119, path='/dev/input/event4', name='gpio-keys', classes=0x1, configuration='', keyLayout='/system/usr/keylayout/gpio-keys.kl', keyCharacterMap='/system/usr/keychars/Generic.kcm', builtinKeyboard=false, 
06-17 08:36:41.682  1595  1899 D EventHub: No input device configuration file found for device 'qbt1000_key_input'.
06-17 08:36:41.686  1595  1899 W EventHub: Unable to disable kernel key repeat for /dev/input/event1: Function not implemented
06-17 08:36:41.686  1595  1899 I EventHub: wakeMechanism=EPOLLWAKEUP, usingClockIoctl=true
06-17 08:36:41.686  1595  1899 I EventHub: New device: id=3, fd=131, path='/dev/input/event1', name='qbt1000_key_input', classes=0x5, configuration='', keyLayout='/system/usr/keylayout/Generic.kl', keyCharacterMap='/system/usr/keychars/Generic.kcm', builtinKeyboard=false, 
06-17 08:36:41.686  1595  1899 E EventHub: could not get driver version for /dev/input/mice, Not a typewriter
06-17 08:36:41.686  1595  1595 I ActivityManager: Override config changes=60007dfc {1.0 ?mcc?mnc [en_US] ldltr sw360dp w360dp h640dp 320dpi nrml long port ?uimode ?night -touch -keyb/v/h -nav/h winConfig={ mBounds=Rect(0, 0 - 720, 1280) mAppBounds=Rect(0, 0 - 720, 1280) mWindowingMode=fullscreen mActivityType=undefined} s.2} for displayId=0
06-17 08:36:41.689  1595  1595 I configuration_changed: 536872192
06-17 08:36:41.689  1595  1595 I ActivityManager: Config changes=20000500 {1.0 ?mcc?mnc [en_US] ldltr sw360dp w360dp h568dp 320dpi nrml port ?uimode ?night -touch -keyb/v/h -nav/h winConfig={ mBounds=Rect(0, 0 - 0, 0) mAppBounds=Rect(0, 0 - 720, 1184) mWindowingMode=fullscreen mActivityType=undefined} s.3}
01-01 10:30:49.112     0     0 W audit   : audit_lost=38 audit_rate_limit=5 audit_backlog_limit=64
01-01 10:30:49.112     0     0 E audit   : rate limit exceeded
06-17 08:36:41.692  1595  1899 D EventHub: No input device configuration file found for device 'qpnp_pon'.
06-17 08:36:41.693  1595  1595 I ActivityManager: Override config changes=20000500 {1.0 ?mcc?mnc [en_US] ldltr sw360dp w360dp h568dp 320dpi nrml port ?uimode ?night -touch -keyb/v/h -nav/h winConfig={ mBounds=Rect(0, 0 - 720, 1280) mAppBounds=Rect(0, 0 - 720, 1184) mWindowingMode=fullscreen mActivityType=undefined} s.3} for displayId=0
06-17 08:36:41.694   736   736 D SDM     : DisplayBase::BuildLayerStackStats: LayerStack layer_count: 2, app_layer_count: 1, gpu_target_index: 1, display type: 0
06-17 08:36:41.695  1595  1899 W EventHub: Unable to disable kernel key repeat for /dev/input/event0: Function not implemented
06-17 08:36:41.695  1595  1899 I EventHub: wakeMechanism=EPOLLWAKEUP, usingClockIoctl=true
06-17 08:36:41.695  1595  1899 I EventHub: New device: id=4, fd=134, path='/dev/input/event0', name='qpnp_pon', classes=0x1, configuration='', keyLayout='/system/usr/keylayout/Generic.kl', keyCharacterMap='/system/usr/keychars/Generic.kcm', builtinKeyboard=false, 
06-17 08:36:41.697  1040  1040 I Zygote  : Preloading shared libraries...
06-17 08:36:41.697  1595  1899 I InputReader: Device added: id=-1, name='Virtual', sources=0x00000301
06-17 08:36:41.697  1595  1899 I InputReader: Device added: id=4, name='qpnp_pon', sources=0x00000101
06-17 08:36:41.698  1595  1899 I InputReader:   Touch device 'qbt1000_key_input' could not query the properties of its associated display.  The device will be inoperable until the display size becomes available.
06-17 08:36:41.698  1595  1899 I InputReader: Device added: id=3, name='qbt1000_key_input', sources=0x00002103
06-17 08:36:41.698  1595  1899 I InputReader: Device added: id=2, name='gpio-keys', sources=0x00000101
06-17 08:36:41.698  1595  1899 I InputReader:   Touch device 'goodix_gt1x-ts' could not query the properties of its associated display.  The device will be inoperable until the display size becomes available.
06-17 08:36:41.698  1595  1899 I InputReader: Device added: id=1, name='goodix_gt1x-ts', sources=0x00001103
06-17 08:36:41.702  1595  1899 I InputReader: Reconfiguring input devices.  changes=0x00000004
06-17 08:36:41.702  1595  1899 I InputReader: Device reconfigured: id=1, name='goodix_gt1x-ts', size 720x1280, orientation 0, mode 1, display id 0
06-17 08:36:41.709  1040  1040 I Zygote  : Uninstalled ICU cache reference pinning...
06-17 08:36:41.710   736   736 D SDM     : DisplayBase::BuildLayerStackStats: LayerStack layer_count: 2, app_layer_count: 1, gpu_target_index: 1, display type: 0
06-17 08:36:41.710  1040  1040 I Zygote  : Installed AndroidKeyStoreProvider in 0ms.
06-17 08:36:41.710  1595  1899 I InputReader: Device reconfigured: id=3, name='qbt1000_key_input', size 720x1280, orientation 0, mode 4, display id 0
06-17 08:36:41.712  1595  1595 D SystemServerTiming: MakeDisplayReady took to complete: 39ms
06-17 08:36:41.712  1595  1595 I SystemServer: StartStorageManagerService
06-17 08:36:41.712  1595  1898 I configuration_changed: 8
06-17 08:36:41.712  1595  1595 I SystemServiceManager: Starting com.android.server.StorageManagerService$Lifecycle
06-17 08:36:41.712  1595  1898 I ActivityManager: Config changes=8 {1.0 ?mcc?mnc [en_US] ldltr sw360dp w360dp h568dp 320dpi nrml port ?uimode ?night finger -keyb/v/h -nav/h winConfig={ mBounds=Rect(0, 0 - 0, 0) mAppBounds=Rect(0, 0 - 720, 1184) mWindowingMode=fullscreen mActivityType=undefined} s.4}
06-17 08:36:41.659  1067  1067 I auditd  : type=1400 audit(0.0:69): avc: denied { read } for comm="Binder:1067_4" name="com.qualcomm.qti.auth.fidocryptoservice" dev="dm-0" ino=655582 scontext=u:r:installd:s0 tcontext=u:object_r:qsee_svc_app_data_file:s0 tclass=dir permissive=0
06-17 08:36:41.659  1067  1067 W Binder:1067_4: type=1400 audit(0.0:69): avc: denied { read } for name="com.qualcomm.qti.auth.fidocryptoservice" dev="dm-0" ino=655582 scontext=u:r:installd:s0 tcontext=u:object_r:qsee_svc_app_data_file:s0 tclass=dir permissive=0
06-17 08:36:41.717  1040  1040 I Zygote  : Warmed up JCA providers in 7ms.
06-17 08:36:41.717  1040  1040 D Zygote  : end preload
06-17 08:36:41.717  1595  1637 D SystemServerTimingAsync: SecondaryZygotePreload took to complete: 778ms
06-17 08:36:41.717  1595  1637 D SystemServerInitThreadPool: Finished executing SecondaryZygotePreload
06-17 08:36:41.720  1595  1898 I ActivityManager: Override config changes=8 {1.0 ?mcc?mnc [en_US] ldltr sw360dp w360dp h568dp 320dpi nrml port ?uimode ?night finger -keyb/v/h -nav/h winConfig={ mBounds=Rect(0, 0 - 720, 1280) mAppBounds=Rect(0, 0 - 720, 1184) mWindowingMode=fullscreen mActivityType=undefined} s.4} for displayId=0
06-17 08:36:41.723  1595  1899 I InputReader: Reconfiguring input devices.  changes=0x00000004
06-17 08:36:41.724  1595  1595 D SystemServerTiming: StartStorageManagerService took to complete: 13ms
06-17 08:36:41.724  1595  1595 I SystemServer: StartStorageStatsService
06-17 08:36:41.725  1595  1595 I SystemServiceManager: Starting com.android.server.usage.StorageStatsService$Lifecycle
06-17 08:36:41.725  1595  1913 D StorageManagerService: Thinking about init, mSystemReady=false, mDaemonConnected=true
06-17 08:36:41.725  1595  1913 D StorageManagerService: Thinking about reset, mSystemReady=false, mDaemonConnected=true
06-17 08:36:41.726  1067  1778 D installd: Found quota mount /dev/block/dm-0 at /data
06-17 08:36:41.726   621   625 E vold    : Failed to read field SystemLocale: No such file or directory
06-17 08:36:41.727  1595  1913 E StorageManagerService: Failed to read field SystemLocale
06-17 08:36:41.727  1595  1913 E StorageManagerService: android.os.ServiceSpecificException: Failed to read field SystemLocale (code 2)
06-17 08:36:41.727  1595  1913 E StorageManagerService: 	at android.os.Parcel.createException(Parcel.java:1964)
06-17 08:36:41.727  1595  1913 E StorageManagerService: 	at android.os.Parcel.readException(Parcel.java:1918)
06-17 08:36:41.727  1595  1913 E StorageManagerService: 	at android.os.Parcel.readException(Parcel.java:1868)
06-17 08:36:41.727  1595  1913 E StorageManagerService: 	at android.os.IVold$Stub$Proxy.fdeGetField(IVold.java:1112)
06-17 08:36:41.727  1595  1913 E StorageManagerService: 	at com.android.server.StorageManagerService.getField(StorageManagerService.java:2427)
06-17 08:36:41.727  1595  1913 E StorageManagerService: 	at com.android.server.StorageManagerService.copyLocaleFromMountService(StorageManagerService.java:984)
06-17 08:36:41.727  1595  1913 E StorageManagerService: 	at com.android.server.StorageManagerService.handleDaemonConnected(StorageManagerService.java:977)
06-17 08:36:41.727  1595  1913 E StorageManagerService: 	at com.android.server.StorageManagerService.access$900(StorageManagerService.java:173)
06-17 08:36:41.727  1595  1913 E StorageManagerService: 	at com.android.server.StorageManagerService$StorageManagerServiceHandler.handleMessage(StorageManagerService.java:574)
06-17 08:36:41.727  1595  1913 E StorageManagerService: 	at android.os.Handler.dispatchMessage(Handler.java:106)
06-17 08:36:41.727  1595  1913 E StorageManagerService: 	at android.os.Looper.loop(Looper.java:193)
06-17 08:36:41.727  1595  1913 E StorageManagerService: 	at android.os.HandlerThread.run(HandlerThread.java:65)
06-17 08:36:41.727  1595  1595 D SystemServerTiming: StartStorageStatsService took to complete: 2ms
06-17 08:36:41.727  1595  1595 I SystemServer: StartUiModeManager
06-17 08:36:41.727  1595  1595 I SystemServiceManager: Starting com.android.server.UiModeManagerService
06-17 08:36:41.727  1595  1642 I am_wtf  : [0,1595,system_server,-1,StorageManagerService,Failed to read field SystemLocale]
06-17 08:36:41.729  1595  1763 D SystemServerInitThreadPool: Started executing UiModeManager.onStart
06-17 08:36:41.729  1595  1763 I configuration_changed: 512
06-17 08:36:41.729  1595  1763 I ActivityManager: Config changes=200 {1.0 ?mcc?mnc [en_US] ldltr sw360dp w360dp h568dp 320dpi nrml port finger -keyb/v/h -nav/h winConfig={ mBounds=Rect(0, 0 - 0, 0) mAppBounds=Rect(0, 0 - 720, 1184) mWindowingMode=fullscreen mActivityType=undefined} s.5}
06-17 08:36:41.730  1595  1595 D SystemServerTiming: StartUiModeManager took to complete: 2ms
06-17 08:36:41.730  1595  1595 I SystemServer: UpdatePackagesIfNeeded
06-17 08:36:41.730  1595  1595 D SystemServerTiming: UpdatePackagesIfNeeded took to complete: 0ms
06-17 08:36:41.730  1595  1595 I SystemServer: PerformFstrimIfNeeded
06-17 08:36:41.730  1595  1595 D SystemServerTiming: PerformFstrimIfNeeded took to complete: 0ms
06-17 08:36:41.730  1595  1595 I SystemServer: StartLockSettingsService
06-17 08:36:41.730  1595  1595 I SystemServiceManager: Starting com.android.server.locksettings.LockSettingsService$Lifecycle
06-17 08:36:41.737  1595  1763 I ActivityManager: Override config changes=200 {1.0 ?mcc?mnc [en_US] ldltr sw360dp w360dp h568dp 320dpi nrml port finger -keyb/v/h -nav/h winConfig={ mBounds=Rect(0, 0 - 720, 1280) mAppBounds=Rect(0, 0 - 720, 1184) mWindowingMode=fullscreen mActivityType=undefined} s.5} for displayId=0
06-17 08:36:41.739  1595  1763 D SystemServerInitThreadPool: Finished executing UiModeManager.onStart
06-17 08:36:41.741  1595  1595 D SystemServerTiming: StartLockSettingsService took to complete: 11ms
06-17 08:36:41.741  1595  1595 I SystemServer: StartPersistentDataBlock
06-17 08:36:41.741  1595  1595 I SystemServiceManager: Starting com.android.server.PersistentDataBlockService
06-17 08:36:41.741  1595  1595 D SystemServerTiming: StartPersistentDataBlock took to complete: 1ms
06-17 08:36:41.741  1595  1595 I SystemServer: StartOemLockService
06-17 08:36:41.741  1595  1762 D SystemServerInitThreadPool: Started executing PersistentDataBlockService.onStart
06-17 08:36:41.742  1595  1595 I SystemServiceManager: Starting com.android.server.oemlock.OemLockService
06-17 08:36:41.742   594   594 I snet_event_log: [121035042,-1,]
06-17 08:36:41.726  1067  1778 D installd: Found quota mount /dev/block/dm-0 at /data
06-17 08:36:41.743   594   594 W hwservicemanager: getTransport: Cannot find entry android.hardware.oemlock@1.0::IOemLock/default in either framework or device manifest.
06-17 08:36:41.743  1595  1595 I OemLock : OemLock HAL not present on device
06-17 08:36:41.743  1595  1595 I OemLock : Using persistent data block based lock
06-17 08:36:41.744  1595  1595 D SystemServerTiming: StartOemLockService took to complete: 2ms
06-17 08:36:41.744  1595  1595 I SystemServer: StartDeviceIdleController
06-17 08:36:41.744  1595  1595 I SystemServiceManager: Starting com.android.server.DeviceIdleController
06-17 08:36:41.746  1595  1762 E PersistentDataBlockService: not able to find package com.google.android.gms
06-17 08:36:41.746  1595  1762 E PersistentDataBlockService: android.content.pm.PackageManager$NameNotFoundException: com.google.android.gms
06-17 08:36:41.746  1595  1762 E PersistentDataBlockService: 	at android.app.ApplicationPackageManager.getPackageUidAsUser(ApplicationPackageManager.java:299)
06-17 08:36:41.746  1595  1762 E PersistentDataBlockService: 	at com.android.server.PersistentDataBlockService.getAllowedUid(PersistentDataBlockService.java:113)
06-17 08:36:41.746  1595  1762 E PersistentDataBlockService: 	at com.android.server.PersistentDataBlockService.lambda$onStart$0(PersistentDataBlockService.java:126)
06-17 08:36:41.746  1595  1762 E PersistentDataBlockService: 	at com.android.server.-$$Lambda$PersistentDataBlockService$EZl9OYaT2eNL7kfSr2nKUBjxidk.run(Unknown Source:2)
06-17 08:36:41.746  1595  1762 E PersistentDataBlockService: 	at com.android.server.SystemServerInitThreadPool.lambda$submit$0(SystemServerInitThreadPool.java:64)
06-17 08:36:41.746  1595  1762 E PersistentDataBlockService: 	at com.android.server.-$$Lambda$SystemServerInitThreadPool$7wfLGkZF7FvYZv7xj3ghvuiJJGk.run(Unknown Source:4)
06-17 08:36:41.746  1595  1762 E PersistentDataBlockService: 	at java.util.concurrent.Executors$RunnableAdapter.call(Executors.java:458)
06-17 08:36:41.746  1595  1762 E PersistentDataBlockService: 	at java.util.concurrent.FutureTask.run(FutureTask.java:266)
06-17 08:36:41.746  1595  1762 E PersistentDataBlockService: 	at java.util.concurrent.ThreadPoolExecutor.runWorker(ThreadPoolExecutor.java:1167)
06-17 08:36:41.746  1595  1762 E PersistentDataBlockService: 	at java.util.concurrent.ThreadPoolExecutor$Worker.run(ThreadPoolExecutor.java:641)
06-17 08:36:41.746  1595  1762 E PersistentDataBlockService: 	at com.android.internal.util.ConcurrentUtils$1$1.run(ConcurrentUtils.java:62)
06-17 08:36:41.747  1595  1595 D SystemServerTiming: StartDeviceIdleController took to complete: 3ms
06-17 08:36:41.748  1595  1595 I SystemServer: StartDevicePolicyManager
06-17 08:36:41.748  1595  1595 I SystemServiceManager: Starting com.android.server.devicepolicy.DevicePolicyManagerService$Lifecycle
06-17 08:36:41.751  1595  1595 D SystemServerTiming: StartDevicePolicyManager took to complete: 4ms
06-17 08:36:41.752  1595  1595 I SystemServer: StartStatusBarManagerService
06-17 08:36:41.752  1595  1595 D SystemServerTiming: StartStatusBarManagerService took to complete: 0ms
06-17 08:36:41.752  1595  1595 I SystemServer: StartClipboardService
06-17 08:36:41.752  1595  1595 I SystemServiceManager: Starting com.android.server.clipboard.ClipboardService
06-17 08:36:41.752  1595  1762 D SystemServerInitThreadPool: Finished executing PersistentDataBlockService.onStart
06-17 08:36:41.753  1595  1595 D SystemServerTiming: StartClipboardService took to complete: 1ms
06-17 08:36:41.753  1595  1595 I SystemServer: StartNetworkManagementService
06-17 08:36:41.755  1595  1914 I NetworkManagement: onDaemonConnected()
06-17 08:36:41.756  1595  1595 D SystemServerTiming: StartNetworkManagementService took to complete: 2ms
06-17 08:36:41.756  1595  1595 I SystemServer: StartIpSecService
06-17 08:36:41.757  1595  1595 D SystemServerTiming: StartIpSecService took to complete: 0ms
06-17 08:36:41.757  1595  1595 I SystemServer: StartTextServicesManager
06-17 08:36:41.757  1595  1595 I SystemServiceManager: Starting com.android.server.TextServicesManagerService$Lifecycle
06-17 08:36:41.758  1595  1595 D SystemServerTiming: StartTextServicesManager took to complete: 1ms
06-17 08:36:41.759  1595  1595 I SystemServer: StartTextClassificationManagerService
06-17 08:36:41.759  1595  1595 I SystemServiceManager: Starting com.android.server.textclassifier.TextClassificationManagerService$Lifecycle
06-17 08:36:41.759  1595  1595 D SystemServerTiming: StartTextClassificationManagerService took to complete: 0ms
06-17 08:36:41.759  1595  1595 I SystemServer: StartNetworkScoreService
06-17 08:36:41.759  1595  1595 I SystemServiceManager: Starting com.android.server.NetworkScoreService$Lifecycle
06-17 08:36:41.760  1595  1595 I NetworkScoreService: Registering network_score
06-17 08:36:41.761  1595  1595 D SystemServerTiming: StartNetworkScoreService took to complete: 2ms
06-17 08:36:41.761  1595  1595 I SystemServer: StartNetworkStatsService
06-17 08:36:41.763  1595  1595 D SystemServerTiming: StartNetworkStatsService took to complete: 2ms
06-17 08:36:41.763  1595  1595 I SystemServer: StartNetworkPolicyManagerService
06-17 08:36:41.766  1595  1595 D SystemServerTiming: StartNetworkPolicyManagerService took to complete: 3ms
06-17 08:36:41.766  1595  1595 I SystemServer: StartWifi
06-17 08:36:41.783  1595  1595 I SystemServiceManager: Starting com.android.server.wifi.WifiService
06-17 08:36:41.793   736   736 D SDM     : DisplayBase::BuildLayerStackStats: LayerStack layer_count: 2, app_layer_count: 1, gpu_target_index: 1, display type: 0
06-17 08:36:41.805  1595  1595 E TelephonyManager: IMSI error: Subscriber Info is null
06-17 08:36:41.824  1595  1595 D WifiApConfigStore: 2G band allowed channels are:1,6,11
06-17 08:36:41.831  1595  1595 I WifiScoringParams: rssi2=-85:-85:-73:-60,rssi5=-82:-82:-70:-57,pps=0:1:100,horizon=15,nud=8,expid=0
06-17 08:36:41.855  1595  1595 D WifiStateMachine: EnableConnectedMacRandomization Setting changed to false
06-17 08:36:41.856  1595  1595 E libc    : Access denied finding property "persist.vendor.wifi.enableIpReachabilityMonitorPeriod"
06-17 08:36:41.856  1595  1595 E WifiStateMachine: getWifiLinkLayerStats called without an interface
06-17 08:36:41.857  1595  1595 D WifiStateMachinePrime: Starting Wifi in WifiDisabledState
06-17 08:36:41.857  1595  1920 D WifiStateMachinePrime: Entering WifiDisabledState
06-17 08:36:41.857  1595  1920 D ActiveModeManager: sending scan available broadcast: false
06-17 08:36:41.858  1595  1595 D WifiOpenNetworkNotifier: Settings toggle enabled=true
06-17 08:36:41.858  1595  1595 D WifiCarrierNetworkNotifier: Settings toggle enabled=true
06-17 08:36:41.859  1595  1595 D WakeupController: WifiWake enabled
06-17 08:36:41.860  1595  1595 D WifiController: isAirplaneModeOn = false, isWifiEnabled = false, isScanningAvailable = false, isLocationModeActive = false
06-17 08:36:41.862  1595  1595 E SupplicantStaIfaceHal: Can't call setDebugParams, ISupplicant is null
06-17 08:36:41.862  1595  1595 W WifiDiags: no ring buffers found
06-17 08:36:41.862  1595  1595 W WifiDiags: Failed to start packet fate monitoring
06-17 08:36:41.863  1595  1595 I WifiService: Registering wifi
06-17 08:36:41.863  1595  1595 D SystemServerTiming: StartWifi took to complete: 98ms
06-17 08:36:41.863  1595  1595 I SystemServer: StartWifiScanning
06-17 08:36:41.864  1595  1595 I SystemServiceManager: Starting com.android.server.wifi.scanner.WifiScanningService
06-17 08:36:41.864  1595  1595 I WifiScanningService: Creating wifiscanner
06-17 08:36:41.866  1595  1595 I WifiScanningService: Publishing wifiscanner
06-17 08:36:41.866  1595  1595 D SystemServerTiming: StartWifiScanning took to complete: 2ms
06-17 08:36:41.866  1595  1595 I SystemServer: StartWifiP2P
06-17 08:36:41.867  1595  1595 I SystemServiceManager: Starting com.android.server.wifi.p2p.WifiP2pService
06-17 08:36:41.872  1595  1595 W HalDevMgr: isWifiStarted called but mWifi is null!?
06-17 08:36:41.872  1595  1595 I WifiP2pService: Registering wifip2p
06-17 08:36:41.873  1595  1595 D SystemServerTiming: StartWifiP2P took to complete: 7ms
06-17 08:36:41.873  1595  1595 I SystemServer: StartEthernet
06-17 08:36:41.874  1595  1595 I SystemServiceManager: Starting com.android.server.ethernet.EthernetService
06-17 08:36:41.874  1595  1595 I EthernetService: Registering service ethernet
06-17 08:36:41.874  1595  1595 D SystemServerTiming: StartEthernet took to complete: 1ms
06-17 08:36:41.874  1595  1595 I SystemServer: StartConnectivityService
06-17 08:36:41.877  1595  1595 D ConnectivityService: ConnectivityService starting up
06-17 08:36:41.877   736   736 D SDM     : DisplayBase::BuildLayerStackStats: LayerStack layer_count: 2, app_layer_count: 1, gpu_target_index: 1, display type: 0
06-17 08:36:41.878  1595  1595 D ConnectivityService: wifiOnly=false
06-17 08:36:41.849  1595  1595 I auditd  : type=1400 audit(0.0:79): avc: denied { read } for comm="system_server" name="u:object_r:vendor_default_prop:s0" dev="tmpfs" ino=18381 scontext=u:r:system_server:s0 tcontext=u:object_r:vendor_default_prop:s0 tclass=file permissive=0
06-17 08:36:41.849  1595  1595 W system_server: type=1400 audit(0.0:79): avc: denied { read } for name="u:object_r:vendor_default_prop:s0" dev="tmpfs" ino=18381 scontext=u:r:system_server:s0 tcontext=u:object_r:vendor_default_prop:s0 tclass=file permissive=0
06-17 08:36:41.879  1595  1595 E ConnectivityService: Ignoring protectedNetwork 14
06-17 08:36:41.886  1595  1595 D SystemServerTiming: StartConnectivityService took to complete: 11ms
06-17 08:36:41.886  1595  1595 I SystemServer: StartNsdService
06-17 08:36:41.887  1595  1595 D NsdService: Network service discovery is enabled
06-17 08:36:41.890  1595  1595 D SystemServerTiming: StartNsdService took to complete: 3ms
06-17 08:36:41.890  1595  1595 I SystemServer: StartSystemUpdateManagerService
06-17 08:36:41.890  1595  1595 I SystemUpdateManagerService: No existing info file /data/system/system-update-info.xml
06-17 08:36:41.891  1595  1595 D SystemServerTiming: StartSystemUpdateManagerService took to complete: 1ms
06-17 08:36:41.891  1595  1595 I SystemServer: StartUpdateLockService
06-17 08:36:41.892  1595  1595 D SystemServerTiming: StartUpdateLockService took to complete: 1ms
06-17 08:36:41.892  1595  1595 I SystemServer: StartNotificationManager
06-17 08:36:41.892  1595  1595 I SystemServiceManager: Starting com.android.server.notification.NotificationManagerService
06-17 08:36:41.896  1595  1595 D ConditionProviders.SCP: new ScheduleConditionProvider()
06-17 08:36:41.899  1595  1595 D ZenLog  : config: readXml,ZenModeConfig[user=0,allowAlarms=true,allowMedia=true,allowSystem=false,allowReminders=false,allowEvents=false,allowCalls=true,allowRepeatCallers=true,allowMessages=false,allowCallsFrom=stars,allowMessagesFrom=contacts,suppressedVisualEffects=511,areChannelsBypassingDnd=false,automaticRules={EVENTS_DEFAULT_RULE=ZenRule[enabled=false,snoozing=false,name=Event,zenMode=ZEN_MODE_IMPORTANT_INTERRUPTIONS,conditionId=condition://android/event?userId=-10000&calendar=&reply=1,condition=Condition[id=condition://android/event?userId=-10000&calendar=&reply=1,summary=...,line1=...,line2=...,icon=0,state=STATE_FALSE,flags=2],component=ComponentInfo{android/com.android.server.notification.EventConditionProvider},id=EVENTS_DEFAULT_RULE,creationTime=1560440311855,enabler=null], EVERY_NIGHT_DEFAULT_RULE=ZenRule[enabled=false,snoozing=false,name=Sleeping,zenMode=ZEN_MODE_IMPORTANT_INTERRUPTIONS,conditionId=condition://android/schedule?days=1.2.3.4.5.6.7&start=22.0&end=7.0&exitAtAlarm=true,condition=Condition[id=condition://android/schedule?days=1.2.3.4.5.6.7&start=22.0&end=7.0&exitAtAlarm=true,summary=...,line1=...,line2=...,icon=0,state=STATE_FALSE,flags=2],component=ComponentInfo{android/com.android.server.notification.ScheduleConditionProvider},id=EVERY_NIGHT_DEFAULT_RULE,creationTime=1560440311855,enabler=null]},manualRule=null],Diff[automaticRule[EVENTS_DEFAULT_RULE].condition:null->Condition[id=condition://android/event?userId=-10000&calendar=&reply=1,summary=...,line1=...,line2=...,icon=0,state=STATE_FALSE,flags=2],automaticRule[EVENTS_DEFAULT_RULE].creationTime:1560760601895->1560440311855,automaticRule[EVERY_NIGHT_DEFAULT_RULE].condition:null->Condition[id=condition://android/schedule?days=1.2.3.4.5.6.7&start=22.0&end=7.0&exitAtAlarm=true,summary=...,line1=...,line2=...,icon=0,state=STATE_FALSE,flags=2],automaticRule[EVERY_NIGHT_DEFAULT_RULE].creationTime:1560760601895->1560440311855]
06-17 08:36:41.902  1595  1595 I NotificationListeners: Read notification listener permissions from xml
06-17 08:36:41.902  1595  1595 I NotificationAssistants: Read notification assistant permissions from xml
06-17 08:36:41.902  1595  1595 I ConditionProviders: Read condition provider permissions from xml
06-17 08:36:41.902  1595  1595 I ConditionProviders: Read condition provider permissions from xml
06-17 08:36:41.902  1595  1595 D ZenLog  : set_zen_mode: off,init
06-17 08:36:41.907  1595  1595 D SystemServerTiming: StartNotificationManager took to complete: 16ms
06-17 08:36:41.907  1595  1595 I SystemServer: StartDeviceMonitor
06-17 08:36:41.908  1595  1595 I SystemServiceManager: Starting com.android.server.storage.DeviceStorageMonitorService
06-17 08:36:41.909  1595  1595 D SystemServerTiming: StartDeviceMonitor took to complete: 1ms
06-17 08:36:41.909  1595  1595 I SystemServer: StartLocationManagerService
06-17 08:36:41.910  1595  1930 I storage_state: [41217664-9172-527a-b3d5-edabb50a7d69,0,0,20976803840,21378957312]
06-17 08:36:41.910  1595  1595 D SystemServerTiming: StartLocationManagerService took to complete: 1ms
06-17 08:36:41.910  1595  1595 I SystemServer: StartCountryDetectorService
06-17 08:36:41.911  1595  1595 D SystemServerTiming: StartCountryDetectorService took to complete: 1ms
06-17 08:36:41.911  1595  1595 I SystemServer: StartSearchManagerService
06-17 08:36:41.911  1595  1595 I SystemServiceManager: Starting com.android.server.search.SearchManagerService$Lifecycle
06-17 08:36:41.912  1595  1595 D SystemServerTiming: StartSearchManagerService took to complete: 1ms
06-17 08:36:41.912  1595  1595 I SystemServer: StartWallpaperManagerService
06-17 08:36:41.912  1595  1595 I SystemServiceManager: Starting com.android.server.wallpaper.WallpaperManagerService$Lifecycle
06-17 08:36:41.913  1595  1595 D SystemServerTiming: StartWallpaperManagerService took to complete: 1ms
06-17 08:36:41.913  1595  1595 I SystemServer: StartAudioService
06-17 08:36:41.913  1595  1595 I SystemServiceManager: Starting com.android.server.audio.AudioService$Lifecycle
06-17 08:36:41.915  1595  1931 E AudioService: Audioserver died.
06-17 08:36:41.916  1595  1595 W TelecomManager: Telecom Service not found.
06-17 08:36:41.960   736   736 D SDM     : DisplayBase::BuildLayerStackStats: LayerStack layer_count: 2, app_layer_count: 1, gpu_target_index: 1, display type: 0
06-17 08:36:42.077  1595  1758 D SystemServerTimingAsync: AppDataPrepare took to complete: 1132ms
06-17 08:36:42.077  1595  1758 I PackageManager: Deferred reconcileAppsData finished 132 packages
06-17 08:36:42.077  1595  1758 D SystemServerInitThreadPool: Finished executing prepareAppData
06-17 08:36:42.043   736   736 D SDM     : DisplayBase::BuildLayerStackStats: LayerStack layer_count: 2, app_layer_count: 1, gpu_target_index: 1, display type: 0
