01-01 10:30:42.727   767   767 I SurfaceFlinger: Phase offest NS: 1000000
01-01 10:30:42.729     0     0 I ueventd : firmware: loading 'a512_zap.b02' for '/devices/soc/soc:qcom,kgsl-hyp/firmware/a512_zap.b02'
01-01 10:30:42.730     0     0 I ueventd : loading /devices/soc/soc:qcom,kgsl-hyp/firmware/a512_zap.b02 took 1ms
01-01 10:30:42.734     0     0 I subsys-pil-tz soc: qcom,kgsl-hyp: a512_zap: Brought out of reset
01-01 10:30:42.735   736   736 I SDM     : HWCColorManager::CreateColorManager: Successfully loaded libsdm-disp-vndapis.so and libsdm-diag.so and diag_init'ed
01-01 10:30:42.735   594   594 I chatty  : uid=1000(system) hwservicemanage identical 83 lines
01-01 10:30:42.736     0     0 E devfreq soc: qcom,kgsl-busmon: Couldn't update frequency transition information.
01-01 10:30:42.736   736   736 I ServiceManagement: Removing namespace from process name android.hardware.graphics.composer@2.1-service to composer@2.1-service.
01-01 10:30:42.736   594   594 I snet_event_log: [121035042,-1,]
01-01 10:30:42.737   736   736 I android.hardware.graphics.composer@2.1-service: Registration complete for android.hardware.graphics.composer@2.1::IComposer/default.
01-01 10:30:42.737   767   767 D libEGL  : loaded /vendor/lib64/egl/libEGL_adreno.so
01-01 10:30:42.743   767   767 D libEGL  : loaded /vendor/lib64/egl/libGLESv1_CM_adreno.so
01-01 10:30:42.745     0     0 E wlan    : Loading driver v5.1.1.65A; 2019-06-17T08:31:48Z; cld:I180e1f3dae; cmn:I180e1f3dae; ()
01-01 10:30:42.746     0     0 I         : wlan_hdd_state wlan major(224) initialized
01-01 10:30:42.746     0     0 I wlan    : driver loaded
01-01 10:30:42.746     0     0 I init    : Command 'insmod /vendor/lib/modules/qca_cld3/qca_cld3_wlan.ko' action=boot (/vendor/etc/init/hw/init.target.rc:108) took 260ms and succeeded
01-01 10:30:42.746     0     0 I init    : Received control message 'start' for 'vendor.sensors' from pid: 806 (start vendor.sensors)
01-01 10:30:42.747     0     0 E init    : Could not ctl.start for service vendor.sensors: Cannot find '/vendor/bin/sscrpcd': No such file or directory
01-01 10:30:42.756     0     0 I init    : Service 'vendor-sensor-sh' (pid 760) exited with status 0
01-01 10:30:42.757     0     0 I init    : processing action (boot) from (/system/etc/init/bootstat.rc:61)
01-01 10:30:42.757     0     0 I init    : processing action (boot) from (/system/etc/init/dumpstate.rc:1)
01-01 10:30:42.757     0     0 I init    : processing action (enable_property_trigger) from (<Builtin Action>:0)
01-01 10:30:42.758     0     0 I init    : processing action (security.perf_harden=1) from (/init.rc:751)
01-01 10:30:42.759     0     0 I init    : processing action (ro.debuggable=1) from (/init.rc:775)
01-01 10:30:42.759     0     0 I init    : processing action (persist.vendor.qcomsysd.enabled=1) from (/vendor/etc/init/hw/init.qcom.rc:450)
01-01 10:30:42.759     0     0 I init    : processing action (vendor.display.lcd_density=*) from (/vendor/etc/init/hw/init.qcom.rc:1162)
01-01 10:30:42.760     0     0 I init    : processing action (vendor.gpu.available_frequencies=*) from (/vendor/etc/init/hw/init.qcom.rc:1241)
01-01 10:30:42.760     0     0 E selinux : avc:  denied  { set } for property=ro.gpu.available_frequencies pid=565 uid=0 gid=0 scontext=u:r:vendor_init:s0 tcontext=u:object_r:default_prop:s0 tclass=property_service permissive=0
01-01 10:30:42.765     0     0 E init    : Subcontext init could not set 'ro.gpu.available_frequencies' to '647000000 588000000 465000000 370000000 266000000 160000000 ': SELinux permission check failed
01-01 10:30:42.785     0     0 I init    : processing action (persist.vendor.usb.config=*) from (/vendor/etc/init/hw/init.qcom.usb.rc:115)
01-01 10:30:42.785     0     0 I init    : processing action (sys.usb.config=diag,serial_cdev,rmnet,adb && sys.usb.configfs=1) from (/vendor/etc/init/hw/init.msm.usb.configfs.rc:117)
01-01 10:30:42.785     0     0 I init    : starting service 'adbd'...
01-01 10:30:42.786     0     0 I init    : processing action (init.svc.vendor.per_mgr=running) from (/vendor/etc/init/hw/init.target.rc:131)
01-01 10:30:42.786     0     0 I init    : starting service 'vendor.per_proxy'...
01-01 10:30:42.787     0     0 I init    : processing action (init.svc.surfaceflinger=running) from (/vendor/etc/init/hw/init.target.rc:422)
01-01 10:30:42.787     0     0 I init    : Created socket '/dev/socket/adbd', mode 660, user 1000, group 1000
01-01 10:30:42.787     0     0 I init    : starting service 'ppd'...
01-01 10:30:42.788     0     0 I init    : processing action (persist.vendor.usb.config=*) from (/vendor/etc/init/hw/init.qcom.factory.rc:67)
01-01 10:30:42.788     0     0 I init    : processing action (ro.boot.slot_suffix=*) from (/system/etc/init/update_engine.rc:8)
01-01 10:30:42.788     0     0 I init    : processing action (defaultcrypto) from (/system/etc/init/vdc.rc:2)
01-01 10:30:42.789     0     0 I init    : starting service 'exec 8 (/system/bin/vdc --wait cryptfs mountdefaultencrypted)'...
01-01 10:30:42.789     0     0 I init    : Created socket '/dev/socket/pps', mode 660, user 1000, group 1000
01-01 10:30:42.790     0     0 I init    : SVC_EXEC pid 866 (uid 0 gid 0+0 context default) started; waiting...
01-01 10:30:42.793   863   868 I adbd    : initializing functionfs
01-01 10:30:42.793   863   868 I adbd    : opening control endpoint /dev/usb-ffs/adb/ep0
01-01 10:30:42.795   863   868 I adbd    : functionfs successfully initialized
01-01 10:30:42.795   863   868 I adbd    : registering usb transport
01-01 10:30:42.796   864   864 E PerMgrProxy: Starting pm-proxy service
01-01 10:30:42.797   762   812 D PerMgrSrv: modem state: is off-line, add client PM-PROXY-THREAD
01-01 10:30:42.797   762   812 D PerMgrSrv: PM-PROXY-THREAD registered
01-01 10:30:42.798   864   864 D PerMgrLib: PM-PROXY-THREAD successfully registered for modem
01-01 10:30:42.798   864   864 I PerMgrProxy: Casting proxy vote for modem
01-01 10:30:42.798   864   864 D PerMgrLib: PM-PROXY-THREAD voting for modem
01-01 10:30:42.798   762   812 D PerMgrSrv: PM-PROXY-THREAD voting for modem
01-01 10:30:42.798   762   812 D PerMgrSrv: modem new state: going on-line
01-01 10:30:42.798   762   812 D PerMgrSrv: modem num voters is 1
01-01 10:30:42.798   864   864 I PerMgrProxy: pm-proxy-thread vote successful for modem
01-01 10:30:42.799   877   877 I auditd  : type=1400 audit(0.0:29): avc: denied { read } for comm="ueventd" name="mmcblk0p31" dev="tmpfs" ino=20497 scontext=u:r:ueventd:s0 tcontext=u:object_r:mba_debug_dev:s0 tclass=blk_file permissive=0
01-01 10:30:42.799   877   877 W ueventd : type=1400 audit(0.0:29): avc: denied { read } for name="mmcblk0p31" dev="tmpfs" ino=20497 scontext=u:r:ueventd:s0 tcontext=u:object_r:mba_debug_dev:s0 tclass=blk_file permissive=0
01-01 10:30:42.804   621   871 I Cryptfs : cryptfs_check_passwd
01-01 10:30:42.804     0     0 I         : read descriptors
01-01 10:30:42.805     0     0 I         : read strings
01-01 10:30:42.805   621   871 D         : HW based disk encryption is enabled 
01-01 10:30:42.806   621   871 D Cryptfs : crypt_ftr->fs_size = 42688447
01-01 10:30:42.806   621   871 D         : HW based disk encryption is enabled 
01-01 10:30:42.806   621   871 I Cryptfs : Using scrypt with keymaster for cryptfs KDF
01-01 10:30:42.807     0     0 D vdc     : Waited 0ms for vold
01-01 10:30:42.808     0     0 I init    : Service 'exec 8 (/system/bin/vdc --wait cryptfs mountdefaultencrypted)' (pid 866) exited with status 0 waiting took 0.018000 seconds
01-01 10:30:42.809     0     0 I subsys-restart: __subsystem_get(): Changing subsys fw_name to modem
01-01 10:30:42.810     0     0 I         : IPA received MPSS BEFORE_POWERUP
01-01 10:30:42.810     0     0 E ipa2_uc_state_check: 301 uC is not loaded
01-01 10:30:42.810     0     0 E ipa_sps_irq_control_all: 963 EP (5) not allocated.
01-01 10:30:42.811     0     0 I init    : processing action (sys.usb.config=diag,serial_cdev,rmnet,adb && sys.usb.configfs=1 && sys.usb.ffs.ready=1) from (/vendor/etc/init/hw/init.msm.usb.configfs.rc:120)
01-01 10:30:42.816     0     0 I         : IPA BEFORE_POWERUP handling is complete
01-01 10:30:42.817     0     0 I pil-q6v5-mss 4080000.qcom,mss: modem: loading from 0x000000008ac00000 to 0x0000000092900000
01-01 10:30:42.822     0     0 I ueventd : firmware: loading 'msadp' for '/devices/soc/4080000.qcom,mss/firmware/msadp'
01-01 10:30:42.824     0     0 E ueventd : firmware: could not find firmware for msadp
01-01 10:30:42.832   865   865 I Dpps    : GetInstance: DppsServer ref count increased to 1
01-01 10:30:42.832   865   865 I Dpps    : AbaContext():18 ABA context instantiation
01-01 10:30:42.832   865   865 I Dpps    : AmbientLightContext():16 AL context instantiation
01-01 10:30:42.833   865   865 I Dpps    : InitFeatureContext():93 Initialize feature context
01-01 10:30:42.833   865   865 I Dpps    : InitContext():83 display fd 5 histogram bins 256  components 1 Lut size 256 panel 0 sensor type 1
01-01 10:30:42.833   865   865 I Dpps    : OpenCommonSysfsFds():357 lcd_bl_event_fd_ is 6
01-01 10:30:42.833   865   865 I Dpps    : OpenCommonSysfsFds():366 blank_event_fd_ is 7
01-01 10:30:42.833   865   865 I Dpps    : OpenCommonSysfsFds():374 lcd_brightness_fd_ is 8
01-01 10:30:42.833   865   865 I Dpps    : InitContext():111 hist_sysfs_fd_ is 9
01-01 10:30:42.833   865   865 I Dpps    : InitContext():185 Context Initialization successfull
01-01 10:30:42.833   865   865 I Dpps    : CreateAbaThread():58 Create ABA thread
01-01 10:30:42.833   865   865 I Dpps    : CreateAbaThread():81 Create ABA thread done ret 0
01-01 10:30:42.833   865   865 I Dpps    : InitContext():71 display_fd 5, panel 0, sensor type 1 display_type 0
01-01 10:30:42.833   865   882 I Dpps    : ProcessAbaThread():166 ABA thread execution started
01-01 10:30:42.833   865   865 I Dpps    : Open():60 display node path /dev/graphics/fb0
01-01 10:30:42.833   865   865 I Dpps    : SetupPollFd():224 opening the sysfs node sys/class/graphics/fb0/show_blank_event, index 1
01-01 10:30:42.833   865   865 I Dpps    : SetupPollFd():224 opening the sysfs node sys/class/graphics/fb0/ad_bl_event, index 2
01-01 10:30:42.833   865   865 I Dpps    : SetupPollFd():224 opening the sysfs node sys/class/graphics/fb0/ad_event, index 3
01-01 10:30:42.833   865   865 I Dpps    : SelectLightSensor():532 sensor_type 1
01-01 10:30:42.833   865   865 I Dpps    : SelectLightSensor():535 sensor_type_ 1
01-01 10:30:42.833   865   865 I Dpps    : InitLightSensor():567 sensor_type_ 1
01-01 10:30:42.833   865   865 I Dpps    : InitLightSensor():570 SensorTypeSimulation
01-01 10:30:42.833   865   865 I Dpps    : InitLightSensor():588 light sensor initialization ret 0
01-01 10:30:42.833   865   865 I Dpps    : InitContext():126 create AD thread
01-01 10:30:42.833   865   865 I Dpps    : CreateAmbientLightThread():910 Create AL thread
01-01 10:30:42.834   865   865 I Dpps    : CreateAmbientLightThread():924 Create AL thread done ret 0
01-01 10:30:42.834   865   865 I Dpps    : InitFeatureContext():142 Initialize feature context done ret 0
01-01 10:30:42.834   865   883 I Dpps    : ProcessAmbientLightThread():940 AL thread execution started
01-01 10:30:42.848     0     0 I ueventd : loading /devices/soc/4080000.qcom,mss/firmware/msadp took 26ms
01-01 10:30:42.848     0     0 W pil-q6v5-mss 4080000.qcom,mss: Debug policy not present - msadp. Continue.
01-01 10:30:42.868     0     0 I pil-q6v5-mss 4080000.qcom,mss: Loading MBA and DP (if present) from 0x0000000094800000 to 0x0000000094900000 size 100000
01-01 10:30:42.886   767   767 D libEGL  : loaded /vendor/lib64/egl/libGLESv2_adreno.so
01-01 10:30:42.890     0     0 I init    : Service 'vendor.qcom-usb-sh' (pid 761) exited with status 0
01-01 10:30:42.899   767   767 I auditd  : type=1400 audit(0.0:30): avc: denied { search } for comm="surfaceflinger" name="gpu" dev="tmpfs" ino=278 scontext=u:r:surfaceflinger:s0 tcontext=u:object_r:vendor_gles_data_file:s0 tclass=dir permissive=0
01-01 10:30:42.899   767   767 W surfaceflinger: type=1400 audit(0.0:30): avc: denied { search } for name="gpu" dev="tmpfs" ino=278 scontext=u:r:surfaceflinger:s0 tcontext=u:object_r:vendor_gles_data_file:s0 tclass=dir permissive=0
01-01 10:30:42.899   767   767 I chatty  : uid=1000(system) /system/bin/surfaceflinger identical 2 lines
01-01 10:30:42.899   767   767 W surfaceflinger: type=1400 audit(0.0:33): avc: denied { search } for name="gpu" dev="tmpfs" ino=278 scontext=u:r:surfaceflinger:s0 tcontext=u:object_r:vendor_gles_data_file:s0 tclass=dir permissive=0
01-01 10:30:42.899   767   767 I chatty  : uid=1000(system) /system/bin/surfaceflinger identical 2 lines
01-01 10:30:42.899   767   767 I auditd  : type=1400 audit(0.0:33): avc: denied { search } for comm="surfaceflinger" name="gpu" dev="tmpfs" ino=278 scontext=u:r:surfaceflinger:s0 tcontext=u:object_r:vendor_gles_data_file:s0 tclass=dir permissive=0
01-01 10:30:42.905   767   767 I Adreno  : QUALCOMM build                   : 0f7742b, Ib21e741bcf
01-01 10:30:42.905   767   767 I Adreno  : Build Date                       : 09/10/18
01-01 10:30:42.905   767   767 I Adreno  : OpenGL ES Shader Compiler Version: EV031.25.03.00
01-01 10:30:42.905   767   767 I Adreno  : Local Branch                     : 
01-01 10:30:42.905   767   767 I Adreno  : Remote Branch                    : 
01-01 10:30:42.905   767   767 I Adreno  : Remote Branch                    : 
01-01 10:30:42.905   767   767 I Adreno  : Reconstruct Branch               : 
01-01 10:30:42.905   767   767 I Adreno  : Build Config                     : S L 6.0.7 AArch64
01-01 10:30:42.913   767   767 I Adreno  : PFP: 0x005ff112, ME: 0x005ff066
01-01 10:30:42.918     0     0 I pil-q6v5-mss 4080000.qcom,mss: MBA boot done
01-01 10:30:42.921   729   729 I mm-camera: < INFO> 421: init: memleak lib init.
01-01 10:30:42.922   729   729 I mm-camera: < INFO> 440: init: memleak tracer not attached
01-01 10:30:42.923     0     0 W audit   : audit_lost=12 audit_rate_limit=5 audit_backlog_limit=64
01-01 10:30:42.923     0     0 E audit   : rate limit exceeded
01-01 10:30:42.923   729   729 W libc    : Unable to set property "persist.vendor.camera.debug.logfile" to "0": error code: 0x18
01-01 10:30:42.924   729   729 I mm-camera: <SENSOR>< INFO> 387: eebin_read: failed!
01-01 10:30:42.924   729   729 I chatty  : uid=1047(cameraserver) android.hardwar identical 1 line
01-01 10:30:42.924   729   729 I mm-camera: <SENSOR>< INFO> 387: eebin_read: failed!
01-01 10:30:42.924   729   729 I mm-camera: <SENSOR>< INFO> 589: sensor_init_probe: opening: /dev/v4l-subdev13
01-01 10:30:42.924   729   729 I mm-camera: <SENSOR>< INFO> 598: sensor_init_probe: failed: to probe eeprom bin sensors (non-fatal)
01-01 10:30:42.933   594   594 I snet_event_log: [121035042,-1,]
01-01 10:30:42.934     0     0 E selinux : avc:  denied  { set } for property=persist.vendor.camera.debug.logfile pid=729 uid=1047 gid=1005 scontext=u:r:hal_camera_default:s0 tcontext=u:object_r:vendor_default_prop:s0 tclass=property_service permissive=0
01-01 10:30:42.934     0     0 E init    : Unable to set property 'persist.vendor.camera.debug.logfile' to '0' from uid:1047 gid:1005 pid:729: SELinux permission check failed
01-01 10:30:42.934   767   767 I ConfigStore: android::hardware::configstore::V1_0::ISurfaceFlingerConfigs::hasWideColorDisplay retrieved: 0
01-01 10:30:42.934   767   767 I ConfigStore: android::hardware::configstore::V1_0::ISurfaceFlingerConfigs::hasHDRDisplay retrieved: 0
01-01 10:30:42.936   729   729 I mm-camera: <SENSOR>< INFO> 308: sensor_sdk_util_get_i2c_freq_mode: Invalid i2c_freq_mode = 4
01-01 10:30:42.937   767   767 I SurfaceFlinger: EGL information:
01-01 10:30:42.937   767   767 I SurfaceFlinger: vendor    : Android
01-01 10:30:42.937   767   767 I SurfaceFlinger: version   : 1.4 Android META-EGL
01-01 10:30:42.937   767   767 I SurfaceFlinger: extensions: EGL_KHR_get_all_proc_addresses EGL_ANDROID_presentation_time EGL_KHR_swap_buffers_with_damage EGL_ANDROID_get_native_client_buffer EGL_ANDROID_front_buffer_auto_refresh EGL_ANDROID_get_frame_timestamps EGL_EXT_surface_SMPTE2086_metadata EGL_EXT_surface_CTA861_3_metadata EGL_KHR_image EGL_KHR_image_base EGL_EXT_image_gl_colorspace EGL_KHR_lock_surface EGL_KHR_gl_colorspace EGL_KHR_gl_texture_2D_image EGL_KHR_gl_texture_3D_image EGL_KHR_gl_texture_cubemap_image EGL_KHR_gl_renderbuffer_image EGL_KHR_reusable_sync EGL_KHR_fence_sync EGL_KHR_create_context EGL_KHR_surfaceless_context EGL_EXT_create_context_robustness EGL_ANDROID_image_native_buffer EGL_KHR_wait_sync EGL_ANDROID_recordable EGL_KHR_partial_update EGL_EXT_pixel_format_float EGL_KHR_create_context_no_error EGL_KHR_mutable_render_buffer EGL_EXT_yuv_surface EGL_EXT_protected_content EGL_IMG_context_priority EGL_KHR_no_config_context 
01-01 10:30:42.937   767   767 I SurfaceFlinger: Client API: OpenGL_ES
01-01 10:30:42.937   767   767 I SurfaceFlinger: EGLSurface: 8-8-8-8, config=0x761f98ee80
01-01 10:30:42.937   767   767 I SurfaceFlinger: OpenGL ES informations:
01-01 10:30:42.937   767   767 I SurfaceFlinger: vendor    : Qualcomm
01-01 10:30:42.938   767   767 I SurfaceFlinger: renderer  : Adreno (TM) 512
01-01 10:30:42.938   767   767 I SurfaceFlinger: version   : OpenGL ES 3.2 V@331.0 (GIT@0f7742b, Ib21e741bcf) (Date:09/10/18)
01-01 10:30:42.938   767   767 I SurfaceFlinger: extensions: GL_OES_EGL_image GL_OES_EGL_image_external GL_OES_EGL_sync GL_OES_vertex_half_float GL_OES_framebuffer_object GL_OES_rgb8_rgba8 GL_OES_compressed_ETC1_RGB8_texture GL_AMD_compressed_ATC_texture GL_KHR_texture_compression_astc_ldr GL_KHR_texture_compression_astc_hdr GL_OES_texture_compression_astc GL_OES_texture_npot GL_EXT_texture_filter_anisotropic GL_EXT_texture_format_BGRA8888 GL_OES_texture_3D GL_EXT_color_buffer_float GL_EXT_color_buffer_half_float GL_QCOM_alpha_test GL_OES_depth24 GL_OES_packed_depth_stencil GL_OES_depth_texture GL_OES_depth_texture_cube_map GL_EXT_sRGB GL_OES_texture_float GL_OES_texture_float_linear GL_OES_texture_half_float GL_OES_texture_half_float_linear GL_EXT_texture_type_2_10_10_10_REV GL_EXT_texture_sRGB_decode GL_EXT_texture_format_sRGB_override GL_OES_element_index_uint GL_EXT_copy_image GL_EXT_geometry_shader GL_EXT_tessellation_shader GL_OES_texture_stencil8 GL_EXT_shader_io_blocks GL_OES_shader_image_atomic GL_OES_sample_variables GL_EXT_texture_border_clamp G
01-01 10:30:42.938   767   767 I SurfaceFlinger: GL_MAX_TEXTURE_SIZE = 16384
01-01 10:30:42.938   767   767 I SurfaceFlinger: GL_MAX_VIEWPORT_DIMS = 16384
01-01 10:30:42.948   736   892 D SDM     : HWCSession::RegisterCallback: Registering callback: Hotplug
01-01 10:30:42.949   736   892 I SDM     : HWCDisplay::GetHdrCapabilities: HDR is not supported
01-01 10:30:42.949   736   892 I SDM     : HWCDisplay::GetHdrCapabilities: HDR is not supported
01-01 10:30:42.950   767   767 E HWComposer: getSupportedPerFrameMetadata: getSupportedPerFrameMetadata failed for display 0: Unsupported (8)
01-01 10:30:42.952     0     0 I msm_pm_qos_add_request: add request
01-01 10:30:42.952     0     0 E msm_camera_power_up: 1523 usr_idx:3 dts_idx:2
01-01 10:30:42.956   594   594 I chatty  : uid=1000(system) hwservicemanage identical 10 lines
01-01 10:30:42.957   594   594 I snet_event_log: [121035042,-1,]
01-01 10:30:42.965     0     0 I init    : Service 'cs-early-boot' (pid 764) exited with status 0
01-01 10:30:42.967   736   892 D SDM     : HWCSession::RegisterCallback: Registering callback: Refresh
01-01 10:30:42.967   736   892 D SDM     : HWCSession::RegisterCallback: Registering callback: Vsync
01-01 10:30:42.967   729   729 I mm-camera: <SENSOR>< INFO> 308: sensor_sdk_util_get_i2c_freq_mode: Invalid i2c_freq_mode = 4
01-01 10:30:42.969     0     0 I msm_cci_init: 1439: hw_version = 0x10060000
01-01 10:30:42.971     0     0 E         : hi843 probe succeeded
01-01 10:30:42.971     0     0 E msm_camera_power_down: 1714:seq_val:3 > num_vreg: 2
01-01 10:30:42.971     0     0 E         : msm_camera_config_single_vreg can't disable cam_vio
01-01 10:30:42.978     0     0 E msm_sensor_fill_eeprom_subdevid_by_name: 222 Eeprom userspace probe for dw9763_2d
01-01 10:30:42.980     0     0 E msm_camera_power_up: 1523 usr_idx:3 dts_idx:2
01-01 10:30:43.000     0     0 I msm_cci_init: 1439: hw_version = 0x10060000
01-01 10:30:43.002     0     0 E         : s5k3p3 probe succeeded
01-01 10:30:43.002     0     0 E msm_camera_power_down: 1714:seq_val:3 > num_vreg: 2
01-01 10:30:43.002     0     0 E         : msm_camera_config_single_vreg can't disable cam_vio
01-01 10:30:43.009   729   729 I mm-camera: <SENSOR>< INFO> 308: sensor_sdk_util_get_i2c_freq_mode: Invalid i2c_freq_mode = 4
01-01 10:30:43.024     0     0 I msm-dwc3 a800000.ssusb: Avail curr from USB = 100
01-01 10:30:43.047     0     0 I msm_cci_init: 1439: hw_version = 0x10060000
01-01 10:30:43.047     0     0 E msm_cci_irq: 1803 MASTER_1 error 0x40000000
01-01 10:30:43.047     0     0 E msm_cci_i2c_read: 960 read_words = 0, exp words = 1
01-01 10:30:43.047     0     0 E msm_cci_i2c_read_bytes: 1043 failed rc -22
01-01 10:30:43.047     0     0 E msm_camera_cci_i2c_read: line 47 rc = -22
01-01 10:30:43.047     0     0 E msm_sensor_match_id: hi259: read id failed
01-01 10:30:43.047     0     0 E msm_sensor_check_id: 1410 match id failed rc -22
01-01 10:30:43.089   765   765 I FastMixerState: sMaxFastTracks = 8
01-01 10:30:43.089   765   765 V MediaUtils: physMem: 2833227776
01-01 10:30:43.089   765   765 V MediaUtils: requested limit: 536870912
01-01 10:30:43.089   765   765 V MediaUtils: actual limit: 536870912
01-01 10:30:43.089   765   765 V MediaUtils: original limits: 4294967295/4294967295
01-01 10:30:43.090   765   765 V MediaUtils: new limits: 536870912/4294967295
01-01 10:30:43.090   765   765 I audioserver: ServiceManager: 0xeea1c1c0
01-01 10:30:43.090   765   765 W BatteryNotifier: batterystats service unavailable!
01-01 10:30:43.091   594   594 I snet_event_log: [121035042,-1,]
01-01 10:30:43.104     0     0 I msm_cci_init: 1439: hw_version = 0x10060000
01-01 10:30:43.105     0     0 E msm_cci_irq: 1803 MASTER_1 error 0x40000000
01-01 10:30:43.105     0     0 E msm_cci_i2c_read: 960 read_words = 0, exp words = 1
01-01 10:30:43.109     0     0 E msm_cci_i2c_read_bytes: 1043 failed rc -22
01-01 10:30:43.112     0     0 I android_work: sent uevent USB_STATE=CONNECTED
01-01 10:30:43.114     0     0 E msm_camera_cci_i2c_read: line 47 rc = -22
01-01 10:30:43.120     0     0 E msm_sensor_match_id: hi259: read id failed
01-01 10:30:43.125     0     0 E msm_sensor_check_id: 1410 match id failed rc -22
01-01 10:30:43.162     0     0 I configfs-gadget gadget: high-speed config #1: b
01-01 10:30:43.162     0     0 I diag    : USB channel diag connected
01-01 10:30:43.163     0     0 I msm-dwc3 a800000.ssusb: Avail curr from USB = 500
01-01 10:30:43.163     0     0 E PMI     : set_sdp_current: ICL 50000uA isn't supported for SDP
01-01 10:30:43.163     0     0 E PMI     : smblib_set_icl_current: Couldn't set SDP ICL rc=-22
01-01 10:30:43.169     0     0 I android_work: sent uevent USB_STATE=CONFIGURED
01-01 10:30:43.171     0     0 I sps     : BAM 0x000000000a904000 (va:0x0000000000000000) enabled: ver:0x27, number of pipes:4
01-01 10:30:43.191   767   767 D SurfaceFlinger: shader cache generated - 24 shaders in 223.663116 ms
01-01 10:30:43.193   767   767 D SurfaceFlinger: Set power mode=2, type=0 flinger=0x761f858000
01-01 10:30:43.193   736   892 I SDM     : DisplayBase::SetDisplayState: Set state = 1, display 0
01-01 10:30:43.193   767   767 D SurfaceFlinger: Finished set power mode=2, type=0
01-01 10:30:43.204     0     0 I         : <<GTP-INF>>[gt1x_resume:2287] Resume start...
01-01 10:30:43.205     0     0 I msm_cci_init: 1439: hw_version = 0x10060000
01-01 10:30:43.205     0     0 I init    : Received control message 'start' for 'bootanim' from pid: 767 (/system/bin/surfaceflinger)
01-01 10:30:43.205     0     0 I init    : starting service 'bootanim'...
01-01 10:30:43.206     0     0 E msm_cci_irq: 1803 MASTER_1 error 0x40000000
01-01 10:30:43.207     0     0 E msm_cci_i2c_read: 960 read_words = 0, exp words = 1
01-01 10:30:43.210     0     0 E msm_cci_i2c_read_bytes: 1043 failed rc -22
01-01 10:30:43.213   736   736 D qdutils : DEBUG_CALC_FPS: 0
01-01 10:30:43.213   736   736 D qdutils : period: 10
01-01 10:30:43.213   736   736 D qdutils : ignorethresh_us: 500000
01-01 10:30:43.216     0     0 E msm_camera_cci_i2c_read: line 47 rc = -22
01-01 10:30:43.221     0     0 E msm_sensor_match_id: hi259: read id failed
01-01 10:30:43.226     0     0 E msm_sensor_check_id: 1410 match id failed rc -22
01-01 10:30:43.268     0     0 E         : hi259 power up failed
01-01 10:30:43.268     0     0 E MSM-SENSOR-INIT msm_sensor_driver_cmd: 80 msm_sensor_driver_cmd failed (non-fatal) rc -22
01-01 10:30:43.269   729   729 I mm-camera: <SENSOR>< INFO> 246: sensor_probe: [hi259]CFG_SINIT_PROBE failed
01-01 10:30:43.270   729   729 I mm-camera: <SENSOR>< INFO> 399: sensor_init_xml_probe: failed: to probe hi259
01-01 10:30:43.271     0     0 E MSM-SENSOR-INIT msm_sensor_init_subdev_do_ioctl: 146 msm_sensor_init_subdev_do_ioctl:146 VIDIOC_MSM_SENSOR_INIT_CFG failed (non-fatal)
01-01 10:30:43.281     0     0 I msm_csid_init: CSID_VERSION = 0x30050000
01-01 10:30:43.282     0     0 E         : msm_csid_irq CSID0_IRQ_STATUS_ADDR = 0x800
01-01 10:30:43.287   729   729 E mm-camera: <SENSOR><ERROR> 7606: module_sensor_init_eeprom: Exit subdev_id[SUB_MODULE_EEPROM] == -1
01-01 10:30:43.288   729   729 E mm-camera: <SENSOR><ERROR> 466: eeprom_load_library: dlopen failed
01-01 10:30:43.288   729   729 E mm-camera: <SENSOR><ERROR> 7647: module_sensor_init_eeprom: Failed eeprom_load_library
01-01 10:30:43.293     0     0 I msm_csid_init: CSID_VERSION = 0x30050000
01-01 10:30:43.294     0     0 E         : msm_csid_irq CSID1_IRQ_STATUS_ADDR = 0x800
01-01 10:30:43.368   621   871 I Cryptfs : Signing safely-padded object
01-01 10:30:43.371   594   594 W hwservicemanager: getTransport: Cannot find entry android.hardware.keymaster@3.0::IKeymasterDevice/default in either framework or device manifest.
01-01 10:30:43.371   621   871 I vold    : List of Keymaster HALs found:
01-01 10:30:43.372   621   871 I vold    : Keymaster HAL #1: Keymaster HAL: 4 from QTI SecurityLevel: TRUSTED_ENVIRONMENT HAL: android.hardware.keymaster@4.0::IKeymasterDevice/default
01-01 10:30:43.374   621   871 D vold    : Computing HMAC with params { (seed: 2e488f157f3bb39a2aa3f88a1441e09f4837f0687a963f7c8415fde1d18d9410, nonce: 27d027402eec9c61771df9f6ea6d337ee9333dd53d6b1e1deb14eba8d2bbbbc) }
01-01 10:30:43.374   621   871 D vold    : Computing HMAC for Keymaster HAL: 4 from QTI SecurityLevel: TRUSTED_ENVIRONMENT HAL: android.hardware.keymaster@4.0::IKeymasterDevice/default
01-01 10:30:43.377   621   871 I vold    : Using Keymaster HAL: 4 from QTI for encryption.  Security level: TRUSTED_ENVIRONMENT, HAL: android.hardware.keymaster@4.0::IKeymasterDevice/default
01-01 10:30:43.410   729   729 E mm-camera: <IFACE ><ERROR> 316: iface_discover_subdev_nodes: iface_discover_subdev_nodes:316 entity name video0 type 10001 group id 2
01-01 10:30:43.410   729   729 E mm-camera: <IFACE ><ERROR> 316: iface_discover_subdev_nodes: iface_discover_subdev_nodes:316 entity name msm_cci type 20000 group id 0
01-01 10:30:43.410   729   729 E mm-camera: <IFACE ><ERROR> 316: iface_discover_subdev_nodes: iface_discover_subdev_nodes:316 entity name v4l-subdev0 type 20000 group id 0
01-01 10:30:43.410   729   729 E mm-camera: <IFACE ><ERROR> 316: iface_discover_subdev_nodes: iface_discover_subdev_nodes:316 entity name v4l-subdev1 type 20000 group id 0
01-01 10:30:43.410   729   729 E mm-camera: <IFACE ><ERROR> 316: iface_discover_subdev_nodes: iface_discover_subdev_nodes:316 entity name v4l-subdev2 type 20000 group id 0
01-01 10:30:43.410   729   729 E mm-camera: <IFACE ><ERROR> 316: iface_discover_subdev_nodes: iface_discover_subdev_nodes:316 entity name v4l-subdev3 type 20000 group id 1
01-01 10:30:43.410   729   729 E mm-camera: <IFACE ><ERROR> 316: iface_discover_subdev_nodes: iface_discover_subdev_nodes:316 entity name v4l-subdev4 type 20000 group id 1
01-01 10:30:43.410   729   729 E mm-camera: <IFACE ><ERROR> 316: iface_discover_subdev_nodes: iface_discover_subdev_nodes:316 entity name v4l-subdev5 type 20000 group id 1
01-01 10:30:43.410   729   729 E mm-camera: <IFACE ><ERROR> 316: iface_discover_subdev_nodes: iface_discover_subdev_nodes:316 entity name v4l-subdev6 type 20000 group id 1
01-01 10:30:43.410   729   729 E mm-camera: <IFACE ><ERROR> 316: iface_discover_subdev_nodes: iface_discover_subdev_nodes:316 entity name v4l-subdev7 type 20000 group id 7
01-01 10:30:43.410   729   729 E mm-camera: <IFACE ><ERROR> 316: iface_discover_subdev_nodes: iface_discover_subdev_nodes:316 entity name v4l-subdev8 type 20000 group id 7
01-01 10:30:43.410   729   729 E mm-camera: <IFACE ><ERROR> 316: iface_discover_subdev_nodes: iface_discover_subdev_nodes:316 entity name v4l-subdev9 type 20000 group id 7
01-01 10:30:43.410   729   729 E mm-camera: <IFACE ><ERROR> 316: iface_discover_subdev_nodes: iface_discover_subdev_nodes:316 entity name v4l-subdev10 type 20000 group id 8
01-01 10:30:43.410   729   729 E mm-camera: <IFACE ><ERROR> 316: iface_discover_subdev_nodes: iface_discover_subdev_nodes:316 entity name v4l-subdev11 type 20000 group id 8
01-01 10:30:43.410   729   729 E mm-camera: <IFACE ><ERROR> 316: iface_discover_subdev_nodes: iface_discover_subdev_nodes:316 entity name v4l-subdev12 type 20000 group id 8
01-01 10:30:43.410   729   729 E mm-camera: <IFACE ><ERROR> 316: iface_discover_subdev_nodes: iface_discover_subdev_nodes:316 entity name v4l-subdev13 type 20000 group id 14
01-01 10:30:43.410   729   729 E mm-camera: <IFACE ><ERROR> 316: iface_discover_subdev_nodes: iface_discover_subdev_nodes:316 entity name v4l-subdev14 type 20000 group id 9
01-01 10:30:43.410   729   729 E mm-camera: <IFACE ><ERROR> 316: iface_discover_subdev_nodes: iface_discover_subdev_nodes:316 entity name v4l-subdev15 type 20000 group id 3
01-01 10:30:43.410   729   729 E mm-camera: <IFACE ><ERROR> 316: iface_discover_subdev_nodes: iface_discover_subdev_nodes:316 entity name v4l-subdev16 type 20000 group id 3
01-01 10:30:43.410   729   729 E mm-camera: <IFACE ><ERROR> 316: iface_discover_subdev_nodes: iface_discover_subdev_nodes:316 entity name v4l-subdev17 type 20000 group id 2
01-01 10:30:43.410   729   729 E mm-camera: <IFACE ><ERROR> 316: iface_discover_subdev_nodes: iface_discover_subdev_nodes:316 entity name v4l-subdev18 type 20000 group id 13
01-01 10:30:43.410   729   729 E mm-camera: <IFACE ><ERROR> 316: iface_discover_subdev_nodes: iface_discover_subdev_nodes:316 entity name v4l-subdev19 type 20000 group id 6
01-01 10:30:43.410   729   729 E mm-camera: <IFACE ><ERROR> 316: iface_discover_subdev_nodes: iface_discover_subdev_nodes:316 entity name v4l-subdev20 type 20000 group id 6
01-01 10:30:43.416   729   729 I mm-camera: <ISP   >< INFO> 4053: isp_resource_get_isp_hw_limit: isp hw limit 0
01-01 10:30:43.478   729   729 I mm-camera: <ISP   >< INFO> 4053: isp_resource_get_isp_hw_limit: isp hw limit 0
01-01 10:30:43.487   729   729 I mm-camera: <ISP   >< INFO> 926: module_isp_init: module 0xef3a2720
01-01 10:30:43.500   729   729 I mm-camera: <CPP   >< INFO> 174: cpp_module_init: info: CPP module_init successful
01-01 10:30:43.501     0     0 I MSM-CPP cpp_init_hardware: 1140 CPP HW Version: 0x60010002
01-01 10:30:43.501     0     0 E MSM-CPP cpp_init_hardware: 1158 stream_cnt:0
01-01 10:30:43.503     0     0 I ueventd : firmware: loading 'cpp_firmware_v1_12_0.fw' for '/devices/soc/ca04000.qcom,cpp/firmware/cpp_firmware_v1_12_0.fw'
01-01 10:30:43.504     0     0 I ueventd : loading /devices/soc/ca04000.qcom,cpp/firmware/cpp_firmware_v1_12_0.fw took 1ms
01-01 10:30:43.511     0     0 I MSM-CPP cpp_release_hardware: 1221 cpp hw release done
01-01 10:30:43.515   729   729 E mm-camera: <IMGLIB><ERROR> 1348: frameproc_comp_reload_lib: Error opening frameproc library libmmcamera_ppeiscore.so error dlopen failed: library "libGLESv2_adreno.so" not found
01-01 10:30:43.515   729   729 E mm-camera: <IMGLIB><ERROR> 1214: frameproc_comp_load: frameproc_comp_load:1214] cannot load libmmcamera_ppeiscore.so
01-01 10:30:43.515   729   729 E mm-camera: <IMGLIB><ERROR> 3509: module_imgbase_init: ppeiscore] Error rc -7
01-01 10:30:43.521   729   729 E mm-camera: <IMGLIB><ERROR> 1348: frameproc_comp_reload_lib: Error opening frameproc library libmmcamera_llvd.so error dlopen failed: library "libmmcamera_llvd.so" not found
01-01 10:30:43.521   729   729 E mm-camera: <IMGLIB><ERROR> 1214: frameproc_comp_load: frameproc_comp_load:1214] cannot load libmmcamera_llvd.so
01-01 10:30:43.521   729   729 E mm-camera: <IMGLIB><ERROR> 3509: module_imgbase_init: llvd] Error rc -7
01-01 10:30:43.527   729   729 E mm-camera: <IMGLIB><ERROR> 4404: module_qdc_common_init:  Algo Capabilities Crop caps 1,core type 2, access mode 1, exec mode 1
01-01 10:30:43.527   729   729 E mm-camera: <IMGLIB><ERROR> 4164: module_qdc_common_get_valid_lib_index: error, invalid library
01-01 10:30:43.527   729   729 E mm-camera: <IMGLIB><ERROR> 4200: module_qdc_common_get_feature_lib: invalid index
01-01 10:30:43.529   729   729 E mm-camera: <IMGLIB><ERROR> 4404: module_qdc_common_init:  Algo Capabilities Crop caps 0,core type 0, access mode 0, exec mode 0
01-01 10:30:43.531   729   729 E mm-camera: <IMGLIB><ERROR> 4164: module_qdc_common_get_valid_lib_index: error, invalid library
01-01 10:30:43.531   729   729 E mm-camera: <IMGLIB><ERROR> 4200: module_qdc_common_get_feature_lib: invalid index
01-01 10:30:43.534   729   729 E mm-camera: <IMGLIB><ERROR> 215: faceproc_hw_comp_get_fd_device_name: Can not discover face-detect device
01-01 10:30:43.534   729   729 E mm-camera: <IMGLIB><ERROR> 5838: faceproc_hw_comp_load: Can not find device name
01-01 10:30:43.534   729   729 W mm-camera: <IMGLIB>< WARN> 1235: faceproc_dsp_comp_load: face detection dsp disabled , enable by set property
01-01 10:30:43.534   729   729 I mm-camera: <IMGLIB>< INFO> 2157: faceproc_sw_wrapper_load: Loading faceproc library
01-01 10:30:43.544   729   729 E mm-camera: <IMGLIB><ERROR> 1348: frameproc_comp_reload_lib: Error opening frameproc library libmmcamera_chromaflash_lib.so error dlopen failed: library "libmmcamera_chromaflash_lib.so" not found
01-01 10:30:43.544   729   729 E mm-camera: <IMGLIB><ERROR> 1214: frameproc_comp_load: frameproc_comp_load:1214] cannot load libmmcamera_chromaflash_lib.so
01-01 10:30:43.544   729   729 E mm-camera: <IMGLIB><ERROR> 3509: module_imgbase_init: imglib_chroma_flash] Error rc -7
01-01 10:30:43.544   729   729 W mm-camera: <IMGLIB>< WARN> 748: module_imglib_create_topology: Can not init the module imglib_chroma_flash
01-01 10:30:43.544   729   729 E mm-camera: <IMGLIB><ERROR> 1348: frameproc_comp_reload_lib: Error opening frameproc library libmmcamera_optizoom_lib.so error dlopen failed: library "libmmcamera_optizoom_lib.so" not found
01-01 10:30:43.544   729   729 E mm-camera: <IMGLIB><ERROR> 1214: frameproc_comp_load: frameproc_comp_load:1214] cannot load libmmcamera_optizoom_lib.so
01-01 10:30:43.544   729   729 E mm-camera: <IMGLIB><ERROR> 3509: module_imgbase_init: imglib_optizoom] Error rc -7
01-01 10:30:43.544   729   729 W mm-camera: <IMGLIB>< WARN> 748: module_imglib_create_topology: Can not init the module imglib_optizoom
01-01 10:30:43.544   729   729 E mm-camera: <IMGLIB><ERROR> 1348: frameproc_comp_reload_lib: Error opening frameproc library libmmcamera_ubifocus_lib.so error dlopen failed: library "libmmcamera_ubifocus_lib.so" not found
01-01 10:30:43.544   729   729 E mm-camera: <IMGLIB><ERROR> 1214: frameproc_comp_load: frameproc_comp_load:1214] cannot load libmmcamera_ubifocus_lib.so
01-01 10:30:43.544   729   729 E mm-camera: <IMGLIB><ERROR> 3509: module_imgbase_init: imglib_ubifocus] Error rc -7
01-01 10:30:43.544   729   729 W mm-camera: <IMGLIB>< WARN> 748: module_imglib_create_topology: Can not init the module imglib_ubifocus
01-01 10:30:43.544   729   729 E mm-camera: <IMGLIB><ERROR> 1348: frameproc_comp_reload_lib: Error opening frameproc library libmmcamera_ubifocus_lib.so error dlopen failed: library "libmmcamera_ubifocus_lib.so" not found
01-01 10:30:43.544   729   729 E mm-camera: <IMGLIB><ERROR> 1214: frameproc_comp_load: frameproc_comp_load:1214] cannot load libmmcamera_ubifocus_lib.so
01-01 10:30:43.544   729   729 E mm-camera: <IMGLIB><ERROR> 3509: module_imgbase_init: imglib_refocus] Error rc -7
01-01 10:30:43.544   729   729 W mm-camera: <IMGLIB>< WARN> 748: module_imglib_create_topology: Can not init the module imglib_refocus
01-01 10:30:43.545   729   729 E mm-camera: <IMGLIB><ERROR> 1348: frameproc_comp_reload_lib: Error opening frameproc library libmmcamera_trueportrait_lib.so error dlopen failed: library "libmmcamera_trueportrait_lib.so" not found
01-01 10:30:43.545   729   729 E mm-camera: <IMGLIB><ERROR> 1214: frameproc_comp_load: frameproc_comp_load:1214] cannot load libmmcamera_trueportrait_lib.so
01-01 10:30:43.545   729   729 E mm-camera: <IMGLIB><ERROR> 3509: module_imgbase_init: imglib_trueportrait] Error rc -7
01-01 10:30:43.545   729   729 W mm-camera: <IMGLIB>< WARN> 748: module_imglib_create_topology: Can not init the module imglib_trueportrait
01-01 10:30:43.545   729   729 E mm-camera: <IMGLIB><ERROR> 1348: frameproc_comp_reload_lib: Error opening frameproc library libmmcamera_stillmore_lib.so error dlopen failed: library "libmmcamera_stillmore_lib.so" not found
01-01 10:30:43.545   729   729 E mm-camera: <IMGLIB><ERROR> 1214: frameproc_comp_load: frameproc_comp_load:1214] cannot load libmmcamera_stillmore_lib.so
01-01 10:30:43.545   729   729 E mm-camera: <IMGLIB><ERROR> 3509: module_imgbase_init: imglib_stillmore] Error rc -7
01-01 10:30:43.545   729   729 W mm-camera: <IMGLIB>< WARN> 748: module_imglib_create_topology: Can not init the module imglib_stillmore
01-01 10:30:43.545   729   729 W mm-camera: <IMGLIB>< WARN> 748: module_imglib_create_topology: Can not init the module imglib_oem1
01-01 10:30:43.545   729   729 I QCamera : <MCI><INFO> get_num_of_cameras: 2783: dev_info[id=0,name='video3']
01-01 10:30:43.545   729   729 I QCamera : <MCI><INFO> get_num_of_cameras: 2783: dev_info[id=1,name='video4']
01-01 10:30:43.545   729   729 I QCamera : <MCI><INFO> sort_camera_info: 2617: Camera id: 0 facing: 0, type: 1 is_yuv: 0
01-01 10:30:43.545   729   729 I QCamera : <MCI><INFO> sort_camera_info: 2617: Camera id: 1 facing: 1, type: 1 is_yuv: 0
01-01 10:30:43.545   729   729 I QCamera : <MCI><INFO> sort_camera_info: 2623: Number of cameras 2 sorted 2
01-01 10:30:43.545   729   729 I QCamera : <MCI><INFO> get_num_of_cameras: 2801: num_cameras=2
01-01 10:30:43.545   729   729 I CamProvider@2.4-impl: Loaded "QCamera Module" camera module
01-01 10:30:43.546   729   729 I QCamera : <HAL><INFO> getCameraInfo: 342: Camera id 0 API version 768
01-01 10:30:43.546   729   729 D QCamera : Debug log file is not enabled
01-01 10:30:43.546   729   729 I mm-camera: <MCT   >< INFO> 118: mct_controller_new: Creating new mct_controller with session-id 4
01-01 10:30:43.546   729   949 I mm-camera: <MCT   >< INFO> 5161: mct_pipeline_start_session_thread: E sensor
01-01 10:30:43.546   729   949 I mm-camera: <MCT   >< INFO> 5168: mct_pipeline_start_session_thread: Calling start_session on Module sensor
01-01 10:30:43.547   729   950 I mm-camera: <MCT   >< INFO> 5161: mct_pipeline_start_session_thread: E iface
01-01 10:30:43.547   729   950 I mm-camera: <MCT   >< INFO> 5168: mct_pipeline_start_session_thread: Calling start_session on Module iface
01-01 10:30:43.547   729   952 I mm-camera: <MCT   >< INFO> 5161: mct_pipeline_start_session_thread: E isp
01-01 10:30:43.547   729   952 I mm-camera: <MCT   >< INFO> 5168: mct_pipeline_start_session_thread: Calling start_session on Module isp
01-01 10:30:43.547   729   952 I mm-camera: <ISP   >< INFO> 214: isp_module_start_session: session id 4 
01-01 10:30:43.547   729   953 I mm-camera: <MCT   >< INFO> 5161: mct_pipeline_start_session_thread: E stats
01-01 10:30:43.548   729   953 I mm-camera: <MCT   >< INFO> 5168: mct_pipeline_start_session_thread: Calling start_session on Module stats
01-01 10:30:43.548   729   950 I mm-camera: <MCT   >< INFO> 5171: mct_pipeline_start_session_thread: Module iface start_session rc = 1
01-01 10:30:43.549   729   950 I mm-camera: <MCT   >< INFO> 5179: mct_pipeline_start_session_thread: started_num = 1, success = 1
01-01 10:30:43.549   729   950 I mm-camera: <MCT   >< INFO> 5186: mct_pipeline_start_session_thread: X iface
01-01 10:30:43.549   729   955 I mm-camera: <MCT   >< INFO> 5161: mct_pipeline_start_session_thread: E pproc
01-01 10:30:43.549   729   955 I mm-camera: <MCT   >< INFO> 5168: mct_pipeline_start_session_thread: Calling start_session on Module pproc
01-01 10:30:43.550   729   957 I mm-camera: <MCT   >< INFO> 5161: mct_pipeline_start_session_thread: E imglib
01-01 10:30:43.550   729   957 I mm-camera: <MCT   >< INFO> 5168: mct_pipeline_start_session_thread: Calling start_session on Module imglib
01-01 10:30:43.551   729   957 I mm-camera: <MCT   >< INFO> 5171: mct_pipeline_start_session_thread: Module imglib start_session rc = 1
01-01 10:30:43.551   729   957 I mm-camera: <MCT   >< INFO> 5179: mct_pipeline_start_session_thread: started_num = 2, success = 2
01-01 10:30:43.551   729   957 I mm-camera: <MCT   >< INFO> 5186: mct_pipeline_start_session_thread: X imglib
01-01 10:30:43.551   729   952 I mm-camera: <MCT   >< INFO> 5171: mct_pipeline_start_session_thread: Module isp start_session rc = 1
01-01 10:30:43.551   729   952 I mm-camera: <MCT   >< INFO> 5179: mct_pipeline_start_session_thread: started_num = 3, success = 3
01-01 10:30:43.551   729   952 I mm-camera: <MCT   >< INFO> 5186: mct_pipeline_start_session_thread: X isp
01-01 10:30:43.551   729   955 I mm-camera: <MCT   >< INFO> 5171: mct_pipeline_start_session_thread: Module pproc start_session rc = 1
01-01 10:30:43.551   729   955 I mm-camera: <MCT   >< INFO> 5179: mct_pipeline_start_session_thread: started_num = 4, success = 4
01-01 10:30:43.551   729   955 I mm-camera: <MCT   >< INFO> 5186: mct_pipeline_start_session_thread: X pproc
01-01 10:30:43.553   729   953 I mm-camera: <MCT   >< INFO> 5171: mct_pipeline_start_session_thread: Module stats start_session rc = 1
01-01 10:30:43.553   729   953 I mm-camera: <MCT   >< INFO> 5179: mct_pipeline_start_session_thread: started_num = 5, success = 5
01-01 10:30:43.553   729   953 I mm-camera: <MCT   >< INFO> 5186: mct_pipeline_start_session_thread: X stats
01-01 10:30:43.557     0     0 I msm_pm_qos_update_request: update request 100
01-01 10:30:43.557     0     0 I msm_pm_qos_update_request: update request -1
01-01 10:30:43.558   729   949 I mm-camera: <MCT   >< INFO> 5171: mct_pipeline_start_session_thread: Module sensor start_session rc = 1
01-01 10:30:43.558   729   949 I mm-camera: <MCT   >< INFO> 5179: mct_pipeline_start_session_thread: started_num = 6, success = 6
01-01 10:30:43.558   729   949 I mm-camera: <MCT   >< INFO> 5186: mct_pipeline_start_session_thread: X sensor
01-01 10:30:43.559     0     0 I msm_csid_init: CSID_VERSION = 0x30050000
01-01 10:30:43.560     0     0 E         : msm_csid_irq CSID1_IRQ_STATUS_ADDR = 0x800
01-01 10:30:43.564     0     0 I MSM-CPP cpp_init_hardware: 1140 CPP HW Version: 0x60010002
01-01 10:30:43.564     0     0 E MSM-CPP cpp_init_hardware: 1158 stream_cnt:0
01-01 10:30:43.567   729   729 I mm-camera: <MCT   >< INFO> 5082: mct_pipeline_start_stream_internal: Adding session stream streamid= 0xf for session=4
01-01 10:30:43.567   729   729 I mm-camera: <MCT   >< INFO> 5130: mct_pipeline_start_stream_internal: Linking session stream for session 4
01-01 10:30:43.567   729   729 I mm-camera: <MCT   >< INFO> 523: mct_stream_start_link: Start linking Session-stream 0x4000f
01-01 10:30:43.567   729   729 I mm-camera: <IFACE >< INFO> 344: iface_util_find_primary_cid: iface_util_find_primary_cid:344 error cannot find primary sensor format cids 1
01-01 10:30:43.567   729   729 I mm-camera: <ISP   >< INFO> 849: isp_port_check_caps_reserve: port 0xeba75b80 ide 4000f type 10 dim 0 0
01-01 10:30:43.567   729   729 I mm-camera: <PPROC >< INFO> 449: pproc_port_add_modules_to_stream: in identity 4000f stream 10 int_link = 0xeba7a400
01-01 10:30:43.567   729   729 I mm-camera: <PPROC >< INFO> 461: pproc_port_add_modules_to_stream: :LINK linking mods tmod and paaf for identity 4000f
01-01 10:30:43.567   729   729 I mm-camera: <PPROC >< INFO> 461: pproc_port_add_modules_to_stream: :LINK linking mods paaf and sat for identity 4000f
01-01 10:30:43.568   729   729 I mm-camera: <PPROC >< INFO> 461: pproc_port_add_modules_to_stream: :LINK linking mods sat and c2d for identity 4000f
01-01 10:30:43.568   729   729 I mm-camera: <C2D   >< INFO> 1557: c2d_module_notify_add_stream: width 0, height 0, stride 0, scanline 0, is_type 0
01-01 10:30:43.568   729   729 I mm-camera: <PPROC >< INFO> 461: pproc_port_add_modules_to_stream: :LINK linking mods c2d and cpp for identity 4000f
01-01 10:30:43.568   729   729 I mm-camera: <CPP   >< INFO> 2439: cpp_module_notify_add_stream: :stream 10, width 0, height 0, stride 0,scanline 0, framelen 0
01-01 10:30:43.568   729   729 I mm-camera: <CPP   >< INFO> 2596: cpp_module_notify_add_stream: : stream 10, fmt 1, asf_mode 0, sharpness_level 0.000000,asf mask 0, denoise 0, denoise_mask 0, dsdn mask 0,dsdn enable 0, tnr mask 0, tnr enable 0, ds_mask 0, luma dsdn 0
01-01 10:30:43.568   729   729 I mm-camera: <PPROC >< INFO> 461: pproc_port_add_modules_to_stream: :LINK linking mods cpp and rtbdm for identity 4000f
01-01 10:30:43.568   729   729 I mm-camera: <PPROC >< INFO> 461: pproc_port_add_modules_to_stream: :LINK linking mods rtbdm and depth_map for identity 4000f
01-01 10:30:43.568   729   729 I mm-camera: <PPROC >< INFO> 461: pproc_port_add_modules_to_stream: :LINK linking mods depth_map and ezt for identity 4000f
01-01 10:30:43.568   729   729 I mm-camera: <PPROC >< INFO> 461: pproc_port_add_modules_to_stream: :LINK linking mods ezt and quadracfa for identity 4000f
01-01 10:30:43.569   729   729 E mm-camera: <STATS ><ERROR> 3011: stats_port_check_caps_reserve: Invalid Port capability type!
01-01 10:30:43.569   729   729 I chatty  : uid=1047(cameraserver) android.hardwar identical 3 lines
01-01 10:30:43.569   729   729 E mm-camera: <STATS ><ERROR> 3011: stats_port_check_caps_reserve: Invalid Port capability type!
01-01 10:30:43.570   729   729 I mm-camera: <MCT   >< INFO> 5139: mct_pipeline_start_stream_internal: Session stream linked successfully session 4
01-01 10:30:43.570   729   968 E libsensor1: check_sensors_enabled: Sensors enabled = true
01-01 10:30:43.570   729   968 E Diag_Lib:  Diag_LSM_Init: Failed to open handle to diag driver, error = 13
01-01 10:30:43.572     0     0 E msm_camera_power_up: 1523 usr_idx:3 dts_idx:2
01-01 10:30:43.591     0     0 I msm_cci_init: 1439: hw_version = 0x10060000
01-01 10:30:43.595   729   951 E mm-camera: <SENSOR><ERROR> 247: module_sensor_offload_init_config: func_tbl for submodule 4 is NULL
01-01 10:30:43.595   729   951 E mm-camera: <SENSOR><ERROR> 249: module_sensor_offload_init_config: failed to get led off frame skip time
01-01 10:30:43.595   729   947 I mm-camera: <MCT   >< INFO> 3468: mct_pipeline_fill_dimensions_snapshot: Running out of table limit for mct_fps_table. Consider increasing           MAX_FPS_RANGE_ENTRIES 
01-01 10:30:43.595   729   947 I mm-camera: <MCT   >< INFO> 3468: mct_pipeline_fill_dimensions_snapshot: Running out of table limit for mct_fps_table. Consider increasing           MAX_FPS_RANGE_ENTRIES 
01-01 10:30:43.595   729   947 I mm-camera: <MCT   >< INFO> 2210: mct_pipeline_append_fps_entry:  Added hal_table[0]: (7.500000, 15.000000)
01-01 10:30:43.595   729   947 I mm-camera: <MCT   >< INFO> 2223: mct_pipeline_append_fps_entry:  Added hal_table[1]: (15.000000, 15.000000)
01-01 10:30:43.595   729   947 I mm-camera: <MCT   >< INFO> 2210: mct_pipeline_append_fps_entry:  Added hal_table[2]: (5.000000, 30.000000)
01-01 10:30:43.595   729   947 I mm-camera: <MCT   >< INFO> 2223: mct_pipeline_append_fps_entry:  Added hal_table[3]: (30.000000, 30.000000)
01-01 10:30:43.595   729   947 I mm-camera: <MCT   >< INFO> 2210: mct_pipeline_append_fps_entry:  Added hal_table[4]: (7.000000, 30.000000)
01-01 10:30:43.595   729   947 I mm-camera: <MCT   >< INFO> 3482: mct_pipeline_fill_dimensions_snapshot: Cam 0: FPS range selection complete. Publishing 5 ranges.
01-01 10:30:43.595   729   947 I mm-camera: <MCT   >< INFO> 2662: mct_pipeline_fill_caps_isp: isp max encoder size : 5504 X 16383
01-01 10:30:43.595   729   947 I mm-camera: <MCT   >< INFO> 2669: mct_pipeline_fill_caps_isp: single isp max size : 4632 X 3480
01-01 10:30:43.595   729   947 I mm-camera: <MCT   >< INFO> 2680: mct_pipeline_fill_caps_isp: HAL max snapshot size in dual cam mode : 4608 X 3456
01-01 10:30:43.596   729   729 I mm-camera: <MCT   >< INFO> 310: mct_controller_destroy: Initiating destroy sequence for session = 4
01-01 10:30:43.596   729   729 I mm-camera: <MCT   >< INFO> 328: mct_controller_destroy: serv_thread closed
01-01 10:30:43.596   729   729 I mm-camera: <MCT   >< INFO> 343: mct_controller_destroy: bus_handler thread closed
01-01 10:30:43.596   729   729 I mm-camera: <MCT   >< INFO> 5239: mct_pipeline_stop_session: Initiating stop_session on session 4
01-01 10:30:43.596   729   729 I mm-camera: <MCT   >< INFO> 4153: mct_pipeline_process_set: command=800000b
01-01 10:30:43.596   729   729 I mm-camera: <MCT   >< INFO> 4372: mct_pipeline_process_set: Issuing DEL_STREAM on stream 0x4000f and stream type=10
01-01 10:30:43.596   729   729 I mm-camera: <IFACE >< INFO> 684: iface_unreserve_sink_port: stream_id f mode 0 
01-01 10:30:43.596   729   729 I mm-camera: <ISP   >< INFO> 939: isp_port_check_caps_unreserve: ide 4000f port 0xeba75b80
