06-17 08:37:57.685  1997  1997 V Avrcp_ext: old state = PlaybackState {state=0, position=-1, buffered position=0, speed=0.0, updated=97120, actions=0, custom actions=[], active item id=-1, error=null}, new state= PlaybackState {state=2, position=-1, buffered position=0, speed=0.0, updated=97140, actions=0, custom actions=[], active item id=-1, error=null}
06-17 08:37:57.685  1997  1997 D HeadsetService: getHeadsetService(): returning com.android.bluetooth.hfp.HeadsetService@79a1643
06-17 08:37:57.685  2194  2194 I MmTelFeatureConnection: MmTel enabled on slotId: 1
06-17 08:37:57.685  2194  2194 I MmTelFeatureConnection: Emergency calling enabled on slotId: 1
06-17 08:37:57.685  2194  2194 I MmTelFeatureConnection: getFeatureState - returning 0
06-17 08:37:57.685  2194  2194 D ImsManager: Status Changed: 0
06-17 08:37:57.685  2194  2194 D ImsSmsDispacher: ImsManager: connection unavailable.
06-17 08:37:57.685  2194  2194 D SST     : [0] RIL_REQUEST_OPERATOR.response[2], the numeric,  is bad. Using SystemProperties 'ro.cdma.home.operator.numeric'= 00000
06-17 08:37:57.685  2194  2194 D SST     : [0] Could not set ServiceState channel number. CellIdentity null
06-17 08:37:57.685  2194  2194 D SST     : [0] handlPollStateResultMessage: CdmaLteSST dataServiceState=1 registrationState=2 dataRadioTechnology=0
06-17 08:37:57.685  2194  2194 D SST     : [0] Could not set ServiceState channel number. CellIdentity null
06-17 08:37:57.685  2194  2194 D SST     : [0] handlPollVoiceRegResultMessage: regState=2 radioTechnology=0
06-17 08:37:57.685  1997  1997 D HeadsetService:  isAudioOn: The number of audio connected devices 0
06-17 08:37:57.685  2194  2194 D SST     : [0] Turn off roaming indicator if !isPrlLoaded or voice RAT is unknown
06-17 08:37:57.685  1997  1997 D HeadsetService: isScoOrCallActive(): Call Active:falseCall is Ringing:falseSCO is Active:false
06-17 08:37:57.686  2194  2194 D SST     : [0] Set CDMA Roaming Indicator to: 1. voiceRoaming = false. dataRoaming = false, isPrlLoaded = false. namMatch = false , mIsInPrl = true, mRoamingIndicator = -1, mDefaultRoamingIndicator= -1
06-17 08:37:57.686  1997  1997 D HeadsetService:  isAudioOn: The number of audio connected devices 0
06-17 08:37:57.686  1997  1997 I Avrcp_ext: updatePlayStatusForDevice: device: null
06-17 08:37:57.686  1997  1997 V Avrcp_ext: updatePlaybackState (1): old=PlaybackState {state=0, position=-1, buffered position=0, speed=0.0, updated=97120, actions=0, custom actions=[], active item id=-1, error=null}(0), new=PlaybackState {state=2, position=-1, buffered position=0, speed=0.0, updated=97140, actions=0, custom actions=[], active item id=-1, error=null}(2)
06-17 08:37:57.686  1997  1997 I Avrcp_ext: Exit updatePlayStatusForDevice
06-17 08:37:57.686  1997  1997 D HeadsetService:  isAudioOn: The number of audio connected devices 0
06-17 08:37:57.686  1997  1997 D HeadsetService: isScoOrCallActive(): Call Active:falseCall is Ringing:falseSCO is Active:false
06-17 08:37:57.687  1997  1997 D HeadsetService:  isAudioOn: The number of audio connected devices 0
06-17 08:37:57.687  1997  1997 I Avrcp_ext: updatePlayStatusForDevice: device: null
06-17 08:37:57.687  1997  1997 V Avrcp_ext: updatePlaybackState (1): old=PlaybackState {state=0, position=-1, buffered position=0, speed=0.0, updated=97120, actions=0, custom actions=[], active item id=-1, error=null}(0), new=PlaybackState {state=2, position=-1, buffered position=0, speed=0.0, updated=97140, actions=0, custom actions=[], active item id=-1, error=null}(2)
06-17 08:37:57.687  1997  1997 I Avrcp_ext: Exit updatePlayStatusForDevice
06-17 08:37:57.687  1997  1997 D Avrcp_ext: Enter sendPlayPosNotificationRsp
06-17 08:37:57.687  1997  1997 D Avrcp_ext: sendPlayPosNotificationRsp: Not registered or requesting.
06-17 08:37:57.687  1997  1997 D Avrcp_ext: Enter sendPlayPosNotificationRsp
06-17 08:37:57.687  1997  1997 D Avrcp_ext: sendPlayPosNotificationRsp: Not registered or requesting.
06-17 08:37:57.687  1997  1997 V Avrcp_ext: Exit updatePlayerStateAndPosition
06-17 08:37:57.688  1997  1997 V Avrcp_ext: Exit start
06-17 08:37:57.688  1997  1997 V Avrcp_ext: Exit make
06-17 08:37:57.689  1997  1997 D BluetoothAdapterService: getAdapterService() - returning com.android.bluetooth.btservice.AdapterService@b7faa63
06-17 08:37:57.689  1997  1997 I bt_btif : get_profile_interface: id = a2dp
06-17 08:37:57.689  1997  1997 E bt_btif : split_a2dp_status = true
06-17 08:37:57.689  1997  1997 E bt_btif : split_a2dp_status = 1
06-17 08:37:57.690  2194  2194 D QtiSubscriptionController: getPhoneId, received dummy subId 2147483643
06-17 08:37:57.690  2194  2194 D SST     : [0] Poll ServiceState done:  oldSS=[{mVoiceRegState=1(OUT_OF_SERVICE), mDataRegState=1(OUT_OF_SERVICE), mChannelNumber=-1, duplexMode()=0, mCellBandwidths=[], mVoiceRoamingType=home, mDataRoamingType=home, mVoiceOperatorAlphaLong=null, mVoiceOperatorAlphaShort=null, mDataOperatorAlphaLong=null, mDataOperatorAlphaShort=null, isManualNetworkSelection=false(automatic), mRilVoiceRadioTechnology=0(Unknown), mRilDataRadioTechnology=0(Unknown), mCssIndicator=unsupported, mNetworkId=-1, mSystemId=-1, mCdmaRoamingIndicator=-1, mCdmaDefaultRoamingIndicator=-1, mIsEmergencyOnly=false, mIsDataRoamingFromRegistration=false, mIsUsingCarrierAggregation=false, mLteEarfcnRsrpBoost=0, mNetworkRegistrationStates=[]}] newSS=[{mVoiceRegState=1(OUT_OF_SERVICE), mDataRegState=1(OUT_OF_SERVICE), mChannelNumber=0, duplexMode()=0, mCellBandwidths=[], mVoiceRoamingType=home, mDataRoamingType=home, mVoiceOperatorAlphaLong=, mVoiceOperatorAlphaShort=, mDataOperatorAlphaLong=, mDataOperatorAlphaShort=, isManualNetworkSelection=false(automatic), mRilVoiceRadioTechnology=0(Unknown), mRilDataRadioTechnology=0(Unknown), mCssIndicator=unsupported, mNetworkId=0, mSystemId=0, mCdmaRoamingIndicator=1, mCdmaDefaultRoamingIndicator=-1, mIsEmergencyOnly=false, mIsDataRoamingFromRegistration=false, mIsUsingCarrierAggregation=false, mLteEarfcnRsrpBoost=0, mNetworkRegistrationStates=[NetworkRegistrationState{transportType=1 domain=PS regState=NOT_REG_SEARCHING accessNetworkTechnology=UNKNOWN reasonForDenial=0 emergencyEnabled=false supportedServices=null cellIdentity=null voiceSpecificStates=null dataSpecificStates=DataSpecificRegistrationStates { mMaxDataCalls=20}}, NetworkRegistrationState{transportType=1 domain=CS regState=NOT_REG_SEARCHING accessNetworkTechnology=UNKNOWN reasonForDenial=0 emergencyEnabled=false supportedServices=null cellIdentity=null voiceSpecificStates=VoiceSpecificRegistrationStates { mCssSupported=false mRoamingIndicator=-1 mSystemIsInPrl=-1 mDefaultRoamingIndicator=-1} dataSpecificStates=null}]}] oldMaxDataCalls=1 mNewMaxDataCalls=1 oldReasonDataDenied=-1 mNewReasonDataDenied=-1
06-17 08:37:57.690  2194  2194 D SST     : [0] pollStateDone: hasRegistered=false hasDeregistered=false hasDataAttached=false hasDataDetached=false hasDataRegStateChanged=false hasRilVoiceRadioTechnologyChanged= false hasRilDataRadioTechnologyChanged=false hasChanged=true hasVoiceRoamingOn=false hasVoiceRoamingOff=false hasDataRoamingOn=false hasDataRoamingOff=false hasLocationChanged=true has4gHandoff = false hasMultiApnSupport=false hasLostMultiApnSupport=false hasCssIndicatorChanged=false
06-17 08:37:57.691  1997  2544 I bt_osi_thread: run_thread: thread id 2544, thread name media_worker started
06-17 08:37:57.691  1997  1997 D bt_btif : btif_av_state_idle_handler event:BTIF_SM_ENTER_EVT flags 0 on index 0
06-17 08:37:57.691  1997  1997 E bt_btif : btif_sm_get_state : Invalid handle
06-17 08:37:57.691  1997  1997 E bt_btif : btif_sm_get_state : Invalid handle
06-17 08:37:57.691  1997  1997 I a2dp_codec: A2dp_SetOffloadStatus:status = 1
06-17 08:37:57.691  1997  1997 I a2dp_codec: A2DP_SetOffloadStatus: SBC offload supported
06-17 08:37:57.691  1997  1997 I a2dp_codec: A2DP_SetOffloadStatus: aptX offload supported
06-17 08:37:57.691  1997  1997 I a2dp_codec: A2DP_SetOffloadStatus: APTXHD offload supported
06-17 08:37:57.691  1997  1997 I a2dp_codec: A2DP_SetOffloadStatus: AAC offload supported
06-17 08:37:57.691  1997  1997 D a2dp_codec: init
06-17 08:37:57.691  1997  1997 D a2dp_codec: createCodec: codec SBC
06-17 08:37:57.691  1997  1997 D a2dp_sbc: A2dpCodecConfigSbc
06-17 08:37:57.691  1997  1997 E a2dp_sbc: init: SBC enabled in offload mode
06-17 08:37:57.691  1997  1997 I a2dp_codec: init: updated SBC codec priority to 1001
06-17 08:37:57.691  1997  1997 D a2dp_codec: createCodec: codec AAC
06-17 08:37:57.691  1997  1997 E a2dp_aac: init: AAC enabled in offload mode
06-17 08:37:57.691  1997  1997 I a2dp_codec: init: updated AAC codec priority to 2001
06-17 08:37:57.691  1997  1997 D a2dp_codec: createCodec: codec aptX
06-17 08:37:57.691  1997  1997 E a2dp_vendor_aptx: init: APTX enabled in offload mode
06-17 08:37:57.691  1997  1997 I a2dp_codec: init: updated aptX codec priority to 3001
06-17 08:37:57.691  1997  1997 D a2dp_codec: createCodec: codec aptX-HD
06-17 08:37:57.691  1997  1997 E a2dp_vendor_aptx_hd: init: APTX-HD enabled in offload mode
06-17 08:37:57.691  1997  1997 I a2dp_codec: init: updated aptX-HD codec priority to 4001
06-17 08:37:57.691  1997  1997 D a2dp_codec: createCodec: codec aptX-adaptive
06-17 08:37:57.691  1997  1997 E a2dp_vendor_aptx_adaptive: init: APTX-Adaptive disabled in offload mode
06-17 08:37:57.692  2194  2194 D SST     : [0] updateSpnDisplay: radio is on but out of svc, set plmn='No service'
06-17 08:37:57.692  1997  1997 D a2dp_codec: createCodec: codec LDAC
06-17 08:37:57.692  1997  1997 I a2dp_codec: LDAC not enabled in offload currently
06-17 08:37:57.692  1997  1997 E a2dp_vendor_ldac: init: LDAC disabled in offload mode
06-17 08:37:57.692  1997  1997 D a2dp_codec: createCodec: codec aptX-TWS
06-17 08:37:57.692  1997  1997 E a2dp_vendor_aptx_tws: init: APTX-TWS disabled in offload mode
06-17 08:37:57.692  1997  1997 D a2dp_codec: createCodec: codec SBC SINK
06-17 08:37:57.692  1997  1997 I a2dp_codec: init: updated SBC(Sink) codec priority to 6001
06-17 08:37:57.692  1997  1997 I a2dp_codec: init: initialized Source codec aptX-HD
06-17 08:37:57.692  1997  1997 I a2dp_codec: init: initialized Source codec aptX
06-17 08:37:57.692  1997  1997 I a2dp_codec: init: initialized Source codec AAC
06-17 08:37:57.692  1997  1997 I a2dp_codec: init: initialized Source codec SBC
06-17 08:37:57.692  1997  1997 I a2dp_codec: init: initialized Sink codec SBC(Sink)
06-17 08:37:57.692  1997  1997 D a2dp_codec: init
06-17 08:37:57.692  1997  1997 D a2dp_codec: createCodec: codec SBC
06-17 08:37:57.692  1997  1997 D a2dp_sbc: A2dpCodecConfigSbc
06-17 08:37:57.692  1997  1997 E a2dp_sbc: init: SBC enabled in offload mode
06-17 08:37:57.693  1997  1997 I a2dp_codec: init: updated SBC codec priority to 1001
06-17 08:37:57.693  1997  1997 D a2dp_codec: createCodec: codec AAC
06-17 08:37:57.693  1997  1997 E a2dp_aac: init: AAC enabled in offload mode
06-17 08:37:57.693  1997  1997 I a2dp_codec: init: updated AAC codec priority to 2001
06-17 08:37:57.693  1997  1997 D a2dp_codec: createCodec: codec aptX
06-17 08:37:57.693  1997  1997 E a2dp_vendor_aptx: init: APTX enabled in offload mode
06-17 08:37:57.693  1997  1997 I a2dp_codec: init: updated aptX codec priority to 3001
06-17 08:37:57.693  1997  1997 D a2dp_codec: createCodec: codec aptX-HD
06-17 08:37:57.693  1997  1997 E a2dp_vendor_aptx_hd: init: APTX-HD enabled in offload mode
06-17 08:37:57.693  1997  1997 I a2dp_codec: init: updated aptX-HD codec priority to 4001
06-17 08:37:57.693  1997  1997 D a2dp_codec: createCodec: codec aptX-adaptive
06-17 08:37:57.693  1997  1997 E a2dp_vendor_aptx_adaptive: init: APTX-Adaptive disabled in offload mode
06-17 08:37:57.693  1997  1997 D a2dp_codec: createCodec: codec LDAC
06-17 08:37:57.693  1997  1997 I a2dp_codec: LDAC not enabled in offload currently
06-17 08:37:57.693  1997  1997 E a2dp_vendor_ldac: init: LDAC disabled in offload mode
06-17 08:37:57.693  1997  1997 D a2dp_codec: createCodec: codec aptX-TWS
06-17 08:37:57.693  1997  1997 E a2dp_vendor_aptx_tws: init: APTX-TWS disabled in offload mode
06-17 08:37:57.693  1997  1997 D a2dp_codec: createCodec: codec SBC SINK
06-17 08:37:57.693  1997  1997 I a2dp_codec: init: updated SBC(Sink) codec priority to 6001
06-17 08:37:57.693  1997  1997 I a2dp_codec: init: initialized Source codec aptX-HD
06-17 08:37:57.693  1997  1997 I a2dp_codec: init: initialized Source codec aptX
06-17 08:37:57.693  1997  1997 I a2dp_codec: init: initialized Source codec AAC
06-17 08:37:57.693  1997  1997 I a2dp_codec: init: initialized Source codec SBC
06-17 08:37:57.693  1997  1997 I a2dp_codec: init: initialized Sink codec SBC(Sink)
06-17 08:37:57.693  1997  1997 D bt_btif : btif_dispatch_sm_event: event: 35, len: 6
06-17 08:37:57.693  1997  1997 D bt_btif : btif_dispatch_sm_event: event 35 sent
06-17 08:37:57.693  1997  1997 E bt_btif : btif_media_send_reset_vendor_state:
06-17 08:37:57.693  1997  2120 D bt_btif : ignore updating BTIF_AV_SOURCE_CONFIG_UPDATED_EVT
06-17 08:37:57.693  1997  2544 E bt_btif : UIPC_Read : channel 1 closed
06-17 08:37:57.693  1997  2544 E bt_btif : Invalid cmd pending for ack
06-17 08:37:57.694  1997  1997 E bt_btif : btif_sm_get_state : Invalid handle
06-17 08:37:57.694  1997  1997 E bt_btif : btif_media_send_reset_vendor_state:
06-17 08:37:57.694  1997  1997 D bt_btif : btif_av_state_idle_handler event:BTIF_SM_ENTER_EVT flags 0 on index 1
06-17 08:37:57.694  1997  1997 E bt_btif : btif_sm_get_state : Invalid handle
06-17 08:37:57.694  1997  1997 I a2dp_codec: A2dp_SetOffloadStatus:status = 1
06-17 08:37:57.694  1997  1997 I a2dp_codec: A2DP_SetOffloadStatus: SBC offload supported
06-17 08:37:57.694  1997  1997 I a2dp_codec: A2DP_SetOffloadStatus: aptX offload supported
06-17 08:37:57.694  1997  1997 I a2dp_codec: A2DP_SetOffloadStatus: APTXHD offload supported
06-17 08:37:57.694  1997  1997 I a2dp_codec: A2DP_SetOffloadStatus: AAC offload supported
06-17 08:37:57.694  1997  1997 D a2dp_codec: init
06-17 08:37:57.694  1997  1997 D a2dp_codec: createCodec: codec SBC
06-17 08:37:57.694  1997  1997 D a2dp_sbc: A2dpCodecConfigSbc
06-17 08:37:57.694  1997  1997 E a2dp_sbc: init: SBC enabled in offload mode
06-17 08:37:57.694  1997  1997 I a2dp_codec: init: updated SBC codec priority to 1001
06-17 08:37:57.694  1997  1997 D a2dp_codec: createCodec: codec AAC
06-17 08:37:57.694  1997  1997 E a2dp_aac: init: AAC enabled in offload mode
06-17 08:37:57.694  1997  1997 I a2dp_codec: init: updated AAC codec priority to 2001
06-17 08:37:57.694  1997  1997 D a2dp_codec: createCodec: codec aptX
06-17 08:37:57.694  1997  1997 E a2dp_vendor_aptx: init: APTX enabled in offload mode
06-17 08:37:57.694  1997  1997 I a2dp_codec: init: updated aptX codec priority to 3001
06-17 08:37:57.694  1997  1997 D a2dp_codec: createCodec: codec aptX-HD
06-17 08:37:57.694  1997  1997 E a2dp_vendor_aptx_hd: init: APTX-HD enabled in offload mode
06-17 08:37:57.694  1997  1997 I a2dp_codec: init: updated aptX-HD codec priority to 4001
06-17 08:37:57.694  1997  1997 D a2dp_codec: createCodec: codec aptX-adaptive
06-17 08:37:57.694  1997  1997 E a2dp_vendor_aptx_adaptive: init: APTX-Adaptive disabled in offload mode
06-17 08:37:57.694  1997  1997 D a2dp_codec: createCodec: codec LDAC
06-17 08:37:57.694   736   736 D SDM     : DisplayBase::BuildLayerStackStats: LayerStack layer_count: 3, app_layer_count: 2, gpu_target_index: 2, display type: 0
06-17 08:37:57.694  1997  1997 I a2dp_codec: LDAC not enabled in offload currently
06-17 08:37:57.694  1997  1997 E a2dp_vendor_ldac: init: LDAC disabled in offload mode
06-17 08:37:57.694  1997  1997 D a2dp_codec: createCodec: codec aptX-TWS
06-17 08:37:57.694  1997  1997 E a2dp_vendor_aptx_tws: init: APTX-TWS disabled in offload mode
06-17 08:37:57.694  1997  1997 D a2dp_codec: createCodec: codec SBC SINK
06-17 08:37:57.694  1997  1997 I a2dp_codec: init: updated SBC(Sink) codec priority to 6001
06-17 08:37:57.694  1997  1997 I a2dp_codec: init: initialized Source codec aptX-HD
06-17 08:37:57.694  1997  1997 I a2dp_codec: init: initialized Source codec aptX
06-17 08:37:57.694  1997  1997 I a2dp_codec: init: initialized Source codec AAC
06-17 08:37:57.694  1997  1997 I a2dp_codec: init: initialized Source codec SBC
06-17 08:37:57.694  1997  1997 I a2dp_codec: init: initialized Sink codec SBC(Sink)
06-17 08:37:57.694  1997  1997 D a2dp_codec: init
06-17 08:37:57.694  1997  1997 D a2dp_codec: createCodec: codec SBC
06-17 08:37:57.694  1997  1997 D a2dp_sbc: A2dpCodecConfigSbc
06-17 08:37:57.694  1997  1997 E a2dp_sbc: init: SBC enabled in offload mode
06-17 08:37:57.694  1997  1997 I a2dp_codec: init: updated SBC codec priority to 1001
06-17 08:37:57.694  1997  1997 D a2dp_codec: createCodec: codec AAC
06-17 08:37:57.694  1997  1997 E a2dp_aac: init: AAC enabled in offload mode
06-17 08:37:57.694  1997  1997 I a2dp_codec: init: updated AAC codec priority to 2001
06-17 08:37:57.694  1997  1997 D a2dp_codec: createCodec: codec aptX
06-17 08:37:57.694  1997  1997 E a2dp_vendor_aptx: init: APTX enabled in offload mode
06-17 08:37:57.694  1997  1997 I a2dp_codec: init: updated aptX codec priority to 3001
06-17 08:37:57.694  1997  1997 D a2dp_codec: createCodec: codec aptX-HD
06-17 08:37:57.694  1997  1997 E a2dp_vendor_aptx_hd: init: APTX-HD enabled in offload mode
06-17 08:37:57.694  1997  1997 I a2dp_codec: init: updated aptX-HD codec priority to 4001
06-17 08:37:57.694  1997  1997 D a2dp_codec: createCodec: codec aptX-adaptive
06-17 08:37:57.694  1997  1997 E a2dp_vendor_aptx_adaptive: init: APTX-Adaptive disabled in offload mode
06-17 08:37:57.694  1997  1997 D a2dp_codec: createCodec: codec LDAC
06-17 08:37:57.694  1997  1997 I a2dp_codec: LDAC not enabled in offload currently
06-17 08:37:57.694  1997  1997 E a2dp_vendor_ldac: init: LDAC disabled in offload mode
06-17 08:37:57.694  1997  1997 D a2dp_codec: createCodec: codec aptX-TWS
06-17 08:37:57.694  1997  1997 E a2dp_vendor_aptx_tws: init: APTX-TWS disabled in offload mode
06-17 08:37:57.694  1997  1997 D a2dp_codec: createCodec: codec SBC SINK
06-17 08:37:57.695  1997  1997 I a2dp_codec: init: updated SBC(Sink) codec priority to 6001
06-17 08:37:57.695  1997  1997 I a2dp_codec: init: initialized Source codec aptX-HD
06-17 08:37:57.695  1997  1997 I a2dp_codec: init: initialized Source codec aptX
06-17 08:37:57.695  1997  1997 I a2dp_codec: init: initialized Source codec AAC
06-17 08:37:57.695  1997  1997 I a2dp_codec: init: initialized Source codec SBC
06-17 08:37:57.695  1997  1997 I a2dp_codec: init: initialized Sink codec SBC(Sink)
06-17 08:37:57.695  1997  1997 D bt_btif : btif_dispatch_sm_event: event: 35, len: 6
06-17 08:37:57.695  1997  1997 D bt_btif : btif_dispatch_sm_event: event 35 sent
06-17 08:37:57.695  1997  1997 E bt_btif : btif_media_send_reset_vendor_state:
06-17 08:37:57.695  1997  2120 D bt_btif : ignore updating BTIF_AV_SOURCE_CONFIG_UPDATED_EVT
06-17 08:37:57.695  1997  1997 E bt_btif : btif_media_send_reset_vendor_state:
06-17 08:37:57.695  1997  2544 E bt_btif : UIPC_Read : channel 1 closed
06-17 08:37:57.695  1997  2544 E bt_btif : Invalid cmd pending for ack
06-17 08:37:57.695  1997  2120 E bt_btif : btif_a2dp_source_startup: A2DP Source media task already running
06-17 08:37:57.695  1997  2120 D bt_btif : btif_av_state_idle_handler event:UNKNOWN_EVENT flags 0 on index 0
06-17 08:37:57.695  1997  2120 W bt_btif : btif_av_state_idle_handler: unhandled event=UNKNOWN_EVENT
06-17 08:37:57.695  1997  2120 I bt_btif_storage: btif_storage_get_adapter_property service_mask:0x20000048
06-17 08:37:57.695  1997  2120 D bt_btif : btif_av_state_idle_handler event:BTA_AV_ENABLE_EVT flags 0 on index 0
06-17 08:37:57.695  1997  2498 W bt_l2cap: L2CAP - L2CA_Register() called for PSM: 0x0019
06-17 08:37:57.695  1997  2498 W bt_l2cap: L2CAP - L2CA_Register() called for PSM: 0x0017
06-17 08:37:57.695  1997  2498 W bt_l2cap: L2CAP - L2CA_Register() called for PSM: 0x001b
06-17 08:37:57.695  1997  2498 E bt_btif : bta_av_co_get_active_peer: peer index out of bounds: 2
06-17 08:37:57.696  1997  2498 I chatty  : uid=1002(bluetooth) btu message loo identical 4 lines
06-17 08:37:57.696  1997  2498 E bt_btif : bta_av_co_get_active_peer: peer index out of bounds: 2
06-17 08:37:57.696  1997  2498 I a2dp_codec: LDAC not enabled in offload currently
06-17 08:37:57.696  1997  2498 E a2dp_vendor_ldac: A2DP_VendorInitCodecConfigLdac: LDAC disabled in offload mode
06-17 08:37:57.696  1997  2498 E bt_btif : bta_av_co_get_active_peer: peer index out of bounds: 2
06-17 08:37:57.696  1997  2498 D bt_btif : AVRC_Open role: 1, control:67 status:0, handle:0
06-17 08:37:57.696  1997  2498 D bt_btif : rc_acp_handle: 0 idx: 1
06-17 08:37:57.696  1997  2498 D bt_btif : bta_av_rc_create create 0, role: 1, shdl:0, rc_handle:0, lidx:3, status:0x10
06-17 08:37:57.696  1997  2498 E bt_btif : bta_av_co_get_active_peer: peer index out of bounds: 2
06-17 08:37:57.696  1595  1595 I commit_sys_config_file: [notification-policy,21]
06-17 08:37:57.696  1997  2498 I chatty  : uid=1002(bluetooth) btu message loo identical 4 lines
06-17 08:37:57.696  1997  2498 E bt_btif : bta_av_co_get_active_peer: peer index out of bounds: 2
06-17 08:37:57.696  1997  2120 D bt_btif : btif_av_state_idle_handler event:BTA_AV_REGISTER_EVT flags 0 on index 0
06-17 08:37:57.696  1997  2498 I a2dp_codec: LDAC not enabled in offload currently
06-17 08:37:57.696  1997  2498 E a2dp_vendor_ldac: A2DP_VendorInitCodecConfigLdac: LDAC disabled in offload mode
06-17 08:37:57.696  1997  2498 E bt_btif : bta_av_co_get_active_peer: peer index out of bounds: 2
06-17 08:37:57.696  1997  2120 D bt_btif : btif_av_state_idle_handler event:BTA_AV_REGISTER_EVT flags 0 on index 1
06-17 08:37:57.696  1997  1997 D A2dpService: A2DP offload flag set to false
06-17 08:37:57.697   728  2491 I vendor.qti.bluetooth@1.0-ibs_handler: ProcessIbsCmd: Received IBS_WAKE_IND: 0xFD
06-17 08:37:57.697   728  2491 I vendor.qti.bluetooth@1.0-ibs_handler: ProcessIbsCmd: Writing IBS_WAKE_ACK
06-17 08:37:57.699  1997  1997 D A2dpService: setA2dpService(): set to: com.android.bluetooth.a2dp.A2dpService@f2388b5
06-17 08:37:57.700  1997  1997 W A2dpService: setActiveDevice(null): previous is null
06-17 08:37:57.700  1997  1997 I BluetoothBATServiceJni: classInitNative: Enter 
06-17 08:37:57.700  1997  1997 I BluetoothBATServiceJni: classInitNative: succeeds
06-17 08:37:57.700  1997  1997 D BATService: getBATService(): service is NULL
06-17 08:37:57.700  1997  1997 D A2dpService:  setActiveDevice: BA active false
06-17 08:37:57.700  1997  1997 W A2dpService: removeActiveDevice(): ma2dpsuspend flag is false
06-17 08:37:57.700  1997  1997 D A2dpService: broadcastActiveDevice(null)
06-17 08:37:57.701  1595  1644 I am_proc_start: [0,2542,1000,com.qualcomm.qti.poweroffalarm,broadcast,com.qualcomm.qti.poweroffalarm/.PowerOffAlarmBroadcastReceiver]
06-17 08:37:57.701  1595  1644 I ActivityManager: Start proc 2542:com.qualcomm.qti.poweroffalarm/1000 for broadcast com.qualcomm.qti.poweroffalarm/.PowerOffAlarmBroadcastReceiver
06-17 08:37:57.701  1997  1997 D A2dpService:  profile started successfully
06-17 08:37:57.702  1997  1997 D BluetoothAdapterService: handleMessage() - Message: 2
06-17 08:37:57.702  1997  1997 D BluetoothAdapterService: handleMessage() - MESSAGE_PROFILE_SERVICE_REGISTERED
06-17 08:37:57.702  1997  1997 I BluetoothHidHostServiceJni: classInitNative: succeeds
06-17 08:37:57.702  1997  2172 D BluetoothActiveDeviceManager: handleMessage(MESSAGE_ADAPTER_ACTION_STATE_CHANGED): newState=11
06-17 08:37:57.704  1997  1997 D BluetoothAdapterService: getAdapterService() - returning com.android.bluetooth.btservice.AdapterService@b7faa63
06-17 08:37:57.705  1997  1997 D HidHostService: Received start request. Starting profile...
06-17 08:37:57.705  1997  1997 D BluetoothAdapterService: getAdapterService() - returning com.android.bluetooth.btservice.AdapterService@b7faa63
06-17 08:37:57.706  1997  1997 I bt_btif : get_profile_interface: id = hidhost
06-17 08:37:57.706  1997  1997 D HidHostService:  profile started successfully
06-17 08:37:57.706  1997  2120 I bt_bta_hh: BTA_HhEnable sec_mask:0x36 p_cback:0x743b3d7cc4
06-17 08:37:57.706  1997  2120 I bt_btif_storage: btif_storage_get_adapter_property service_mask:0x20100048
06-17 08:37:57.706  1997  2498 W bt_l2cap: L2CAP - L2CA_Register() called for PSM: 0x0011
06-17 08:37:57.706  1997  2498 W bt_l2cap: L2CAP - L2CA_Register() called for PSM: 0x0013
06-17 08:37:57.706  1997  2498 I bt_stack: [INFO:gatt_api.cc(949)] GATT_Registera7ec45ad-4515-7f40-8547-a159a98971e4
06-17 08:37:57.706  1997  1997 I BluetoothHealthServiceJni: classInitNative: succeeds
06-17 08:37:57.706  1997  2498 I bt_stack: [INFO:gatt_api.cc(969)] allocated gatt_if=4
06-17 08:37:57.707  1997  1997 D BluetoothAdapterService: getAdapterService() - returning com.android.bluetooth.btservice.AdapterService@b7faa63
06-17 08:37:57.708  1997  1997 D HealthService: Received start request. Starting profile...
06-17 08:37:57.708  1997  1997 D BluetoothAdapterService: getAdapterService() - returning com.android.bluetooth.btservice.AdapterService@b7faa63
06-17 08:37:57.710  1595  1623 I am_proc_bound: [0,2522,android.ext.services]
06-17 08:37:57.710  1595  1623 D CompatibilityInfo: mCompatibilityFlags - 0
06-17 08:37:57.710  1595  1623 D CompatibilityInfo: applicationDensity - 320
06-17 08:37:57.710  1595  1623 D CompatibilityInfo: applicationScale - 1.0
06-17 08:37:57.710  1997  1997 I bt_btif : get_profile_interface: id = health
06-17 08:37:57.710  1997  1997 D HealthService: setHealthService(): set to: com.android.bluetooth.hdp.HealthService@a582df0
06-17 08:37:57.710  1997  1997 D HealthService:  profile started successfully
06-17 08:37:57.711  1997  1997 I BluetoothPanServiceJni: classInitNative(L111): succeeds
06-17 08:37:57.711  1595  1623 I am_uid_active: 10016
06-17 08:37:57.711  1595  1623 D CompatibilityInfo: mCompatibilityFlags - 0
06-17 08:37:57.711  1595  1623 D CompatibilityInfo: applicationDensity - 320
06-17 08:37:57.711  1595  1623 D CompatibilityInfo: applicationScale - 1.0
06-17 08:37:57.711  1595  1623 D CompatibilityInfo: mCompatibilityFlags - 0
06-17 08:37:57.711  1595  1623 D CompatibilityInfo: applicationDensity - 320
06-17 08:37:57.711  1595  1623 D CompatibilityInfo: applicationScale - 1.0
06-17 08:37:57.712  2529  2529 I bootstat: Service started: /system/bin/bootstat --set_system_boot_reason --record_boot_complete --record_boot_reason --record_time_since_factory_reset -l 
06-17 08:37:57.713  1997  1997 D BluetoothAdapterService: getAdapterService() - returning com.android.bluetooth.btservice.AdapterService@b7faa63
06-17 08:37:57.713  1997  1997 D PanService: Received start request. Starting profile...
06-17 08:37:57.713  1997  1997 D BluetoothAdapterService: getAdapterService() - returning com.android.bluetooth.btservice.AdapterService@b7faa63
06-17 08:37:57.715  1997  1997 D BluetoothPanServiceJni: initializeNative(L116): pan
06-17 08:37:57.715  1997  1997 I bt_btif : get_profile_interface: id = pan
06-17 08:37:57.715  1997  2498 W bt_l2cap: L2CAP - L2CA_Register() called for PSM: 0x000f
06-17 08:37:57.715  1997  1997 D PanService:  profile started successfully
06-17 08:37:57.715  1997  2120 D BluetoothPanServiceJni: control_state_callback(L63): state:0, local_role:3, ifname:bt-pan
06-17 08:37:57.717  1997  1997 D BluetoothAdapterService: getAdapterService() - returning com.android.bluetooth.btservice.AdapterService@b7faa63
06-17 08:37:57.718  1997  1997 D BluetoothMapService: Received start request. Starting profile...
06-17 08:37:57.718  1997  1997 D BluetoothAdapterService: getAdapterService() - returning com.android.bluetooth.btservice.AdapterService@b7faa63
06-17 08:37:57.721  2032  2032 D BluetoothHidHost: Proxy object connected
06-17 08:37:57.721  2032  2032 D HidProfile: Bluetooth service connected
06-17 08:37:57.723  2194  2194 D SubscriptionController: [getPhoneId]- no sims, returning default phoneId=0
01-01 10:32:05.166     0     0 I init    : Service 'qti-testscripts' (pid 2521) exited with status 0
01-01 10:32:05.167     0     0 I selinux : SELinux: Skipping restorecon_recursive(/data/misc_ce/0)
06-17 08:37:57.723  1997  1997 D BluetoothMapService: start()
06-17 08:37:57.724  2032  2032 D BluetoothPan: BluetoothPAN Proxy object connected
06-17 08:37:57.724  2032  2032 D PanProfile: Bluetooth service connected
06-17 08:37:57.726  2194  2194 D QtiSubscriptionController: getPhoneId, received dummy subId 2147483643
06-17 08:37:57.727  2194  2194 D SST     : [0] operatorNumeric 00000 is invalid
06-17 08:37:57.727  2194  2194 D LocaleTracker: updateOperatorNumericAsync. mcc/mnc=
06-17 08:37:57.727  2194  2194 D SST     : handleNetworkUnavailable
06-17 08:37:57.727   736   736 D SDM     : DisplayBase::BuildLayerStackStats: LayerStack layer_count: 3, app_layer_count: 2, gpu_target_index: 2, display type: 0
06-17 08:37:57.727  2194  2359 D LocaleTracker: updateOperatorNumericSync. mcc/mnc=
06-17 08:37:57.728  2194  2194 D SST     : [0] Broadcasting ServiceState : {mVoiceRegState=1(OUT_OF_SERVICE), mDataRegState=1(OUT_OF_SERVICE), mChannelNumber=0, duplexMode()=0, mCellBandwidths=[], mVoiceRoamingType=home, mDataRoamingType=home, mVoiceOperatorAlphaLong=, mVoiceOperatorAlphaShort=, mDataOperatorAlphaLong=, mDataOperatorAlphaShort=, isManualNetworkSelection=false(automatic), mRilVoiceRadioTechnology=0(Unknown), mRilDataRadioTechnology=0(Unknown), mCssIndicator=unsupported, mNetworkId=0, mSystemId=0, mCdmaRoamingIndicator=1, mCdmaDefaultRoamingIndicator=-1, mIsEmergencyOnly=false, mIsDataRoamingFromRegistration=false, mIsUsingCarrierAggregation=false, mLteEarfcnRsrpBoost=0, mNetworkRegistrationStates=[NetworkRegistrationState{transportType=1 domain=PS regState=NOT_REG_SEARCHING accessNetworkTechnology=UNKNOWN reasonForDenial=0 emergencyEnabled=false supportedServices=null cellIdentity=null voiceSpecificStates=null dataSpecificStates=DataSpecificRegistrationStates { mMaxDataCalls=20}}, NetworkRegistrationState{transportType=1 domain=CS regState=NOT_REG_SEARCHING accessNetworkTechnology=UNKNOWN reasonForDenial=0 emergencyEnabled=false supportedServices=null cellIdentity=null voiceSpecificStates=VoiceSpecificRegistrationStates { mCssSupported=false mRoamingIndicator=-1 mSystemIsInPrl=-1 mDefaultRoamingIndicator=-1} dataSpecificStates=null}]}
06-17 08:37:57.728  2032  2032 D BluetoothMap: Proxy object connected
06-17 08:37:57.728  2032  2032 D MapProfile: Bluetooth service connected
06-17 08:37:57.728  2032  2032 D BluetoothMap: getConnectedDevices()
06-17 08:37:57.728  2194  2359 D LocaleTracker: Service state OUT_OF_SERVICE. Get cell info now.
06-17 08:37:57.728   621   625 V vold    : Finished restorecon of /data/misc_ce/0
06-17 08:37:57.728   621   625 V vold    : /system/bin/vold_prepare_subdirs
06-17 08:37:57.728   621   625 V vold    :     prepare
06-17 08:37:57.728   621   625 V vold    :     
06-17 08:37:57.728   621   625 V vold    :     0
06-17 08:37:57.728   621   625 V vold    :     2
06-17 08:37:57.728  2194  2194 D DefaultPhoneNotifier: nofityServiceState: mRegistry=com.android.internal.telephony.ITelephonyRegistry$Stub$Proxy@4fd74d9 ss={mVoiceRegState=1(OUT_OF_SERVICE), mDataRegState=1(OUT_OF_SERVICE), mChannelNumber=0, duplexMode()=0, mCellBandwidths=[], mVoiceRoamingType=home, mDataRoamingType=home, mVoiceOperatorAlphaLong=, mVoiceOperatorAlphaShort=, mDataOperatorAlphaLong=, mDataOperatorAlphaShort=, isManualNetworkSelection=false(automatic), mRilVoiceRadioTechnology=0(Unknown), mRilDataRadioTechnology=0(Unknown), mCssIndicator=unsupported, mNetworkId=0, mSystemId=0, mCdmaRoamingIndicator=1, mCdmaDefaultRoamingIndicator=-1, mIsEmergencyOnly=false, mIsDataRoamingFromRegistration=false, mIsUsingCarrierAggregation=false, mLteEarfcnRsrpBoost=0, mNetworkRegistrationStates=[NetworkRegistrationState{transportType=1 domain=PS regState=NOT_REG_SEARCHING accessNetworkTechnology=UNKNOWN reasonForDenial=0 emergencyEnabled=false supportedServices=null cellIdentity=null voiceSpecificStates=null dataSpecificStates=DataSpecificRegistrationStates { mMaxDataCalls=20}}, NetworkRegistrationState{transportType=1 domain=CS regState=NOT_REG_SEARCHING accessNetworkTechnology=UNKNOWN reasonForDenial=0 emergencyEnabled=false supportedServices=null cellIdentity=null voiceSpecificStates=VoiceSpecificRegistrationStates { mCssSupported=false mRoamingIndicator=-1 mSystemIsInPrl=-1 mDefaultRoamingIndicator=-1} dataSpecificStates=null}]} sender=Handler (com.qualcomm.qti.internal.telephony.QtiGsmCdmaPhone) {409196d} phondId=0 subId=2147483643
06-17 08:37:57.730  2194  2359 D RILJ    : [3747]> RIL_REQUEST_GET_CELL_INFO_LIST [SUB0]
06-17 08:37:57.730  1997  1997 D BluetoothMapFixes: mSessionStatusHandler CREATE_MAS_INSTANCES 
06-17 08:37:57.730  1997  1997 D BluetoothMapService: mSmsCapable :true
06-17 08:37:57.730  1997  1997 D BluetoothMapService: setBluetoothMapService(): set to: com.android.bluetooth.map.BluetoothMapService@5890925
06-17 08:37:57.730  1997  1997 D BluetoothMapService:  profile started successfully
06-17 08:37:57.731  1997  2557 V BluetoothMapService: Handler(): got msg=5
06-17 08:37:57.731  1997  2557 D BluetoothMapService: CREATE_MAS_INSTANCES 
06-17 08:37:57.731  1997  2557 D BluetoothAdapterService: getAdapterService() - returning com.android.bluetooth.btservice.AdapterService@b7faa63
06-17 08:37:57.731  1997  2557 D BluetoothVendorService: getProfileInfo profile_id: 3
06-17 08:37:57.731  1997  2557 I BluetoothVendorJni: getProfileInfoNative
06-17 08:37:57.731  1997  2557 I bt_btif_vendor: get_profile_info :3
06-17 08:37:57.731  1997  2557 W bt_device_profile: profile_feature_fetch:profile 3
06-17 08:37:57.731  1997  2557 W bt_device_profile: profile_feature_fetch:MAP_EMAIL_SUPPORT found 1
06-17 08:37:57.731  1997  2557 D BluetoothMapAppObserver: isEmailSupported: true
06-17 08:37:57.731  1997  2557 D BluetoothMapAccountEmailLoader: mEmailContext Assigned 
06-17 08:37:57.731  1997  2557 D BluetoothMapAccountEmailLoader: Groups SIZE: 0
06-17 08:37:57.731  1997  2557 D BluetoothMapAccountEmailLoader: Found 0 applications - Support legacy default or primary email Account
06-17 08:37:57.731  2194  2194 D QtiSubscriptionController: getPhoneId, received dummy subId 2147483643
06-17 08:37:57.732  1997  1997 D BluetoothAdapterService: getAdapterService() - returning com.android.bluetooth.btservice.AdapterService@b7faa63
06-17 08:37:57.732  2032  2032 D BluetoothMap: Bluetooth is Not enabled
06-17 08:37:57.732  1997  1997 D NewAvrcpTargetService: Received start request. Starting profile...
06-17 08:37:57.732  1997  1997 D BluetoothAdapterService: getAdapterService() - returning com.android.bluetooth.btservice.AdapterService@b7faa63
06-17 08:37:57.732  1997  2557 D BluetoothMapAccountEmailLoader: isEmailAppStarted: false
06-17 08:37:57.733  2194  2194 D ServiceStateProvider: subId=2147483643
06-17 08:37:57.734  2194  2310 D RILJ    : [3747]< RIL_REQUEST_GET_CELL_INFO_LIST [] [SUB0]
01-01 10:32:05.173     0     0 I init    : Async property child exited with status 0
06-17 08:37:57.737  1997  1997 I NewAvrcpTargetService: Starting the AVRCP Target Service
06-17 08:37:57.737  1997  1997 D BluetoothAdapterService: getAdapterService() - returning com.android.bluetooth.btservice.AdapterService@b7faa63
06-17 08:37:57.738  1595  2142 D TelephonyRegistry: notifyCellLocationForSubscriber: subId=2147483643 cellLocation=Bundle[mParcelledData.dataSize=216]
06-17 08:37:57.739  1997  1997 I NewAvrcpTargetService: Vendor Stack is enabled, using legacy implementation
06-17 08:37:57.739  2194  2194 D QtiSubscriptionController: getPhoneId, received dummy subId 2147483643
06-17 08:37:57.744   736   736 D SDM     : DisplayBase::BuildLayerStackStats: LayerStack layer_count: 3, app_layer_count: 2, gpu_target_index: 2, display type: 0
06-17 08:37:57.745  2032  2032 D KeyguardUpdateMonitor: received broadcast android.intent.action.SERVICE_STATE
06-17 08:37:57.745  2032  2032 V KeyguardUpdateMonitor: action android.intent.action.SERVICE_STATE serviceState={mVoiceRegState=1(OUT_OF_SERVICE), mDataRegState=1(OUT_OF_SERVICE), mChannelNumber=0, duplexMode()=0, mCellBandwidths=[], mVoiceRoamingType=home, mDataRoamingType=home, mVoiceOperatorAlphaLong=, mVoiceOperatorAlphaShort=, mDataOperatorAlphaLong=, mDataOperatorAlphaShort=, isManualNetworkSelection=false(automatic), mRilVoiceRadioTechnology=0(Unknown), mRilDataRadioTechnology=0(Unknown), mCssIndicator=unsupported, mNetworkId=0, mSystemId=0, mCdmaRoamingIndicator=1, mCdmaDefaultRoamingIndicator=-1, mIsEmergencyOnly=false, mIsDataRoamingFromRegistration=false, mIsUsingCarrierAggregation=false, mLteEarfcnRsrpBoost=0, mNetworkRegistrationStates=[]} subId=2147483643
06-17 08:37:57.743  2194  2194 D QtiSubscriptionController: getPhoneId, received dummy subId 2147483643
06-17 08:37:57.747  2194  2194 D QtiRadioCapabilityController: handleRadioCapsAvailable... 
06-17 08:37:57.747  2194  2194 D QtiRadioCapabilityController: updateStackBindingIfRequired
06-17 08:37:57.747  2194  2194 D QtiRadioCapabilityController: provisionStatus[0] : -2
06-17 08:37:57.747  2194  2194 D QtiRadioCapabilityController: provisionStatus[1] : -2
06-17 08:37:57.748  2194  2194 I QtiRadioCapabilityController:  get slotId based N/W mode, val[0] = 22
06-17 08:37:57.748  2194  2194 I QtiRadioCapabilityController:  get slotId based N/W mode, val[1] = 20
06-17 08:37:57.748  2194  2194 D QtiRadioCapabilityController: nwMode:22, on stack:0 is Supported
06-17 08:37:57.748  2194  2194 D QtiRadioCapabilityController: updatePreferredStackIds: current stack[0]supports NwMode[22] on phoneId[0]
06-17 08:37:57.748  2194  2194 D QtiRadioCapabilityController: nwMode:20, on stack:1 is Supported
06-17 08:37:57.748  2194  2194 D QtiRadioCapabilityController: updatePreferredStackIds: current stack[1]supports NwMode[20] on phoneId[1]
06-17 08:37:57.748  2194  2194 D QtiRadioCapabilityController:  updateStackBindingIfRequired, required =  false
06-17 08:37:57.748  2194  2194 D QtiRadioCapabilityController: notifyRadioCapsUpdated: radio caps updated false
06-17 08:37:57.748  1997  1997 W NewAvrcpTargetService: Skipping initialization of the new AVRCP Target Service
06-17 08:37:57.748  1997  1997 D NewAvrcpTargetService:  profile started successfully
06-17 08:37:57.748  1997  2557 D BluetoothMapAccountEmailLoader: Enabled Accounts count:0
06-17 08:37:57.748  1997  2557 D BluetoothMapAccountLoader: Enabled Accounts count:0
06-17 08:37:57.748  2522  2522 I Perf    : Connecting to perf service.
06-17 08:37:57.748  1997  1997 I BluetoothAvrcpControllerJni: classInitNative: succeeds
06-17 08:37:57.749  1997  1997 I bt_btif : get_profile_interface: id = avrcp_ctrl
06-17 08:37:57.749  1997  1997 I bt_btif : get_profile_interface: id = vendor_avrcp_ctrl
06-17 08:37:57.749  1997  1997 D bt_btif : btif_rc_vendor_ctrl_get_interface
06-17 08:37:57.749  1997  1997 D BluetoothAdapterService: getAdapterService() - returning com.android.bluetooth.btservice.AdapterService@b7faa63
06-17 08:37:57.750  2194  2194 I ImsExternalCallTracker: handleVideoCapabilitiesChanged : isVideoCapable = false
06-17 08:37:57.750  2194  2194 D ImsExternalCallTracker: refreshCallPullState
06-17 08:37:57.750  2194  2194 I TelecomFramework: PstnPhoneCapabilitiesNotifier: handleVideoCapabilitesChanged. Video capability - false
06-17 08:37:57.750  1997  1997 D AvrcpControllerService: Received start request. Starting profile...
06-17 08:37:57.750  1997  1997 D BluetoothAdapterService: getAdapterService() - returning com.android.bluetooth.btservice.AdapterService@b7faa63
06-17 08:37:57.750  1997  2557 D BluetoothMapAppObserver: createReceiver()
06-17 08:37:57.751  2194  2194 D QtiSubscriptionController: getPhoneId, received dummy subId 2147483643
06-17 08:37:57.751  2194  2194 E PhoneInterfaceManager: [PhoneIntfMgr] getIccId: No UICC
06-17 08:37:57.751   621   625 I vold_prepare_subdirs: SELinux: Loaded file_contexts
06-17 08:37:57.751  2194  2194 D QtiSubscriptionController: getPhoneId, received dummy subId 2147483643
06-17 08:37:57.752  2194  2194 D SubscriptionController: [getActiveSubInfoList] Sub Controller not ready
06-17 08:37:57.752  2194  2194 D SubscriptionController: [getActiveSubInfoForSubscriber]- subId=2147483643 subList=null subInfo=null
06-17 08:37:57.753  2194  2209 D RILJ    : [3748]> RIL_REQUEST_GET_CELL_INFO_LIST [SUB0]
06-17 08:37:57.753  1997  2557 D BluetoothMapAppObserver: initObservers()
01-01 10:32:05.192     0     0 D logd    : logdr: UID=1000 GID=1007 PID=2529 n tail=0 logMask=80 pid=0 start=0ns timeout=0ns
06-17 08:37:57.754  2194  2194 D QtiSubscriptionController: getPhoneId, received dummy subId 2147483643
06-17 08:37:57.755  2194  2194 D QtiSubscriptionController: getPhoneId, received dummy subId 2147483643
06-17 08:37:57.755  2194  2310 D RILJ    : [3748]< RIL_REQUEST_GET_CELL_INFO_LIST [] [SUB0]
06-17 08:37:57.756  1997  2557 D BluetoothMapAppObserver: getEnabledAccountItems()
06-17 08:37:57.756  1997  2557 W BluetoothMapAppObserver: getEnabledAccountItems() - No AccountList enabled
06-17 08:37:57.756  2558  2558 D vold_prepare_subdirs: Setting up mode 700 uid 0 gid 0 context u:object_r:vold_data_file:s0 on path: /data/misc_ce/0/vold
06-17 08:37:57.756  2194  2194 D QtiSubscriptionController: getPhoneId, received dummy subId 2147483643
06-17 08:37:57.760   736   736 D SDM     : DisplayBase::BuildLayerStackStats: LayerStack layer_count: 3, app_layer_count: 2, gpu_target_index: 2, display type: 0
06-17 08:37:57.760  2558  2558 D vold_prepare_subdirs: Setting up mode 700 uid 0 gid 0 context u:object_r:storaged_data_file:s0 on path: /data/misc_ce/0/storaged
06-17 08:37:57.762  1997  2557 V BluetoothMapService: Handler(): got msg=1
06-17 08:37:57.762  1595  1656 V UserDataPreparer: Found /data/user/0 with serial number 0
06-17 08:37:57.763  1595  1656 V UserDataPreparer: Found /data/system_ce/0 with serial number 0
06-17 08:37:57.763  1595  1656 D UserDataPreparer: Setting property: sys.user.0.ce_available=true
06-17 08:37:57.763  1997  1997 D AvrcpControllerBipStateMachine: make
06-17 08:37:57.763  1997  1997 D AvrcpControllerBipStateMachine:  Type :image, Mime :JPEG Height:500, width :500, Max size:200000
06-17 08:37:57.765  1997  1997 D AvrcpControllerService:  profile started successfully
06-17 08:37:57.765  1997  2568 D AvrcpControllerBipStateMachine.Disconnected: Enter: -2
06-17 08:37:57.766  1997  1997 V SapService: SapBinder()
06-17 08:37:57.767  1997  1997 D BluetoothAdapterService: getAdapterService() - returning com.android.bluetooth.btservice.AdapterService@b7faa63
06-17 08:37:57.767  1595  1623 I am_proc_bound: [0,2542,com.qualcomm.qti.poweroffalarm]
06-17 08:37:57.767  1595  1623 D CompatibilityInfo: mCompatibilityFlags - 0
06-17 08:37:57.767  1595  1623 D CompatibilityInfo: applicationDensity - 320
06-17 08:37:57.767  1595  1623 D CompatibilityInfo: applicationScale - 1.0
06-17 08:37:57.767  1997  1997 D SapService: Received start request. Starting profile...
06-17 08:37:57.767  1997  1997 D BluetoothAdapterService: getAdapterService() - returning com.android.bluetooth.btservice.AdapterService@b7faa63
06-17 08:37:57.769  1595  1623 D CompatibilityInfo: mCompatibilityFlags - 0
06-17 08:37:57.769  1595  1623 D CompatibilityInfo: applicationDensity - 320
06-17 08:37:57.769  1595  1623 D CompatibilityInfo: applicationScale - 1.0
06-17 08:37:57.771  2032  2032 D KeyguardUpdateMonitor: handleServiceStateChange(subId=2147483643, serviceState={mVoiceRegState=1(OUT_OF_SERVICE), mDataRegState=1(OUT_OF_SERVICE), mChannelNumber=0, duplexMode()=0, mCellBandwidths=[], mVoiceRoamingType=home, mDataRoamingType=home, mVoiceOperatorAlphaLong=, mVoiceOperatorAlphaShort=, mDataOperatorAlphaLong=, mDataOperatorAlphaShort=, isManualNetworkSelection=false(automatic), mRilVoiceRadioTechnology=0(Unknown), mRilDataRadioTechnology=0(Unknown), mCssIndicator=unsupported, mNetworkId=0, mSystemId=0, mCdmaRoamingIndicator=1, mCdmaDefaultRoamingIndicator=-1, mIsEmergencyOnly=false, mIsDataRoamingFromRegistration=false, mIsUsingCarrierAggregation=false, mLteEarfcnRsrpBoost=0, mNetworkRegistrationStates=[]}
06-17 08:37:57.771  2032  2032 D CarrierText: updateCarrierText(): 0
06-17 08:37:57.772  2032  2032 D CarrierText: Getting plmn/spn sticky brdcst No service/
06-17 08:37:57.772  2032  2032 D CarrierText: updateCarrierText(): 0
06-17 08:37:57.772  2032  2032 D CarrierText: Getting plmn/spn sticky brdcst No service/
06-17 08:37:57.773  1595  1623 I Telecom : PhoneAccountRegistrar: Modify account: [ComponentInfo{com.android.phone/com.android.services.telephony.TelephonyConnectionService}, ***, UserHandle{0}]: TSI.rPA@ACc
06-17 08:37:57.774  1595  1656 V PackageManager: reconcileAppsData for null u0 0x2 migrateAppData=false
06-17 08:37:57.775  1997  1997 V SapService: start()
06-17 08:37:57.776  1997  1997 D SapService: setSapService(): set to: com.android.bluetooth.sap.SapService@d365b4e
06-17 08:37:57.776  1997  1997 D SapService:  profile started successfully
06-17 08:37:57.776  1997  1997 D HeadsetPhoneState: onReceive: android.intent.action.SIM_STATE_CHANGED
06-17 08:37:57.776  1997  1997 D HeadsetPhoneState: SIM unloaded, making mIsSimStateLoaded to false
06-17 08:37:57.776  1997  1997 D HeadsetPhoneState: sendDeviceStateChanged. mService=0 mIsSimStateLoaded=false mSignal=0 mRoam=0 mBatteryCharge=0
06-17 08:37:57.766  2194  2194 I chatty  : uid=1001(radio) com.android.phone identical 7 lines
06-17 08:37:57.767  2194  2194 D QtiSubscriptionController: getPhoneId, received dummy subId 2147483643
06-17 08:37:57.777  2194  2194 D ImsPhone: [0] handleMessage what=53
06-17 08:37:57.777   736   736 D SDM     : DisplayBase::BuildLayerStackStats: LayerStack layer_count: 3, app_layer_count: 2, gpu_target_index: 2, display type: 0
06-17 08:37:57.777  2194  2194 D QtiSubscriptionController: getPhoneId, received dummy subId 2147483643
06-17 08:37:57.778  2194  2359 D LocaleTracker: getCellInfo: cell info=[]
06-17 08:37:57.778  2194  2194 D ImsManager: Connector: getImsService
06-17 08:37:57.778  2194  2194 D ImsManager: Status Changed: 2
06-17 08:37:57.778  2194  2194 D ImsPhoneCallTracker: [0] startListeningForCalls
06-17 08:37:57.778  2194  2359 D LocaleTracker: Can't get cell info. Try again in 4 secs.
06-17 08:37:57.778  2194  2359 D LocaleTracker: updateLocale: mcc = null, country = 
06-17 08:37:57.778  2194  2194 I QImsService: ImsServiceClassTracker : updateFeatureCapabilities video false voice false
06-17 08:37:57.780  2194  2194 I QImsService: ImsSenderRxr : [0006]> REQUEST_IMS_REGISTRATION_STATE [SUB0]
06-17 08:37:57.780  1287  1389 E RILQ    : (0/1287): RIL[0][(1287,1389)] processRequest: ImsRadioImpl::processRequest - Error 0
06-17 08:37:57.781  2194  2194 I CallbackAdapterManager: Local callback added: com.android.internal.telephony.imsphone.ImsPhoneCallTracker$6@6ac7b2d
06-17 08:37:57.781  2194  2194 D ImsManager: Registration Callback registered.
06-17 08:37:57.781  2194  2194 I CallbackAdapterManager: Local callback added: com.android.internal.telephony.imsphone.ImsPhoneCallTracker$7@6c65862
06-17 08:37:57.781  2194  2194 D ImsManager: Capability Callback registered.
06-17 08:37:57.782  1287  1375 E RILQ    : (0/1287): RIL[0][(1287,1375)] qcril_qmi_ims_free_req_data: missing pb fields
06-17 08:37:57.782  2194  2194 D ImsConfig: addConfigCallback: com.android.internal.telephony.imsphone.ImsPhoneCallTracker$9@f2dadf3
06-17 08:37:57.782   728  2491 I vendor.qti.bluetooth@1.0-ibs_handler: ProcessIbsCmd: Received IBS_SLEEP_IND: 0xFE
06-17 08:37:57.782  2194  2194 D ImsEcbm : ImsEcbm created
06-17 08:37:57.783  2032  2032 D CarrierText: updateCarrierText(): 0
06-17 08:37:57.783  2032  2032 D CarrierText: Getting plmn/spn sticky brdcst No service/
06-17 08:37:57.784  1997  1997 V BtOppService: onCreate
06-17 08:37:57.785  2194  2310 I QImsService: ImsSenderRxr : [0006]< REQUEST_IMS_REGISTRATION_STATE ImsRegistrationInfo state: 2 errorCode: 0 errorMessage:  radioTech: 20 pAssociatedUris[SUB0]
06-17 08:37:57.785  2194  2194 I QImsService: ImsSenderRxr : [0007]> REQUEST_SEND_UI_TTY_MODE [SUB0]
06-17 08:37:57.785  2194  2194 D ImsMultiEndpoint: ImsMultiEndpoint created
06-17 08:37:57.785  2194  2194 D ImsMultiEndpoint: setExternalCallStateListener
06-17 08:37:57.785  1287  1389 E RILQ    : (0/1287): RIL[0][(1287,1389)] processRequest: ImsRadioImpl::processRequest - Error 0
06-17 08:37:57.786  2194  2194 D ImsManager: Connector: getImsService
06-17 08:37:57.786  2194  2194 D ImsManager: Status Changed: 0
06-17 08:37:57.786  2194  2194 D ImsPhoneCallTracker: [1] stopListeningForCalls
06-17 08:37:57.786  2194  2194 D ImsPhoneCallTracker: [1] Resetting Capabilities...
06-17 08:37:57.786  2194  2194 I QImsService: ImsServiceSubHandler : Message received: what = 3
06-17 08:37:57.786  2194  2194 I QImsService: ImsServiceSub : [0] handleImsStateChanged
06-17 08:37:57.786  2194  2209 D SST     : [1] SST.getAllCellInfo(): return last, back to back calls
06-17 08:37:57.787  1997  1997 D BluetoothAdapterService: getAdapterService() - returning com.android.bluetooth.btservice.AdapterService@b7faa63
06-17 08:37:57.788  1997  1997 D BluetoothOppService: Received start request. Starting profile...
06-17 08:37:57.788  1997  1997 D BluetoothAdapterService: getAdapterService() - returning com.android.bluetooth.btservice.AdapterService@b7faa63
06-17 08:37:57.789  2194  2310 I QImsService: ImsRadioResponse : Got setUiTTYModeResponse from ImsRadio error 0
06-17 08:37:57.789  2194  2310 I QImsService: ImsSenderRxr : [0007]< REQUEST_SEND_UI_TTY_MODE [SUB0]
06-17 08:37:57.790  2194  2194 I QImsService: ImsServiceSub : [0] sendBroadcastForDisconnected
06-17 08:37:57.790  2194  2468 I MmTelFeatureConnection: onDeregistered ::
06-17 08:37:57.790  2194  2468 D ImsPhoneCallTracker: [0] onImsDisconnected imsReasonInfo=ImsReasonInfo :: {1000, 0, }
