06-17 08:37:57.353  1595  1642 D CompatibilityInfo: applicationScale - 1.0
06-17 08:37:57.354  2194  2310 D RILJ    : [3721]< RIL_REQUEST_QUERY_TTY_MODE {0} [SUB1]
06-17 08:37:57.354  2194  2393 D SubscriptionInfoUpdater: Broadcasting intent ACTION_SIM_CARD_STATE_CHANGED ABSENT for phone: 0
06-17 08:37:57.354  2194  2208 D SubscriptionController: [getActiveSubInfoList] Sub Controller not ready
06-17 08:37:57.355  2194  2393 D QtiSubscriptionInfoUpdater:  handleMessage: EVENT:  4
06-17 08:37:57.355  2194  2310 D RILJ    : [3722]< RIL_REQUEST_QUERY_TTY_MODE {0} [SUB0]
06-17 08:37:57.355  2194  2194 D UiccController: Received EVENT_GET_ICC_STATUS_DONE
06-17 08:37:57.355  2194  2393 D SubscriptionInfoUpdater: All IccIds query complete
06-17 08:37:57.355  2194  2393 D SubscriptionInfoUpdater: updateSubscriptionInfoByIccId:+ Start
06-17 08:37:57.356  2194  2393 D SubscriptionInfoUpdater: insertedSimCount = 0
06-17 08:37:57.356  2194  2194 D UiccSlot: cardStatus update: IccCardState {CARDSTATE_ABSENT,PINSTATE_UNKNOWN,num_apps=0,gsm_id=-1,cdma_id=-1,ims_id=-1,physical_slot_id=1,atr=,iccid=}
06-17 08:37:57.356  2194  2194 E AnswerToReset: Valid ATR string must at least contains TS and T0.
06-17 08:37:57.356  2194  2194 D UiccSlot: update: radioState=RADIO_ON mLastRadioState=RADIO_ON
06-17 08:37:57.356  2194  2194 D UiccController: Notifying IccChangedRegistrants
06-17 08:37:57.356  2194  2194 D QtiGsmCdmaPhone: handleMessage: Event: 35
06-17 08:37:57.356  2194  2393 D SubscriptionController: [getSubInfoUsingSlotIndexPrivileged]+ slotIndex:0
06-17 08:37:57.356  2194  2194 D QtiRadioCapabilityController:  radioCapabilityUpdated phoneId[0] rc = {mPhoneId = 0 mVersion=1 mSession=0 mPhase=0 mRadioAccessFamily=213320 mLogicModemId=0 mStatus=1}
06-17 08:37:57.356  2194  2194 D GsmCdmaPhone: EVENT_GET_RADIO_CAPABILITY: phone rc: {mPhoneId = 0 mVersion=1 mSession=0 mPhase=0 mRadioAccessFamily=213320 mLogicModemId=0 mStatus=1}
06-17 08:37:57.356  2194  2194 D NetworkRegistrationManager: service connected.
06-17 08:37:57.356  2194  2194 D NetworkRegistrationManager: service connected.
06-17 08:37:57.356  2194  2194 D QtiGsmCdmaPhone: handleMessage: Event: 6
06-17 08:37:57.356  2194  2194 D GsmCdmaPhone: [0] Baseband version: BP01.005(SC66CENAR01A05)
06-17 08:37:57.356  2194  2194 E TelephonyManager: xxxxxxxxxxxxxxxxx
01-01 10:32:04.802     0     0 E selinux : avc:  denied  { set } for property=persist.vendor.radio.baseband.quec pid=2194 uid=1001 gid=1001 scontext=u:r:radio:s0 tcontext=u:object_r:vendor_radio_prop:s0 tclass=property_service permissive=1
06-17 08:37:57.360  2194  2393 D SubscriptionController: [getSubInfoUsingSlotIndex]- null info return
06-17 08:37:57.360  2194  2393 D SubscriptionInfoUpdater: updateSubscriptionInfoByIccId: No SIM in slot 0 last time
06-17 08:37:57.360  2194  2393 D SubscriptionController: [getSubInfoUsingSlotIndexPrivileged]+ slotIndex:1
06-17 08:37:57.360   736   736 D SDM     : DisplayBase::BuildLayerStackStats: LayerStack layer_count: 2, app_layer_count: 1, gpu_target_index: 1, display type: 0
06-17 08:37:57.363  2194  2219 D QtiSubscriptionController: getPhoneId, received dummy subId 2147483643
06-17 08:37:57.364  2194  2393 D SubscriptionController: [getSubInfoUsingSlotIndex]- null info return
06-17 08:37:57.364  2194  2393 D SubscriptionInfoUpdater: updateSubscriptionInfoByIccId: No SIM in slot 1 last time
06-17 08:37:57.364  2194  2393 D SubscriptionInfoUpdater: updateSubscriptionInfoByIccId: oldIccId[0] = , sIccId[0] = 
06-17 08:37:57.364  2194  2393 D SubscriptionInfoUpdater: updateSubscriptionInfoByIccId: oldIccId[1] = , sIccId[1] = 
06-17 08:37:57.364  2194  2393 D SubscriptionInfoUpdater: updateSubscriptionInfoByIccId: No SIM inserted in slot 0 this time
06-17 08:37:57.364  2194  2393 D SubscriptionInfoUpdater: updateSubscriptionInfoByIccId: No SIM inserted in slot 1 this time
06-17 08:37:57.364  2194  2393 D SubscriptionInfoUpdater: updateSubscriptionInfoByIccId: sInsertSimState[0] = -99
06-17 08:37:57.364  2194  2393 D SubscriptionInfoUpdater: updateSubscriptionInfoByIccId: sInsertSimState[1] = -99
06-17 08:37:57.364  2194  2393 D SubscriptionController: [getActiveSubInfoList] Sub Controller not ready
06-17 08:37:57.364  2194  2393 D SubscriptionInfoUpdater: updateSubscriptionInfoByIccId: nSubCount = 0
06-17 08:37:57.365  2194  2194 D SST     : [0] handlePollStateResult exception java.lang.IllegalStateException: Service not connected.
06-17 08:37:57.365  2194  2194 E SST     : [0] RIL implementation has returned an error where it must succeedjava.lang.IllegalStateException: Service not connected.
06-17 08:37:57.365  2194  2194 D SST     : [0] handlePollStateResult exception java.lang.IllegalStateException: Service not connected.
06-17 08:37:57.365  2194  2194 E SST     : [0] RIL implementation has returned an error where it must succeedjava.lang.IllegalStateException: Service not connected.
06-17 08:37:57.365  2194  2194 D QtiGsmCdmaPhone: handleMessage: Event: 21
06-17 08:37:57.366  2194  2194 D QtiGsmCdmaPhone: handleMessage: Event: 46
06-17 08:37:57.366  2194  2435 D CellularDataService: Cellular data service created for slot 0
06-17 08:37:57.366  2194  2194 D QtiGsmCdmaPhone: EVENT_OEM_HOOK_SERVICE_READY received
06-17 08:37:57.366  2194  2194 D QtiGsmCdmaPhone: handleMessage: Event: 46
06-17 08:37:57.366  2194  2194 D QtiGsmCdmaPhone: EVENT_OEM_HOOK_SERVICE_READY received
06-17 08:37:57.366  2194  2194 D SubscriptionController: [getPhoneId]- invalid subId return=-1
06-17 08:37:57.366  2194  2194 D PhoneSwitcher: handle event - 109
06-17 08:37:57.366  2194  2393 D SubscriptionController: [updateAllDataConnectionTrackers] sPhones.length=2
06-17 08:37:57.367  2194  2393 D SubscriptionController: [updateAllDataConnectionTrackers] phoneId=0
06-17 08:37:57.367  2194  2393 D QtiDCT  : [0]update sub = 2147483643
06-17 08:37:57.367  2194  2393 D QtiDCT  : [0]update(): Active DDS, register for all events now!
06-17 08:37:57.367  2328  2328 D QcrilMsgTunnelIfaceManager: handleMessage what = 1
06-17 08:37:57.367  2194  2435 D CellularDataService: Cellular data service created for slot 1
06-17 08:37:57.367  2194  2393 D GsmCdmaPhone: [0] updateCurrentCarrierInProvider: mSubId = 2147483643 currentDds = -1 operatorNumeric = null
06-17 08:37:57.367  2194  2393 D SubscriptionController: [updateAllDataConnectionTrackers] phoneId=1
06-17 08:37:57.368  2194  2393 D QtiDCT  : [1]update sub = 2147483644
06-17 08:37:57.368  2194  2393 D QtiDCT  : [1]update(): Active DDS, register for all events now!
06-17 08:37:57.368  2194  2393 D GsmCdmaPhone: [1] updateCurrentCarrierInProvider: mSubId = 2147483644 currentDds = -1 operatorNumeric = null
06-17 08:37:57.368  2328  2328 I QcrilOemhookMsgTunnel: [0]invokeOemRilRequestRaw: serial=1000 length=16
06-17 08:37:57.368  2194  2393 D SubscriptionController: [broadcastDefaultDataSubIdChanged] subId=-1
06-17 08:37:57.369  2328  2363 I QcrilOemhookMsgTunnel: [0]processOemHookResponse serial no: 1000 error: 0length=1
06-17 08:37:57.369  2328  2328 D QcrilMsgTunnelIfaceManager: handleMessage what = 2
06-17 08:37:57.370  2194  2194 D use-Rlog/RLOG-QC_RIL_OEM_HOOK: sendOemRilRequestRaw returns value = 1
06-17 08:37:57.370  2194  2194 I QtiRilInterface: getMaxDataAllowed maxData = 2 exception: null
06-17 08:37:57.370  2328  2328 D QcrilMsgTunnelIfaceManager: handleMessage what = 1
06-17 08:37:57.370  2194  2393 D SubscriptionController: notifySubscriptionInfoChanged:
06-17 08:37:57.371  1595  2124 D TelephonyRegistry: notifySubscriptionInfoChanged: first invocation mRecords.size=28
06-17 08:37:57.371  2328  2328 I QcrilOemhookMsgTunnel: [0]invokeOemRilRequestRaw: serial=1001 length=16
06-17 08:37:57.371  1595  1595 I GnssLocationProvider: WakeLock acquired by sendMessage(SUBSCRIPTION_OR_SIM_CHANGED, 0, null)
06-17 08:37:57.372  2194  2358 D SubscriptionController: [getActiveSubInfoList] Sub Controller not ready
06-17 08:37:57.372  2328  2363 I QcrilOemhookMsgTunnel: [0]processOemHookResponse serial no: 1001 error: 0length=1
06-17 08:37:57.372  2194  2208 D SubscriptionController: [getActiveSubInfoList] Sub Controller not ready
06-17 08:37:57.372  2194  2209 D SubscriptionController: [getActiveSubInfoList] Sub Controller not ready
06-17 08:37:57.372  2328  2328 D QcrilMsgTunnelIfaceManager: handleMessage what = 2
06-17 08:37:57.373  2194  2403 D SubscriptionController: [getPhoneId]- invalid subId return=-1
06-17 08:37:57.373  2194  2194 D use-Rlog/RLOG-QC_RIL_OEM_HOOK: sendOemRilRequestRaw returns value = 1
06-17 08:37:57.373  2194  2194 I QtiRilInterface: getLpluslSupportStatus: true exception: null
06-17 08:37:57.373  2194  2194 D QtiDdsSwitchController: updateLplusLStatus - status: true
06-17 08:37:57.373  2194  2194 D QtiDdsSwitchController: Register for call state change on phone: 0
06-17 08:37:57.373  2194  2194 D QtiDdsSwitchController: Register for call state change on ims phone: 0
06-17 08:37:57.373  2194  2393 D SubscriptionInfoUpdater: updateSubscriptionInfoByIccId:- SubscriptionInfo update complete
06-17 08:37:57.373  2194  2194 D QtiDdsSwitchController: Register for call state change on phone: 1
06-17 08:37:57.373  2194  2393 D QtiSubscriptionInfoUpdater: SIM state changed, Updating user preference 
06-17 08:37:57.373  2194  2393 D QtiUiccCardProvisioner: isAllCardProvisionInfoReceived, prov pref[0] = -1
06-17 08:37:57.373  2194  2194 D QtiDdsSwitchController: Register for call state change on ims phone: 1
06-17 08:37:57.373  2194  2194 D QtiUiccCardProvisioner:  query  provision info, card state[0] = CARDSTATE_ABSENT
06-17 08:37:57.373  2194  2194 D QtiUiccCardProvisioner:  query  provision info, card state[1] = CARDSTATE_ABSENT
06-17 08:37:57.373  2194  2194 D SST     : [0] EVENT_POLL_STATE_NETWORK_SELECTION_MODE
06-17 08:37:57.374  2194  2393 D CarrierConfigLoader: update config for phoneId: 1 simState: ABSENT
06-17 08:37:57.374  2194  2393 D CarrierSvcBindHelper: update binding for phoneId: 1 simState: ABSENT
06-17 08:37:57.373  2194  2194 D SST     : [0] EVENT_POLL_STATE_NETWORK_SELECTION_MODE
06-17 08:37:57.374  2194  2393 D SubscriptionInfoUpdater: Broadcasting intent ACTION_SIM_STATE_CHANGED ABSENT reason null for mCardIndex: 1
06-17 08:37:57.374  2194  2393 D IntentBroadcaster: Broadcasting and adding intent for rebroadcast: android.intent.action.SIM_STATE_CHANGED ABSENT for slotId 1
06-17 08:37:57.374  2194  2194 D QtiSubscriptionController: getPhoneId, received dummy subId 2147483643
06-17 08:37:57.375  1595  1917 W BestClock: java.time.DateTimeException: Missing NTP fix
06-17 08:37:57.375  2194  2194 D SST     : [0] Poll ServiceState done:  oldSS=[{mVoiceRegState=1(OUT_OF_SERVICE), mDataRegState=1(OUT_OF_SERVICE), mChannelNumber=-1, duplexMode()=0, mCellBandwidths=[], mVoiceRoamingType=home, mDataRoamingType=home, mVoiceOperatorAlphaLong=null, mVoiceOperatorAlphaShort=null, mDataOperatorAlphaLong=null, mDataOperatorAlphaShort=null, isManualNetworkSelection=false(automatic), mRilVoiceRadioTechnology=0(Unknown), mRilDataRadioTechnology=0(Unknown), mCssIndicator=unsupported, mNetworkId=-1, mSystemId=-1, mCdmaRoamingIndicator=-1, mCdmaDefaultRoamingIndicator=-1, mIsEmergencyOnly=false, mIsDataRoamingFromRegistration=false, mIsUsingCarrierAggregation=false, mLteEarfcnRsrpBoost=0, mNetworkRegistrationStates=[]}] newSS=[{mVoiceRegState=3(POWER_OFF), mDataRegState=3(POWER_OFF), mChannelNumber=-1, duplexMode()=0, mCellBandwidths=[], mVoiceRoamingType=home, mDataRoamingType=home, mVoiceOperatorAlphaLong=, mVoiceOperatorAlphaShort=, mDataOperatorAlphaLong=, mDataOperatorAlphaShort=, isManualNetworkSelection=false(automatic), mRilVoiceRadioTechnology=0(Unknown), mRilDataRadioTechnology=0(Unknown), mCssIndicator=unsupported, mNetworkId=-1, mSystemId=-1, mCdmaRoamingIndicator=-1, mCdmaDefaultRoamingIndicator=-1, mIsEmergencyOnly=false, mIsDataRoamingFromRegistration=false, mIsUsingCarrierAggregation=false, mLteEarfcnRsrpBoost=0, mNetworkRegistrationStates=[]}] oldMaxDataCalls=1 mNewMaxDataCalls=1 oldReasonDataDenied=-1 mNewReasonDataDenied=-1
06-17 08:37:57.375  2194  2194 D SST     : [0] pollStateDone: hasRegistered=false hasDeregistered=false hasDataAttached=false hasDataDetached=false hasDataRegStateChanged=true hasRilVoiceRadioTechnologyChanged= false hasRilDataRadioTechnologyChanged=false hasChanged=true hasVoiceRoamingOn=false hasVoiceRoamingOff=false hasDataRoamingOn=false hasDataRoamingOff=false hasLocationChanged=false has4gHandoff = false hasMultiApnSupport=false hasLostMultiApnSupport=false hasCssIndicatorChanged=false
06-17 08:37:57.345   594   594 I chatty  : uid=1000(system) hwservicemanage identical 62 lines
06-17 08:37:57.345   594   594 I snet_event_log: [121035042,-1,]
06-17 08:37:57.375  2194  2194 I gsm_service_state_change: [1,1,3,3]
06-17 08:37:57.375  2194  2194 D SST     : [0] updateSpnDisplay: radio is off w/ showPlmn=true plmn=No service
06-17 08:37:57.375  2159  2224 W QCNEJ   : |CORE| Phone id invalid or Service State available
06-17 08:37:57.376  2194  2194 D SST     : [0] updateSpnDisplay: changed sending intent rule=0 showPlmn='true' plmn='No service' showSpn='false' spn='null' dataSpn='' subId='2147483643'
06-17 08:37:57.376  1595  1595 D WifiService: resetting networks because SIM was removed
06-17 08:37:57.376  2194  2393 D SubscriptionInfoUpdater: Broadcasting intent ACTION_SIM_CARD_STATE_CHANGED ABSENT for phone: 1
06-17 08:37:57.376  1595  1917 W BestClock: java.time.DateTimeException: Missing NTP fix
06-17 08:37:57.378  2194  2194 D SubscriptionController: [setCarrierText]+ text:No service subId:2147483643
06-17 08:37:57.380  2194  2208 D QtiSubscriptionController: getPhoneId, received dummy subId 2147483643
06-17 08:37:57.380  2194  2194 D SubscriptionController: notifySubscriptionInfoChanged:
06-17 08:37:57.380  1595  1595 I GnssLocationProvider: WakeLock acquired by sendMessage(SUBSCRIPTION_OR_SIM_CHANGED, 0, null)
06-17 08:37:57.380  2159  2224 I QCNEJ   : |CORE| phoneCount: 2
06-17 08:37:57.380  1595  1640 I GnssLocationProvider: WakeLock released by handleMessage(SUBSCRIPTION_OR_SIM_CHANGED, 0, null)
06-17 08:37:57.381  2194  2208 D SubscriptionController: [getActiveSubInfoList] Sub Controller not ready
06-17 08:37:57.381  2194  2474 D SubscriptionController: [getActiveSubInfoList] Sub Controller not ready
06-17 08:37:57.382  2194  2194 D SubscriptionController: [getPhoneId]- no sims, returning default phoneId=0
06-17 08:37:57.383  2194  2194 D QtiSubscriptionController: getPhoneId, received dummy subId 2147483643
06-17 08:37:57.384  2194  2194 D SST     : [0] operatorNumeric  is invalid
06-17 08:37:57.384  2194  2194 D LocaleTracker: updateOperatorNumericAsync. mcc/mnc=
06-17 08:37:57.384  2194  2194 D SST     : handleNetworkUnavailable
06-17 08:37:57.385  1595  1917 W BestClock: java.time.DateTimeException: Missing NTP fix
06-17 08:37:57.385  2194  2208 D QtiSubscriptionController: getPhoneId, received dummy subId 2147483643
06-17 08:37:57.385  2194  2481 D SubscriptionController: [getActiveSubInfoList] Sub Controller not ready
06-17 08:37:57.386  2194  2194 D SST     : [0] Broadcasting ServiceState : {mVoiceRegState=3(POWER_OFF), mDataRegState=3(POWER_OFF), mChannelNumber=-1, duplexMode()=0, mCellBandwidths=[], mVoiceRoamingType=home, mDataRoamingType=home, mVoiceOperatorAlphaLong=, mVoiceOperatorAlphaShort=, mDataOperatorAlphaLong=, mDataOperatorAlphaShort=, isManualNetworkSelection=false(automatic), mRilVoiceRadioTechnology=0(Unknown), mRilDataRadioTechnology=0(Unknown), mCssIndicator=unsupported, mNetworkId=-1, mSystemId=-1, mCdmaRoamingIndicator=-1, mCdmaDefaultRoamingIndicator=-1, mIsEmergencyOnly=false, mIsDataRoamingFromRegistration=false, mIsUsingCarrierAggregation=false, mLteEarfcnRsrpBoost=0, mNetworkRegistrationStates=[]}
06-17 08:37:57.386  2194  2194 D DefaultPhoneNotifier: nofityServiceState: mRegistry=com.android.internal.telephony.ITelephonyRegistry$Stub$Proxy@4fd74d9 ss={mVoiceRegState=3(POWER_OFF), mDataRegState=3(POWER_OFF), mChannelNumber=-1, duplexMode()=0, mCellBandwidths=[], mVoiceRoamingType=home, mDataRoamingType=home, mVoiceOperatorAlphaLong=, mVoiceOperatorAlphaShort=, mDataOperatorAlphaLong=, mDataOperatorAlphaShort=, isManualNetworkSelection=false(automatic), mRilVoiceRadioTechnology=0(Unknown), mRilDataRadioTechnology=0(Unknown), mCssIndicator=unsupported, mNetworkId=-1, mSystemId=-1, mCdmaRoamingIndicator=-1, mCdmaDefaultRoamingIndicator=-1, mIsEmergencyOnly=false, mIsDataRoamingFromRegistration=false, mIsUsingCarrierAggregation=false, mLteEarfcnRsrpBoost=0, mNetworkRegistrationStates=[]} sender=Handler (com.qualcomm.qti.internal.telephony.QtiGsmCdmaPhone) {409196d} phondId=0 subId=2147483643
06-17 08:37:57.387  2194  2481 D QtiSubscriptionController: getPhoneId, received dummy subId 2147483643
06-17 08:37:57.387  2194  2194 D QtiSubscriptionController: getPhoneId, received dummy subId 2147483643
06-17 08:37:57.385  1595  1917 W BestClock: java.time.DateTimeException: Missing NTP fix
06-17 08:37:57.388  2159  2224 I QCNEJ   : |CORE| phoneCount: 2
06-17 08:37:57.388  1595  1640 I GnssLocationProvider: WakeLock released by handleMessage(SUBSCRIPTION_OR_SIM_CHANGED, 0, null)
06-17 08:37:57.388  2194  2481 D SubscriptionController: [getActiveSubInfoList] Sub Controller not ready
06-17 08:37:57.389  2194  2194 D ServiceStateProvider: subId=2147483643
06-17 08:37:57.390  2194  2209 D SubscriptionController: [getActiveSubInfoList] Sub Controller not ready
06-17 08:37:57.391  2194  2194 D SST     : [0] notifyDataRegStateRilRadioTechnologyChanged: drs=3 rat=0
06-17 08:37:57.391  2194  2194 D QtiDCT  : [0]get all active apn types
06-17 08:37:57.392  2194  2194 D QtiSubscriptionController: getPhoneId, received dummy subId 2147483643
06-17 08:37:57.393  2194  2194 D QtiSubscriptionController: getPhoneId, received dummy subId 2147483644
06-17 08:37:57.393   736   736 D SDM     : DisplayBase::BuildLayerStackStats: LayerStack layer_count: 2, app_layer_count: 1, gpu_target_index: 1, display type: 0
06-17 08:37:57.394  2194  2194 D QtiGsmCdmaPhone: handleMessage: Event: 6
06-17 08:37:57.394  2194  2194 D GsmCdmaPhone: [1] Baseband version: BP01.005(SC66CENAR01A05)
06-17 08:37:57.394  2194  2194 E TelephonyManager: xxxxxxxxxxxxxxxxx
06-17 08:37:57.399  2194  2194 D QtiGsmCdmaPhone: handleMessage: Event: 35
06-17 08:37:57.399  2194  2194 D QtiRadioCapabilityController:  radioCapabilityUpdated phoneId[1] rc = {mPhoneId = 1 mVersion=1 mSession=0 mPhase=0 mRadioAccessFamily=213320 mLogicModemId=1 mStatus=1}
06-17 08:37:57.400  2194  2194 D GsmCdmaPhone: EVENT_GET_RADIO_CAPABILITY: phone rc: {mPhoneId = 1 mVersion=1 mSession=0 mPhase=0 mRadioAccessFamily=213320 mLogicModemId=1 mStatus=1}
06-17 08:37:57.400  2194  2194 D QtiGsmCdmaPhone: handleMessage: Event: 21
06-17 08:37:57.400  2194  2194 D SST     : [1] handlePollStateResult exception java.lang.IllegalStateException: Service not connected.
06-17 08:37:57.400  2194  2194 E SST     : [1] RIL implementation has returned an error where it must succeedjava.lang.IllegalStateException: Service not connected.
06-17 08:37:57.400  2194  2194 D SST     : [1] handlePollStateResult exception java.lang.IllegalStateException: Service not connected.
06-17 08:37:57.400  2194  2194 E SST     : [1] RIL implementation has returned an error where it must succeedjava.lang.IllegalStateException: Service not connected.
06-17 08:37:57.400  2194  2194 D SST     : [0] mDeviceShuttingDown=false, mDesiredPowerState=true, getRadioState=RADIO_ON, mPowerOffDelayNeed=true, mAlarmSwitch=false, mRadioDisabledByCarrier=false
06-17 08:37:57.400  2194  2194 D SST     : [0] pollState: modemTriggered=true
06-17 08:37:57.401  2194  2194 D RILJ    : [3723]> OPERATOR [SUB0]
06-17 08:37:57.401  2194  2194 D NetworkRegistrationManager: getNetworkRegistrationState domain 2
06-17 08:37:57.401  2194  2194 D NetworkRegistrationManager: getNetworkRegistrationState domain 1
06-17 08:37:57.401  2194  2194 D RILJ    : [3724]> QUERY_NETWORK_SELECTION_MODE [SUB0]
06-17 08:37:57.402   728  2305 D vendor.qti.bluetooth@1.0-patch_dl_manager: FrameHciCmdPkt: Sending EDL_GET_BOARD_ID
06-17 08:37:57.402   728  2305 D vendor.qti.bluetooth@1.0-patch_dl_manager: HCI-CMD -1:	0x1 	0x0 	0xfc 	0x1 	0x23
06-17 08:37:57.402   728  2305 I vendor.qti.bluetooth@1.0-patch_dl_manager: GetBoardIdReq: Sending EDL_GET_BOARD_ID
06-17 08:37:57.402  2194  2194 D RILJ    : [3726]> GET_CURRENT_CALLS [SUB0]
06-17 08:37:57.403  2194  2310 D RILJ    : [3723]< OPERATOR {, , } [SUB0]
06-17 08:37:57.403  2194  2430 D RILJ    : [3725]> DATA_REGISTRATION_STATE [SUB0]
06-17 08:37:57.403   728  2305 I vendor.qti.bluetooth@1.0-patch_dl_manager: GetVsHciEvent: board id 0 0!!
06-17 08:37:57.403   728  2305 D vendor.qti.bluetooth@1.0-patch_dl_manager: ReadHciEvent: Expected CC
06-17 08:37:57.403   728  2305 E vendor.qti.bluetooth@1.0-patch_dl_manager: /bt_firmware/image/apnv11.b00 File Open Fail
06-17 08:37:57.403   728  2305 E vendor.qti.bluetooth@1.0-patch_dl_manager: /vendor/bt_firmware/image/apnv11.b00 File Opening from alternate path: Fail
06-17 08:37:57.403   728  2305 I vendor.qti.bluetooth@1.0-patch_dl_manager: DownloadTlvFile: /bt_firmware/image/apnv11.b00: file doesn't exist, falling back to default file
06-17 08:37:57.403   728  2305 E vendor.qti.bluetooth@1.0-patch_dl_manager: /bt_firmware/image/apnv11.bin File Open Fail
06-17 08:37:57.403  2194  2430 D RILJ    : [3728]> VOICE_REGISTRATION_STATE [SUB0]
06-17 08:37:57.404   728  2305 I vendor.qti.bluetooth@1.0-patch_dl_manager: File open /vendor/bt_firmware/image/apnv11.bin succeded
06-17 08:37:57.404  2194  2310 D RILJ    : [3724]< QUERY_NETWORK_SELECTION_MODE {0} [SUB0]
06-17 08:37:57.404  1287  1375 E RILC    : Empty response
06-17 08:37:57.404  2194  2194 D RILJ    : [3727]> RIL_REQUEST_IMS_REGISTRATION_STATE [SUB0]
06-17 08:37:57.404  2194  2194 D QtiGsmCdmaPhone: handleMessage: Event: 5
06-17 08:37:57.404  2194  2194 D GsmCdmaPhone: [0] Event EVENT_RADIO_ON Received
06-17 08:37:57.405  2194  2310 D RILJ    : [3726]< GET_CURRENT_CALLS {} [SUB0]
06-17 08:37:57.405  2194  2194 D RILJ    : [3729]> RIL_REQUEST_VOICE_RADIO_TECH [SUB0]
06-17 08:37:57.405   728  2305 I vendor.qti.bluetooth@1.0-patch_dl_manager: ====================================================
06-17 08:37:57.405   728  2305 I vendor.qti.bluetooth@1.0-patch_dl_manager: TLV Type			 : 0x4
06-17 08:37:57.405   728  2305 I vendor.qti.bluetooth@1.0-patch_dl_manager: Length			 : 4634 bytes
06-17 08:37:57.405   728  2305 I vendor.qti.bluetooth@1.0-patch_dl_manager: ====================================================
06-17 08:37:57.405   728  2305 I vendor.qti.bluetooth@1.0-patch_dl_manager: ====================================================
06-17 08:37:57.405   728  2305 I vendor.qti.bluetooth@1.0-patch_dl_manager: TLV Type			 : 0x2
06-17 08:37:57.405   728  2305 I vendor.qti.bluetooth@1.0-patch_dl_manager: Length			 : 3389 bytes
06-17 08:37:57.405   728  2305 I vendor.qti.bluetooth@1.0-patch_dl_manager: ====================================================
06-17 08:37:57.405   728  2305 I vendor.qti.bluetooth@1.0-patch_dl_manager: BD Address: f9:53:67:88:22:22
06-17 08:37:57.406  2194  2194 D RILJ    : [3730]> RIL_REQUEST_CDMA_GET_SUBSCRIPTION_SOURCE [SUB0]
06-17 08:37:57.406  2194  2194 D use-Rlog/RLOG-QC_RIL_OEM_HOOK: Received Broadcast Intent ACTION_UNSOL_RESPONSE_OEM_HOOK_RAW
06-17 08:37:57.406  2194  2194 D use-Rlog/RLOG-QC_RIL_OEM_HOOK: Oem ID in QCRILHOOK UNSOL RESP is QOEMHOOK
06-17 08:37:57.407  2194  2194 D SST     : [1] mDeviceShuttingDown=false, mDesiredPowerState=true, getRadioState=RADIO_ON, mPowerOffDelayNeed=true, mAlarmSwitch=false, mRadioDisabledByCarrier=false
06-17 08:37:57.407  2194  2194 D SST     : [1] pollState: modemTriggered=true
06-17 08:37:57.408   728  2305 I vendor.qti.bluetooth@1.0-patch_dl_manager: ====================================================
06-17 08:37:57.408   728  2305 I vendor.qti.bluetooth@1.0-patch_dl_manager: TLV Type			 : 0x3
06-17 08:37:57.408   728  2305 I vendor.qti.bluetooth@1.0-patch_dl_manager: Length			 : 1237 bytes
06-17 08:37:57.408   728  2305 I vendor.qti.bluetooth@1.0-patch_dl_manager: ====================================================
06-17 08:37:57.408  2194  2194 D RILJ    : [3731]> OPERATOR [SUB1]
06-17 08:37:57.408  2194  2194 D NetworkRegistrationManager: getNetworkRegistrationState domain 2
06-17 08:37:57.408  2194  2194 D NetworkRegistrationManager: getNetworkRegistrationState domain 1
06-17 08:37:57.408  2194  2194 D RILJ    : [3732]> QUERY_NETWORK_SELECTION_MODE [SUB1]
06-17 08:37:57.408   728  2305 I vendor.qti.bluetooth@1.0-patch_dl_manager: ====================================================
06-17 08:37:57.409   728  2305 I vendor.qti.bluetooth@1.0-patch_dl_manager: TlvDnldReq: TLV size: 4638, Total Seg num: 19, remain size: 21
06-17 08:37:57.409  2032  2032 D KeyguardUpdateMonitor: received broadcast android.intent.action.SERVICE_STATE
06-17 08:37:57.409  2194  2194 D RILJ    : [3733]> GET_CURRENT_CALLS [SUB1]
06-17 08:37:57.409  2032  2032 V KeyguardUpdateMonitor: action android.intent.action.SERVICE_STATE serviceState={mVoiceRegState=1(OUT_OF_SERVICE), mDataRegState=1(OUT_OF_SERVICE), mChannelNumber=-1, duplexMode()=0, mCellBandwidths=[], mVoiceRoamingType=home, mDataRoamingType=home, mVoiceOperatorAlphaLong=null, mVoiceOperatorAlphaShort=null, mDataOperatorAlphaLong=null, mDataOperatorAlphaShort=null, isManualNetworkSelection=false(automatic), mRilVoiceRadioTechnology=0(Unknown), mRilDataRadioTechnology=0(Unknown), mCssIndicator=unsupported, mNetworkId=-1, mSystemId=-1, mCdmaRoamingIndicator=-1, mCdmaDefaultRoamingIndicator=-1, mIsEmergencyOnly=false, mIsDataRoamingFromRegistration=false, mIsUsingCarrierAggregation=false, mLteEarfcnRsrpBoost=0, mNetworkRegistrationStates=[]} subId=2147483643
06-17 08:37:57.409  2032  2032 D KeyguardUpdateMonitor: received broadcast android.intent.action.SERVICE_STATE
06-17 08:37:57.409  2032  2032 V KeyguardUpdateMonitor: action android.intent.action.SERVICE_STATE serviceState={mVoiceRegState=1(OUT_OF_SERVICE), mDataRegState=1(OUT_OF_SERVICE), mChannelNumber=-1, duplexMode()=0, mCellBandwidths=[], mVoiceRoamingType=home, mDataRoamingType=home, mVoiceOperatorAlphaLong=null, mVoiceOperatorAlphaShort=null, mDataOperatorAlphaLong=null, mDataOperatorAlphaShort=null, isManualNetworkSelection=false(automatic), mRilVoiceRadioTechnology=0(Unknown), mRilDataRadioTechnology=0(Unknown), mCssIndicator=unsupported, mNetworkId=-1, mSystemId=-1, mCdmaRoamingIndicator=-1, mCdmaDefaultRoamingIndicator=-1, mIsEmergencyOnly=false, mIsDataRoamingFromRegistration=false, mIsUsingCarrierAggregation=false, mLteEarfcnRsrpBoost=0, mNetworkRegistrationStates=[]} subId=2147483644
06-17 08:37:57.410  2194  2310 D RILJ    : [3730]< RIL_REQUEST_CDMA_GET_SUBSCRIPTION_SOURCE {0} [SUB0]
06-17 08:37:57.410  2194  2310 D RILJ    : [3731]< OPERATOR {, , } [SUB1]
06-17 08:37:57.410   736   736 D SDM     : DisplayBase::BuildLayerStackStats: LayerStack layer_count: 2, app_layer_count: 1, gpu_target_index: 1, display type: 0
06-17 08:37:57.410  1287  1375 E RILC    : getImsRegistrationStateResponse Invalid response: NULL
06-17 08:37:57.411   728  2305 D vendor.qti.bluetooth@1.0-patch_dl_manager: ReadHciEvent: Expected CC
06-17 08:37:57.411  1330  1374 E RILC    : Empty response
06-17 08:37:57.411  2194  2430 D RILJ    : [3734]> DATA_REGISTRATION_STATE [SUB1]
06-17 08:37:57.412  2194  2194 D RILJ    : [3735]> RIL_REQUEST_IMS_REGISTRATION_STATE [SUB1]
06-17 08:37:57.413  2194  2194 D QtiGsmCdmaPhone: handleMessage: Event: 5
06-17 08:37:57.413  2194  2194 D GsmCdmaPhone: [1] Event EVENT_RADIO_ON Received
06-17 08:37:57.413  2194  2310 D RILJ    : [3727]< RIL_REQUEST_IMS_REGISTRATION_STATE error 46 [SUB0]
06-17 08:37:57.413  2194  2310 D RilRequest: [3727]< RIL_REQUEST_IMS_REGISTRATION_STATE error: com.android.internal.telephony.CommandException: INVALID_MODEM_STATE ret={0, 0}
06-17 08:37:57.413  2194  2430 D RILJ    : [3736]> VOICE_REGISTRATION_STATE [SUB1]
06-17 08:37:57.413  2194  2310 D RILJ    : [3733]< GET_CURRENT_CALLS {} [SUB1]
06-17 08:37:57.414  2194  2194 D RILJ    : [3737]> RIL_REQUEST_VOICE_RADIO_TECH [SUB1]
06-17 08:37:57.414  2194  2310 D RILJ    : [3729]< RIL_REQUEST_VOICE_RADIO_TECH {4} [SUB0]
06-17 08:37:57.414  2194  2194 D SST     : [1] EVENT_POLL_STATE_NETWORK_SELECTION_MODE
06-17 08:37:57.414  2194  2194 D use-Rlog/RLOG-QC_RIL_OEM_HOOK: Received Broadcast Intent ACTION_UNSOL_RESPONSE_OEM_HOOK_RAW
06-17 08:37:57.414  2194  2194 D use-Rlog/RLOG-QC_RIL_OEM_HOOK: Oem ID in QCRILHOOK UNSOL RESP is QOEMHOOK
06-17 08:37:57.415  2194  2194 D SST     : [1] EVENT_POLL_STATE_NETWORK_SELECTION_MODE
06-17 08:37:57.415  2194  2194 D ImsPhone: [0] handleMessage what=53
06-17 08:37:57.415  2194  2310 D RILJ    : [3725]< DATA_REGISTRATION_STATE {.regState = NOT_REG_MT_SEARCHING_OP, .rat = 0, .reasonDataDenied = 0, .maxDataCalls = 20, .cellIdentity = {.cellInfoType = NONE, .cellIdentityGsm = [], .cellIdentityWcdma = [], .cellIdentityCdma = [], .cellIdentityLte = [], .cellIdentityTdscdma = []}} [SUB0]
06-17 08:37:57.415  2194  2476 D NetworkRegistrationManager: onGetNetworkRegistrationStateComplete result 0 state NetworkRegistrationState{transportType=1 domain=PS regState=NOT_REG_SEARCHING accessNetworkTechnology=UNKNOWN reasonForDenial=0 emergencyEnabled=false supportedServices=null cellIdentity=null voiceSpecificStates=null dataSpecificStates=DataSpecificRegistrationStates { mMaxDataCalls=20}}
06-17 08:37:57.415  2194  2310 D RILJ    : [3732]< QUERY_NETWORK_SELECTION_MODE {0} [SUB1]
06-17 08:37:57.415  2194  2194 D QtiSubscriptionController: getPhoneId, received dummy subId 2147483643
06-17 08:37:57.415  2194  2194 D ImsPhone: [1] handleMessage what=53
06-17 08:37:57.416  2194  2194 D SubscriptionController: [getPhoneId]- invalid subId return=-1
06-17 08:37:57.416  2194  2194 D PhoneSwitcher: handle event - 103
06-17 08:37:57.416  2194  2194 D SubscriptionController: [getPhoneId]- invalid subId return=-1
06-17 08:37:57.416  2194  2359 D LocaleTracker: getCellInfo: cell info=[]
06-17 08:37:57.416  2194  2194 D PhoneSwitcher: evaluating due to netRequest phone[0] 0->2147483643 phone[1] 0->2147483644
06-17 08:37:57.416  2194  2359 D LocaleTracker: Can't get cell info. Try again in 2 secs.
06-17 08:37:57.416  2194  2359 D LocaleTracker: updateLocale: mcc = null, country = 
06-17 08:37:57.416  2194  2359 D LocaleTracker: updateLocale: Change the current country to 
06-17 08:37:57.416  2194  2194 D SubscriptionController: [getPhoneId]- invalid subId return=-1
06-17 08:37:57.417  2194  2194 D PhoneSwitcher: InformDdsToRil rild= 0, DDS=-1
06-17 08:37:57.417  2194  2194 D use-Rlog/RLOG-QC_RIL_OEM_HOOK: dds phoneId: -1 reason: 0
06-17 08:37:57.414   728  2305 I chatty  : uid=1002 bluetooth@1.0-s identical 2 lines
06-17 08:37:57.415   728  2305 D vendor.qti.bluetooth@1.0-patch_dl_manager: ReadHciEvent: Expected CC
06-17 08:37:57.417  2328  2328 D QcrilMsgTunnelIfaceManager: handleMessage what = 1
06-17 08:37:57.418  2328  2328 I QcrilOemhookMsgTunnel: [0]invokeOemRilRequestRaw: serial=1002 length=24
06-17 08:37:57.418  2194  2475 D NetworkRegistrationManager: onGetNetworkRegistrationStateComplete result 0 state NetworkRegistrationState{transportType=1 domain=PS regState=NOT_REG_SEARCHING accessNetworkTechnology=UNKNOWN reasonForDenial=0 emergencyEnabled=false supportedServices=null cellIdentity=null voiceSpecificStates=null dataSpecificStates=DataSpecificRegistrationStates { mMaxDataCalls=20}}
06-17 08:37:57.418  2194  2310 D RILJ    : [3734]< DATA_REGISTRATION_STATE {.regState = NOT_REG_MT_SEARCHING_OP, .rat = 0, .reasonDataDenied = 0, .maxDataCalls = 20, .cellIdentity = {.cellInfoType = NONE, .cellIdentityGsm = [], .cellIdentityWcdma = [], .cellIdentityCdma = [], .cellIdentityLte = [], .cellIdentityTdscdma = []}} [SUB1]
06-17 08:37:57.418   728  2305 D vendor.qti.bluetooth@1.0-patch_dl_manager: ReadHciEvent: Expected CC
06-17 08:37:57.419  1330  1374 E RILC    : getImsRegistrationStateResponse Invalid response: NULL
06-17 08:37:57.419  2194  2310 D RILJ    : [3735]< RIL_REQUEST_IMS_REGISTRATION_STATE error 46 [SUB1]
06-17 08:37:57.419  2194  2310 D RilRequest: [3735]< RIL_REQUEST_IMS_REGISTRATION_STATE error: com.android.internal.telephony.CommandException: INVALID_MODEM_STATE ret={0, 0}
06-17 08:37:57.421  1595  2124 I WifiService: WifiService trying to set country code to 
06-17 08:37:57.420   728  2305 I chatty  : uid=1002 bluetooth@1.0-s identical 1 line
06-17 08:37:57.421   728  2305 D vendor.qti.bluetooth@1.0-patch_dl_manager: ReadHciEvent: Expected CC
06-17 08:37:57.422  1595  2124 I WifiService: setCountryCode uid=1001
06-17 08:37:57.422  1595  2124 D WifiCountryCode: sending WIFI_COUNTRY_CODE_CHANGED_ACTION
06-17 08:37:57.422  2194  2359 D LocaleTracker: updateOperatorNumericSync. mcc/mnc=
06-17 08:37:57.423  2194  2359 D LocaleTracker: Operator numeric changes to 
06-17 08:37:57.423   728  2305 D vendor.qti.bluetooth@1.0-patch_dl_manager: ReadHciEvent: Expected CC
06-17 08:37:57.423  2194  2359 D LocaleTracker: Operator numeric unavailable. Get latest cell info from the modem.
06-17 08:37:57.423  2194  2359 D SST     : [0] SST.getAllCellInfo(): return last, back to back calls
06-17 08:37:57.423  2194  2359 D LocaleTracker: getCellInfo: cell info=[]
06-17 08:37:57.423  2194  2359 D LocaleTracker: Can't get cell info. Try again in 4 secs.
06-17 08:37:57.423  2194  2359 D LocaleTracker: updateLocale: mcc = null, country = 
06-17 08:37:57.424  2328  2363 I QcrilOemhookMsgTunnel: [0]processOemHookResponse serial no: 1002 error: 0length=0
06-17 08:37:57.424  2328  2328 D QcrilMsgTunnelIfaceManager: handleMessage what = 2
06-17 08:37:57.423  2194  2359 D LocaleTracker: updateLocale: mcc = null, country = 
06-17 08:37:57.425  2194  2194 D use-Rlog/RLOG-QC_RIL_OEM_HOOK: sendOemRilRequestRaw returns value = 0
06-17 08:37:57.425  2194  2194 D PhoneSwitcher: InformDdsToRil rild= 1, DDS=-1
06-17 08:37:57.425  2194  2476 D NetworkRegistrationManager: onGetNetworkRegistrationStateComplete result 0 state NetworkRegistrationState{transportType=1 domain=CS regState=NOT_REG_SEARCHING accessNetworkTechnology=UNKNOWN reasonForDenial=0 emergencyEnabled=false supportedServices=null cellIdentity=null voiceSpecificStates=VoiceSpecificRegistrationStates { mCssSupported=false mRoamingIndicator=-1 mSystemIsInPrl=-1 mDefaultRoamingIndicator=-1} dataSpecificStates=null}
06-17 08:37:57.425  2194  2310 D RILJ    : [3728]< VOICE_REGISTRATION_STATE {.regState = NOT_REG_MT_SEARCHING_OP, .rat = 0, .cssSupported = false, .roamingIndicator = -1, .systemIsInPrl = -1, .defaultRoamingIndicator = -1, .reasonForDenial = 0, .cellIdentity = {.cellInfoType = NONE, .cellIdentityGsm = [], .cellIdentityWcdma = [], .cellIdentityCdma = [], .cellIdentityLte = [], .cellIdentityTdscdma = []}} [SUB0]
06-17 08:37:57.425  2194  2194 D use-Rlog/RLOG-QC_RIL_OEM_HOOK: dds phoneId: -1 reason: 0
06-17 08:37:57.425   728  2305 D vendor.qti.bluetooth@1.0-patch_dl_manager: ReadHciEvent: Expected CC
06-17 08:37:57.425  2328  2328 D QcrilMsgTunnelIfaceManager: handleMessage what = 1
06-17 08:37:57.426  2328  2328 I QcrilOemhookMsgTunnel: [1]invokeOemRilRequestRaw: serial=1003 length=24
06-17 08:37:57.426  2328  2363 I QcrilOemhookMsgTunnel: [0]processOemHookIndication length=28
06-17 08:37:57.427  2328  2328 D QcrilMsgTunnelIfaceManager: handleMessage what = 0
06-17 08:37:57.427  2194  2310 D RILJ    : [3737]< RIL_REQUEST_VOICE_RADIO_TECH {3} [SUB1]
06-17 08:37:57.427   728  2305 D vendor.qti.bluetooth@1.0-patch_dl_manager: ReadHciEvent: Expected CC
06-17 08:37:57.429  2328  2363 I QcrilOemhookMsgTunnel: [1]processOemHookResponse serial no: 1003 error: 0length=0
06-17 08:37:57.429  2328  2328 D QcrilMsgTunnelIfaceManager: handleMessage what = 2
06-17 08:37:57.429   728  2305 D vendor.qti.bluetooth@1.0-patch_dl_manager: ReadHciEvent: Expected CC
06-17 08:37:57.429  2194  2310 D RILJ    : [3736]< VOICE_REGISTRATION_STATE {.regState = NOT_REG_MT_SEARCHING_OP, .rat = 0, .cssSupported = false, .roamingIndicator = -1, .systemIsInPrl = -1, .defaultRoamingIndicator = -1, .reasonForDenial = 0, .cellIdentity = {.cellInfoType = NONE, .cellIdentityGsm = [], .cellIdentityWcdma = [], .cellIdentityCdma = [], .cellIdentityLte = [], .cellIdentityTdscdma = []}} [SUB1]
06-17 08:37:57.430  2194  2475 D NetworkRegistrationManager: onGetNetworkRegistrationStateComplete result 0 state NetworkRegistrationState{transportType=1 domain=CS regState=NOT_REG_SEARCHING accessNetworkTechnology=UNKNOWN reasonForDenial=0 emergencyEnabled=false supportedServices=null cellIdentity=null voiceSpecificStates=VoiceSpecificRegistrationStates { mCssSupported=false mRoamingIndicator=-1 mSystemIsInPrl=-1 mDefaultRoamingIndicator=-1} dataSpecificStates=null}
06-17 08:37:57.430  2194  2194 D use-Rlog/RLOG-QC_RIL_OEM_HOOK: sendOemRilRequestRaw returns value = 0
06-17 08:37:57.430  2194  2194 D SubscriptionController: [getPhoneId]- invalid subId return=-1
06-17 08:37:57.430  2194  2194 D PhoneSwitcher: handle event - 103
06-17 08:37:57.430  2328  2363 I QcrilOemhookMsgTunnel: [1]processOemHookIndication length=28
06-17 08:37:57.430  2328  2328 D QcrilMsgTunnelIfaceManager: handleMessage what = 0
06-17 08:37:57.430  2194  2194 D SubscriptionController: [getPhoneId]- invalid subId return=-1
06-17 08:37:57.431  2194  2194 D PhoneSwitcher: evaluating due to netRequest
06-17 08:37:57.431   728  2305 D vendor.qti.bluetooth@1.0-patch_dl_manager: ReadHciEvent: Expected CC
06-17 08:37:57.431  2194  2194 D SubscriptionController: [getPhoneId]- invalid subId return=-1
06-17 08:37:57.431  2194  2194 D PhoneSwitcher: InformDdsToRil rild= 0, DDS=-1
06-17 08:37:57.432  2194  2194 D use-Rlog/RLOG-QC_RIL_OEM_HOOK: dds phoneId: -1 reason: 0
06-17 08:37:57.432  2328  2328 D QcrilMsgTunnelIfaceManager: handleMessage what = 1
06-17 08:37:57.433   728  2305 D vendor.qti.bluetooth@1.0-patch_dl_manager: ReadHciEvent: Expected CC
06-17 08:37:57.433  2328  2328 I QcrilOemhookMsgTunnel: [0]invokeOemRilRequestRaw: serial=1004 length=24
06-17 08:37:57.434  2328  2363 I QcrilOemhookMsgTunnel: [0]processOemHookResponse serial no: 1004 error: 0length=0
06-17 08:37:57.434   728  2305 D vendor.qti.bluetooth@1.0-patch_dl_manager: ReadHciEvent: Expected CC
06-17 08:37:57.434  2328  2328 D QcrilMsgTunnelIfaceManager: handleMessage what = 2
06-17 08:37:57.434  2194  2194 D use-Rlog/RLOG-QC_RIL_OEM_HOOK: sendOemRilRequestRaw returns value = 0
06-17 08:37:57.434  2194  2194 D PhoneSwitcher: InformDdsToRil rild= 1, DDS=-1
06-17 08:37:57.435  2194  2194 D use-Rlog/RLOG-QC_RIL_OEM_HOOK: dds phoneId: -1 reason: 0
06-17 08:37:57.435  2328  2328 D QcrilMsgTunnelIfaceManager: handleMessage what = 1
06-17 08:37:57.435  2328  2328 I QcrilOemhookMsgTunnel: [1]invokeOemRilRequestRaw: serial=1005 length=24
06-17 08:37:57.436  2328  2363 I QcrilOemhookMsgTunnel: [0]processOemHookIndication length=28
06-17 08:37:57.436  2328  2328 D QcrilMsgTunnelIfaceManager: handleMessage what = 0
06-17 08:37:57.436   728  2305 D vendor.qti.bluetooth@1.0-patch_dl_manager: ReadHciEvent: Expected CC
06-17 08:37:57.437  2328  2363 I QcrilOemhookMsgTunnel: [1]processOemHookResponse serial no: 1005 error: 0length=0
06-17 08:37:57.437  2328  2328 D QcrilMsgTunnelIfaceManager: handleMessage what = 2
06-17 08:37:57.437  2194  2194 D use-Rlog/RLOG-QC_RIL_OEM_HOOK: sendOemRilRequestRaw returns value = 0
06-17 08:37:57.437  2194  2194 D SubscriptionController: [getPhoneId]- invalid subId return=-1
06-17 08:37:57.437  2194  2194 D PhoneSwitcher: handle event - 103
06-17 08:37:57.437   728  2305 D vendor.qti.bluetooth@1.0-patch_dl_manager: ReadHciEvent: Expected CC
06-17 08:37:57.437  2194  2194 D SubscriptionController: [getPhoneId]- invalid subId return=-1
06-17 08:37:57.437  2194  2194 D PhoneSwitcher: evaluating due to netRequest
06-17 08:37:57.438  2194  2194 D SubscriptionController: [getPhoneId]- invalid subId return=-1
06-17 08:37:57.438  2328  2363 I QcrilOemhookMsgTunnel: [1]processOemHookIndication length=28
06-17 08:37:57.438  2194  2194 D PhoneSwitcher: InformDdsToRil rild= 0, DDS=-1
06-17 08:37:57.438  2194  2194 D use-Rlog/RLOG-QC_RIL_OEM_HOOK: dds phoneId: -1 reason: 0
06-17 08:37:57.438  2328  2328 D QcrilMsgTunnelIfaceManager: handleMessage what = 0
06-17 08:37:57.439  2328  2328 D QcrilMsgTunnelIfaceManager: handleMessage what = 1
06-17 08:37:57.439   728  2305 D vendor.qti.bluetooth@1.0-patch_dl_manager: ReadHciEvent: Expected CC
06-17 08:37:57.439  2328  2328 I QcrilOemhookMsgTunnel: [0]invokeOemRilRequestRaw: serial=1006 length=24
06-17 08:37:57.440  2328  2363 I QcrilOemhookMsgTunnel: [0]processOemHookResponse serial no: 1006 error: 0length=0
06-17 08:37:57.440   728  2305 D vendor.qti.bluetooth@1.0-patch_dl_manager: ReadHciEvent: Expected CC
06-17 08:37:57.440  2328  2328 D QcrilMsgTunnelIfaceManager: handleMessage what = 2
06-17 08:37:57.440  2194  2194 D use-Rlog/RLOG-QC_RIL_OEM_HOOK: sendOemRilRequestRaw returns value = 0
06-17 08:37:57.440  2194  2194 D PhoneSwitcher: InformDdsToRil rild= 1, DDS=-1
06-17 08:37:57.441  2194  2194 D use-Rlog/RLOG-QC_RIL_OEM_HOOK: dds phoneId: -1 reason: 0
06-17 08:37:57.441  2328  2328 D QcrilMsgTunnelIfaceManager: handleMessage what = 1
06-17 08:37:57.441   728  2305 D vendor.qti.bluetooth@1.0-patch_dl_manager: ReadHciEvent: Expected CC
06-17 08:37:57.442  2328  2328 I QcrilOemhookMsgTunnel: [1]invokeOemRilRequestRaw: serial=1007 length=24
06-17 08:37:57.442  2328  2363 I QcrilOemhookMsgTunnel: [0]processOemHookIndication length=28
06-17 08:37:57.442  2328  2328 D QcrilMsgTunnelIfaceManager: handleMessage what = 0
06-17 08:37:57.443   728  2305 D vendor.qti.bluetooth@1.0-patch_dl_manager: ReadHciEvent: Expected CC
06-17 08:37:57.443   728  2305 I vendor.qti.bluetooth@1.0-patch_dl_manager: SocInit: Download TLV file successfully 
06-17 08:37:57.443  2328  2363 I QcrilOemhookMsgTunnel: [1]processOemHookResponse serial no: 1007 error: 0length=0
06-17 08:37:57.443   736   736 D SDM     : DisplayBase::BuildLayerStackStats: LayerStack layer_count: 2, app_layer_count: 1, gpu_target_index: 1, display type: 0
06-17 08:37:57.443  2328  2328 D QcrilMsgTunnelIfaceManager: handleMessage what = 2
06-17 08:37:57.444   728  2305 I vendor.qti.bluetooth@1.0-patch_dl_manager: BT SoC FW SU Build info: BTFM.CHE.2.1.1.c2-00171-QCACHROMZ-1, 35
06-17 08:37:57.444   728  2305 D vendor.qti.bluetooth@1.0-patch_dl_manager: ReadHciEvent: Expected CC
06-17 08:37:57.444   728  2305 I vendor.qti.bluetooth@1.0-patch_dl_manager: EnableEnhControllerLog: 0
06-17 08:37:57.444  2194  2194 D use-Rlog/RLOG-QC_RIL_OEM_HOOK: sendOemRilRequestRaw returns value = 0
06-17 08:37:57.444  2194  2194 D SubscriptionController: [getPhoneId]- invalid subId return=-1
06-17 08:37:57.444   728  2305 D vendor.qti.bluetooth@1.0-patch_dl_manager: ReadHciEvent: Expected CC
06-17 08:37:57.444   728  2305 I vendor.qti.bluetooth@1.0-patch_dl_manager: ReadScramblingSupport: Sending GET_SCRAM_FREQUENCIES_CMD
06-17 08:37:57.445  2194  2194 D PhoneSwitcher: handle event - 103
06-17 08:37:57.445  2194  2194 D SubscriptionController: [getPhoneId]- invalid subId return=-1
06-17 08:37:57.445   728  2305 E vendor.qti.bluetooth@1.0-patch_dl_manager: ReadCmdCmplEvent: Unexpected event ff received
06-17 08:37:57.445   728  2305 D vendor.qti.bluetooth@1.0-patch_dl_manager: ReadCmdCmplEvent: Cmd Cmpl received for opcode fc0a
06-17 08:37:57.445   728  2305 I vendor.qti.bluetooth@1.0-patch_dl_manager: HciReset: HCI RESET 
06-17 08:37:57.445  2194  2194 D PhoneSwitcher: evaluating due to netRequest
06-17 08:37:57.445  2194  2194 D SubscriptionController: [getPhoneId]- invalid subId return=-1
06-17 08:37:57.445  2194  2194 D PhoneSwitcher: InformDdsToRil rild= 0, DDS=-1
06-17 08:37:57.446  2194  2194 D use-Rlog/RLOG-QC_RIL_OEM_HOOK: dds phoneId: -1 reason: 0
06-17 08:37:57.446  2328  2328 D QcrilMsgTunnelIfaceManager: handleMessage what = 1
06-17 08:37:57.447  2328  2328 I QcrilOemhookMsgTunnel: [0]invokeOemRilRequestRaw: serial=1008 length=24
06-17 08:37:57.447  2328  2363 I QcrilOemhookMsgTunnel: [1]processOemHookIndication length=28
06-17 08:37:57.447  2328  2328 D QcrilMsgTunnelIfaceManager: handleMessage what = 0
06-17 08:37:57.448  2328  2363 I QcrilOemhookMsgTunnel: [0]processOemHookResponse serial no: 1008 error: 0length=0
06-17 08:37:57.449  2328  2328 D QcrilMsgTunnelIfaceManager: handleMessage what = 2
06-17 08:37:57.449   728  2305 D vendor.qti.bluetooth@1.0-patch_dl_manager: ReadHciEvent: Expected CC
06-17 08:37:57.449  2194  2194 D use-Rlog/RLOG-QC_RIL_OEM_HOOK: sendOemRilRequestRaw returns value = 0
06-17 08:37:57.449  2032  2032 I ImageWallpaper: Redrawing in rect: RectF(0.0, 0.0, 1553.75, 1280.0) with surface size: 1243x1280
06-17 08:37:57.449  2194  2194 D PhoneSwitcher: InformDdsToRil rild= 1, DDS=-1
06-17 08:37:57.450  2194  2194 D use-Rlog/RLOG-QC_RIL_OEM_HOOK: dds phoneId: -1 reason: 0
06-17 08:37:57.450  2032  2032 I ImageWallpaper: Redrawing in rect: RectF(0.0, 0.0, 1553.75, 1280.0) with surface size: 1243x1280
06-17 08:37:57.451   728  2491 E vendor.qti.bluetooth@1.0-async_fd_watcher: ThreadRoutine unable to set SCHED_FIFO for pid 728, tid 2491, error Operation not permitted
06-17 08:37:57.451  2328  2328 D QcrilMsgTunnelIfaceManager: handleMessage what = 1
06-17 08:37:57.451  2328  2363 I QcrilOemhookMsgTunnel: [0]processOemHookIndication length=28
06-17 08:37:57.451  2328  2328 I QcrilOemhookMsgTunnel: [1]invokeOemRilRequestRaw: serial=1009 length=24
06-17 08:37:57.451  2328  2328 D QcrilMsgTunnelIfaceManager: handleMessage what = 0
06-17 08:37:57.451   728  2305 D vendor.qti.bluetooth@1.0-uart_controller: Init succeded
06-17 08:37:57.451   728  2305 I vendor.qti.bluetooth@1.0-data_handler: Firmware download succeded, soc need reload patch next time=1
06-17 08:37:57.452  1997  2301 I bt_hci  : event_finish_startup
06-17 08:37:57.452  1997  2104 I bt_core_module: module_start_up Started module "hci_module"
06-17 08:37:57.453  2328  2363 I QcrilOemhookMsgTunnel: [1]processOemHookResponse serial no: 1009 error: 0length=0
06-17 08:37:57.453  2328  2328 D QcrilMsgTunnelIfaceManager: handleMessage what = 2
06-17 08:37:57.454  2194  2194 D use-Rlog/RLOG-QC_RIL_OEM_HOOK: sendOemRilRequestRaw returns value = 0
06-17 08:37:57.454  2194  2194 D SubscriptionController: [getPhoneId]- invalid subId return=-1
06-17 08:37:57.454  2194  2194 D PhoneSwitcher: handle event - 103
06-17 08:37:57.454  2194  2194 D SubscriptionController: [getPhoneId]- invalid subId return=-1
06-17 08:37:57.454  2194  2194 D PhoneSwitcher: evaluating due to netRequest
06-17 08:37:57.454  2194  2194 D SubscriptionController: [getPhoneId]- invalid subId return=-1
06-17 08:37:57.454  2194  2194 D PhoneSwitcher: InformDdsToRil rild= 0, DDS=-1
06-17 08:37:57.454  2194  2194 D use-Rlog/RLOG-QC_RIL_OEM_HOOK: dds phoneId: -1 reason: 0
06-17 08:37:57.455  2328  2328 D QcrilMsgTunnelIfaceManager: handleMessage what = 1
06-17 08:37:57.457  1997  2497 I bt_osi_thread: run_thread: thread id 2497, thread name bt_workqueue started
06-17 08:37:57.457  2328  2363 I QcrilOemhookMsgTunnel: [1]processOemHookIndication length=28
06-17 08:37:57.457  1997  2497 I         : [0617/083757.457814:INFO:btu_task.cc(107)] Bluetooth chip preload is complete
06-17 08:37:57.457  2328  2328 I QcrilOemhookMsgTunnel: [0]invokeOemRilRequestRaw: serial=1010 length=24
06-17 08:37:57.458  2328  2328 D QcrilMsgTunnelIfaceManager: handleMessage what = 0
06-17 08:37:57.458  1997  2497 W bt_l2cap: L2CAP - L2CA_Register() called for PSM: 0x0001
06-17 08:37:57.458  1997  2497 W bt_l2cap: L2CAP - L2CA_Register() called for PSM: 0x001f
06-17 08:37:57.458  1997  2497 I         : [0617/083757.458403:INFO:gatt_api.cc(949)] GATT_Register81818181-8181-8181-8181-818181818181
06-17 08:37:57.458  1997  2497 I         : [0617/083757.458465:INFO:gatt_api.cc(969)] allocated gatt_if=1
06-17 08:37:57.458  1997  2497 I         : [0617/083757.458497:INFO:gatt_api.cc(162)] GATTS_AddService
06-17 08:37:57.458  1997  2497 I         : [0617/083757.458530:INFO:gatt_api.cc(266)] GATTS_AddService: service parsed correctly, now starting
06-17 08:37:57.458  1997  2497 E         : [0617/083757.458601:ERROR:gatt_attr.cc(299)] gatt_profile_db_init:  gatt_if=1
06-17 08:37:57.458  1997  2497 W bt_l2cap: L2CAP - L2CA_Register() called for PSM: 0x0003
06-17 08:37:57.458  1997  2497 I         : [0617/083757.458736:INFO:gatt_api.cc(949)] GATT_Register82828282-8282-8282-8282-828282828282
06-17 08:37:57.458  1997  2497 I         : [0617/083757.458761:INFO:gatt_api.cc(969)] allocated gatt_if=2
06-17 08:37:57.458  1997  2497 I         : [0617/083757.458778:INFO:gatt_api.cc(162)] GATTS_AddService
06-17 08:37:57.458  1997  2497 I         : [0617/083757.458793:INFO:gatt_api.cc(266)] GATTS_AddService: service parsed correctly, now starting
06-17 08:37:57.459  1997  2498 I bt_osi_thread: run_thread: thread id 2498, thread name btu message loop started
06-17 08:37:57.460  2032  2032 I ImageWallpaper: Redrawing in rect: RectF(0.0, 0.0, 1553.75, 1280.0) with surface size: 1243x1280
06-17 08:37:57.460  1997  2499 I bt_osi_thread: run_thread: thread id 2499, thread name module_wrapper started
06-17 08:37:57.460  1997  2499 I bt_core_module: module_start_up Starting module "controller_module"
06-17 08:37:57.460   736   736 D SDM     : DisplayBase::BuildLayerStackStats: LayerStack layer_count: 2, app_layer_count: 1, gpu_target_index: 1, display type: 0
06-17 08:37:57.460   728   728 D vendor.qti.bluetooth@1.0-ibs_handler: SerialClockVote: vote for UART CLK ON
06-17 08:37:57.460   728   728 I vendor.qti.bluetooth@1.0-ibs_handler: DeviceWakeUp: Writing IBS_WAKE_IND
06-17 08:37:57.461  2328  2363 I QcrilOemhookMsgTunnel: [0]processOemHookResponse serial no: 1010 error: 0length=0
06-17 08:37:57.462  2328  2328 D QcrilMsgTunnelIfaceManager: handleMessage what = 2
06-17 08:37:57.462   728  2491 I vendor.qti.bluetooth@1.0-ibs_handler: ProcessIbsCmd: Received IBS_WAKE_ACK: 0xFC
06-17 08:37:57.464  2194  2194 D use-Rlog/RLOG-QC_RIL_OEM_HOOK: sendOemRilRequestRaw returns value = 0
