06-17 08:39:02.987  1997  2120 D BluetoothAdapterService: stateChangeCallback: disableNative() completed
06-17 08:39:02.988  1997  2099 D AdapterProperties: onBleDisable
06-17 08:39:02.990  1997  2104 I bt_stack_manager: event_shut_down_stack finished
06-17 08:39:02.992  1997  1997 D BtGatt.DebugUtils: handleDebugAction() action=null
06-17 08:39:02.993  1997  1997 D BluetoothAdapterService: getAdapterService() - returning com.android.bluetooth.btservice.AdapterService@b7faa63
06-17 08:39:02.997  1997  1997 D GattService: : Received stop request...Stopping profile...
06-17 08:39:02.997  1997  1997 W bt_btif : GATTC Module not enabled/already disabled
06-17 08:39:02.997  1997  1997 W bt_btif : GATTS Module not enabled/already disabled
06-17 08:39:03.006  1997  1997 D GattService:  profile stopped successfully
06-17 08:39:03.008  1997  1997 D BluetoothAdapterService: handleMessage() - Message: 1
06-17 08:39:03.008  1997  1997 D BluetoothAdapterService: handleMessage() - MESSAGE_PROFILE_SERVICE_STATE_CHANGED
06-17 08:39:03.008  1997  1997 W BluetoothAdapterService: onProfileServiceStateChange() - All profile services stopped..
06-17 08:39:03.008  1997  1997 D BluetoothAdapterService: handleMessage() - Message: 3
06-17 08:39:03.008  1997  1997 D BluetoothAdapterService: handleMessage() - MESSAGE_PROFILE_SERVICE_UNREGISTERED
06-17 08:39:03.008  1997  2099 I AdapterState: OFF : entered 
06-17 08:39:03.009  1997  2099 D AdapterProperties: Setting state to OFF
06-17 08:39:03.009  1997  2099 D BluetoothAdapterService: updateAdapterState() - Broadcasting state OFF to 1 receivers.
06-17 08:39:03.009  1595  1657 D BluetoothManagerService: MESSAGE_BLUETOOTH_STATE_CHANGE: BLE_TURNING_OFF > OFF
06-17 08:39:03.009  1595  1657 D BluetoothManagerService: Bluetooth is complete send Service Down
06-17 08:39:03.010  1595  1657 D BluetoothManagerService: Broadcasting onBluetoothServiceDown() to 4 receivers.
06-17 08:39:03.010  1595  1657 D BluetoothAdapter: onBluetoothServiceDown: android.bluetooth.IBluetooth$Stub$Proxy@eb5c4dd
06-17 08:39:03.010  1595  1657 D BluetoothAdapter: onBluetoothServiceDown: Sending callbacks to 0 clients
06-17 08:39:03.010  1595  1657 D BluetoothAdapter: onBluetoothServiceDown: Finished sending callbacks to registered clients
06-17 08:39:03.011  2032  3483 D BluetoothAdapter: onBluetoothServiceDown: android.bluetooth.IBluetooth$Stub$Proxy@4f81860
06-17 08:39:03.011  1997  2515 D BluetoothAdapter: onBluetoothServiceDown: com.android.bluetooth.btservice.AdapterService$AdapterServiceBinder@8cd079a
06-17 08:39:03.011  2032  3483 D BluetoothAdapter: onBluetoothServiceDown: Sending callbacks to 0 clients
06-17 08:39:03.011  2194  2481 D BluetoothAdapter: onBluetoothServiceDown: android.bluetooth.IBluetooth$Stub$Proxy@122c228
06-17 08:39:03.011  1997  2515 D BluetoothAdapter: onBluetoothServiceDown: Sending callbacks to 1 clients
06-17 08:39:03.011  2032  3483 D BluetoothAdapter: onBluetoothServiceDown: Finished sending callbacks to registered clients
06-17 08:39:03.012  2194  2481 D BluetoothAdapter: onBluetoothServiceDown: Sending callbacks to 0 clients
06-17 08:39:03.012  1997  2515 D BluetoothAdapter: onBluetoothServiceDown: Finished sending callbacks to registered clients
06-17 08:39:03.012  2194  2481 D BluetoothAdapter: onBluetoothServiceDown: Finished sending callbacks to registered clients
06-17 08:39:03.013  1595  1657 D BluetoothManagerService: unbindAndFinish(): android.bluetooth.IBluetooth$Stub$Proxy@eb5c4dd mBinding = false mUnbinding = false
06-17 08:39:03.016  1997  1997 W BluetoothAdapterService: onUnbind, calling cleanup
06-17 08:39:03.016  1997  1997 D BluetoothAdapterService: cleanup()
06-17 08:39:03.027  1595  1657 D BluetoothManagerService: Sending BLE State Change: BLE_TURNING_OFF > OFF
06-17 08:39:03.029  1997  1997 W BluetoothSdpJni: Cleaning up Bluetooth SDP Interface...
06-17 08:39:03.030  1997  1997 W BluetoothSdpJni: Cleaning up Bluetooth SDP object
06-17 08:39:03.030  1997  1997 D BluetoothAdapterService: cleanup() - Cleaning up adapter native
06-17 08:39:03.030  1997  2104 I bt_stack_manager: event_clean_up_stack is cleaning up the stack
06-17 08:39:03.030  1997  2104 I bt_btif_core: btif_cleanup_bluetooth entered
06-17 08:39:03.030  1997  2104 E BluetoothServiceJni: Callback: 'callback_thread_event' is not called on the correct thread
06-17 08:39:03.030  1997  2104 I bt_btif_queue: btif_queue_release
06-17 08:39:03.031  1997  2120 I bt_btif_core: run_message_loop finished
06-17 08:39:03.031  1997  2120 W bt_osi_thread: run_thread: thread id 2120, thread name bt_jni_workqueue exited
06-17 08:39:03.033  1997  2104 I bt_core_module: module_clean_up Cleaning up module "stack_config_module"
06-17 08:39:03.035  1997  2104 I bt_core_module: module_clean_up Cleanup of module "stack_config_module" completed
06-17 08:39:03.035  1997  2104 I bt_core_module: module_clean_up Cleaning up module "interop_module"
06-17 08:39:03.079  1997  2104 I bt_core_module: module_clean_up Cleanup of module "interop_module" completed
06-17 08:39:03.080  1997  2104 I bt_core_module: module_clean_up Cleaning up module "profile_config_module"
06-17 08:39:03.080  1997  2104 I bt_core_module: module_clean_up Cleanup of module "profile_config_module" completed
06-17 08:39:03.080  1997  2104 I bt_btif_core: btif_cleanup_bluetooth finished
06-17 08:39:03.081  1997  2104 I bt_core_module: module_clean_up Cleaning up module "btif_config_module"
06-17 08:39:03.105  1997  2104 I bt_core_module: module_clean_up Cleanup of module "btif_config_module" completed
06-17 08:39:03.105  1997  2104 I bt_core_module: module_clean_up Cleaning up module "bt_utils_module"
06-17 08:39:03.105  1997  2104 I bt_core_module: module_clean_up Cleanup of module "bt_utils_module" completed
06-17 08:39:03.105  1997  2104 I bt_core_module: module_clean_up Cleaning up module "osi_module"
06-17 08:39:03.106  1997  2110 D bt_osi_alarm: callback_dispatch Callback thread exited
06-17 08:39:03.106  1997  2110 W bt_osi_thread: run_thread: thread id 2110, thread name alarm_dispatcher exited
06-17 08:39:03.107  1997  2108 W bt_osi_thread: run_thread: thread id 2108, thread name alarm_default_ca exited
06-17 08:39:03.107  1997  2104 I bt_core_module: module_clean_up Cleanup of module "osi_module" completed
06-17 08:39:03.107  1997  2104 I bt_stack_manager: event_clean_up_stack finished
06-17 08:39:03.108  1997  1997 I BluetoothServiceJni: cleanupNative: return from cleanup
06-17 08:39:03.109  1997  1997 W BluetoothVendorJni: Cleaning up Bluetooth Vendor Interface...
06-17 08:39:03.109  1997  1997 I bt_btif_vendor: cleanup
06-17 08:39:03.109  1997  1997 W BluetoothVendorJni: Cleaning up Bluetooth Vendor callback object
06-17 08:39:03.109  1997  1997 W BluetoothVendorSocketJni: Cleaning up Bluetooth Vendor Interface...
06-17 08:39:03.109  1997  1997 I bt_btif_vendor_socket: cleanup
06-17 08:39:03.109  1997  1997 W BluetoothVendorSocketJni: Cleaning up Bluetooth Vendor callback object
06-17 08:39:03.110  1997  1997 D BluetoothActiveDeviceManager: cleanup()
06-17 08:39:03.110  1997  1997 D BluetoothAdapterService: onDestroy()
06-17 08:39:03.111  1997  1997 I BluetoothAdapterService: Force exit to cleanup internal state in Bluetooth stack
06-17 08:39:03.114  1997  1997 I droid.bluetoot: System.exit called, status: 0
06-17 08:39:03.114  1997  1997 I AndroidRuntime: VM exiting with result code 0, cleanup skipped.
06-17 08:39:03.150  1595  2012 W AudioService.PlaybackActivityMonitor: client died
06-17 08:39:03.151  1595  2122 I ActivityManager: Process com.android.bluetooth (pid 1997) has died: fore SVC 
06-17 08:39:03.151  1595  2122 I am_proc_died: [0,1997,com.android.bluetooth,0,9]
06-17 08:39:03.151  1595  1645 W libprocessgroup: kill(-1997, 9) failed: No such process
06-17 08:39:03.153  1039  1039 I Zygote  : Process 1997 exited cleanly (0)
06-17 08:39:03.197  1595  1645 W libprocessgroup: kill(-1997, 9) failed: No such process
06-17 08:39:03.197  1595  1645 I libprocessgroup: Successfully killed process cgroup uid 1002 pid 1997 in 46ms
06-17 08:39:03.454  2032  2032 I sysui_multi_action: [757,925,758,4,759,113,833,0,927,1,928,0]
06-17 08:39:03.461  1595  2122 D BluetoothManagerService: enable(com.android.systemui):  mBluetooth =null mBinding = false mState = OFF
06-17 08:39:03.462  1595  2122 D BluetoothManagerService: enable returning
06-17 08:39:03.462  1595  1657 D BluetoothManagerService: MESSAGE_ENABLE(0): mBluetooth = null
06-17 08:39:03.463   765   765 W AudioPolicyManagerCustom: getOutputForDevice() could not find output for stream 1, sampling rate 48000, format 0x1, channels 0x3, flags 0x4
06-17 08:39:03.464   765   765 E AudioFlinger: createTrack() getOutputForAttr() return error -38 or invalid output handle
06-17 08:39:03.464  1595  1931 E IAudioFlinger: createTrack returned error -38
06-17 08:39:03.464  1595  1931 E AudioTrack: AudioFlinger could not create track, status: -38 output 875566472
06-17 08:39:03.465  1595  1931 E SoundPool: Error creating AudioTrack
06-17 08:39:03.465  1595  1931 D AudioTrack: no metrics gathered, track status=-38
06-17 08:39:03.480   736   892 D SDM     : DisplayBase::BuildLayerStackStats: LayerStack layer_count: 5, app_layer_count: 4, gpu_target_index: 4, display type: 0
06-17 08:39:03.497  1595  1644 I am_proc_start: [0,3503,1002,com.android.bluetooth,service,com.android.bluetooth/.btservice.AdapterService]
06-17 08:39:03.497  1595  1644 I ActivityManager: Start proc 3503:com.android.bluetooth/1002 for service com.android.bluetooth/.btservice.AdapterService
06-17 08:39:03.517  1595  2122 I am_proc_bound: [0,3503,com.android.bluetooth]
06-17 08:39:03.497   736   892 I chatty  : uid=1000(system) HwBinder:736_2 identical 1 line
06-17 08:39:03.514   736   892 D SDM     : DisplayBase::BuildLayerStackStats: LayerStack layer_count: 5, app_layer_count: 4, gpu_target_index: 4, display type: 0
06-17 08:39:03.518  1595  2122 D CompatibilityInfo: mCompatibilityFlags - 0
06-17 08:39:03.518  1595  2122 D CompatibilityInfo: applicationDensity - 320
06-17 08:39:03.518  1595  2122 D CompatibilityInfo: applicationScale - 1.0
06-17 08:39:03.521  1595  2122 D CompatibilityInfo: mCompatibilityFlags - 0
06-17 08:39:03.521  1595  2122 D CompatibilityInfo: applicationDensity - 320
06-17 08:39:03.521  1595  2122 D CompatibilityInfo: applicationScale - 1.0
06-17 08:39:03.530   736   892 D SDM     : DisplayBase::BuildLayerStackStats: LayerStack layer_count: 5, app_layer_count: 4, gpu_target_index: 4, display type: 0
06-17 08:39:03.540  3503  3503 I droid.bluetoot: The ClassLoaderContext is a special shared library.
06-17 08:39:03.546   736   892 D SDM     : DisplayBase::BuildLayerStackStats: LayerStack layer_count: 5, app_layer_count: 4, gpu_target_index: 4, display type: 0
06-17 08:39:03.558  3503  3503 I Perf    : Connecting to perf service.
06-17 08:39:03.563   736   892 D SDM     : DisplayBase::BuildLayerStackStats: LayerStack layer_count: 5, app_layer_count: 4, gpu_target_index: 4, display type: 0
06-17 08:39:03.579   736   892 D SDM     : DisplayBase::BuildLayerStackStats: LayerStack layer_count: 5, app_layer_count: 4, gpu_target_index: 4, display type: 0
06-17 08:39:03.583  3503  3503 E BluetoothVendorJni: register_com_android_bluetooth_btservice_vendor:
06-17 08:39:03.583  3503  3503 E BluetoothVendorSocketJni: register_com_android_bluetooth_btservice_vendor_socket:
06-17 08:39:03.589  3503  3503 D BluetoothOppFileProvider: Initialized
06-17 08:39:03.596   736   892 D SDM     : DisplayBase::BuildLayerStackStats: LayerStack layer_count: 5, app_layer_count: 4, gpu_target_index: 4, display type: 0
06-17 08:39:03.610  3503  3503 D AdapterServiceConfig:  addAudioProfiles profileHeadsetService
06-17 08:39:03.610  3503  3503 I AdapterServiceConfig: addAudioProfiles isA2dpSink :false
06-17 08:39:03.610  3503  3503 V AdapterServiceConfig: Adding HeadsetService
06-17 08:39:03.610  3503  3503 D AdapterServiceConfig:  addAudioProfiles profileA2dpService
06-17 08:39:03.610  3503  3503 I AdapterServiceConfig: addAudioProfiles isA2dpSink :false
06-17 08:39:03.611  3503  3503 V AdapterServiceConfig: Adding A2dpService
06-17 08:39:03.611  3503  3503 D AdapterServiceConfig:  addAudioProfiles profileA2dpSinkService
06-17 08:39:03.611  3503  3503 I AdapterServiceConfig: addAudioProfiles isA2dpSink :false
06-17 08:39:03.611  3503  3503 I AdapterServiceConfig:  Profile A2dpSinkService Not added 
06-17 08:39:03.611  3503  3503 D AdapterServiceConfig:  addAudioProfiles profileHidHostService
06-17 08:39:03.611  3503  3503 I AdapterServiceConfig: addAudioProfiles isA2dpSink :false
06-17 08:39:03.611  3503  3503 V AdapterServiceConfig: Adding HidHostService
06-17 08:39:03.611  3503  3503 D AdapterServiceConfig:  addAudioProfiles profileHealthService
06-17 08:39:03.611  3503  3503 I AdapterServiceConfig: addAudioProfiles isA2dpSink :false
06-17 08:39:03.611  3503  3503 V AdapterServiceConfig: Adding HealthService
06-17 08:39:03.611  3503  3503 D AdapterServiceConfig:  addAudioProfiles profilePanService
06-17 08:39:03.611  3503  3503 I AdapterServiceConfig: addAudioProfiles isA2dpSink :false
06-17 08:39:03.611  3503  3503 V AdapterServiceConfig: Adding PanService
06-17 08:39:03.611  3503  3503 D AdapterServiceConfig:  addAudioProfiles profileGattService
06-17 08:39:03.611  3503  3503 I AdapterServiceConfig: addAudioProfiles isA2dpSink :false
06-17 08:39:03.611  3503  3503 V AdapterServiceConfig: Adding GattService
06-17 08:39:03.611  3503  3503 D AdapterServiceConfig:  addAudioProfiles profileBluetoothMapService
06-17 08:39:03.611  3503  3503 I AdapterServiceConfig: addAudioProfiles isA2dpSink :false
06-17 08:39:03.611  3503  3503 V AdapterServiceConfig: Adding BluetoothMapService
06-17 08:39:03.611  3503  3503 D AdapterServiceConfig:  addAudioProfiles profileAvrcpTargetService
06-17 08:39:03.611  3503  3503 I AdapterServiceConfig: addAudioProfiles isA2dpSink :false
06-17 08:39:03.611  3503  3503 V AdapterServiceConfig: Adding AvrcpTargetService
06-17 08:39:03.611  3503  3503 D AdapterServiceConfig:  addAudioProfiles profileAvrcpControllerService
06-17 08:39:03.611  3503  3503 I AdapterServiceConfig: addAudioProfiles isA2dpSink :false
06-17 08:39:03.611  3503  3503 V AdapterServiceConfig: Adding AvrcpControllerService
06-17 08:39:03.611  3503  3503 D AdapterServiceConfig:  addAudioProfiles profileSapService
06-17 08:39:03.611  3503  3503 I AdapterServiceConfig: addAudioProfiles isA2dpSink :false
06-17 08:39:03.611  3503  3503 V AdapterServiceConfig: Adding SapService
06-17 08:39:03.612  3503  3503 D AdapterServiceConfig:  addAudioProfiles profileBluetoothOppService
06-17 08:39:03.612  3503  3503 I AdapterServiceConfig: addAudioProfiles isA2dpSink :false
06-17 08:39:03.612  3503  3503 V AdapterServiceConfig: Adding BluetoothOppService
06-17 08:39:03.612  3503  3503 D AdapterServiceConfig:  addAudioProfiles profileBluetoothPbapService
06-17 08:39:03.612  3503  3503 I AdapterServiceConfig: addAudioProfiles isA2dpSink :false
06-17 08:39:03.612  3503  3503 V AdapterServiceConfig: Adding BluetoothPbapService
06-17 08:39:03.612  3503  3503 D AdapterServiceConfig:  addAudioProfiles profileBATService
06-17 08:39:03.612  3503  3503 I AdapterServiceConfig: addAudioProfiles isA2dpSink :false
06-17 08:39:03.612  3503  3503 D AdapterServiceConfig:  isBAEnabled = false isSplitEnabled true
06-17 08:39:03.612  3503  3503 I AdapterServiceConfig:  Profile BATService Not added 
06-17 08:39:03.613   736   892 D SDM     : DisplayBase::BuildLayerStackStats: LayerStack layer_count: 5, app_layer_count: 4, gpu_target_index: 4, display type: 0
06-17 08:39:03.629  3503  3503 I         : [0617/083903.629059:INFO:com_android_bluetooth_btservice_AdapterService.cpp(646)] hal_util_load_bt_library loaded HAL: btinterface=0x743b61d528, handle=0xc7679893ffdf5df5
06-17 08:39:03.629   736   892 D SDM     : DisplayBase::BuildLayerStackStats: LayerStack layer_count: 5, app_layer_count: 4, gpu_target_index: 4, display type: 0
06-17 08:39:03.629  3503  3503 D BluetoothAdapterService: onCreate()
06-17 08:39:03.636  3503  3503 I BluetoothVendorJni: classInitNative: succeeds
06-17 08:39:03.636  3503  3503 D AdapterState: make() - Creating AdapterState
06-17 08:39:03.639  3503  3503 I BluetoothVendorSocketJni: classInitNative: succeeds
06-17 08:39:03.639  3503  3503 I bt_btif : QTI OMR1 stack: init
06-17 08:39:03.639  3503  3519 I AdapterState: OFF : entered 
06-17 08:39:03.639  3503  3519 D AdapterProperties: Setting state to OFF
06-17 08:39:03.640  3503  3503 D bt_osi_allocation_tracker: canary initialized
06-17 08:39:03.640  3503  3520 I bt_osi_thread: run_thread: thread id 3520, thread name stack_manager started
06-17 08:39:03.641  3503  3520 I bt_stack_manager: event_init_stack is initializing the stack
06-17 08:39:03.642  3503  3520 I bt_utils: init_soc_type
06-17 08:39:03.642  3503  3520 I bt_utils: vendor.bluetooth.soc prop not set
06-17 08:39:03.642  3503  3520 I bt_utils: vendor.qcom.bluetooth.soc set to cherokee
06-17 08:39:03.643  3503  3523 I bt_osi_thread: run_thread: thread id 3523, thread name alarm_default_ca started
06-17 08:39:03.644  3503  3524 I bt_osi_thread: run_thread: thread id 3524, thread name alarm_dispatcher started
06-17 08:39:03.646   736   892 D SDM     : DisplayBase::BuildLayerStackStats: LayerStack layer_count: 5, app_layer_count: 4, gpu_target_index: 4, display type: 0
06-17 08:39:03.645  3503  3520 I bt_config_source: 1
06-17 08:39:03.647  3503  3520 I bt_btif_core: btif_init_bluetooth entered
06-17 08:39:03.653  3503  3520 D bt_osi_config: config_parse no key/value separator found on line 360.
06-17 08:39:03.655  3503  3520 W bt_device_interop:  feature:: 0, key :: 08:62:66, value :: Address_Based
06-17 08:39:03.655  3503  3520 W bt_device_interop:  feature:: 0, key :: 38:2C:4A:C9, value :: Address_Based
06-17 08:39:03.655  3503  3520 W bt_device_interop:  feature:: 0, key :: 38:2C:4A:E6, value :: Address_Based
06-17 08:39:03.655  3503  3520 W bt_device_interop:  feature:: 0, key :: 54:A0:50:D9, value :: Address_Based
06-17 08:39:03.655  3503  3520 W bt_device_interop:  feature:: 0, key :: AC:9E:17, value :: Address_Based
06-17 08:39:03.655  3503  3520 W bt_device_interop:  feature:: 0, key :: F0:79:59, value :: Address_Based
06-17 08:39:03.655  3503  3520 W bt_device_interop:  feature:: 0, key :: 80:E4:DA:70, value :: Address_Based
06-17 08:39:03.655  3503  3520 W bt_device_interop:  feature:: 0, key :: 1C:96:5A, value :: Address_Based
06-17 08:39:03.655  3503  3520 W bt_device_interop:  feature:: 0, key :: 80:EA:CA, value :: Address_Based
06-17 08:39:03.655  3503  3520 W bt_device_interop:  feature:: 0, key :: 51:01:00, value :: Address_Based
06-17 08:39:03.655  3503  3520 W bt_device_interop:  feature:: 0, key :: 61:01:00, value :: Address_Based
06-17 08:39:03.655  3503  3520 W bt_device_interop:  feature:: 2, key :: A0:E9:DB, value :: Address_Based
06-17 08:39:03.655  3503  3520 W bt_device_interop:  feature:: 2, key :: 00:14:02, value :: Address_Based
06-17 08:39:03.655  3503  3520 W bt_device_interop:  feature:: 2, key :: 1C:48:F9, value :: Address_Based
06-17 08:39:03.655  3503  3520 W bt_device_interop:  feature:: 2, key :: 44:5E:F3, value :: Address_Based
06-17 08:39:03.655  3503  3520 W bt_device_interop:  feature:: 2, key :: D4:9C:28, value :: Address_Based
06-17 08:39:03.655  3503  3520 W bt_device_interop:  feature:: 2, key :: 00:18:6B, value :: Address_Based
06-17 08:39:03.655  3503  3520 W bt_device_interop:  feature:: 2, key :: B8:AD:3E, value :: Address_Based
06-17 08:39:03.655  3503  3520 W bt_device_interop:  feature:: 2, key :: 00:11:B1, value :: Address_Based
06-17 08:39:03.655  3503  3520 W bt_device_interop:  feature:: 2, key :: A4:15:66, value :: Address_Based
06-17 08:39:03.655  3503  3520 W bt_device_interop:  feature:: 2, key :: 00:14:F1, value :: Address_Based
06-17 08:39:03.656  3503  3520 W bt_device_interop:  feature:: 2, key :: 00:26:7E, value :: Address_Based
06-17 08:39:03.656  3503  3520 W bt_device_interop:  feature:: 2, key :: 90:03:B7, value :: Address_Based
06-17 08:39:03.656  3503  3520 W bt_device_interop:  feature:: 2, key :: 04:F8:C2, value :: Address_Based
06-17 08:39:03.656  3503  3520 W bt_device_interop:  feature:: 2, key :: 00:18:91, value :: Address_Based
06-17 08:39:03.656  3503  3520 W bt_device_interop:  feature:: 2, key :: 00:24:1C, value :: Address_Based
06-17 08:39:03.656  3503  3520 W bt_device_interop:  feature:: 3, key :: 34:C7:31, value :: Address_Based
06-17 08:39:03.656  3503  3520 W bt_device_interop:  feature:: 3, key :: 00:07:04, value :: Address_Based
06-17 08:39:03.656  3503  3520 W bt_device_interop:  feature:: 3, key :: E0:75:0A, value :: Address_Based
06-17 08:39:03.656  3503  3520 W bt_device_interop:  feature:: 3, key :: Audi, value :: Name_Based
06-17 08:39:03.656  3503  3520 W bt_device_interop:  feature:: 3, key :: BMW, value :: Name_Based
06-17 08:39:03.656  3503  3520 W bt_device_interop:  feature:: 3, key :: Parrot, value :: Name_Based
06-17 08:39:03.657  3503  3520 W bt_device_interop:  feature:: 3, key :: Car, value :: Name_Based
06-17 08:39:03.657  3503  3520 W bt_device_interop:  feature:: 3, key :: NISSAN, value :: Name_Based
06-17 08:39:03.657  3503  3520 W bt_device_interop:  feature:: 4, key :: 00:0F:F6, value :: Address_Based
06-17 08:39:03.657  3503  3520 W bt_device_interop:  feature:: 5, key :: 00:18:91, value :: Address_Based
06-17 08:39:03.657  3503  3520 W bt_device_interop:  feature:: 5, key :: 00:21:4F, value :: Address_Based
06-17 08:39:03.657  3503  3520 W bt_device_interop:  feature:: 5, key :: 20:15:06, value :: Address_Based
06-17 08:39:03.657  3503  3520 W bt_device_interop:  feature:: 5, key :: 9C:DF:03, value :: Address_Based
06-17 08:39:03.657  3503  3520 W bt_device_interop:  feature:: 5, key :: 04:52:C7, value :: Address_Based
06-17 08:39:03.657  3503  3520 W bt_device_interop:  feature:: 5, key :: 30:14:4A, value :: Address_Based
06-17 08:39:03.657  3503  3520 W bt_device_interop:  feature:: 5, key :: 00:54:AF, value :: Address_Based
06-17 08:39:03.658  3503  3520 W bt_device_interop:  feature:: 5, key :: 7C:1C:4E, value :: Address_Based
06-17 08:39:03.658  3503  3520 W bt_device_interop:  feature:: 21, key :: 00:12:A1, value :: Address_Based
06-17 08:39:03.658  3503  3520 W bt_device_interop:  feature:: 21, key :: Targus BT Laser Notebook Mouse, value :: Name_Based
06-17 08:39:03.658  3503  3520 W bt_device_interop:  feature:: 7, key :: Motorola Keyboard KZ500, value :: Name_Based
06-17 08:39:03.658  3503  3520 D bt_device_interop: Entry is already present in the list
06-17 08:39:03.658  3503  3520 W bt_device_interop:  feature:: 7, key :: Motorola Keyboard KZ500 v122, value :: Name_Based
06-17 08:39:03.658  3503  3520 W bt_device_interop:  feature:: 7, key :: 0x22b8-0x093D, value :: Vndr_Prdt_Based
06-17 08:39:03.658  3503  3520 W bt_device_interop:  feature:: 8, key :: 20:4C:10, value :: Address_Based
06-17 08:39:03.658  3503  3520 W bt_device_interop:  feature:: 8, key :: 0x004C, value :: Manufacturer_Based
06-17 08:39:03.658  3503  3520 W bt_device_interop:  feature:: 11, key :: 00:14:09, value :: Address_Based
06-17 08:39:03.658  3503  3520 W bt_device_interop:  feature:: 12, key :: BSMBB09DS, value :: Name_Based
06-17 08:39:03.658  3503  3520 W bt_device_interop:  feature:: 12, key :: ELECOM, value :: Name_Based
06-17 08:39:03.658  3503  3520 W bt_device_interop:  feature:: 18, key :: 00:02:5B:4A, value :: Address_Based
06-17 08:39:03.658  3503  3520 W bt_device_interop:  feature:: 25, key :: FC:C2:DE, value :: Address_Based
06-17 08:39:03.658  3503  3520 W bt_device_interop:  feature:: 25, key :: 00:26:B4, value :: Address_Based
06-17 08:39:03.658  3503  3520 W bt_device_interop:  feature:: 25, key :: 00:04:3E, value :: Address_Based
06-17 08:39:03.658  3503  3520 W bt_device_interop:  feature:: 25, key :: 00:23:01, value :: Address_Based
06-17 08:39:03.658  3503  3520 W bt_device_interop:  feature:: 25, key :: 1C:48:F9, value :: Address_Based
06-17 08:39:03.658  3503  3520 W bt_device_interop:  feature:: 25, key :: 00:54:AF, value :: Address_Based
06-17 08:39:03.658  3503  3520 W bt_device_interop:  feature:: 25, key :: 00:26:E8, value :: Address_Based
06-17 08:39:03.658  3503  3520 W bt_device_interop:  feature:: 25, key :: 00:37:6D, value :: Address_Based
06-17 08:39:03.659  3503  3520 W bt_device_interop:  feature:: 25, key :: 9C:3A:AF, value :: Address_Based
06-17 08:39:03.659  3503  3520 W bt_device_interop:  feature:: 25, key :: 00:18:91, value :: Address_Based
06-17 08:39:03.659  3503  3520 W bt_device_interop:  feature:: 25, key :: 0C:E0:E4, value :: Address_Based
06-17 08:39:03.659  3503  3520 W bt_device_interop:  feature:: 25, key :: 00:07:04, value :: Address_Based
06-17 08:39:03.659  3503  3520 W bt_device_interop:  feature:: 25, key :: A4:15:66, value :: Address_Based
06-17 08:39:03.659  3503  3520 W bt_device_interop:  feature:: 25, key :: D0:13:1E, value :: Address_Based
06-17 08:39:03.659  3503  3520 W bt_device_interop:  feature:: 25, key :: 8F:20:B4, value :: Address_Based
06-17 08:39:03.659  3503  3520 W bt_device_interop:  feature:: 25, key :: A8:B9:B3, value :: Address_Based
06-17 08:39:03.659  3503  3520 W bt_device_interop:  feature:: 25, key :: 00:0D:F0, value :: Address_Based
06-17 08:39:03.659  3503  3520 W bt_device_interop:  feature:: 25, key :: 00:08:E0, value :: Address_Based
06-17 08:39:03.659  3503  3520 W bt_device_interop:  feature:: 25, key :: 00:25:52, value :: Address_Based
06-17 08:39:03.659  3503  3520 W bt_device_interop:  feature:: 25, key :: 1C:52:16, value :: Address_Based
06-17 08:39:03.659  3503  3520 W bt_device_interop:  feature:: 25, key :: 00:06:66, value :: Address_Based
06-17 08:39:03.659  3503  3520 W bt_device_interop:  feature:: 25, key :: 00:24:E4, value :: address_Based
06-17 08:39:03.659  3503  3520 W bt_device_interop:  feature:: 25, key :: 00:1C:D8, value :: Address_Based
06-17 08:39:03.659  3503  3520 W bt_device_interop:  feature:: 16, key :: 00:0D:FD, value :: Address_Based
06-17 08:39:03.659  3503  3520 W bt_device_interop:  feature:: 16, key :: 00:1B:DC, value :: Address_Based
06-17 08:39:03.659  3503  3520 W bt_device_interop:  feature:: 16, key :: 00:07:04, value :: Address_Based
06-17 08:39:03.659  3503  3520 W bt_device_interop:  feature:: 16, key :: A4:15:66, value :: Address_Based
06-17 08:39:03.659  3503  3520 W bt_device_interop:  feature:: 16, key :: 00:54:AF, value :: Address_Based
06-17 08:39:03.659  3503  3520 W bt_device_interop:  feature:: 16, key :: 00:23:7F, value :: Address_Based
06-17 08:39:03.659  3503  3520 W bt_device_interop:  feature:: 14, key :: AC:7A:4D, value :: Address_Based
06-17 08:39:03.659  3503  3520 W bt_device_interop:  feature:: 14, key :: 28:A1:83, value :: Address_Based
06-17 08:39:03.660  3503  3520 W bt_device_interop:  feature:: 14, key :: A0:14:3D, value :: Address_Based
06-17 08:39:03.660  3503  3520 W bt_device_interop:  feature:: 14, key :: 90:03:B7, value :: Address_Based
06-17 08:39:03.660  3503  3520 W bt_device_interop:  feature:: 14, key :: 00:21:3c, value :: Address_Based
06-17 08:39:03.660  3503  3520 W bt_device_interop:  feature:: 14, key :: 9C:DF:03, value :: Address_Based
06-17 08:39:03.660  3503  3520 W bt_device_interop:  feature:: 14, key :: E0:75:0A, value :: Address_Based
06-17 08:39:03.660  3503  3520 W bt_device_interop:  feature:: 14, key :: 48:F0:7B, value :: Address_Based
06-17 08:39:03.660  3503  3520 W bt_device_interop:  feature:: 14, key :: 04:52:C7, value :: Address_Based
06-17 08:39:03.660  3503  3520 W bt_device_interop:  feature:: 14, key :: 30:C3:D9, value :: Address_Based
06-17 08:39:03.660  3503  3520 W bt_device_interop:  feature:: 14, key :: 00:E0:4C, value :: Address_Based
06-17 08:39:03.660  3503  3520 W bt_device_interop:  feature:: 14, key :: abramtek M1, value :: Name_Based
06-17 08:39:03.660  3503  3520 W bt_device_interop:  feature:: 15, key :: B8:AD:3E, value :: Address_Based
06-17 08:39:03.660  3503  3520 W bt_device_interop:  feature:: 15, key :: LG HBSA100, value :: Name_Based
06-17 08:39:03.660  3503  3520 W bt_device_interop:  feature:: 15, key :: LG HBS1100, value :: Name_Based
06-17 08:39:03.660  3503  3520 W bt_device_interop:  feature:: 15, key :: 00:18:09, value :: Address_Based
06-17 08:39:03.660  3503  3520 W bt_device_interop:  feature:: 15, key :: MDR-XB80BS, value :: Name_Based
06-17 08:39:03.660  3503  3520 W bt_device_interop:  feature:: 15, key :: 7C:04:D0, value :: Address_Based
06-17 08:39:03.660  3503  3520 W bt_device_interop:  feature:: 15, key :: AirPods, value :: Name_Based
06-17 08:39:03.660  3503  3520 W bt_device_interop:  feature:: 15, key :: 48:D6:D5, value :: Address_Based
06-17 08:39:03.660  3503  3520 W bt_device_interop:  feature:: 15, key :: Pixel Buds 7943, value :: Name_Based
06-17 08:39:03.661  3503  3520 W bt_device_interop:  feature:: 15, key :: 8C:DE:52, value :: Address_Based
06-17 08:39:03.661  3503  3520 W bt_device_interop:  feature:: 15, key :: SRS-X33, value :: Name_Based
06-17 08:39:03.661  3503  3520 W bt_device_interop:  feature:: 15, key :: 04:5D:4B, value :: Address_Based
06-17 08:39:03.661  3503  3520 W bt_device_interop:  feature:: 15, key :: WH-1000XM2, value :: Name_Based
06-17 08:39:03.661  3503  3520 W bt_device_interop:  feature:: 15, key :: h.ear (MDR-100ABN), value :: Name_Based
06-17 08:39:03.661  3503  3520 W bt_device_interop:  feature:: 15, key :: WI-1000X, value :: Name_Based
06-17 08:39:03.661  3503  3520 W bt_device_interop:  feature:: 15, key :: WH-H800 (h.ear), value :: Name_Based
06-17 08:39:03.661  3503  3520 W bt_device_interop:  feature:: 15, key :: MDR-1000X, value :: Name_Based
06-17 08:39:03.661  3503  3520 W bt_device_interop:  feature:: 15, key :: WI-H700 (h.ear), value :: Name_Based
06-17 08:39:03.661  3503  3520 W bt_device_interop:  feature:: 15, key :: WH-H900N (h.ear), value :: Name_Based
06-17 08:39:03.661  3503  3520 W bt_device_interop:  feature:: 15, key :: 10:4F:A8, value :: Address_Based
06-17 08:39:03.661  3503  3520 W bt_device_interop:  feature:: 15, key :: MDR-1ABT, value :: Name_Based
06-17 08:39:03.661  3503  3520 W bt_device_interop:  feature:: 15, key :: h.ear (MDR-EX750BT), value :: Name_Based
06-17 08:39:03.661  3503  3520 W bt_device_interop:  feature:: 15, key :: AC:9B:0A, value :: Address_Based
06-17 08:39:03.661  3503  3520 W bt_device_interop:  feature:: 15, key :: MDR-ZX770BN, value :: Name_Based
06-17 08:39:03.661  3503  3520 W bt_device_interop:  feature:: 15, key :: 04:52:C7, value :: Address_Based
06-17 08:39:03.661  3503  3520 W bt_device_interop:  feature:: 15, key :: Bose QuietComfort 35, value :: Name_Based
06-17 08:39:03.661  3503  3520 W bt_device_interop:  feature:: 15, key :: 94:B2:CC, value :: Address_Based
06-17 08:39:03.661  3503  3520 W bt_device_interop:  feature:: 15, key :: AVH-X5890BT, value :: Name_Based
06-17 08:39:03.661  3503  3520 W bt_device_interop:  feature:: 15, key :: 74:5E:1C, value :: Address_Based
06-17 08:39:03.661  3503  3520 W bt_device_interop:  feature:: 15, key :: AVH-X5790BT, value :: Name_Based
06-17 08:39:03.661  3503  3520 W bt_device_interop:  feature:: 15, key :: 00:1D:86, value :: Address_Based
06-17 08:39:03.661  3503  3520 W bt_device_interop:  feature:: 15, key :: Car Multimedia, value :: Name_Based
06-17 08:39:03.661  3503  3520 W bt_device_interop:  feature:: 15, key :: DDX6, value :: Name_Based
06-17 08:39:03.661  3503  3520 W bt_device_interop:  feature:: 15, key :: 90:03:B7, value :: Address_Based
06-17 08:39:03.661  3503  3520 W bt_device_interop:  feature:: 15, key :: Parrot ASTEROID, value :: Name_Based
06-17 08:39:03.661  3503  3520 W bt_device_interop:  feature:: 15, key :: 0C:E0:E4, value :: Address_Based
06-17 08:39:03.661  3503  3520 W bt_device_interop:  feature:: 15, key :: PLT_BBTPRO, value :: Name_Based
06-17 08:39:03.661  3503  3520 W bt_device_interop:  feature:: 15, key :: A4:15:66, value :: Address_Based
06-17 08:39:03.661  3503  3520 W bt_device_interop:  feature:: 15, key :: Tracks Air, value :: Name_Based
06-17 08:39:03.661  3503  3520 W bt_device_interop:  feature:: 15, key :: 00:1A:7D, value :: Address_Based
06-17 08:39:03.662  3503  3520 W bt_device_interop:  feature:: 15, key :: 66 Audio BTS, value :: Name_Based
06-17 08:39:03.662  3503  3520 W bt_device_interop:  feature:: 15, key :: 88:E6:03, value :: Address_Based
06-17 08:39:03.662  3503  3520 W bt_device_interop:  feature:: 15, key :: XB10, value :: Name_Based
06-17 08:39:03.662  3503  3520 W bt_device_interop:  feature:: 15, key :: B8:69:C2, value :: Address_Based
06-17 08:39:03.662  3503  3520 W bt_device_interop:  feature:: 15, key :: SRS-XB3, value :: Name_Based
06-17 08:39:03.662  3503  3520 W bt_device_interop:  feature:: 15, key :: 30:C3:D9, value :: Address_Based
06-17 08:39:03.662  3503  3520 W bt_device_interop:  feature:: 15, key :: MB Bluetooth 84389, value :: Name_Based
06-17 08:39:03.662  3503  3520 W bt_device_interop:  feature:: 15, key :: 00:02:5B, value :: Address_Based
06-17 08:39:03.662  3503  3520 W bt_device_interop:  feature:: 15, key :: HATS_00025B0085E9, value :: Name_Based
06-17 08:39:03.662  3503  3520 W bt_device_interop:  feature:: 20, key :: 00:1B:DC-0x0012, value :: SSR_Max_Lat_Based
06-17 08:39:03.662  3503  3520 W bt_device_interop:  feature:: 20, key :: DC:2C:26-0x0000, value :: SSR_Max_Lat_Based
06-17 08:39:03.662  3503  3520 W bt_device_interop:  feature:: 20, key :: 54:46:6B-0x0001, value :: SSR_Max_Lat_Based
06-17 08:39:03.662  3503  3520 W bt_device_interop:  feature:: 24, key :: 98:7b:f3, value :: Address_Based
06-17 08:39:03.662  3503  3520 W bt_device_interop:  feature:: 26, key :: 04:52:c7, value :: Address_Based
06-17 08:39:03.662  3503  3520 W bt_device_interop:  feature:: 27, key :: 00:08:8a, value :: Address_Based
06-17 08:39:03.662  3503  3520 W bt_device_interop:  feature:: 27, key :: JABRA EASYGO, value :: Name_Based
06-17 08:39:03.662  3503  3520 W bt_device_interop:  feature:: 28, key :: 00:09:93, value :: Address_Based
06-17 08:39:03.662   736   892 D SDM     : DisplayBase::BuildLayerStackStats: LayerStack layer_count: 5, app_layer_count: 4, gpu_target_index: 4, display type: 0
06-17 08:39:03.662  3503  3520 W bt_device_interop:  feature:: 28, key :: 74:6f:f7, value :: Address_Based
06-17 08:39:03.662  3503  3520 W bt_device_interop:  feature:: 9, key :: 08:62:66, value :: Address_Based
06-17 08:39:03.662  3503  3520 W bt_device_interop:  feature:: 9, key :: 38:2C:4A:C9, value :: Address_Based
06-17 08:39:03.662  3503  3520 W bt_device_interop:  feature:: 9, key :: 38:2C:4A:E6, value :: Address_Based
06-17 08:39:03.662  3503  3520 W bt_device_interop:  feature:: 9, key :: 54:A0:50:D9, value :: Address_Based
06-17 08:39:03.662  3503  3520 W bt_device_interop:  feature:: 9, key :: AC:9E:17, value :: Address_Based
06-17 08:39:03.663  3503  3520 W bt_device_interop:  feature:: 9, key :: F0:79:59, value :: Address_Based
06-17 08:39:03.663  3503  3520 W bt_device_interop:  feature:: 22, key :: 00:1D:86, value :: Address_Based
06-17 08:39:03.663  3503  3520 W bt_device_interop:  feature:: 22, key :: KMM-BT51*HD, value :: Name_Based
06-17 08:39:03.663  3503  3520 W bt_device_interop:  feature:: 10, key :: Pixel C Keyboard, value :: Name_Based
06-17 08:39:03.663  3503  3520 W bt_device_interop:  feature:: 10, key :: MiMouse, value :: Name_Based
06-17 08:39:03.663  3503  3520 W bt_device_interop:  feature:: 10, key :: HTC Fetch, value :: Name_Based
06-17 08:39:03.663  3503  3520 W bt_device_interop:  feature:: 30, key :: LG Lighting, value :: Name_Based
06-17 08:39:03.663  3503  3520 W bt_device_interop:  feature:: 30, key :: KS_5w4Zu, value :: Name_Based
06-17 08:39:03.663  3503  3520 W bt_device_interop:  feature:: 30, key :: ZUK, value :: Name_Based
06-17 08:39:03.663  3503  3520 W bt_device_interop:  feature:: 30, key :: ITAG, value :: Name_Based
06-17 08:39:03.663  3503  3520 W bt_device_interop:  feature:: 30, key :: Pokemon GO Plus, value :: Name_Based
06-17 08:39:03.663  3503  3520 W bt_device_interop:  feature:: 32, key :: 2c:dc:ad:08, value :: Address_Based
06-17 08:39:03.663  3503  3520 W bt_device_interop:  feature:: 32, key :: 74:6f:f7, value :: Address_Based
06-17 08:39:03.664  3503  3520 W bt_device_profile: profile_config_init load config file succesful : /data/misc/bluedroid/bt_profile.conf
06-17 08:39:03.664  3503  3520 W bt_device_profile:  AVRCP_ID: key :: avrcp_0103_support, value :: false
06-17 08:39:03.664  3503  3520 W bt_device_profile:  AVRCP_ID: entry->profile_feature_type.avrcp_feature_entry.avrcp_0103_support false
06-17 08:39:03.664  3503  3520 W bt_device_profile:  AVRCP_ID: key :: avrcp_coverart_support, value :: true
06-17 08:39:03.665  3503  3520 W bt_device_profile:  AVRCP_ID: &entry->profile_feature_type.avrcp_feature_entry.avrcp_coverart_support true
06-17 08:39:03.665  3503  3520 D bt_device_profile: Entry is already present in the list
06-17 08:39:03.665  3503  3520 W bt_device_profile:  PBAP_ID: key :: pbap_0102_support, value :: true
06-17 08:39:03.665  3503  3520 W bt_device_profile:  PBAP_ID: key :: use_sim_support, value :: true
06-17 08:39:03.665  3503  3520 D bt_device_profile: Entry is already present in the list
06-17 08:39:03.665  3503  3520 W bt_device_profile:  MAP_ID: key :: map_email_support, value :: true
06-17 08:39:03.665  3503  3520 I bt_stack_config: init attempt to load stack conf from /etc/bluetooth/bt_stack.conf
06-17 08:39:03.667  3503  3525 I bt_osi_thread: run_thread: thread id 3525, thread name bt_jni_workqueue started
06-17 08:39:03.667  3503  3520 I bt_btif_core: btif_init_bluetooth finished
06-17 08:39:03.667  3503  3525 I bt_btif_core: run_message_loop entered
06-17 08:39:03.667  3503  3520 I bt_stack_manager: event_init_stack finished
06-17 08:39:03.669  3503  3503 I bt_btif : get_profile_interface: id = socket
06-17 08:39:03.669  3503  3525 E bt_btif_storage: btif_storage_get_adapter_property: Controller not ready! Unable to return Bluetooth Address
06-17 08:39:03.669  3503  3525 E BluetoothServiceJni: adapter_properties_callback: Status 1 is incorrect
06-17 08:39:03.671  3503  3503 I bt_btif : get_profile_interface: id = sdp
06-17 08:39:03.671  3503  3525 D AdapterProperties: Name is: QCOM-BTD
06-17 08:39:03.671  1595  1595 D BluetoothManagerService: Bluetooth Adapter name changed to QCOM-BTD
06-17 08:39:03.672  1595  1595 D BluetoothManagerService: Stored Bluetooth name: QCOM-BTD
06-17 08:39:03.674  3503  3503 I BluetoothAdapterService: Phone policy enabled
06-17 08:39:03.676  3503  3503 D BluetoothBondStateMachine: make
06-17 08:39:03.678  3503  3526 I BluetoothBondStateMachine: StableState(): Entering Off State
06-17 08:39:03.679  3503  3503 D BluetoothActiveDeviceManager: start()
06-17 08:39:03.679   736   892 D SDM     : DisplayBase::BuildLayerStackStats: LayerStack layer_count: 5, app_layer_count: 4, gpu_target_index: 4, display type: 0
06-17 08:39:03.686  3503  3527 D BluetoothActiveDeviceManager: onAudioDevicesAdded
06-17 08:39:03.686  3503  3503 D BluetoothAdapterService: setAdapterService() - trying to set service to com.android.bluetooth.btservice.AdapterService@6d7e660
06-17 08:39:03.687  3503  3503 I bt_btif : get_profile_interface: id = vendor
06-17 08:39:03.687  3503  3503 I bt_btif_vendor: init
06-17 08:39:03.687  3503  3503 I bt_btif_vendor: init done
06-17 08:39:03.687  3503  3503 D BluetoothVendorService: Qti Stack enabled status: true
06-17 08:39:03.688  3503  3503 I bt_btif : get_profile_interface: id = vendorSocket
06-17 08:39:03.693  3503  3503 I AdapterProperties: overwriting mMaxConnectedAudioDevices to 2 for vendor stack
06-17 08:39:03.693  3503  3503 I AdapterProperties: init(), maxConnectedAudioDevices, default=5, propertyOverlayed=5, finalValue=2
06-17 08:39:03.695  3503  3503 D BluetoothAdapterService: onBind()
06-17 08:39:03.696   736   892 D SDM     : DisplayBase::BuildLayerStackStats: LayerStack layer_count: 5, app_layer_count: 4, gpu_target_index: 4, display type: 0
06-17 08:39:03.697  1595  1595 D BluetoothManagerService: BluetoothServiceConnection: com.android.bluetooth.btservice.AdapterService
06-17 08:39:03.698  1595  1657 D BluetoothManagerService: MESSAGE_BLUETOOTH_SERVICE_CONNECTED: 1
06-17 08:39:03.699  1595  1657 D BluetoothManagerService: Broadcasting onBluetoothServiceUp() to 4 receivers.
06-17 08:39:03.699  1595  1657 D BluetoothAdapter: onBluetoothServiceUp: android.bluetooth.IBluetooth$Stub$Proxy@3f6ff52
06-17 08:39:03.699  3503  3517 D BluetoothAdapter: onBluetoothServiceUp: com.android.bluetooth.btservice.AdapterService$AdapterServiceBinder@2b958cb
06-17 08:39:03.699  2194  2481 D BluetoothAdapter: onBluetoothServiceUp: android.bluetooth.IBluetooth$Stub$Proxy@5e50b41
06-17 08:39:03.699  2032  2047 D BluetoothAdapter: onBluetoothServiceUp: android.bluetooth.IBluetooth$Stub$Proxy@d37cff9
06-17 08:39:03.700  3503  3516 D BluetoothAdapterService: enable() - Enable called with quiet mode status =  false
06-17 08:39:03.701  3503  3519 I AdapterState: BLE_TURNING_ON : entered 
06-17 08:39:03.701  3503  3519 D AdapterProperties: Setting state to BLE_TURNING_ON
06-17 08:39:03.701  3503  3519 D BluetoothAdapterService: updateAdapterState() - Broadcasting state BLE_TURNING_ON to 1 receivers.
06-17 08:39:03.701  1595  1657 D BluetoothManagerService: MESSAGE_BLUETOOTH_STATE_CHANGE: OFF > BLE_TURNING_ON
06-17 08:39:03.701  1595  1657 D BluetoothManagerService: Sending BLE State Change: OFF > BLE_TURNING_ON
06-17 08:39:03.701  3503  3519 D BluetoothAdapterService: bleOnProcessStart()
06-17 08:39:03.702  3503  3519 D AdapterServiceConfig:  addAudioProfiles profileHeadsetService
06-17 08:39:03.702  3503  3519 I AdapterServiceConfig: addAudioProfiles isA2dpSink :false
06-17 08:39:03.702  3503  3519 V AdapterServiceConfig: Adding HeadsetService
06-17 08:39:03.702  3503  3519 D AdapterServiceConfig:  addAudioProfiles profileA2dpService
06-17 08:39:03.703  3503  3519 I AdapterServiceConfig: addAudioProfiles isA2dpSink :false
06-17 08:39:03.703  3503  3519 V AdapterServiceConfig: Adding A2dpService
06-17 08:39:03.703  3503  3519 D AdapterServiceConfig:  addAudioProfiles profileA2dpSinkService
06-17 08:39:03.703  3503  3519 I AdapterServiceConfig: addAudioProfiles isA2dpSink :false
06-17 08:39:03.703  3503  3519 I AdapterServiceConfig:  Profile A2dpSinkService Not added 
06-17 08:39:03.703  3503  3519 D AdapterServiceConfig:  addAudioProfiles profileHidHostService
06-17 08:39:03.703  3503  3519 I AdapterServiceConfig: addAudioProfiles isA2dpSink :false
06-17 08:39:03.703  3503  3519 V AdapterServiceConfig: Adding HidHostService
06-17 08:39:03.703  3503  3519 D AdapterServiceConfig:  addAudioProfiles profileHealthService
06-17 08:39:03.703  3503  3519 I AdapterServiceConfig: addAudioProfiles isA2dpSink :false
06-17 08:39:03.703  3503  3519 V AdapterServiceConfig: Adding HealthService
06-17 08:39:03.703  3503  3519 D AdapterServiceConfig:  addAudioProfiles profilePanService
06-17 08:39:03.703  3503  3519 I AdapterServiceConfig: addAudioProfiles isA2dpSink :false
06-17 08:39:03.703  3503  3519 V AdapterServiceConfig: Adding PanService
06-17 08:39:03.703  3503  3519 D AdapterServiceConfig:  addAudioProfiles profileGattService
06-17 08:39:03.703  3503  3519 I AdapterServiceConfig: addAudioProfiles isA2dpSink :false
06-17 08:39:03.703  3503  3519 V AdapterServiceConfig: Adding GattService
06-17 08:39:03.703  3503  3519 D AdapterServiceConfig:  addAudioProfiles profileBluetoothMapService
06-17 08:39:03.703  3503  3519 I AdapterServiceConfig: addAudioProfiles isA2dpSink :false
06-17 08:39:03.703  3503  3519 V AdapterServiceConfig: Adding BluetoothMapService
06-17 08:39:03.703  3503  3519 D AdapterServiceConfig:  addAudioProfiles profileAvrcpTargetService
06-17 08:39:03.703  3503  3519 I AdapterServiceConfig: addAudioProfiles isA2dpSink :false
06-17 08:39:03.703  3503  3519 V AdapterServiceConfig: Adding AvrcpTargetService
06-17 08:39:03.703  3503  3519 D AdapterServiceConfig:  addAudioProfiles profileAvrcpControllerService
06-17 08:39:03.703  3503  3519 I AdapterServiceConfig: addAudioProfiles isA2dpSink :false
06-17 08:39:03.703  3503  3519 V AdapterServiceConfig: Adding AvrcpControllerService
06-17 08:39:03.703  3503  3519 D AdapterServiceConfig:  addAudioProfiles profileSapService
06-17 08:39:03.703  3503  3519 I AdapterServiceConfig: addAudioProfiles isA2dpSink :false
06-17 08:39:03.704  3503  3519 V AdapterServiceConfig: Adding SapService
06-17 08:39:03.704  3503  3519 D AdapterServiceConfig:  addAudioProfiles profileBluetoothOppService
06-17 08:39:03.704  3503  3519 I AdapterServiceConfig: addAudioProfiles isA2dpSink :false
06-17 08:39:03.704  3503  3519 V AdapterServiceConfig: Adding BluetoothOppService
06-17 08:39:03.704  3503  3519 D AdapterServiceConfig:  addAudioProfiles profileBluetoothPbapService
06-17 08:39:03.704  3503  3519 I AdapterServiceConfig: addAudioProfiles isA2dpSink :false
06-17 08:39:03.704  3503  3519 V AdapterServiceConfig: Adding BluetoothPbapService
06-17 08:39:03.704  3503  3519 D AdapterServiceConfig:  addAudioProfiles profileBATService
06-17 08:39:03.704  3503  3519 I AdapterServiceConfig: addAudioProfiles isA2dpSink :false
06-17 08:39:03.704  3503  3519 D AdapterServiceConfig:  isBAEnabled = false isSplitEnabled true
06-17 08:39:03.704  3503  3519 I AdapterServiceConfig:  Profile BATService Not added 
06-17 08:39:03.704  3503  3519 D BluetoothAdapterService: BleOnProcessStart() - Make Bond State Machine
06-17 08:39:03.708  1595  2122 D CompatibilityInfo: mCompatibilityFlags - 0
06-17 08:39:03.708  1595  2122 D CompatibilityInfo: applicationDensity - 320
06-17 08:39:03.708  1595  2122 D CompatibilityInfo: applicationScale - 1.0
06-17 08:39:03.711  3503  3503 I BtGatt.JNI: classInitNative(L875): classInitNative: Success!
06-17 08:39:03.713   736   892 D SDM     : DisplayBase::BuildLayerStackStats: LayerStack layer_count: 5, app_layer_count: 4, gpu_target_index: 4, display type: 0
06-17 08:39:03.713  3503  3503 D BtGatt.DebugUtils: handleDebugAction() action=null
06-17 08:39:03.713  3503  3503 D BluetoothAdapterService: getAdapterService() - returning com.android.bluetooth.btservice.AdapterService@6d7e660
06-17 08:39:03.714  3503  3503 D GattService: Received start request. Starting profile...
06-17 08:39:03.715  3503  3503 D BluetoothAdapterService: getAdapterService() - returning com.android.bluetooth.btservice.AdapterService@6d7e660
06-17 08:39:03.717  3503  3503 I bt_btif : get_profile_interface: id = gatt
06-17 08:39:03.718  3503  3503 D BluetoothAdapterService: getAdapterService() - returning com.android.bluetooth.btservice.AdapterService@6d7e660
06-17 08:39:03.725  3503  3503 D BluetoothAdapterService: getAdapterService() - returning com.android.bluetooth.btservice.AdapterService@6d7e660
06-17 08:39:03.725  3503  3503 D GattService:  profile started successfully
06-17 08:39:03.727  3503  3503 D BluetoothAdapterService: handleMessage() - Message: 2
06-17 08:39:03.727  3503  3503 D BluetoothAdapterService: handleMessage() - MESSAGE_PROFILE_SERVICE_REGISTERED
06-17 08:39:03.727  3503  3503 D BluetoothAdapterService: handleMessage() - Message: 1
06-17 08:39:03.727  3503  3503 D BluetoothAdapterService: handleMessage() - MESSAGE_PROFILE_SERVICE_STATE_CHANGED
06-17 08:39:03.727  3503  3503 W BluetoothAdapterService: onProfileServiceStateChange() - Gatt profile service started..
06-17 08:39:03.727  3503  3503 I bt_btif : QTI OMR1 stack: enable: start restricted = 0
06-17 08:39:03.728  3503  3520 E bt_vnd_log: init_vnd_Logger, Logger Not enabled from config file
06-17 08:39:03.728  3503  3520 I bt_stack_manager: event_start_up_stack is bringing up the stack
06-17 08:39:03.728  3503  3520 I bt_core_module: module_start_up Starting module "btif_config_module"
06-17 08:39:03.728  3503  3520 I bt_core_module: module_start_up Started module "btif_config_module"
06-17 08:39:03.729   736   892 D SDM     : DisplayBase::BuildLayerStackStats: LayerStack layer_count: 5, app_layer_count: 4, gpu_target_index: 4, display type: 0
06-17 08:39:03.729  3503  3520 I bt_core_module: module_start_up Starting module "btsnoop_module"
06-17 08:39:03.729  3503  3520 D bt_snoop: start_up: vendor_logging_level values is 65535 
06-17 08:39:03.729  3503  3520 I bt_core_module: module_start_up Started module "btsnoop_module"
06-17 08:39:03.730  3503  3520 I bt_core_module: module_start_up Starting module "hci_module"
06-17 08:39:03.730  3503  3520 I bt_hci  : hci_module_start_up
06-17 08:39:03.731  3503  3536 I bt_osi_thread: run_thread: thread id 3536, thread name hci_thread started
06-17 08:39:03.731  3503  3520 D bt_osi_wakelock: wakelock_initialize_native opening wake locks
06-17 08:39:03.731  3503  3520 D bt_hci  : hci_module_start_up starting async portion
06-17 08:39:03.731  3503  3536 I bt_hci  : hci_initialize
06-17 08:39:03.733   594   594 I snet_event_log: [121035042,-1,]
06-17 08:39:03.735  3503  3536 I bt_hci  : hci_initialize: IBluetoothHci::getService() returned 0x744fa1cb20 (remote)
06-17 08:39:03.736   728   728 W vendor.qti.bluetooth@1.0-bluetooth_hci: BluetoothHci::initialize()
06-17 08:39:03.736   728   728 W vendor.qti.bluetooth@1.0-data_handler: DataHandler:: Init()
06-17 08:39:03.736   728   728 W vendor.qti.bluetooth@1.0-data_handler: vendor.qcom.bluetooth.soc set to cherokee
06-17 08:39:03.736   728   728 I vendor.qti.bluetooth@1.0-data_handler: Open init_status 0 
06-17 08:39:03.736   728   728 D vendor.qti.bluetooth@1.0-wake_lock: Init wakelock is initiated 
06-17 08:39:03.736   728  3539 I vendor.qti.bluetooth@1.0-uart_controller: soc need reload patch = 1
06-17 08:39:03.736   728  3539 D vendor.qti.bluetooth@1.0-power_manager: SetPower: enable: 0
06-17 08:39:03.737   728  3539 E vendor.qti.bluetooth@1.0-power_manager: 
06-17 08:39:03.737   728  3539 E vendor.qti.bluetooth@1.0-power_manager: bt_power_cherokee enable  (0)
06-17 08:39:03.741   728  3539 D vendor.qti.bluetooth@1.0-power_manager: SetPower: enable: 1
06-17 08:39:03.741   728  3539 E vendor.qti.bluetooth@1.0-power_manager: 
