06-17 08:37:57.464  2194  2194 D PhoneSwitcher: InformDdsToRil rild= 1, DDS=-1
06-17 08:37:57.464  2328  2363 I QcrilOemhookMsgTunnel: [0]processOemHookIndication length=28
06-17 08:37:57.464  2328  2328 D QcrilMsgTunnelIfaceManager: handleMessage what = 0
06-17 08:37:57.464  2194  2194 D use-Rlog/RLOG-QC_RIL_OEM_HOOK: dds phoneId: -1 reason: 0
06-17 08:37:57.465  2032  2032 D KeyguardViewMediator: handleShow
06-17 08:37:57.465  2328  2328 D QcrilMsgTunnelIfaceManager: handleMessage what = 1
06-17 08:37:57.466  2328  2328 I QcrilOemhookMsgTunnel: [1]invokeOemRilRequestRaw: serial=1011 length=24
06-17 08:37:57.467  2328  2363 I QcrilOemhookMsgTunnel: [1]processOemHookResponse serial no: 1011 error: 0length=0
06-17 08:37:57.467  2328  2328 D QcrilMsgTunnelIfaceManager: handleMessage what = 2
06-17 08:37:57.468  2194  2194 D use-Rlog/RLOG-QC_RIL_OEM_HOOK: sendOemRilRequestRaw returns value = 0
06-17 08:37:57.468  2194  2194 D TelephonyNetworkFactory[0]: not acting - isApp=false, isAct=false NetworkRequest [ TRACK_DEFAULT id=10, [ Capabilities: INTERNET&NOT_RESTRICTED&TRUSTED Unwanted:  Uid: 1000] ]
06-17 08:37:57.468  2194  2194 D TelephonyNetworkFactory[0]: not acting - isApp=false, isAct=false NetworkRequest [ BACKGROUND_REQUEST id=2, [ Transports: CELLULAR Capabilities: INTERNET&NOT_RESTRICTED&TRUSTED&NOT_VPN Unwanted: ] ]
06-17 08:37:57.468  2194  2194 D QtiSubscriptionController: getPhoneId, received dummy subId 2147483644
06-17 08:37:57.469  2194  2194 D TelephonyNetworkFactory[0]: not acting - isApp=false, isAct=false NetworkRequest [ TRACK_DEFAULT id=6, [ Capabilities: INTERNET&NOT_RESTRICTED&TRUSTED Unwanted:  Uid: 1000] ]
06-17 08:37:57.469  2194  2194 D TelephonyNetworkFactory[0]: not acting - isApp=false, isAct=false NetworkRequest [ TRACK_DEFAULT id=12, [ Capabilities: INTERNET&NOT_RESTRICTED&TRUSTED Unwanted:  Uid: 10018] ]
06-17 08:37:57.469  2194  2194 D TelephonyNetworkFactory[0]: not acting - isApp=false, isAct=false NetworkRequest [ REQUEST id=1, [ Capabilities: INTERNET&NOT_RESTRICTED&TRUSTED&NOT_VPN Unwanted: ] ]
06-17 08:37:57.469  2194  2194 D TelephonyNetworkFactory[1]: not acting - isApp=false, isAct=false NetworkRequest [ TRACK_DEFAULT id=10, [ Capabilities: INTERNET&NOT_RESTRICTED&TRUSTED Unwanted:  Uid: 1000] ]
06-17 08:37:57.469  2194  2194 D TelephonyNetworkFactory[1]: not acting - isApp=false, isAct=false NetworkRequest [ BACKGROUND_REQUEST id=2, [ Transports: CELLULAR Capabilities: INTERNET&NOT_RESTRICTED&TRUSTED&NOT_VPN Unwanted: ] ]
06-17 08:37:57.469  2194  2194 D TelephonyNetworkFactory[1]: not acting - isApp=false, isAct=false NetworkRequest [ TRACK_DEFAULT id=6, [ Capabilities: INTERNET&NOT_RESTRICTED&TRUSTED Unwanted:  Uid: 1000] ]
06-17 08:37:57.469  2194  2194 D TelephonyNetworkFactory[1]: not acting - isApp=false, isAct=false NetworkRequest [ TRACK_DEFAULT id=12, [ Capabilities: INTERNET&NOT_RESTRICTED&TRUSTED Unwanted:  Uid: 10018] ]
06-17 08:37:57.469  2194  2194 D TelephonyNetworkFactory[1]: not acting - isApp=false, isAct=false NetworkRequest [ REQUEST id=1, [ Capabilities: INTERNET&NOT_RESTRICTED&TRUSTED&NOT_VPN Unwanted: ] ]
06-17 08:37:57.469  2194  2194 I QImsService: ImsSubControllerHandler : Message received: what = 6
06-17 08:37:57.469  2194  2194 I QImsService: ImsSubControllerHandler : Received EVENT_RADIO_NOT_AVAILABLE phoneId = 0
06-17 08:37:57.469  2194  2384 D LocaleTracker: getCellInfo: cell info=[]
06-17 08:37:57.470  2194  2194 W QImsService: ImsSubController : updateStackConfig Stacks are not yet initialized
06-17 08:37:57.470  2194  2194 I QImsService: ImsSubControllerHandler : Message received: what = 4
06-17 08:37:57.470  2194  2194 I QImsService: ImsSubControllerHandler : Received EVENT_IMS_SERVICE_DOWN phoneId = 0
06-17 08:37:57.470  2194  2194 W QImsService: ImsSubController : updateStackConfig Stacks are not yet initialized
06-17 08:37:57.470  2194  2194 I QImsService: ImsSubControllerHandler : Message received: what = 6
06-17 08:37:57.470  2194  2194 I QImsService: ImsSubControllerHandler : Received EVENT_RADIO_NOT_AVAILABLE phoneId = 1
06-17 08:37:57.470  2194  2384 D LocaleTracker: Can't get cell info. Try again in 2 secs.
06-17 08:37:57.470  2194  2194 W QImsService: ImsSubController : updateStackConfig Stacks are not yet initialized
06-17 08:37:57.470  2032  2032 V KeyguardUpdateMonitor: *** register callback for com.android.keyguard.KeyguardHostView$1@e5f5c5c
06-17 08:37:57.470  2194  2194 I QImsService: ImsSubControllerHandler : Message received: what = 4
06-17 08:37:57.470  2032  2032 V KeyguardUpdateMonitor: *** unregister callback for null
06-17 08:37:57.470  2194  2384 D LocaleTracker: updateLocale: mcc = null, country = 
06-17 08:37:57.470  2194  2194 I QImsService: ImsSubControllerHandler : Received EVENT_IMS_SERVICE_DOWN phoneId = 1
06-17 08:37:57.470  2194  2194 W QImsService: ImsSubController : updateStackConfig Stacks are not yet initialized
06-17 08:37:57.470  2194  2194 I QImsService: ImsServiceSubHandler : Message received: what = 5
06-17 08:37:57.470  2194  2384 D LocaleTracker: updateLocale: Change the current country to 
06-17 08:37:57.470  2194  2194 I QImsService: ImsServiceSub : [0] Received event: EVENT_GET_STATUS_UPDATE
06-17 08:37:57.470  2194  2194 E QImsService: ImsServiceSub : [0] IMS Service Status Update failed!
06-17 08:37:57.470  2194  2194 I QImsService: ImsServiceSubHandler : Message received: what = 5
06-17 08:37:57.470  2194  2194 I QImsService: ImsServiceSub : [1] Received event: EVENT_GET_STATUS_UPDATE
06-17 08:37:57.470  2194  2194 E QImsService: ImsServiceSub : [1] IMS Service Status Update failed!
06-17 08:37:57.470  2194  2194 I QImsService: ImsSubControllerHandler : Message received: what = 3
06-17 08:37:57.470  2194  2194 I QImsService: ImsSubControllerHandler : Received EVENT_IMS_SERVICE_UP phoneId = 0
06-17 08:37:57.471  2032  2032 V KeyguardSecurityView: showPrimarySecurityScreen(turningOff=false)
06-17 08:37:57.471  2032  2032 D KeyguardSecurityView: showSecurityScreen(None)
06-17 08:37:57.471  2328  2363 I QcrilOemhookMsgTunnel: [1]processOemHookIndication length=28
06-17 08:37:57.471  2194  2194 I QImsService: ImsSenderRxr : [0002]> REQUEST_GET_IMS_SUB_CONFIG [SUB0]
06-17 08:37:57.472  2328  2328 D QcrilMsgTunnelIfaceManager: handleMessage what = 0
06-17 08:37:57.472  1287  1287 E RILQ    : (0/1287): RIL[0][rild(1287,1287)] processRequest: ImsRadioImpl::processRequest - Error 0
06-17 08:37:57.473  2194  2194 I QImsService: ImsSubControllerHandler : Message received: what = 3
06-17 08:37:57.473  2194  2194 I QImsService: ImsSubControllerHandler : Received EVENT_IMS_SERVICE_UP phoneId = 1
06-17 08:37:57.473  1595  2142 I WifiService: WifiService trying to set country code to 
06-17 08:37:57.473  1595  2142 I WifiService: setCountryCode uid=1001
06-17 08:37:57.473  1595  2142 D WifiCountryCode: sending WIFI_COUNTRY_CODE_CHANGED_ACTION
06-17 08:37:57.474  2194  2194 I QImsService: ImsSenderRxr : [0003]> REQUEST_GET_IMS_SUB_CONFIG [SUB1]
06-17 08:37:57.474  2194  2194 I QImsService: ImsSubControllerHandler : Message received: what = 5
06-17 08:37:57.474  2194  2194 I QImsService: ImsSubControllerHandler : Received EVENT_RADIO_AVAILABLE phoneId = 0
06-17 08:37:57.474  1330  1509 E RILQ    : (1/1330): RIL[1][(1330,1509)] processRequest: ImsRadioImpl::processRequest - Error 0
06-17 08:37:57.474  2194  2194 I QImsService: ImsSenderRxr : [0004]> REQUEST_GET_IMS_SUB_CONFIG [SUB0]
06-17 08:37:57.475  2194  2194 I QImsService: ImsSubControllerHandler : Message received: what = 5
06-17 08:37:57.475  2194  2194 I QImsService: ImsSubControllerHandler : Received EVENT_RADIO_AVAILABLE phoneId = 1
06-17 08:37:57.475  2194  2194 I QImsService: ImsSenderRxr : [0005]> REQUEST_GET_IMS_SUB_CONFIG [SUB1]
06-17 08:37:57.475  1330  1509 E RILQ    : (1/1330): RIL[1][(1330,1509)] processRequest: ImsRadioImpl::processRequest - Error 0
06-17 08:37:57.476  1287  1375 E RILQ    : (0/1287): RIL[0][(1287,1375)] qcril_qmi_ims_free_req_data: missing pb fields
06-17 08:37:57.476  2194  2310 I QImsService: ImsRadioResponse : Received Subconfig response from ImsRadio.
06-17 08:37:57.476  2194  2194 D QtiCarrierConfigHelper: WARNING, no carrier configs on phone Id: 0
06-17 08:37:57.476  2194  2194 D ImsServiceController: ImsService(ComponentInfo{org.codeaurora.ims/org.codeaurora.ims.ImsService}): onServiceConnected with binder: android.telephony.ims.ImsService$1@60d6d68
06-17 08:37:57.476  2194  2194 D ImsServiceController: notifyImsServiceReady
06-17 08:37:57.477  2194  2194 I QImsService: ImsService : readyForFeatureCreation :: No-op
06-17 08:37:57.477  2194  2194 I ImsServiceController: supports emergency calling on slot 0
06-17 08:37:57.477  2194  2194 I ImsServiceController: notifyImsFeatureStatus: slot=1, feature=1, status=0
06-17 08:37:57.477  2194  2194 I ImsResolver: ImsServiceController added on slot: 1 with feature: 1 using package: ComponentInfo{org.codeaurora.ims/org.codeaurora.ims.ImsService}
06-17 08:37:57.477  2194  2310 I QImsService: ImsSenderRxr : [0002]< REQUEST_GET_IMS_SUB_CONFIG ImsSubConfigDetails simultStackCount: 2 mImsStackEnabled: [true, false, false, false, false, false][SUB0]
06-17 08:37:57.477  2194  2194 I ImsServiceController: notifyImsFeatureStatus: slot=0, feature=1, status=0
06-17 08:37:57.477  2194  2194 I ImsResolver: ImsServiceController added on slot: 0 with feature: 1 using package: ComponentInfo{org.codeaurora.ims/org.codeaurora.ims.ImsService}
06-17 08:37:57.477  2194  2194 I ImsServiceController: supports emergency calling on slot 1
06-17 08:37:57.477  2194  2194 D QtiGsmCdmaPhone: handleMessage: Event: 30
06-17 08:37:57.477  2194  2194 D GsmSMSDispatcher: GsmSMSDispatcher: subId = 2147483643 slotId = 0
06-17 08:37:57.477  2194  2194 D QtiGsmCdmaPhone: handleMessage: Event: 30
06-17 08:37:57.477  1287  1287 E RILQ    : (0/1287): RIL[0][rild(1287,1287)] processRequest: ImsRadioImpl::processRequest - Error 0
06-17 08:37:57.477  2194  2194 D GsmSMSDispatcher: GsmSMSDispatcher: subId = 2147483644 slotId = 1
06-17 08:37:57.477  2194  2194 D QtiUiccCardProvisioner: updateIccAvailability, card state[0] = CARDSTATE_ABSENT
06-17 08:37:57.477  2194  2194 D QtiUiccCardProvisioner: isAllCardProvisionInfoReceived, prov pref[1] = -1
06-17 08:37:57.477  2194  2194 D CarrierConfigLoader: mHandler: 0 phoneId: 0
06-17 08:37:57.477  2194  2194 D CarrierSvcBindHelper: mHandler: 0
06-17 08:37:57.477  2194  2194 D CarrierSvcBindHelper: Rebinding if necessary for phoneId: 0
06-17 08:37:57.478  2032  2032 I sysui_view_visibility: [111,100]
06-17 08:37:57.478  2032  2032 I sysui_multi_action: [757,111,758,1]
06-17 08:37:57.478  2032  2032 I sysui_multi_action: [757,126,758,1,759,126,833,0,927,0,928,0]
06-17 08:37:57.478  2032  2032 I sysui_multi_action: [757,113,758,1,759,113,833,0,927,1,928,0]
06-17 08:37:57.478  2032  2032 I sysui_multi_action: [757,118,758,1,759,118,833,0,927,2,928,0]
06-17 08:37:57.478  2032  2032 I sysui_multi_action: [757,119,758,1,759,119,833,0,927,3,928,0]
06-17 08:37:57.478  2032  2032 I sysui_multi_action: [757,123,758,1,759,123,833,0,927,4,928,0]
06-17 08:37:57.478  2032  2032 I sysui_multi_action: [757,261,758,1,759,261,833,0,927,5,928,0]
06-17 08:37:57.478  2194  2310 I QImsService: ImsRadioResponse : Received Subconfig response from ImsRadio.
06-17 08:37:57.479  2194  2310 I QImsService: ImsSenderRxr : [0004]< REQUEST_GET_IMS_SUB_CONFIG ImsSubConfigDetails simultStackCount: 2 mImsStackEnabled: [true, false, false, false, false, false][SUB0]
06-17 08:37:57.479  1287  1377 E RILQ    : (0/1287): RIL[0][(1287,1377)] qcril_qmi_ims_free_req_data: missing pb fields
06-17 08:37:57.479   736   736 D SDM     : DisplayBase::BuildLayerStackStats: LayerStack layer_count: 3, app_layer_count: 2, gpu_target_index: 2, display type: 0
06-17 08:37:57.479  1330  1374 E RILQ    : (1/1330): RIL[1][(1330,1374)] qcril_qmi_ims_free_req_data: missing pb fields
06-17 08:37:57.479  2194  2194 E PhoneInterfaceManager: [PhoneIntfMgr] getCarrierPackageNamesForIntent: No UICC
06-17 08:37:57.479  2194  2194 D CarrierSvcBindHelper: No carrier app for: 0
06-17 08:37:57.479  2194  2310 I QImsService: ImsRadioResponse : Received Subconfig response from ImsRadio.
06-17 08:37:57.480  2194  2194 D SAT     : [0]onSimAbsent, reset activation state to UNKNOWN
06-17 08:37:57.480  2194  2310 I QImsService: ImsSenderRxr : [0003]< REQUEST_GET_IMS_SUB_CONFIG ImsSubConfigDetails simultStackCount: 2 mImsStackEnabled: [true, false, false, false, false, false][SUB1]
06-17 08:37:57.480  2194  2194 D SAT     : [0]setVoiceActivationState=0
06-17 08:37:57.481  2194  2194 D SAT     : [0]setDataActivationState=0
06-17 08:37:57.481  2194  2310 I QImsService: ImsRadioResponse : Received Subconfig response from ImsRadio.
06-17 08:37:57.481  2194  2194 D QtiSimPhoneBookAdnRecordCache: ACTION_SIM_STATE_CHANGED intent received simStatus: ABSENTphoneId: 0
06-17 08:37:57.481  2194  2194 D QtiSimPhoneBookAdnRecordCache: invalidateAdnCache
06-17 08:37:57.481  1330  1374 E RILQ    : (1/1330): RIL[1][(1330,1374)] qcril_qmi_ims_free_req_data: missing pb fields
06-17 08:37:57.481  2194  2310 I QImsService: ImsSenderRxr : [0005]< REQUEST_GET_IMS_SUB_CONFIG ImsSubConfigDetails simultStackCount: 2 mImsStackEnabled: [true, false, false, false, false, false][SUB1]
06-17 08:37:57.481  2194  2194 D SAT     : [1]onSimAbsent, reset activation state to UNKNOWN
06-17 08:37:57.481  2194  2194 D SAT     : [1]setVoiceActivationState=0
06-17 08:37:57.482  2194  2194 D SAT     : [1]setDataActivationState=0
06-17 08:37:57.483  2194  2194 D PhoneSwitcher: mSimStateIntentReceiver: phoneId = 0 value = ABSENT
01-01 10:32:04.927     0     0 I init    : Service 'bootanim' (pid 901) exited with status 0
06-17 08:37:57.485  2194  2194 I VvmSimStateTracker: android.intent.action.SIM_STATE_CHANGED
06-17 08:37:57.485  2194  2194 D LocaleTracker: Sim absent. Get latest cell info from the modem.
06-17 08:37:57.485  2194  2194 D SST     : [0] SST.getAllCellInfo(): return last, same thread can't block
06-17 08:37:57.485  2194  2194 D LocaleTracker: getCellInfo: cell info=[]
06-17 08:37:57.486  2194  2194 D LocaleTracker: Can't get cell info. Try again in 2 secs.
06-17 08:37:57.486  1595  1623 D CompatibilityInfo: mCompatibilityFlags - 0
06-17 08:37:57.486  1595  1623 D CompatibilityInfo: applicationDensity - 320
06-17 08:37:57.486  2194  2194 D LocaleTracker: updateLocale: mcc = null, country = 
06-17 08:37:57.486  1595  1623 D CompatibilityInfo: applicationScale - 1.0
06-17 08:37:57.486  2194  2194 D QtiGsmCdmaPhone: handleMessage: Event: 30
06-17 08:37:57.486  2194  2194 D GsmSMSDispatcher: GsmSMSDispatcher: subId = 2147483643 slotId = 0
06-17 08:37:57.486  2194  2194 D QtiGsmCdmaPhone: handleMessage: Event: 30
06-17 08:37:57.486  2194  2194 D GsmSMSDispatcher: GsmSMSDispatcher: subId = 2147483644 slotId = 1
06-17 08:37:57.486  2194  2194 D QtiUiccCardProvisioner: updateIccAvailability, card state[1] = CARDSTATE_ABSENT
06-17 08:37:57.486  2194  2194 D SubscriptionController: [getActiveSubInfoList] Sub Controller not ready
06-17 08:37:57.486  2194  2194 I QtiSubscriptionController: updateUserPreferences: Subscription list is empty
06-17 08:37:57.486  2194  2194 D SubscriptionController: [getActiveSubInfoList] Sub Controller not ready
06-17 08:37:57.486  2194  2194 D SubscriptionController: [clearVoiceSubId] records: null
06-17 08:37:57.487  2194  2194 D SubscriptionController: [shouldDefaultBeCleared: subId] 2147483643
06-17 08:37:57.487  2194  2194 D SubscriptionController: [shouldDefaultBeCleared] return true no records subId=2147483643
06-17 08:37:57.487  2194  2194 D SubscriptionController: [clearVoiceSubId] clear voice sub id
06-17 08:37:57.487  2194  2194 D SubscriptionController: [setDefaultVoiceSubId] subId=2147483643
06-17 08:37:57.488  2194  2194 D SubscriptionController: [broadcastDefaultVoiceSubIdChanged] subId=2147483643
06-17 08:37:57.489  2032  2032 D StatusBar: disable<e i a s b H R c s > disable2<q i n >
06-17 08:37:57.489  2194  2194 D SubscriptionController: [setDefaultFallbackSubId] subId=2147483643
06-17 08:37:57.490  2194  2194 D QtiSubscriptionController: getPhoneId, received dummy subId 2147483643
06-17 08:37:57.490  2194  2194 D SubscriptionController: [setDefaultFallbackSubId] set mDefaultFallbackSubId=2147483643
06-17 08:37:57.490  2032  2032 D KeyguardViewBase: screen on, instance c762663
06-17 08:37:57.490  2194  2194 D MccTable: updateMccMncConfiguration mccmnc='' fromServiceState=false
06-17 08:37:57.490  2032  2032 D StatusBar: disable<e i a s b H R c s > disable2<q i n >
06-17 08:37:57.490  2194  2194 D SubscriptionController: [setDefaultFallbackSubId] broadcast default subId changed phoneId=0 subId=2147483643
06-17 08:37:57.490  2032  2032 D KeyguardUpdateMonitor: onKeyguardVisibilityChanged(true)
06-17 08:37:57.490  2212  2212 D SimSelectNotification:  no of slots 2 provision = true
06-17 08:37:57.491  2032  2032 V KeyguardStatusView: refresh statusview showing:true
06-17 08:37:57.491  2194  2194 E DcTracker: Unhandled event={ when=-125ms what=270385 obj=android.os.AsyncResult@5f13e03 target=com.qualcomm.qti.internal.telephony.dataconnection.QtiDcTracker }
06-17 08:37:57.491  2194  2194 E DcTracker: Unhandled event={ when=-125ms what=270385 obj=android.os.AsyncResult@1ee8180 target=com.qualcomm.qti.internal.telephony.dataconnection.QtiDcTracker }
06-17 08:37:57.491  1595  2142 D CompatibilityInfo: mCompatibilityFlags - 0
06-17 08:37:57.491  1595  2142 D CompatibilityInfo: applicationDensity - 320
06-17 08:37:57.491  1595  2142 D CompatibilityInfo: applicationScale - 1.0
06-17 08:37:57.491  2194  2387 D Dcc     : DccDefaultState: msg.what=EVENT_RIL_CONNECTED mRilVersion=15
06-17 08:37:57.492  1595  1595 I commit_sys_config_file: [notification-policy,7]
06-17 08:37:57.492  2194  2367 D Dcc     : DccDefaultState: msg.what=EVENT_RIL_CONNECTED mRilVersion=15
06-17 08:37:57.492  2032  2032 V KeyguardUpdateMonitor: startListeningForFingerprint()
06-17 08:37:57.492  2032  2032 D KeyguardUpdateMonitor: sendKeyguardBouncerChanged(false)
06-17 08:37:57.492  2032  2032 I sysui_multi_action: [757,196,758,1,759,0]
06-17 08:37:57.492  2032  2032 I sysui_status_bar_state: [1,1,0,0,0,1]
06-17 08:37:57.494  2194  2194 D QtiDCT  : [1]SubscriptionListener.onSubscriptionInfoChanged
06-17 08:37:57.495  1595  2142 I sysui_view_visibility: [127,100]
06-17 08:37:57.495  2194  2209 D QtiSubscriptionController: getPhoneId, received dummy subId 2147483643
06-17 08:37:57.495  1595  2142 I sysui_multi_action: [757,127,758,1]
06-17 08:37:57.495  1595  2142 I sysui_histogram: [note_load,0]
06-17 08:37:57.495  1595  2142 I sysui_multi_action: [757,804,799,note_load,801,0,802,1]
06-17 08:37:57.495  1595  2142 I notification_panel_revealed: 0
06-17 08:37:57.496  2194  2194 D CarrierIdentifier: SubscriptionListener.onSubscriptionInfoChanged subId: 2147483644
06-17 08:37:57.496  2194  2194 D SubscriptionController: [getPhoneId]- invalid subId return=-1
06-17 08:37:57.496  2194  2194 D PhoneSwitcher: handle event - 102
06-17 08:37:57.497  2194  2194 D SubscriptionController: [getPhoneId]- invalid subId return=-1
06-17 08:37:57.497  2194  2194 D SST     : [1] SubscriptionListener.onSubscriptionInfoChanged
06-17 08:37:57.497  2194  2194 D GsmCdmaPhone: [1] updateVoiceMail countVoiceMessages = 0 subId 2147483644
06-17 08:37:57.497  2194  2194 E Phone   : setVoiceMessageCount in sharedPreference: invalid subId 2147483644
06-17 08:37:57.497  2194  2209 D QtiSubscriptionController: getPhoneId, received dummy subId 2147483643
06-17 08:37:57.497  2194  2194 D QtiSubscriptionController: getPhoneId, received dummy subId 2147483644
06-17 08:37:57.497  2194  2194 D ImsManager: Connector: getImsService
06-17 08:37:57.497  2194  2194 I ImsManager: Creating ImsService
06-17 08:37:57.498  2032  2032 D StatusBar: disable<e i a s b H R c s > disable2<q i n >
06-17 08:37:57.499  2032  2032 D KeyguardViewMediator: adjustStatusBarLocked: mShowing=true mOccluded=false isSecure=false force=false --> flags=0x1200000
06-17 08:37:57.499  2194  2194 I MmTelFeatureConnection: Emergency calling enabled on slotId: 0
06-17 08:37:57.499  2194  2194 I MmTelFeatureConnection: MmTel enabled on slotId: 0
06-17 08:37:57.499  2194  2194 I MmTelFeatureConnection: getFeatureState - returning 0
06-17 08:37:57.499  2194  2194 D ImsManager: Status Changed: 0
06-17 08:37:57.499  2194  2194 D ImsSmsDispacher: ImsManager: connection unavailable.
06-17 08:37:57.499  2032  2032 D KeyguardViewBase: show()
06-17 08:37:57.499  2194  2208 D SST     : [0] SST.getAllCellInfo(): return last, back to back calls
06-17 08:37:57.499  2194  2208 D SST     : [1] SST.getAllCellInfo(): return last, back to back calls
06-17 08:37:57.499  2194  2194 D SubscriptionController: [getActiveSubInfoList] Sub Controller not ready
06-17 08:37:57.499  2032  2032 V KeyguardSecurityView: showPrimarySecurityScreen(turningOff=false)
06-17 08:37:57.500  2032  2032 D KeyguardSecurityView: showSecurityScreen(None)
06-17 08:37:57.501  2194  2194 D PhoneUtils: Logical Modem id: 0 phoneId: 0
06-17 08:37:57.501  2194  2194 D PhoneUtils: Primay Stack phone id: 0 selected
06-17 08:37:57.502  2194  2208 D SST     : [0] SST.getAllCellInfo(): return last, back to back calls
06-17 08:37:57.502  2194  2208 D SST     : [1] SST.getAllCellInfo(): return last, back to back calls
06-17 08:37:57.502  2032  2032 D KeyguardViewMediator: adjustStatusBarLocked: mShowing=true mOccluded=false isSecure=false force=false --> flags=0x1200000
06-17 08:37:57.503  2194  2194 D QtiSubscriptionController: getPhoneId, received dummy subId 2147483643
06-17 08:37:57.503  2194  2194 E PhoneInterfaceManager: [PhoneIntfMgr] getIccId: No UICC
06-17 08:37:57.503  2032  2032 V KeyguardDisplayManager: show
06-17 08:37:57.503  2194  2194 D QtiSubscriptionController: getPhoneId, received dummy subId 2147483643
06-17 08:37:57.504  2194  2194 D SubscriptionController: [getActiveSubInfoList] Sub Controller not ready
06-17 08:37:57.504  2194  2194 D SubscriptionController: [getActiveSubInfoForSubscriber]- subId=2147483643 subList=null subInfo=null
06-17 08:37:57.505  2194  2194 D QtiSubscriptionController: getPhoneId, received dummy subId 2147483643
06-17 08:37:57.507  2032  2032 D android.widget.GridLayout: vertical constraints: y1-y0>=52, y1-y0<=48 are inconsistent; permanently removing: y1-y0<=48. 
06-17 08:37:57.511  2194  2194 D OpenGLRenderer: Skia GL Pipeline
06-17 08:37:57.513  1595  2142 I Telecom : PhoneAccountRegistrar: Modify account: [ComponentInfo{com.android.phone/com.android.services.telephony.TelephonyConnectionService}, ***, UserHandle{0}]: TSI.rPA@ABA
06-17 08:37:57.516  2194  2194 I TelecomFramework: AccountEntry: Registered phoneAccount: [[ ] PhoneAccount: ComponentInfo{com.android.phone/com.android.services.telephony.TelephonyConnectionService}, ***, UserHandle{0} Capabilities: CallProvider EmergOnly MultiUser PlaceEmerg SimSub  Audio Routes: BESW Schemes: tel voicemail  Extras: Bundle[{android.telecom.extra.SUPPORTS_VIDEO_CALLING_FALLBACK=true}] GroupId: ***] with handle: ComponentInfo{com.android.phone/com.android.services.telephony.TelephonyConnectionService}, ***, UserHandle{0}
06-17 08:37:57.517  2194  2194 I TelecomFramework: PstnIncomingCallNotifier: Registering: Handler (com.qualcomm.qti.internal.telephony.QtiGsmCdmaPhone) {409196d}
06-17 08:37:57.510  2194  2194 I chatty  : uid=1001(radio) com.android.phone identical 9 lines
06-17 08:37:57.510  2194  2194 D QtiSubscriptionController: getPhoneId, received dummy subId 2147483643
06-17 08:37:57.520  2194  2194 D SubscriptionController: [getActiveSubInfoList] Sub Controller not ready
06-17 08:37:57.520  2194  2194 D QtiDCT  : [0]SubscriptionListener.onSubscriptionInfoChanged
06-17 08:37:57.520  2194  2194 D CarrierIdentifier: SubscriptionListener.onSubscriptionInfoChanged subId: 2147483643
06-17 08:37:57.520  2194  2194 D SST     : [0] SubscriptionListener.onSubscriptionInfoChanged
06-17 08:37:57.520  2194  2194 D GsmCdmaPhone: [0] updateVoiceMail countVoiceMessages = 0 subId 2147483643
06-17 08:37:57.520  2194  2194 E Phone   : setVoiceMessageCount in sharedPreference: invalid subId 2147483643
06-17 08:37:57.521  2194  2194 D QtiSubscriptionController: getPhoneId, received dummy subId 2147483643
06-17 08:37:57.522  2194  2194 D CarrierConfigLoader: mHandler: 0 phoneId: 1
06-17 08:37:57.522  2194  2194 D CarrierSvcBindHelper: mHandler: 0
06-17 08:37:57.522  2194  2194 D CarrierSvcBindHelper: Rebinding if necessary for phoneId: 1
06-17 08:37:57.522  2194  2194 E PhoneInterfaceManager: [PhoneIntfMgr] getCarrierPackageNamesForIntent: No UICC
06-17 08:37:57.522  2194  2194 D CarrierSvcBindHelper: No carrier app for: 1
06-17 08:37:57.522  2194  2194 D SST     : [1] SubscriptionListener.onSubscriptionInfoChanged
06-17 08:37:57.522  2194  2194 D SubscriptionController: [getPhoneId]- invalid subId return=-1
06-17 08:37:57.523  2194  2194 D PhoneSwitcher: handle event - 102
06-17 08:37:57.523  2194  2194 D SubscriptionController: [getPhoneId]- invalid subId return=-1
06-17 08:37:57.523  2194  2194 D SubscriptionController: [getActiveSubInfoList] Sub Controller not ready
06-17 08:37:57.524  2194  2194 I TelecomFramework: PstnIncomingCallNotifier: Unregistering: Handler (com.qualcomm.qti.internal.telephony.QtiGsmCdmaPhone) {409196d}
06-17 08:37:57.524  2194  2194 D PhoneUtils: Logical Modem id: 0 phoneId: 0
06-17 08:37:57.525  2194  2194 D PhoneUtils: Primay Stack phone id: 0 selected
06-17 08:37:57.525  2194  2194 D QtiSubscriptionController: getPhoneId, received dummy subId 2147483643
06-17 08:37:57.525  2194  2194 E PhoneInterfaceManager: [PhoneIntfMgr] getIccId: No UICC
06-17 08:37:57.525  2194  2194 D QtiSubscriptionController: getPhoneId, received dummy subId 2147483643
06-17 08:37:57.526  2194  2194 D SubscriptionController: [getActiveSubInfoList] Sub Controller not ready
06-17 08:37:57.526  2194  2194 D SubscriptionController: [getActiveSubInfoForSubscriber]- subId=2147483643 subList=null subInfo=null
06-17 08:37:57.527   736   736 D SDM     : DisplayBase::BuildLayerStackStats: LayerStack layer_count: 3, app_layer_count: 2, gpu_target_index: 2, display type: 0
06-17 08:37:57.527  2194  2194 D QtiSubscriptionController: getPhoneId, received dummy subId 2147483643
06-17 08:37:57.531  1595  1658 I user_activity_timeout_override: 10000
06-17 08:37:57.535  1595  2123 I Telecom : PhoneAccountRegistrar: Modify account: [ComponentInfo{com.android.phone/com.android.services.telephony.TelephonyConnectionService}, ***, UserHandle{0}]: TSI.rPA@ABM
06-17 08:37:57.535  2032  2032 D StatusBar: disable<e i a s b H R c s > disable2<q i n >
06-17 08:37:57.536  2032  2032 W View    : requestLayout() improperly called by com.android.keyguard.CarrierText{561356d V.ED..... ..S...ID 32,0-578,80 #7f0a0193 app:id/keyguard_carrier_text} during layout: running second layout pass
06-17 08:37:57.537  2194  2194 I TelecomFramework: AccountEntry: Registered phoneAccount: [[ ] PhoneAccount: ComponentInfo{com.android.phone/com.android.services.telephony.TelephonyConnectionService}, ***, UserHandle{0} Capabilities: CallProvider EmergOnly MultiUser PlaceEmerg SimSub  Audio Routes: BESW Schemes: tel voicemail  Extras: Bundle[{android.telecom.extra.SUPPORTS_VIDEO_CALLING_FALLBACK=true}] GroupId: ***] with handle: ComponentInfo{com.android.phone/com.android.services.telephony.TelephonyConnectionService}, ***, UserHandle{0}
06-17 08:37:57.537  2194  2194 I TelecomFramework: PstnIncomingCallNotifier: Registering: Handler (com.qualcomm.qti.internal.telephony.QtiGsmCdmaPhone) {409196d}
06-17 08:37:57.533  2194  2194 I chatty  : uid=1001(radio) com.android.phone identical 9 lines
06-17 08:37:57.533  2194  2194 D QtiSubscriptionController: getPhoneId, received dummy subId 2147483643
06-17 08:37:57.540  2194  2194 D SubscriptionController: [getActiveSubInfoList] Sub Controller not ready
06-17 08:37:57.540  2194  2194 D QtiDCT  : [1]SubscriptionListener.onSubscriptionInfoChanged
06-17 08:37:57.540  2194  2194 D QtiDCT  : [0]SubscriptionListener.onSubscriptionInfoChanged
06-17 08:37:57.541  2194  2194 D SST     : [0] SubscriptionListener.onSubscriptionInfoChanged
06-17 08:37:57.541  2194  2194 D SAT     : [0]onSimAbsent, reset activation state to UNKNOWN
06-17 08:37:57.541  2194  2194 D SAT     : [0]setVoiceActivationState=0
06-17 08:37:57.542  2194  2194 D SAT     : [0]setDataActivationState=0
06-17 08:37:57.542  2194  2194 D SAT     : [1]onSimAbsent, reset activation state to UNKNOWN
06-17 08:37:57.542  2194  2194 D SAT     : [1]setVoiceActivationState=0
06-17 08:37:57.543  2194  2194 D SAT     : [1]setDataActivationState=0
06-17 08:37:57.544  2194  2194 D QtiSimPhoneBookAdnRecordCache: ACTION_SIM_STATE_CHANGED intent received simStatus: ABSENTphoneId: 1
06-17 08:37:57.544  2194  2194 D QtiSimPhoneBookAdnRecordCache: invalidateAdnCache
06-17 08:37:57.544  2194  2194 D PhoneSwitcher: mSimStateIntentReceiver: phoneId = 1 value = ABSENT
06-17 08:37:57.546  2194  2194 D LocaleTracker: Sim absent. Get latest cell info from the modem.
06-17 08:37:57.546  2194  2194 D SST     : [1] SST.getAllCellInfo(): return last, same thread can't block
06-17 08:37:57.547  2194  2194 D LocaleTracker: getCellInfo: cell info=[]
06-17 08:37:57.547  2194  2194 D LocaleTracker: Can't get cell info. Try again in 4 secs.
06-17 08:37:57.547  2194  2194 D LocaleTracker: updateLocale: mcc = null, country = 
06-17 08:37:57.547  2194  2194 D ImsPhone: [0] handleMessage what=53
06-17 08:37:57.547  2194  2194 D QtiSubscriptionController: getPhoneId, received dummy subId 2147483643
06-17 08:37:57.547  2194  2194 D ImsPhone: [0] handleMessage what=52
06-17 08:37:57.547  2194  2194 D ImsPhone: [0] EVENT_DEFAULT_PHONE_DATA_STATE_CHANGED
06-17 08:37:57.547  2194  2194 D ImsPhone: [0] updateDataServiceState: defSs = {mVoiceRegState=3(POWER_OFF), mDataRegState=3(POWER_OFF), mChannelNumber=-1, duplexMode()=0, mCellBandwidths=[], mVoiceRoamingType=home, mDataRoamingType=home, mVoiceOperatorAlphaLong=, mVoiceOperatorAlphaShort=, mDataOperatorAlphaLong=, mDataOperatorAlphaShort=, isManualNetworkSelection=false(automatic), mRilVoiceRadioTechnology=0(Unknown), mRilDataRadioTechnology=0(Unknown), mCssIndicator=unsupported, mNetworkId=-1, mSystemId=-1, mCdmaRoamingIndicator=-1, mCdmaDefaultRoamingIndicator=-1, mIsEmergencyOnly=false, mIsDataRoamingFromRegistration=false, mIsUsingCarrierAggregation=false, mLteEarfcnRsrpBoost=0, mNetworkRegistrationStates=[]} imsSs = {mVoiceRegState=1(OUT_OF_SERVICE), mDataRegState=3(POWER_OFF), mChannelNumber=-1, duplexMode()=0, mCellBandwidths=[], mVoiceRoamingType=home, mDataRoamingType=home, mVoiceOperatorAlphaLong=null, mVoiceOperatorAlphaShort=null, mDataOperatorAlphaLong=null, mDataOperatorAlphaShort=null, isManualNetworkSelection=false(automatic), mRilVoiceRadioTechnology=0(Unknown), mRilDataRadioTechnology=0(Unknown), mCssIndicator=unsupported, mNetworkId=-1, mSystemId=-1, mCdmaRoamingIndicator=-1, mCdmaDefaultRoamingIndicator=-1, mIsEmergencyOnly=false, mIsDataRoamingFromRegistration=false, mIsUsingCarrierAggregation=false, mLteEarfcnRsrpBoost=0, mNetworkRegistrationStates=[]}
06-17 08:37:57.547  2194  2194 D QtiRadioCapabilityController: handleRadioCapsAvailable... 
06-17 08:37:57.547  2194  2194 D QtiRadioCapabilityController: updateStackBindingIfRequired
06-17 08:37:57.548  2194  2194 D QtiRadioCapabilityController: provisionStatus[0] : -2
06-17 08:37:57.548  2194  2194 D QtiRadioCapabilityController: provisionStatus[1] : -2
06-17 08:37:57.548  2194  2194 I QtiRadioCapabilityController:  get slotId based N/W mode, val[0] = 22
06-17 08:37:57.548  2194  2194 I QtiRadioCapabilityController:  get slotId based N/W mode, val[1] = 20
06-17 08:37:57.548  2194  2194 D QtiRadioCapabilityController: nwMode:22, on stack:0 is Supported
06-17 08:37:57.548  2194  2194 D QtiRadioCapabilityController: updatePreferredStackIds: current stack[0]supports NwMode[22] on phoneId[0]
06-17 08:37:57.548  2194  2194 D QtiRadioCapabilityController: nwMode:20, on stack:1 is Supported
06-17 08:37:57.548  2194  2194 D QtiRadioCapabilityController: updatePreferredStackIds: current stack[1]supports NwMode[20] on phoneId[1]
06-17 08:37:57.549  2194  2194 D QtiRadioCapabilityController:  updateStackBindingIfRequired, required =  false
06-17 08:37:57.549  2194  2194 D QtiRadioCapabilityController: notifyRadioCapsUpdated: radio caps updated false
06-17 08:37:57.550  2194  2194 D SST     : [0] EVENT_POLL_STATE_NETWORK_SELECTION_MODE
06-17 08:37:57.550  2194  2194 D GsmCdmaCallTracker: Event EVENT_POLL_CALLS_RESULT Received
06-17 08:37:57.550  2194  2194 D GsmCdmaCallTracker: [0] update phone state, old=IDLE new=IDLE
06-17 08:37:57.550  2194  2194 D SubscriptionController: [getPhoneId]- invalid subId return=-1
06-17 08:37:57.550  2194  2194 D PhoneSwitcher: handle event - 108
06-17 08:37:57.551  2194  2194 D CdmaSSM : CDMA_SUBSCRIPTION_SOURCE event = 2
06-17 08:37:57.551  2194  2194 E SmsDispatchersController: IMS State query failed with exp com.android.internal.telephony.CommandException: INVALID_MODEM_STATE
06-17 08:37:57.551  2194  2194 D GsmCdmaCallTracker: Event EVENT_POLL_CALLS_RESULT Received
06-17 08:37:57.551  2194  2194 D GsmCdmaCallTracker: [1] update phone state, old=IDLE new=IDLE
06-17 08:37:57.551  2194  2194 D QtiGsmCdmaPhone: handleMessage: Event: 40
06-17 08:37:57.551  2194  2194 D GsmCdmaPhone: [0] EVENT_REQUEST_VOICE_RADIO_TECH_DONE: newVoiceTech=4
06-17 08:37:57.551  2194  2194 D GsmCdmaPhone: [0] phoneObjectUpdater: newVoiceRadioTech=4
06-17 08:37:57.551  1595  1595 I commit_sys_config_file: [notification-policy,5]
06-17 08:37:57.551  2194  2194 D GsmCdmaPhone: [0] Switching Voice Phone : GSM >>> CDMA
06-17 08:37:57.551  2194  2194 D GsmCdmaPhone: [0] Precise phone type 6
06-17 08:37:57.551  2194  2194 D CdmaSSM : getcdmasubscriptionSource: 0
06-17 08:37:57.551  2194  2194 D RILJ    : setPhoneType=2 old value=1 [SUB0]
06-17 08:37:57.551  2194  2194 D GsmCdmaPhone: [0] init: operatorAlpha='' operatorNumeric=''
06-17 08:37:57.552  2194  2194 D GsmCdmaPhone: [0] CDMAPhone: updateCurrentCarrierInProvider called
06-17 08:37:57.552  2194  2194 D SST     : handleNetworkUnavailable
06-17 08:37:57.552  2194  2194 D CdmaSSM : getcdmasubscriptionSource: 0
06-17 08:37:57.552  2194  2194 D SST     : [0] getOtasp: otasp uninitialized due to sim not loaded
06-17 08:37:57.553  2194  2194 D RILJ    : [3738]> SIGNAL_STRENGTH [SUB0]
06-17 08:37:57.553  2194  2194 D SST     : [0] notifyDataRegStateRilRadioTechnologyChanged: drs=1 rat=0
06-17 08:37:57.554  2194  2194 D GsmCdmaPhone: [0] can't find 3GPP2 application; trying APP_FAM_3GPP
06-17 08:37:57.554  2194  2194 D GsmCdmaCallTracker: reset
06-17 08:37:57.554  2194  2194 D GsmCdmaCallTracker: [0] update phone state, old=IDLE new=IDLE
06-17 08:37:57.555  2194  2310 D RILJ    : [3738]< SIGNAL_STRENGTH SignalStrength: 0 0 0 0 0 0 0 0 0 0 0 0 0 2147483647 0 0 -120 gsm|lte use_rsrp_and_rssnr_for_lte_level  [-128, -118, -108, -98] [-115, -105, -95, -85] [SUB0]
06-17 08:37:57.555  2194  2194 D RILJ    : [3739]> GET_CURRENT_CALLS [SUB0]
06-17 08:37:57.556  2194  2194 D RILJ    : [3740]> BASEBAND_VERSION [SUB0]
06-17 08:37:57.557  2032  2032 D KeyguardUpdateMonitor: received broadcast android.intent.action.SIM_STATE_CHANGED
06-17 08:37:57.557  1287  1375 E RILC    : Empty response
06-17 08:37:57.557  2032  2032 V KeyguardUpdateMonitor: action android.intent.action.SIM_STATE_CHANGED state: ABSENT slotId: 0 subid: 2147483643
06-17 08:37:57.557  2194  2194 D RILJ    : [3741]> RIL_REQUEST_DEVICE_IDENTITY [SUB0]
06-17 08:37:57.557  2032  2032 D KeyguardUpdateMonitor: received broadcast android.intent.action.SIM_STATE_CHANGED
06-17 08:37:57.557  2194  2310 D RILJ    : [3739]< GET_CURRENT_CALLS {} [SUB0]
06-17 08:37:57.557  2032  2032 V KeyguardUpdateMonitor: action android.intent.action.SIM_STATE_CHANGED state: ABSENT slotId: 1 subid: 2147483644
06-17 08:37:57.557  2032  2032 D KeyguardUpdateMonitor: received broadcast android.intent.action.SERVICE_STATE
06-17 08:37:57.557  2032  2032 V KeyguardUpdateMonitor: action android.intent.action.SERVICE_STATE serviceState={mVoiceRegState=3(POWER_OFF), mDataRegState=3(POWER_OFF), mChannelNumber=-1, duplexMode()=0, mCellBandwidths=[], mVoiceRoamingType=home, mDataRoamingType=home, mVoiceOperatorAlphaLong=, mVoiceOperatorAlphaShort=, mDataOperatorAlphaLong=, mDataOperatorAlphaShort=, isManualNetworkSelection=false(automatic), mRilVoiceRadioTechnology=0(Unknown), mRilDataRadioTechnology=0(Unknown), mCssIndicator=unsupported, mNetworkId=-1, mSystemId=-1, mCdmaRoamingIndicator=-1, mCdmaDefaultRoamingIndicator=-1, mIsEmergencyOnly=false, mIsDataRoamingFromRegistration=false, mIsUsingCarrierAggregation=false, mLteEarfcnRsrpBoost=0, mNetworkRegistrationStates=[]} subId=2147483643
06-17 08:37:57.557  2032  2032 D KeyguardUpdateMonitor: handleServiceStateChange(subId=2147483643, serviceState={mVoiceRegState=1(OUT_OF_SERVICE), mDataRegState=1(OUT_OF_SERVICE), mChannelNumber=-1, duplexMode()=0, mCellBandwidths=[], mVoiceRoamingType=home, mDataRoamingType=home, mVoiceOperatorAlphaLong=null, mVoiceOperatorAlphaShort=null, mDataOperatorAlphaLong=null, mDataOperatorAlphaShort=null, isManualNetworkSelection=false(automatic), mRilVoiceRadioTechnology=0(Unknown), mRilDataRadioTechnology=0(Unknown), mCssIndicator=unsupported, mNetworkId=-1, mSystemId=-1, mCdmaRoamingIndicator=-1, mCdmaDefaultRoamingIndicator=-1, mIsEmergencyOnly=false, mIsDataRoamingFromRegistration=false, mIsUsingCarrierAggregation=false, mLteEarfcnRsrpBoost=0, mNetworkRegistrationStates=[]}
06-17 08:37:57.557  2032  2032 D CarrierText: updateCarrierText(): 0
06-17 08:37:57.557  2194  2194 D RILJ    : [3742]> RIL_REQUEST_GET_RADIO_CAPABILITY [SUB0]
06-17 08:37:57.558  2032  2032 D CarrierText: Getting plmn/spn sticky brdcst No service/
06-17 08:37:57.558  2194  2194 D RILJ    : [3743]> RIL_REQUEST_VOICE_RADIO_TECH [SUB0]
06-17 08:37:57.558  2194  2194 D CdmaSSM : getcdmasubscriptionSource: 0
06-17 08:37:57.558  2032  2032 D CarrierText: updateCarrierText(): 0
06-17 08:37:57.559  2032  2032 D CarrierText: Getting plmn/spn sticky brdcst No service/
06-17 08:37:57.559  2194  2310 D RILJ    : [3740]< BASEBAND_VERSION BP01.005(SC66CENAR01A05) [SUB0]
06-17 08:37:57.560  2194  2194 D SubscriptionController: [getPhoneId]- invalid subId return=-1
06-17 08:37:57.560  2194  2194 D PhoneSwitcher: handle event - 108
06-17 08:37:57.560   728  2491 D vendor.qti.bluetooth@1.0-ibs_handler: ibs_spurious_wake_timer_start: Spurious wake timer created
06-17 08:37:57.560  2194  2194 D SST     : [1] EVENT_POLL_STATE_NETWORK_SELECTION_MODE
06-17 08:37:57.560  2194  2194 D SST     : [1] Could not set ServiceState channel number. CellIdentity null
06-17 08:37:57.560  2194  2194 D SST     : [1] handlPollStateResultMessage: GsmSST dataServiceState=1 regState=2 dataRadioTechnology=0
06-17 08:37:57.560  2194  2194 E SmsDispatchersController: IMS State query failed with exp com.android.internal.telephony.CommandException: INVALID_MODEM_STATE
06-17 08:37:57.560  2194  2194 D QtiGsmCdmaPhone: handleMessage: Event: 40
06-17 08:37:57.560  2194  2194 D GsmCdmaPhone: [1] EVENT_REQUEST_VOICE_RADIO_TECH_DONE: newVoiceTech=3
06-17 08:37:57.560  2194  2194 D GsmCdmaPhone: [1] phoneObjectUpdater: newVoiceRadioTech=3
06-17 08:37:57.560  2194  2194 D GsmCdmaPhone: [1] phoneObjectUpdater: No change ignore, newVoiceRadioTech=3 mActivePhone=GSM
06-17 08:37:57.561  2194  2194 D use-Rlog/RLOG-QC_RIL_OEM_HOOK: Received Broadcast Intent ACTION_UNSOL_RESPONSE_OEM_HOOK_RAW
06-17 08:37:57.561  2194  2194 D use-Rlog/RLOG-QC_RIL_OEM_HOOK: Oem ID in QCRILHOOK UNSOL RESP is QOEMHOOK
06-17 08:37:57.561   736   736 D SDM     : DisplayBase::BuildLayerStackStats: LayerStack layer_count: 2, app_layer_count: 1, gpu_target_index: 1, display type: 0
06-17 08:37:57.561  2194  2194 D SST     : [1] Could not set ServiceState channel number. CellIdentity null
06-17 08:37:57.561  2194  2194 D SST     : [1] handlPollVoiceRegResultMessage: regState=2 radioTechnology=0
06-17 08:37:57.561  2194  2310 D RILJ    : convertHalRadioCapability: session=0, phase=0, rat=213320, logicModemUuid=0, status=1 [SUB0]
06-17 08:37:57.561  2194  2310 D RILJ    : [3742]< RIL_REQUEST_GET_RADIO_CAPABILITY {mPhoneId = 0 mVersion=1 mSession=0 mPhase=0 mRadioAccessFamily=213320 mLogicModemId=0 mStatus=1} [SUB0]
06-17 08:37:57.562  2194  2310 D RILJ    : [3741]< RIL_REQUEST_DEVICE_IDENTITY {864430010001091, 05, 80E8D500, A10000247C9EE1} [SUB0]
06-17 08:37:57.562  2194  2194 D QtiSubscriptionController: getPhoneId, received dummy subId 2147483644
06-17 08:37:57.562  2194  2194 D SST     : [1] Poll ServiceState done:  oldSS=[{mVoiceRegState=1(OUT_OF_SERVICE), mDataRegState=1(OUT_OF_SERVICE), mChannelNumber=-1, duplexMode()=0, mCellBandwidths=[], mVoiceRoamingType=home, mDataRoamingType=home, mVoiceOperatorAlphaLong=null, mVoiceOperatorAlphaShort=null, mDataOperatorAlphaLong=null, mDataOperatorAlphaShort=null, isManualNetworkSelection=false(automatic), mRilVoiceRadioTechnology=0(Unknown), mRilDataRadioTechnology=0(Unknown), mCssIndicator=unsupported, mNetworkId=-1, mSystemId=-1, mCdmaRoamingIndicator=-1, mCdmaDefaultRoamingIndicator=-1, mIsEmergencyOnly=false, mIsDataRoamingFromRegistration=false, mIsUsingCarrierAggregation=false, mLteEarfcnRsrpBoost=0, mNetworkRegistrationStates=[]}] newSS=[{mVoiceRegState=1(OUT_OF_SERVICE), mDataRegState=1(OUT_OF_SERVICE), mChannelNumber=-1, duplexMode()=0, mCellBandwidths=[], mVoiceRoamingType=home, mDataRoamingType=home, mVoiceOperatorAlphaLong=, mVoiceOperatorAlphaShort=, mDataOperatorAlphaLong=, mDataOperatorAlphaShort=, isManualNetworkSelection=false(automatic), mRilVoiceRadioTechnology=0(Unknown), mRilDataRadioTechnology=0(Unknown), mCssIndicator=unsupported, mNetworkId=-1, mSystemId=-1, mCdmaRoamingIndicator=-1, mCdmaDefaultRoamingIndicator=-1, mIsEmergencyOnly=false, mIsDataRoamingFromRegistration=false, mIsUsingCarrierAggregation=false, mLteEarfcnRsrpBoost=0, mNetworkRegistrationStates=[NetworkRegistrationState{transportType=1 domain=PS regState=NOT_REG_SEARCHING accessNetworkTechnology=UNKNOWN reasonForDenial=0 emergencyEnabled=false supportedServices=null cellIdentity=null voiceSpecificStates=null dataSpecificStates=DataSpecificRegistrationStates { mMaxDataCalls=20}}, NetworkRegistrationState{transportType=1 domain=CS regState=NOT_REG_SEARCHING accessNetworkTechnology=UNKNOWN reasonForDenial=0 emergencyEnabled=false supportedServices=null cellIdentity=null voiceSpecificStates=VoiceSpecificRegistrationStates { mCssSupported=false mRoamingIndicator=-1 mSystemIsInPrl=-1 mDefaultRoamingIndicator=-1} dataSpecificStates=null}]}] oldMaxDataCalls=1 mNewMaxDataCalls=20 oldReasonDataDenied=-1 mNewReasonDataDenied=0
06-17 08:37:57.562  2194  2194 D SST     : [1] pollStateDone: hasRegistered=false hasDeregistered=false hasDataAttached=false hasDataDetached=false hasDataRegStateChanged=false hasRilVoiceRadioTechnologyChanged= false hasRilDataRadioTechnologyChanged=false hasChanged=true hasVoiceRoamingOn=false hasVoiceRoamingOff=false hasDataRoamingOn=false hasDataRoamingOff=false hasLocationChanged=false has4gHandoff = false hasMultiApnSupport=false hasLostMultiApnSupport=false hasCssIndicatorChanged=false
06-17 08:37:57.562  2194  2194 D SST     : [1] updateSpnDisplay: radio is on but out of service, set plmn='No service'
06-17 08:37:57.562  2032  2032 D CarrierText: updateCarrierText(): 0
06-17 08:37:57.563  2194  2194 D SST     : [1] updateSpnDisplay: changed sending intent rule=0 showPlmn='true' plmn='No service' showSpn='false' spn='' dataSpn='' subId='2147483644'
06-17 08:37:57.563  2032  2032 D CarrierText: Getting plmn/spn sticky brdcst No service/
06-17 08:37:57.563  2194  2310 D RILJ    : [3743]< RIL_REQUEST_VOICE_RADIO_TECH {4} [SUB0]
06-17 08:37:57.563  2032  2032 D KeyguardUpdateMonitor: handleServiceStateChange(subId=2147483644, serviceState={mVoiceRegState=1(OUT_OF_SERVICE), mDataRegState=1(OUT_OF_SERVICE), mChannelNumber=-1, duplexMode()=0, mCellBandwidths=[], mVoiceRoamingType=home, mDataRoamingType=home, mVoiceOperatorAlphaLong=null, mVoiceOperatorAlphaShort=null, mDataOperatorAlphaLong=null, mDataOperatorAlphaShort=null, isManualNetworkSelection=false(automatic), mRilVoiceRadioTechnology=0(Unknown), mRilDataRadioTechnology=0(Unknown), mCssIndicator=unsupported, mNetworkId=-1, mSystemId=-1, mCdmaRoamingIndicator=-1, mCdmaDefaultRoamingIndicator=-1, mIsEmergencyOnly=false, mIsDataRoamingFromRegistration=false, mIsUsingCarrierAggregation=false, mLteEarfcnRsrpBoost=0, mNetworkRegistrationStates=[]}
06-17 08:37:57.563  2032  2032 D CarrierText: updateCarrierText(): 0
06-17 08:37:57.564  2194  2194 D SubscriptionController: [setCarrierText]+ text:No service subId:2147483644
06-17 08:37:57.564  2032  2032 D CarrierText: Getting plmn/spn sticky brdcst No service/
06-17 08:37:57.564  2032  2032 D CarrierText: updateCarrierText(): 0
06-17 08:37:57.564  2194  2208 D SubscriptionController: [getActiveSubInfoList] Sub Controller not ready
06-17 08:37:57.565  2032  2032 D CarrierText: Getting plmn/spn sticky brdcst No service/
06-17 08:37:57.565  2194  2194 D SubscriptionController: notifySubscriptionInfoChanged:
06-17 08:37:57.566  1595  1595 I GnssLocationProvider: WakeLock acquired by sendMessage(SUBSCRIPTION_OR_SIM_CHANGED, 0, null)
06-17 08:37:57.567  2194  2208 D SubscriptionController: [getActiveSubInfoList] Sub Controller not ready
06-17 08:37:57.567  2194  2219 D SubscriptionController: [getActiveSubInfoList] Sub Controller not ready
06-17 08:37:57.569  2159  2224 I QCNEJ   : |CORE| phoneCount: 2
06-17 08:37:57.568  2194  2219 D SubscriptionController: [getActiveSubInfoList] Sub Controller not ready
06-17 08:37:57.569  2194  2194 D SubscriptionController: [getPhoneId]- no sims, returning default phoneId=0
06-17 08:37:57.569  2032  2032 D CarrierText: updateCarrierText(): 0
06-17 08:37:57.570  2194  2209 D QtiSubscriptionController: getPhoneId, received dummy subId 2147483643
06-17 08:37:57.570  2194  2194 D QtiSubscriptionController: getPhoneId, received dummy subId 2147483643
06-17 08:37:57.570  2032  2032 D CarrierText: Getting plmn/spn sticky brdcst No service/
06-17 08:37:57.570  2194  2194 D SST     : [1] operatorNumeric  is invalid
06-17 08:37:57.570  2194  2194 D LocaleTracker: updateOperatorNumericAsync. mcc/mnc=
06-17 08:37:57.570  2194  2194 D SST     : handleNetworkUnavailable
06-17 08:37:57.570  2194  2384 D LocaleTracker: updateOperatorNumericSync. mcc/mnc=
06-17 08:37:57.570  2194  2384 D LocaleTracker: Operator numeric changes to 
06-17 08:37:57.570  2194  2384 D LocaleTracker: Operator numeric unavailable. Get latest cell info from the modem.
06-17 08:37:57.570  2194  2384 D SST     : [1] SST.getAllCellInfo(): return last, back to back calls
06-17 08:37:57.570  1595  1640 I GnssLocationProvider: WakeLock released by handleMessage(SUBSCRIPTION_OR_SIM_CHANGED, 0, null)
06-17 08:37:57.570  2194  2384 D LocaleTracker: getCellInfo: cell info=[]
06-17 08:37:57.571  2194  2384 D LocaleTracker: Can't get cell info. Try again in 8 secs.
06-17 08:37:57.571  2194  2384 D LocaleTracker: updateLocale: mcc = null, country = 
06-17 08:37:57.571  2194  2194 D SST     : [1] Broadcasting ServiceState : {mVoiceRegState=1(OUT_OF_SERVICE), mDataRegState=1(OUT_OF_SERVICE), mChannelNumber=-1, duplexMode()=0, mCellBandwidths=[], mVoiceRoamingType=home, mDataRoamingType=home, mVoiceOperatorAlphaLong=, mVoiceOperatorAlphaShort=, mDataOperatorAlphaLong=, mDataOperatorAlphaShort=, isManualNetworkSelection=false(automatic), mRilVoiceRadioTechnology=0(Unknown), mRilDataRadioTechnology=0(Unknown), mCssIndicator=unsupported, mNetworkId=-1, mSystemId=-1, mCdmaRoamingIndicator=-1, mCdmaDefaultRoamingIndicator=-1, mIsEmergencyOnly=false, mIsDataRoamingFromRegistration=false, mIsUsingCarrierAggregation=false, mLteEarfcnRsrpBoost=0, mNetworkRegistrationStates=[NetworkRegistrationState{transportType=1 domain=PS regState=NOT_REG_SEARCHING accessNetworkTechnology=UNKNOWN reasonForDenial=0 emergencyEnabled=false supportedServices=null cellIdentity=null voiceSpecificStates=null dataSpecificStates=DataSpecificRegistrationStates { mMaxDataCalls=20}}, NetworkRegistrationState{transportType=1 domain=CS regState=NOT_REG_SEARCHING accessNetworkTechnology=UNKNOWN reasonForDenial=0 emergencyEnabled=false supportedServices=null cellIdentity=null voiceSpecificStates=VoiceSpecificRegistrationStates { mCssSupported=false mRoamingIndicator=-1 mSystemIsInPrl=-1 mDefaultRoamingIndicator=-1} dataSpecificStates=null}]}
