06-17 08:37:57.108  2194  2194 D NetworkRegistrationManager: getNetworkRegistrationState domain 2
06-17 08:37:57.108  2194  2194 D NetworkRegistrationManager: service not connected.
06-17 08:37:57.108  2194  2194 D NetworkRegistrationManager: getNetworkRegistrationState domain 1
06-17 08:37:57.108  2194  2194 D NetworkRegistrationManager: service not connected.
06-17 08:37:57.109  2194  2310 D RILJ    : [3700]< OPERATOR {, , } [SUB1]
06-17 08:37:57.109  1330  2461 D RILC    : setRadioPowerResponse: serial 51
06-17 08:37:57.110  2194  2194 D RILJ    : [3704]> QUERY_NETWORK_SELECTION_MODE [SUB1]
06-17 08:37:57.110  1287  2433 D RILC    : setRadioPowerResponse: serial 26
06-17 08:37:57.110  1330  2461 D RILC    : setRadioPowerResponse: serial 54
06-17 08:37:57.110  1287  2433 D RILC    : setRadioPowerResponse: serial 29
06-17 08:37:57.110  2194  2194 I CSST    : PrefNetworkNotification: sendMessage() w/values: ,false,-1,false,false
06-17 08:37:57.110  2194  2194 I CSST    : canceling notifications: 1000
06-17 08:37:57.110  2194  2194 D Phone   : isWifiCallingEnabled =false
06-17 08:37:57.111  2194  2194 D CSST    : isPhoneRegisteredForWifiCalling: false
06-17 08:37:57.111  2194  2194 D Phone   : isWifiCallingEnabled =false
06-17 08:37:57.111  2194  2194 I CSST    : EmergencyNetworkNotification: sendMessage() w/values: ,false,-1,false,false
06-17 08:37:57.111  1287  1375 D RILC    : radioStateChangedInd: radioState 10
06-17 08:37:57.111  2194  2194 I CSST    : canceling notifications: 1001
06-17 08:37:57.111  2194  2194 I CSST    : PrefNetworkNotification: sendMessage() w/values: ,false,-1,false,false
06-17 08:37:57.111  2194  2310 D RILJ    : [3674]< RADIO_POWER  [SUB0]
06-17 08:37:57.112  2194  2194 I CSST    : canceling notifications: 1000
06-17 08:37:57.112  2194  2194 D Phone   : isWifiCallingEnabled =false
06-17 08:37:57.112  2194  2194 D CSST    : isPhoneRegisteredForWifiCalling: false
06-17 08:37:57.112  2194  2194 D Phone   : isWifiCallingEnabled =false
06-17 08:37:57.112  2194  2194 I CSST    : EmergencyNetworkNotification: sendMessage() w/values: ,false,-1,false,false
06-17 08:37:57.112  2194  2194 I CSST    : canceling notifications: 1001
06-17 08:37:57.112  1330  1374 D RILC    : radioStateChangedInd: radioState 10
06-17 08:37:57.112  2194  2194 D QtiDCT  : [1]onRadioAvailable
06-17 08:37:57.112  2194  2194 D QtiDCT  : [1]onRadioOffOrNotAvailable: is off and clean up all connections
06-17 08:37:57.112  2194  2194 D QtiDCT  : [1]cleanUpAllConnections: tearDown=false reason=radioTurnedOff
06-17 08:37:57.112  2194  2194 D GsmCdmaPhone: [1] getDataConnectionState apnType=default ret=DISCONNECTED
06-17 08:37:57.114  2194  2194 D QtiDCT  : [1]isEmergency: result=false
06-17 08:37:57.097   725   725 I chatty  : uid=1000(system) allocator@1.0-s identical 2 lines
06-17 08:37:57.097   725   725 W AshmemAllocator: ashmem_create_region(32768) returning hidl_memory(0x7f9482c100, 32768)
06-17 08:37:57.114  2328  2363 I QcrilOemhookMsgTunnel: [0]processOemHookIndication length=24
06-17 08:37:57.114  2328  2328 D QcrilMsgTunnelIfaceManager: handleMessage what = 0
06-17 08:37:57.114  2194  2310 D RILJ    : Unsol response received; Sending ack to ril.cpp [SUB0]
06-17 08:37:57.114  2194  2310 D RILJ    : [UNSL]< UNSOL_RESPONSE_RADIO_STATE_CHANGED radioStateChanged: RADIO_ON [SUB0]
06-17 08:37:57.114  2194  2310 D RILJ    : [3703]< OPERATOR {, , } [SUB1]
06-17 08:37:57.115  2194  2310 D RILJ    : [3677]< RADIO_POWER  [SUB0]
06-17 08:37:57.115  2194  2194 D QtiSubscriptionController: getPhoneId, received dummy subId 2147483644
06-17 08:37:57.116  2328  2363 I QcrilOemhookMsgTunnel: [1]processOemHookIndication length=24
06-17 08:37:57.116  2194  2310 D RILJ    : Unsol response received; Sending ack to ril.cpp [SUB1]
06-17 08:37:57.116  2328  2328 D QcrilMsgTunnelIfaceManager: handleMessage what = 0
06-17 08:37:57.116  2194  2194 D QtiSubscriptionController: getPhoneId, received dummy subId 2147483644
06-17 08:37:57.116  2194  2310 D RILJ    : [UNSL]< UNSOL_RESPONSE_RADIO_STATE_CHANGED radioStateChanged: RADIO_ON [SUB1]
06-17 08:37:57.117  2194  2310 D RILJ    : [3699]< RADIO_POWER  [SUB1]
06-17 08:37:57.117  1595  2142 D TelephonyRegistry: onDataConnectionStateChanged(0, 0)
06-17 08:37:57.117  2194  2310 D RILJ    : [3702]< RADIO_POWER  [SUB1]
06-17 08:37:57.117  2194  2310 D RILJ    : [3701]< QUERY_NETWORK_SELECTION_MODE {0} [SUB1]
06-17 08:37:57.117  2194  2310 D RILJ    : [3704]< QUERY_NETWORK_SELECTION_MODE {0} [SUB1]
06-17 08:37:57.119  2194  2194 D QtiDCT  : [1]cleanUpConnection: X tearDown=false reason=radioTurnedOff apnContext={mApnType=default mState=IDLE mWaitingApns={null} mApnSetting={null} mReason=radioTurnedOff mDataEnabled=false mDependencyMet=true} dcac=null
06-17 08:37:57.119  2194  2194 D GsmCdmaPhone: [1] getDataConnectionState apnType=mms ret=DISCONNECTED
06-17 08:37:57.120  2194  2194 D QtiDCT  : [1]isEmergency: result=false
06-17 08:37:57.120  2194  2403 D QtiSubscriptionController: getPhoneId, received dummy subId 2147483644
06-17 08:37:57.120  2194  2194 D QtiSubscriptionController: getPhoneId, received dummy subId 2147483644
06-17 08:37:57.121  2194  2403 D QtiSubscriptionController: getPhoneId, received dummy subId 2147483644
06-17 08:37:57.121  2194  2194 D QtiSubscriptionController: getPhoneId, received dummy subId 2147483644
06-17 08:37:57.121  2194  2194 D QtiDCT  : [1]cleanUpConnection: X tearDown=false reason=radioTurnedOff apnContext={mApnType=mms mState=IDLE mWaitingApns={null} mApnSetting={null} mReason=radioTurnedOff mDataEnabled=false mDependencyMet=true} dcac=null
06-17 08:37:57.122  2194  2194 D GsmCdmaPhone: [1] getDataConnectionState apnType=cbs ret=DISCONNECTED
06-17 08:37:57.122  2194  2403 D QtiSubscriptionController: getPhoneId, received dummy subId 2147483644
06-17 08:37:57.122  2194  2194 D QtiDCT  : [1]isEmergency: result=false
06-17 08:37:57.122  2194  2403 D QtiSubscriptionController: getPhoneId, received dummy subId 2147483644
06-17 08:37:57.123  2194  2194 D QtiSubscriptionController: getPhoneId, received dummy subId 2147483644
06-17 08:37:57.123  2194  2403 D QtiSubscriptionController: getPhoneId, received dummy subId 2147483644
06-17 08:37:57.123  2194  2194 D QtiSubscriptionController: getPhoneId, received dummy subId 2147483644
06-17 08:37:57.124  2194  2403 D QtiSubscriptionController: getPhoneId, received dummy subId 2147483644
06-17 08:37:57.126  2194  2194 D QtiDCT  : [1]cleanUpConnection: X tearDown=false reason=radioTurnedOff apnContext={mApnType=cbs mState=IDLE mWaitingApns={null} mApnSetting={null} mReason=radioTurnedOff mDataEnabled=false mDependencyMet=true} dcac=null
06-17 08:37:57.126  2194  2194 D GsmCdmaPhone: [1] getDataConnectionState apnType=fota ret=DISCONNECTED
06-17 08:37:57.127  2194  2194 D QtiDCT  : [1]isEmergency: result=false
06-17 08:37:57.127  2194  2194 D QtiSubscriptionController: getPhoneId, received dummy subId 2147483644
06-17 08:37:57.128  1070  2431 I MMParserExtractor: Created(0x7e1b2851c0)
06-17 08:37:57.128  2194  2194 D QtiSubscriptionController: getPhoneId, received dummy subId 2147483644
06-17 08:37:57.129  2194  2194 D QtiDCT  : [1]cleanUpConnection: X tearDown=false reason=radioTurnedOff apnContext={mApnType=fota mState=IDLE mWaitingApns={null} mApnSetting={null} mReason=radioTurnedOff mDataEnabled=false mDependencyMet=true} dcac=null
06-17 08:37:57.129  2194  2194 D GsmCdmaPhone: [1] getDataConnectionState apnType=supl ret=DISCONNECTED
06-17 08:37:57.129  2194  2194 D QtiDCT  : [1]isEmergency: result=false
06-17 08:37:57.130  2194  2194 D QtiSubscriptionController: getPhoneId, received dummy subId 2147483644
06-17 08:37:57.130  2194  2194 D QtiSubscriptionController: getPhoneId, received dummy subId 2147483644
06-17 08:37:57.131  2194  2194 D QtiDCT  : [1]cleanUpConnection: X tearDown=false reason=radioTurnedOff apnContext={mApnType=supl mState=IDLE mWaitingApns={null} mApnSetting={null} mReason=radioTurnedOff mDataEnabled=false mDependencyMet=true} dcac=null
06-17 08:37:57.132  2194  2194 D GsmCdmaPhone: [1] getDataConnectionState apnType=emergency ret=DISCONNECTED
06-17 08:37:57.132  2194  2194 D QtiDCT  : [1]isEmergency: result=false
06-17 08:37:57.133  2194  2194 D QtiSubscriptionController: getPhoneId, received dummy subId 2147483644
06-17 08:37:57.134  1595  2463 I OMXClient: IOmx service obtained
06-17 08:37:57.134  1107  2446 I OMXMaster: makeComponentInstance(OMX.google.vorbis.decoder) in omx@1.0-service process
06-17 08:37:57.134  2194  2194 D QtiSubscriptionController: getPhoneId, received dummy subId 2147483644
06-17 08:37:57.135  2194  2194 D QtiDCT  : [1]cleanUpConnection: X tearDown=false reason=radioTurnedOff apnContext={mApnType=emergency mState=IDLE mWaitingApns={null} mApnSetting={null} mReason=radioTurnedOff mDataEnabled=false mDependencyMet=true} dcac=null
06-17 08:37:57.135  2194  2194 D GsmCdmaPhone: [1] getDataConnectionState apnType=dun ret=DISCONNECTED
06-17 08:37:57.136  2194  2194 D QtiDCT  : [1]isEmergency: result=false
06-17 08:37:57.136  2194  2194 D QtiSubscriptionController: getPhoneId, received dummy subId 2147483644
06-17 08:37:57.137  1107  2446 E OMXNodeInstance: getConfig(0xec027f60:google.vorbis.decoder, ConfigAndroidVendorExtension(0x6f100004)) ERROR: Undefined(0x80001001)
06-17 08:37:57.138  1595  2463 W ExtendedACodec: Failed to get extension for extradata parameter
06-17 08:37:57.137  2194  2194 D QtiSubscriptionController: getPhoneId, received dummy subId 2147483644
06-17 08:37:57.139  2194  2194 D QtiDCT  : [1]cleanUpConnection: X tearDown=false reason=radioTurnedOff apnContext={mApnType=dun mState=IDLE mWaitingApns={null} mApnSetting={null} mReason=radioTurnedOff mDataEnabled=false mDependencyMet=true} dcac=null
06-17 08:37:57.139  2194  2194 D GsmCdmaPhone: [1] getDataConnectionState apnType=hipri ret=DISCONNECTED
06-17 08:37:57.139   725   725 W AshmemAllocator: ashmem_create_region(65307) returning hidl_memory(0x7f9482c100, 65307)
06-17 08:37:57.139  2194  2194 D QtiDCT  : [1]isEmergency: result=false
06-17 08:37:57.140  2194  2194 D QtiSubscriptionController: getPhoneId, received dummy subId 2147483644
06-17 08:37:57.140   725   725 I chatty  : uid=1000(system) allocator@1.0-s identical 2 lines
06-17 08:37:57.140   725   725 W AshmemAllocator: ashmem_create_region(65307) returning hidl_memory(0x7f9482c100, 65307)
06-17 08:37:57.142   725   725 W AshmemAllocator: ashmem_create_region(32768) returning hidl_memory(0x7f9482c100, 32768)
06-17 08:37:57.141  2194  2194 D QtiSubscriptionController: getPhoneId, received dummy subId 2147483644
06-17 08:37:57.142  2194  2194 D QtiDCT  : [1]cleanUpConnection: X tearDown=false reason=radioTurnedOff apnContext={mApnType=hipri mState=IDLE mWaitingApns={null} mApnSetting={null} mReason=radioTurnedOff mDataEnabled=false mDependencyMet=true} dcac=null
06-17 08:37:57.142  2194  2194 D GsmCdmaPhone: [1] getDataConnectionState apnType=ims ret=DISCONNECTED
06-17 08:37:57.143  2194  2194 D QtiDCT  : [1]isEmergency: result=false
06-17 08:37:57.142   725   725 I chatty  : uid=1000(system) allocator@1.0-s identical 1 line
06-17 08:37:57.143   725   725 W AshmemAllocator: ashmem_create_region(32768) returning hidl_memory(0x7f9482c100, 32768)
06-17 08:37:57.144   736   736 D SDM     : DisplayBase::BuildLayerStackStats: LayerStack layer_count: 2, app_layer_count: 1, gpu_target_index: 1, display type: 0
06-17 08:37:57.144  2194  2194 D QtiSubscriptionController: getPhoneId, received dummy subId 2147483644
06-17 08:37:57.145   725   725 W AshmemAllocator: ashmem_create_region(32768) returning hidl_memory(0x7f9482c100, 32768)
06-17 08:37:57.145  2194  2194 D QtiSubscriptionController: getPhoneId, received dummy subId 2147483644
06-17 08:37:57.147  2194  2194 D QtiDCT  : [1]cleanUpConnection: X tearDown=false reason=radioTurnedOff apnContext={mApnType=ims mState=IDLE mWaitingApns={null} mApnSetting={null} mReason=radioTurnedOff mDataEnabled=false mDependencyMet=true} dcac=null
06-17 08:37:57.147  2194  2194 D QtiDCT  : [1]stopNetStatPoll
06-17 08:37:57.147  2194  2194 D QtiSubscriptionController: getPhoneId, received dummy subId 2147483644
06-17 08:37:57.148  2194  2194 D QtiDCT  : [1]cleanUpConnection: mDisconnectPendingCount = 0
06-17 08:37:57.149  2194  2194 D QtiDCT  : [1]isEmergency: result=false
06-17 08:37:57.150  2194  2194 D QtiSubscriptionController: getPhoneId, received dummy subId 2147483644
06-17 08:37:57.151  2194  2194 D QtiSubscriptionController: getPhoneId, received dummy subId 2147483644
06-17 08:37:57.153  2194  2403 D QtiSubscriptionController: getPhoneId, received dummy subId 2147483644
06-17 08:37:57.153  2194  2403 D QtiSubscriptionController: getPhoneId, received dummy subId 2147483644
06-17 08:37:57.153  2194  2194 D QtiDCT  : [1]isEmergency: result=false
06-17 08:37:57.154  2194  2194 D QtiSubscriptionController: getPhoneId, received dummy subId 2147483644
06-17 08:37:57.154  2194  2403 D QtiSubscriptionController: getPhoneId, received dummy subId 2147483644
06-17 08:37:57.155  2194  2194 D QtiSubscriptionController: getPhoneId, received dummy subId 2147483644
06-17 08:37:57.155  2194  2403 D QtiSubscriptionController: getPhoneId, received dummy subId 2147483644
06-17 08:37:57.158  2194  2194 D QtiDCT  : [1]isEmergency: result=false
06-17 08:37:57.159  2194  2194 D QtiSubscriptionController: getPhoneId, received dummy subId 2147483644
06-17 08:37:57.159  2194  2403 D QtiSubscriptionController: getPhoneId, received dummy subId 2147483644
06-17 08:37:57.161  2194  2194 D QtiSubscriptionController: getPhoneId, received dummy subId 2147483644
06-17 08:37:57.162  2194  2403 D QtiSubscriptionController: getPhoneId, received dummy subId 2147483644
06-17 08:37:57.163  2194  2194 D QtiDCT  : [1]isEmergency: result=false
06-17 08:37:57.164  2194  2194 D QtiSubscriptionController: getPhoneId, received dummy subId 2147483644
06-17 08:37:57.153   725   725 I chatty  : uid=1000(system) allocator@1.0-s identical 3 lines
06-17 08:37:57.153   725   725 W AshmemAllocator: ashmem_create_region(32768) returning hidl_memory(0x7f9482c100, 32768)
06-17 08:37:57.167  2032  2032 V KeyguardUpdateMonitor: *** register callback for com.android.keyguard.CarrierText$1@f997232
06-17 08:37:57.167  2032  2032 V KeyguardUpdateMonitor: *** unregister callback for null
06-17 08:37:57.167  2032  2032 D CarrierText: updateCarrierText(): 0
06-17 08:37:57.165  2194  2194 D QtiSubscriptionController: getPhoneId, received dummy subId 2147483644
06-17 08:37:57.169  2194  2194 D QtiDCT  : [1]isEmergency: result=false
06-17 08:37:57.169  2194  2194 D QtiSubscriptionController: getPhoneId, received dummy subId 2147483644
06-17 08:37:57.170   765   765 D AudioPolicyManagerCustom: setForceUse() usage 0, config 0, mPhoneState 0
06-17 08:37:57.170   765   765 D AudioPolicyManagerCustom: setForceUse() usage 2, config 0, mPhoneState 0
06-17 08:37:57.170   765   765 D AudioPolicyManagerCustom: setForceUse() usage 7, config 0, mPhoneState 0
06-17 08:37:57.171  1595  1931 E AudioService: Audioserver started.
06-17 08:37:57.172  1595  1931 W AudioService: AudioFlinger informed of device's low RAM attribute; status -38
06-17 08:37:57.172   765   765 D AudioPolicyManagerCustom: setPhoneState() state 0
06-17 08:37:57.172   765   765 W APM::AudioPolicyEngine: setPhoneState() setting same state 0
06-17 08:37:57.172   765   765 W AudioPolicyManagerCustom: setPhoneState() invalid or same state 0
06-17 08:37:57.170  2194  2194 D QtiSubscriptionController: getPhoneId, received dummy subId 2147483644
06-17 08:37:57.172  2194  2194 D QtiDCT  : [1]isEmergency: result=false
06-17 08:37:57.173   765   765 D AudioPolicyManagerCustom: setForceUse() usage 0, config 0, mPhoneState 0
06-17 08:37:57.173   765   765 D AudioPolicyManagerCustom: setForceUse() usage 2, config 0, mPhoneState 0
06-17 08:37:57.173   765   765 D AudioPolicyManagerCustom: setForceUse() usage 4, config 0, mPhoneState 0
06-17 08:37:57.173  2194  2194 D QtiSubscriptionController: getPhoneId, received dummy subId 2147483644
06-17 08:37:57.174  2194  2194 D QtiSubscriptionController: getPhoneId, received dummy subId 2147483644
06-17 08:37:57.175  2194  2194 D QtiDCT  : [1]isEmergency: result=false
06-17 08:37:57.176  2194  2194 D QtiSubscriptionController: getPhoneId, received dummy subId 2147483644
06-17 08:37:57.177   765   765 D AudioPolicyManagerCustom: setForceUse() usage 1, config 10, mPhoneState 0
06-17 08:37:57.177   765   765 D AudioPolicyManagerCustom: setForceUse() usage 3, config 8, mPhoneState 0
06-17 08:37:57.177   765   765 I AudioFlinger: systemReady
06-17 08:37:57.177   765   765 W AudioFlinger: systemReady called twice
06-17 08:37:57.178   765  1974 D AudioPolicyManagerCustom: setForceUse() usage 3, config 8, mPhoneState 0
06-17 08:37:57.178   765  1974 D AudioPolicyManagerCustom: setForceUse() usage 6, config 0, mPhoneState 0
06-17 08:37:57.178   765  1974 D AudioPolicyManagerCustom: setForceUse() usage 7, config 0, mPhoneState 0
06-17 08:37:57.179   765  1974 D AudioPolicyManagerCustom: setForceUse() usage 7, config 0, mPhoneState 0
06-17 08:37:57.179   765  1974 D AudioPolicyManagerCustom: setForceUse() usage 6, config 0, mPhoneState 0
06-17 08:37:57.176  2194  2194 D QtiSubscriptionController: getPhoneId, received dummy subId 2147483644
06-17 08:37:57.179  2194  2194 D QtiDCT  : [1]isEmergency: result=false
06-17 08:37:57.180  2194  2194 D QtiSubscriptionController: getPhoneId, received dummy subId 2147483644
06-17 08:37:57.180  2194  2194 D QtiSubscriptionController: getPhoneId, received dummy subId 2147483644
06-17 08:37:57.182  2194  2194 D QtiDCT  : [1]isEmergency: result=false
06-17 08:37:57.182  2194  2194 D QtiSubscriptionController: getPhoneId, received dummy subId 2147483644
06-17 08:37:57.183  2194  2194 D QtiSubscriptionController: getPhoneId, received dummy subId 2147483644
06-17 08:37:57.184  2194  2194 D QtiDCT  : [1]onDataConnectionDetached: stop polling and notify detached
06-17 08:37:57.184  2194  2194 D QtiDCT  : [1]stopNetStatPoll
06-17 08:37:57.184  2194  2194 D QtiSubscriptionController: getPhoneId, received dummy subId 2147483644
06-17 08:37:57.184  2194  2194 D QtiDCT  : [1]notifyDataConnection: reason=dataDetached
06-17 08:37:57.185  2194  2194 D QtiDCT  : [1]isEmergency: result=false
06-17 08:37:57.186  2194  2194 D QtiSubscriptionController: getPhoneId, received dummy subId 2147483644
06-17 08:37:57.186  2194  2194 D QtiSubscriptionController: getPhoneId, received dummy subId 2147483644
06-17 08:37:57.188  2194  2194 D QtiDCT  : [1]isEmergency: result=false
06-17 08:37:57.188  2194  2403 D QtiSubscriptionController: getPhoneId, received dummy subId 2147483644
06-17 08:37:57.188  2194  2194 D QtiSubscriptionController: getPhoneId, received dummy subId 2147483644
06-17 08:37:57.188  2194  2403 D QtiSubscriptionController: getPhoneId, received dummy subId 2147483644
06-17 08:37:57.188  2194  2219 D QtiSubscriptionController: getPhoneId, received dummy subId 2147483643
06-17 08:37:57.189  2194  2194 D QtiSubscriptionController: getPhoneId, received dummy subId 2147483644
06-17 08:37:57.189  2194  2219 D QtiSubscriptionController: getPhoneId, received dummy subId 2147483644
06-17 08:37:57.190  2194  2219 I chatty  : uid=1001(radio) Binder:2194_3 identical 1 line
06-17 08:37:57.191  2194  2219 D QtiSubscriptionController: getPhoneId, received dummy subId 2147483644
06-17 08:37:57.191  2194  2194 D QtiDCT  : [1]isEmergency: result=false
06-17 08:37:57.191  2194  2194 D QtiSubscriptionController: getPhoneId, received dummy subId 2147483644
06-17 08:37:57.191  2194  2219 D QtiSubscriptionController: getPhoneId, received dummy subId 2147483644
06-17 08:37:57.192  2194  2194 D QtiSubscriptionController: getPhoneId, received dummy subId 2147483644
06-17 08:37:57.193  2194  2194 D QtiDCT  : [1]isEmergency: result=false
06-17 08:37:57.194  2194  2194 D QtiSubscriptionController: getPhoneId, received dummy subId 2147483644
06-17 08:37:57.195  2194  2194 D QtiSubscriptionController: getPhoneId, received dummy subId 2147483644
06-17 08:37:57.196  2194  2194 D QtiDCT  : [1]isEmergency: result=false
06-17 08:37:57.197  2194  2194 D QtiSubscriptionController: getPhoneId, received dummy subId 2147483644
06-17 08:37:57.197  2194  2194 D QtiSubscriptionController: getPhoneId, received dummy subId 2147483644
06-17 08:37:57.199  2194  2194 D QtiDCT  : [1]isEmergency: result=false
06-17 08:37:57.199  2194  2194 D QtiSubscriptionController: getPhoneId, received dummy subId 2147483644
06-17 08:37:57.200  2194  2194 D QtiSubscriptionController: getPhoneId, received dummy subId 2147483644
06-17 08:37:57.201  2194  2194 D QtiDCT  : [1]isEmergency: result=false
06-17 08:37:57.202  2194  2194 D QtiSubscriptionController: getPhoneId, received dummy subId 2147483644
06-17 08:37:57.202  2194  2194 D QtiSubscriptionController: getPhoneId, received dummy subId 2147483644
06-17 08:37:57.204  2194  2194 D QtiDCT  : [1]isEmergency: result=false
06-17 08:37:57.205  2194  2194 D QtiSubscriptionController: getPhoneId, received dummy subId 2147483644
06-17 08:37:57.206  2194  2194 D QtiSubscriptionController: getPhoneId, received dummy subId 2147483644
06-17 08:37:57.208  2194  2194 D QtiDCT  : [1]isEmergency: result=false
06-17 08:37:57.208  2194  2194 D QtiSubscriptionController: getPhoneId, received dummy subId 2147483644
06-17 08:37:57.209  2194  2194 D QtiSubscriptionController: getPhoneId, received dummy subId 2147483644
06-17 08:37:57.210  2194  2194 D QtiDCT  : [1]onDataRoamingOff
06-17 08:37:57.210   736   736 D SDM     : DisplayBase::BuildLayerStackStats: LayerStack layer_count: 2, app_layer_count: 1, gpu_target_index: 1, display type: 0
06-17 08:37:57.211  2194  2194 D QtiSubscriptionController: getPhoneId, received dummy subId 2147483644
06-17 08:37:57.212  2194  2194 D QtiDCT  : [1]notifyDataConnection: reason=roamingOff
06-17 08:37:57.212  2194  2194 D QtiDCT  : [1]isEmergency: result=false
06-17 08:37:57.213  2194  2194 D QtiSubscriptionController: getPhoneId, received dummy subId 2147483644
06-17 08:37:57.213  2194  2194 D QtiSubscriptionController: getPhoneId, received dummy subId 2147483644
06-17 08:37:57.215  2194  2194 D QtiDCT  : [1]isEmergency: result=false
06-17 08:37:57.215  2194  2219 D QtiSubscriptionController: getPhoneId, received dummy subId 2147483644
06-17 08:37:57.215  2194  2219 D QtiSubscriptionController: getPhoneId, received dummy subId 2147483644
06-17 08:37:57.215  2194  2194 D QtiSubscriptionController: getPhoneId, received dummy subId 2147483644
06-17 08:37:57.216  2194  2219 D QtiSubscriptionController: getPhoneId, received dummy subId 2147483644
06-17 08:37:57.216  2194  2194 D QtiSubscriptionController: getPhoneId, received dummy subId 2147483644
06-17 08:37:57.216  2194  2219 D QtiSubscriptionController: getPhoneId, received dummy subId 2147483644
06-17 08:37:57.217  2194  2219 D QtiSubscriptionController: getPhoneId, received dummy subId 2147483644
06-17 08:37:57.217  2194  2194 D QtiDCT  : [1]isEmergency: result=false
06-17 08:37:57.218  2194  2219 D QtiSubscriptionController: getPhoneId, received dummy subId 2147483644
06-17 08:37:57.218  2194  2194 D QtiSubscriptionController: getPhoneId, received dummy subId 2147483644
06-17 08:37:57.218  2194  2194 D QtiSubscriptionController: getPhoneId, received dummy subId 2147483644
06-17 08:37:57.220  2194  2194 D QtiDCT  : [1]isEmergency: result=false
06-17 08:37:57.220  2194  2194 D QtiSubscriptionController: getPhoneId, received dummy subId 2147483644
06-17 08:37:57.221  2194  2194 D QtiSubscriptionController: getPhoneId, received dummy subId 2147483644
06-17 08:37:57.222  2194  2194 D QtiDCT  : [1]isEmergency: result=false
06-17 08:37:57.223  2194  2194 D QtiSubscriptionController: getPhoneId, received dummy subId 2147483644
06-17 08:37:57.223  2194  2194 D QtiSubscriptionController: getPhoneId, received dummy subId 2147483644
06-17 08:37:57.225  2194  2194 D QtiDCT  : [1]isEmergency: result=false
06-17 08:37:57.225  2194  2194 D QtiSubscriptionController: getPhoneId, received dummy subId 2147483644
06-17 08:37:57.225  2194  2194 D QtiSubscriptionController: getPhoneId, received dummy subId 2147483644
06-17 08:37:57.227  2194  2194 D QtiDCT  : [1]isEmergency: result=false
06-17 08:37:57.227  2194  2194 D QtiSubscriptionController: getPhoneId, received dummy subId 2147483644
06-17 08:37:57.228  2194  2194 D QtiSubscriptionController: getPhoneId, received dummy subId 2147483644
06-17 08:37:57.229  2194  2194 D QtiDCT  : [1]isEmergency: result=false
06-17 08:37:57.230  2194  2194 D QtiSubscriptionController: getPhoneId, received dummy subId 2147483644
06-17 08:37:57.230  2194  2194 D QtiSubscriptionController: getPhoneId, received dummy subId 2147483644
06-17 08:37:57.231  2194  2194 D QtiDCT  : [1]isEmergency: result=false
06-17 08:37:57.232  2194  2194 D QtiSubscriptionController: getPhoneId, received dummy subId 2147483644
06-17 08:37:57.232  2194  2194 D QtiSubscriptionController: getPhoneId, received dummy subId 2147483644
06-17 08:37:57.234  2194  2194 D RILJ    : [3707]> RIL_REQUEST_SEND_DEVICE_STATE 1:true [SUB1]
06-17 08:37:57.234  2194  2194 D RILJ    : [3708]> RIL_REQUEST_SEND_DEVICE_STATE 2:false [SUB1]
06-17 08:37:57.235  2194  2194 D RILJ    : [3709]> RIL_REQUEST_SEND_DEVICE_STATE 0:false [SUB1]
06-17 08:37:57.235  2194  2310 D RILJ    : [3707]< RIL_REQUEST_SEND_DEVICE_STATE  [SUB1]
06-17 08:37:57.235  2194  2310 D RILJ    : [3708]< RIL_REQUEST_SEND_DEVICE_STATE  [SUB1]
06-17 08:37:57.236  2194  2194 D RILJ    : [3710]> RIL_REQUEST_SET_UNSOLICITED_RESPONSE_FILTER -1 [SUB1]
06-17 08:37:57.236  2194  2310 D RILJ    : [3709]< RIL_REQUEST_SEND_DEVICE_STATE  [SUB1]
06-17 08:37:57.237  2194  2194 D RILJ    : [3711]> RIL_REQUEST_SET_SIGNAL_STRENGTH_REPORTING_CRITERIA [SUB1]
06-17 08:37:57.238  2194  2194 D RILJ    : [3712]> RIL_REQUEST_SET_SIGNAL_STRENGTH_REPORTING_CRITERIA [SUB1]
06-17 08:37:57.239  1330  1528 E RILQ    : (1/1330): RIL[1][(1330,1528)] qcril_data_lqe_toggle_reporting: LCE is not initialized!
06-17 08:37:57.239  1330  1528 E RILQ    : (1/1330): RIL[1][(1330,1528)] qcril_data_lqe_toggle_reporting: LCE is not initialized!
06-17 08:37:57.239  2194  2310 D RILJ    : [3711]< RIL_REQUEST_SET_SIGNAL_STRENGTH_REPORTING_CRITERIA  [SUB1]
06-17 08:37:57.240  2194  2194 D RILJ    : [3713]> RIL_REQUEST_SET_SIGNAL_STRENGTH_REPORTING_CRITERIA [SUB1]
06-17 08:37:57.240  2194  2310 D RILJ    : [3710]< RIL_REQUEST_SET_UNSOLICITED_RESPONSE_FILTER error 38 [SUB1]
06-17 08:37:57.241  2194  2310 D RilRequest: [3710]< RIL_REQUEST_SET_UNSOLICITED_RESPONSE_FILTER error: com.android.internal.telephony.CommandException: INTERNAL_ERR ret=
06-17 08:37:57.241  2194  2194 D RILJ    : [3714]> RIL_REQUEST_SET_SIGNAL_STRENGTH_REPORTING_CRITERIA [SUB1]
06-17 08:37:57.241  2194  2310 D RILJ    : [3712]< RIL_REQUEST_SET_SIGNAL_STRENGTH_REPORTING_CRITERIA  [SUB1]
06-17 08:37:57.242  2194  2194 D RILJ    : [3715]> RIL_REQUEST_SET_LINK_CAPACITY_REPORTING_CRITERIA [SUB1]
06-17 08:37:57.243  2194  2310 D RILJ    : [3713]< RIL_REQUEST_SET_SIGNAL_STRENGTH_REPORTING_CRITERIA  [SUB1]
06-17 08:37:57.243  2194  2194 D RILJ    : [3716]> RIL_REQUEST_SET_LINK_CAPACITY_REPORTING_CRITERIA [SUB1]
06-17 08:37:57.243  2194  2310 D RILJ    : [3715]< RIL_REQUEST_SET_LINK_CAPACITY_REPORTING_CRITERIA error 6 [SUB1]
06-17 08:37:57.243  2194  2310 D RilRequest: [3715]< RIL_REQUEST_SET_LINK_CAPACITY_REPORTING_CRITERIA error: com.android.internal.telephony.CommandException: REQUEST_NOT_SUPPORTED ret=
06-17 08:37:57.243  2194  2310 D RILJ    : [3714]< RIL_REQUEST_SET_SIGNAL_STRENGTH_REPORTING_CRITERIA  [SUB1]
06-17 08:37:57.244  1330  1528 E RILQ    : (1/1330): RIL[1][(1330,1528)] qcril_data_lqe_set_rpt_criteria: LCE is not initialized!
06-17 08:37:57.244  2194  2194 D RILJ    : [3717]> RIL_REQUEST_SET_LINK_CAPACITY_REPORTING_CRITERIA [SUB1]
06-17 08:37:57.244  2194  2310 D RILJ    : [3716]< RIL_REQUEST_SET_LINK_CAPACITY_REPORTING_CRITERIA error 38 [SUB1]
06-17 08:37:57.244  2194  2310 D RilRequest: [3716]< RIL_REQUEST_SET_LINK_CAPACITY_REPORTING_CRITERIA error: com.android.internal.telephony.CommandException: INTERNAL_ERR ret=
06-17 08:37:57.244  1330  1528 E RILQ    : (1/1330): RIL[1][(1330,1528)] qcril_data_lqe_set_rpt_criteria: LCE is not initialized!
06-17 08:37:57.245  2194  2194 D RILJ    : [3718]> RIL_REQUEST_SET_LINK_CAPACITY_REPORTING_CRITERIA [SUB1]
06-17 08:37:57.245  2194  2310 D RILJ    : [3717]< RIL_REQUEST_SET_LINK_CAPACITY_REPORTING_CRITERIA error 38 [SUB1]
06-17 08:37:57.227   736   736 D SDM     : DisplayBase::BuildLayerStackStats: LayerStack layer_count: 2, app_layer_count: 1, gpu_target_index: 1, display type: 0
06-17 08:37:57.245  2194  2194 I ImsExternalCallTracker: handleVideoCapabilitiesChanged : isVideoCapable = false
06-17 08:37:57.245  2194  2194 D ImsExternalCallTracker: refreshCallPullState
06-17 08:37:57.245  2194  2194 D ImsPhoneCallTracker: [0] handleMessage what=23
06-17 08:37:57.245  2194  2194 D ImsPhoneCallTracker: [0] onDataEnabledChanged: enabled=true, reason=0
06-17 08:37:57.245  2194  2310 D RilRequest: [3717]< RIL_REQUEST_SET_LINK_CAPACITY_REPORTING_CRITERIA error: com.android.internal.telephony.CommandException: INTERNAL_ERR ret=
06-17 08:37:57.245  2194  2194 D ImsPhoneCallTracker: [0] Ignore data enabled - carrier policy indicates that data is not metered for ViLTE calls.
06-17 08:37:57.245  2194  2194 D ImsManager: Connector: getImsService
06-17 08:37:57.245  2194  2194 I ImsManager: Creating ImsService
06-17 08:37:57.245  2194  2194 W MmTelFeatureConnection: create: binder is null! Slot Id: 0
06-17 08:37:57.246  2194  2194 E ImsManager: Connector: Retrying getting ImsService...
06-17 08:37:57.246  2194  2194 D ImsPhone: [0] handleMessage what=52
06-17 08:37:57.246  2194  2310 D RILJ    : [3718]< RIL_REQUEST_SET_LINK_CAPACITY_REPORTING_CRITERIA error 6 [SUB1]
06-17 08:37:57.246  2194  2194 D ImsPhone: [0] EVENT_DEFAULT_PHONE_DATA_STATE_CHANGED
06-17 08:37:57.246  2194  2194 D ImsPhone: [0] updateDataServiceState: defSs = {mVoiceRegState=1(OUT_OF_SERVICE), mDataRegState=1(OUT_OF_SERVICE), mChannelNumber=-1, duplexMode()=0, mCellBandwidths=[], mVoiceRoamingType=home, mDataRoamingType=home, mVoiceOperatorAlphaLong=null, mVoiceOperatorAlphaShort=null, mDataOperatorAlphaLong=null, mDataOperatorAlphaShort=null, isManualNetworkSelection=false(automatic), mRilVoiceRadioTechnology=0(Unknown), mRilDataRadioTechnology=0(Unknown), mCssIndicator=unsupported, mNetworkId=-1, mSystemId=-1, mCdmaRoamingIndicator=-1, mCdmaDefaultRoamingIndicator=-1, mIsEmergencyOnly=false, mIsDataRoamingFromRegistration=false, mIsUsingCarrierAggregation=false, mLteEarfcnRsrpBoost=0, mNetworkRegistrationStates=[]} imsSs = {mVoiceRegState=1(OUT_OF_SERVICE), mDataRegState=1(OUT_OF_SERVICE), mChannelNumber=-1, duplexMode()=0, mCellBandwidths=[], mVoiceRoamingType=home, mDataRoamingType=home, mVoiceOperatorAlphaLong=null, mVoiceOperatorAlphaShort=null, mDataOperatorAlphaLong=null, mDataOperatorAlphaShort=null, isManualNetworkSelection=false(automatic), mRilVoiceRadioTechnology=0(Unknown), mRilDataRadioTechnology=0(Unknown), mCssIndicator=unsupported, mNetworkId=-1, mSystemId=-1, mCdmaRoamingIndicator=-1, mCdmaDefaultRoamingIndicator=-1, mIsEmergencyOnly=false, mIsDataRoamingFromRegistration=false, mIsUsingCarrierAggregation=false, mLteEarfcnRsrpBoost=0, mNetworkRegistrationStates=[]}
06-17 08:37:57.246  2194  2310 D RilRequest: [3718]< RIL_REQUEST_SET_LINK_CAPACITY_REPORTING_CRITERIA error: com.android.internal.telephony.CommandException: REQUEST_NOT_SUPPORTED ret=
06-17 08:37:57.246  2194  2194 D SST     : [0] EVENT_IMS_SERVICE_STATE_CHANGED
06-17 08:37:57.246  2194  2194 D DefaultPhoneNotifier: nofityServiceState: mRegistry=com.android.internal.telephony.ITelephonyRegistry$Stub$Proxy@4fd74d9 ss={mVoiceRegState=1(OUT_OF_SERVICE), mDataRegState=1(OUT_OF_SERVICE), mChannelNumber=-1, duplexMode()=0, mCellBandwidths=[], mVoiceRoamingType=home, mDataRoamingType=home, mVoiceOperatorAlphaLong=null, mVoiceOperatorAlphaShort=null, mDataOperatorAlphaLong=null, mDataOperatorAlphaShort=null, isManualNetworkSelection=false(automatic), mRilVoiceRadioTechnology=0(Unknown), mRilDataRadioTechnology=0(Unknown), mCssIndicator=unsupported, mNetworkId=-1, mSystemId=-1, mCdmaRoamingIndicator=-1, mCdmaDefaultRoamingIndicator=-1, mIsEmergencyOnly=false, mIsDataRoamingFromRegistration=false, mIsUsingCarrierAggregation=false, mLteEarfcnRsrpBoost=0, mNetworkRegistrationStates=[]} sender=Handler (com.qualcomm.qti.internal.telephony.QtiGsmCdmaPhone) {409196d} phondId=0 subId=2147483643
06-17 08:37:57.246  2194  2359 D LocaleTracker: Service state OUT_OF_SERVICE. Get cell info now.
06-17 08:37:57.247  2194  2359 D RILJ    : [3719]> RIL_REQUEST_GET_CELL_INFO_LIST [SUB0]
06-17 08:37:57.247  2194  2194 D QtiSubscriptionController: getPhoneId, received dummy subId 2147483643
06-17 08:37:57.249  2194  2194 I ImsExternalCallTracker: handleVideoCapabilitiesChanged : isVideoCapable = false
06-17 08:37:57.249  2194  2194 D ImsExternalCallTracker: refreshCallPullState
06-17 08:37:57.249  2194  2194 D ImsPhoneCallTracker: [1] handleMessage what=23
06-17 08:37:57.249  2194  2194 D ImsPhoneCallTracker: [1] onDataEnabledChanged: enabled=true, reason=0
06-17 08:37:57.249  2194  2194 D ImsPhoneCallTracker: [1] Ignore data enabled - carrier policy indicates that data is not metered for ViLTE calls.
06-17 08:37:57.249  2194  2194 D ImsManager: Connector: getImsService
06-17 08:37:57.249  2194  2194 I ImsManager: Creating ImsService
06-17 08:37:57.250  2194  2194 W MmTelFeatureConnection: create: binder is null! Slot Id: 1
06-17 08:37:57.250  2194  2194 E ImsManager: Connector: Retrying getting ImsService...
06-17 08:37:57.250  2194  2194 D ImsPhone: [1] handleMessage what=52
06-17 08:37:57.250  2194  2194 D ImsPhone: [1] EVENT_DEFAULT_PHONE_DATA_STATE_CHANGED
06-17 08:37:57.250  2194  2194 D ImsPhone: [1] updateDataServiceState: defSs = {mVoiceRegState=1(OUT_OF_SERVICE), mDataRegState=1(OUT_OF_SERVICE), mChannelNumber=-1, duplexMode()=0, mCellBandwidths=[], mVoiceRoamingType=home, mDataRoamingType=home, mVoiceOperatorAlphaLong=null, mVoiceOperatorAlphaShort=null, mDataOperatorAlphaLong=null, mDataOperatorAlphaShort=null, isManualNetworkSelection=false(automatic), mRilVoiceRadioTechnology=0(Unknown), mRilDataRadioTechnology=0(Unknown), mCssIndicator=unsupported, mNetworkId=-1, mSystemId=-1, mCdmaRoamingIndicator=-1, mCdmaDefaultRoamingIndicator=-1, mIsEmergencyOnly=false, mIsDataRoamingFromRegistration=false, mIsUsingCarrierAggregation=false, mLteEarfcnRsrpBoost=0, mNetworkRegistrationStates=[]} imsSs = {mVoiceRegState=1(OUT_OF_SERVICE), mDataRegState=1(OUT_OF_SERVICE), mChannelNumber=-1, duplexMode()=0, mCellBandwidths=[], mVoiceRoamingType=home, mDataRoamingType=home, mVoiceOperatorAlphaLong=null, mVoiceOperatorAlphaShort=null, mDataOperatorAlphaLong=null, mDataOperatorAlphaShort=null, isManualNetworkSelection=false(automatic), mRilVoiceRadioTechnology=0(Unknown), mRilDataRadioTechnology=0(Unknown), mCssIndicator=unsupported, mNetworkId=-1, mSystemId=-1, mCdmaRoamingIndicator=-1, mCdmaDefaultRoamingIndicator=-1, mIsEmergencyOnly=false, mIsDataRoamingFromRegistration=false, mIsUsingCarrierAggregation=false, mLteEarfcnRsrpBoost=0, mNetworkRegistrationStates=[]}
06-17 08:37:57.250  2194  2194 D SST     : [1] EVENT_IMS_SERVICE_STATE_CHANGED
06-17 08:37:57.250  2194  2194 D DefaultPhoneNotifier: nofityServiceState: mRegistry=com.android.internal.telephony.ITelephonyRegistry$Stub$Proxy@4fd74d9 ss={mVoiceRegState=1(OUT_OF_SERVICE), mDataRegState=1(OUT_OF_SERVICE), mChannelNumber=-1, duplexMode()=0, mCellBandwidths=[], mVoiceRoamingType=home, mDataRoamingType=home, mVoiceOperatorAlphaLong=null, mVoiceOperatorAlphaShort=null, mDataOperatorAlphaLong=null, mDataOperatorAlphaShort=null, isManualNetworkSelection=false(automatic), mRilVoiceRadioTechnology=0(Unknown), mRilDataRadioTechnology=0(Unknown), mCssIndicator=unsupported, mNetworkId=-1, mSystemId=-1, mCdmaRoamingIndicator=-1, mCdmaDefaultRoamingIndicator=-1, mIsEmergencyOnly=false, mIsDataRoamingFromRegistration=false, mIsUsingCarrierAggregation=false, mLteEarfcnRsrpBoost=0, mNetworkRegistrationStates=[]} sender=Handler (com.qualcomm.qti.internal.telephony.QtiGsmCdmaPhone) {4ed39a2} phondId=1 subId=2147483644
06-17 08:37:57.250  2194  2384 D LocaleTracker: Service state OUT_OF_SERVICE. Get cell info now.
06-17 08:37:57.251  2194  2310 D RILJ    : [3719]< RIL_REQUEST_GET_CELL_INFO_LIST [] [SUB0]
06-17 08:37:57.251  2194  2384 D RILJ    : [3720]> RIL_REQUEST_GET_CELL_INFO_LIST [SUB1]
06-17 08:37:57.252  2194  2194 D QtiSubscriptionController: getPhoneId, received dummy subId 2147483643
06-17 08:37:57.253  2194  2194 D PhoneSwitcherNetworkRequstListener: got request NetworkRequest [ TRACK_DEFAULT id=10, [ Capabilities: INTERNET&NOT_RESTRICTED&TRUSTED Unwanted:  Uid: 1000] ] with score 0
06-17 08:37:57.253  2194  2194 D PhoneSwitcherNetworkRequstListener: got request NetworkRequest [ BACKGROUND_REQUEST id=2, [ Transports: CELLULAR Capabilities: INTERNET&NOT_RESTRICTED&TRUSTED&NOT_VPN Unwanted: ] ] with score 0
06-17 08:37:57.253  2194  2194 D PhoneSwitcherNetworkRequstListener: got request NetworkRequest [ TRACK_DEFAULT id=6, [ Capabilities: INTERNET&NOT_RESTRICTED&TRUSTED Unwanted:  Uid: 1000] ] with score 0
06-17 08:37:57.253  2194  2194 D PhoneSwitcherNetworkRequstListener: got request NetworkRequest [ TRACK_DEFAULT id=12, [ Capabilities: INTERNET&NOT_RESTRICTED&TRUSTED Unwanted:  Uid: 10018] ] with score 0
06-17 08:37:57.253  2194  2194 D PhoneSwitcherNetworkRequstListener: got request NetworkRequest [ REQUEST id=1, [ Capabilities: INTERNET&NOT_RESTRICTED&TRUSTED&NOT_VPN Unwanted: ] ] with score 0
06-17 08:37:57.253  2194  2194 D TelephonyNetworkFactory[0]: onActivePhoneSwitch(false, false)
06-17 08:37:57.253  2194  2194 D TelephonyNetworkFactory[0]: onSubIdChange -1->2147483643
06-17 08:37:57.253  2194  2194 D TelephonyNetworkFactory[1]: onActivePhoneSwitch(false, false)
06-17 08:37:57.253  2194  2194 D TelephonyNetworkFactory[1]: onSubIdChange -1->2147483644
06-17 08:37:57.253  2194  2194 D TelephonyNetworkFactory[0]: got request NetworkRequest [ TRACK_DEFAULT id=10, [ Capabilities: INTERNET&NOT_RESTRICTED&TRUSTED Unwanted:  Uid: 1000] ] with score 0
06-17 08:37:57.253  2194  2194 D TelephonyNetworkFactory[0]: got request NetworkRequest [ BACKGROUND_REQUEST id=2, [ Transports: CELLULAR Capabilities: INTERNET&NOT_RESTRICTED&TRUSTED&NOT_VPN Unwanted: ] ] with score 0
06-17 08:37:57.253  2194  2194 D TelephonyNetworkFactory[0]: got request NetworkRequest [ TRACK_DEFAULT id=6, [ Capabilities: INTERNET&NOT_RESTRICTED&TRUSTED Unwanted:  Uid: 1000] ] with score 0
06-17 08:37:57.253  2194  2194 E QtiUiccCardProvisioner: Error: Invalid card index EVENT_ICC_CHANGED 
06-17 08:37:57.253  2194  2194 D TelephonyNetworkFactory[0]: got request NetworkRequest [ TRACK_DEFAULT id=12, [ Capabilities: INTERNET&NOT_RESTRICTED&TRUSTED Unwanted:  Uid: 10018] ] with score 0
06-17 08:37:57.253  2194  2194 D TelephonyNetworkFactory[0]: got request NetworkRequest [ REQUEST id=1, [ Capabilities: INTERNET&NOT_RESTRICTED&TRUSTED&NOT_VPN Unwanted: ] ] with score 0
06-17 08:37:57.253  2194  2194 D TelephonyNetworkFactory[1]: got request NetworkRequest [ TRACK_DEFAULT id=10, [ Capabilities: INTERNET&NOT_RESTRICTED&TRUSTED Unwanted:  Uid: 1000] ] with score 0
06-17 08:37:57.253  2194  2194 D TelephonyNetworkFactory[1]: got request NetworkRequest [ BACKGROUND_REQUEST id=2, [ Transports: CELLULAR Capabilities: INTERNET&NOT_RESTRICTED&TRUSTED&NOT_VPN Unwanted: ] ] with score 0
06-17 08:37:57.254  2194  2194 D TelephonyNetworkFactory[1]: got request NetworkRequest [ TRACK_DEFAULT id=6, [ Capabilities: INTERNET&NOT_RESTRICTED&TRUSTED Unwanted:  Uid: 1000] ] with score 0
06-17 08:37:57.254  2194  2194 D TelephonyNetworkFactory[1]: got request NetworkRequest [ TRACK_DEFAULT id=12, [ Capabilities: INTERNET&NOT_RESTRICTED&TRUSTED Unwanted:  Uid: 10018] ] with score 0
06-17 08:37:57.254  2194  2194 D TelephonyNetworkFactory[1]: got request NetworkRequest [ REQUEST id=1, [ Capabilities: INTERNET&NOT_RESTRICTED&TRUSTED&NOT_VPN Unwanted: ] ] with score 0
06-17 08:37:57.254  2194  2194 D DebugService: DebugService DebugService:
06-17 08:37:57.254  2194  2194 D TelephonyDebugService: TelephonyDebugService()
06-17 08:37:57.254  2194  2310 D RILJ    : [3720]< RIL_REQUEST_GET_CELL_INFO_LIST [] [SUB1]
06-17 08:37:57.255  2194  2194 D CarrierConfigLoader: mHandler: 12 phoneId: 0
06-17 08:37:57.257  2194  2194 I m.android.phon: The ClassLoaderContext is a special shared library.
06-17 08:37:57.269  2032  2032 D KeyguardUpdateMonitor: handleBatteryUpdate
06-17 08:37:57.269  2032  2032 D KeyguardUpdateMonitor: handleRingerModeChange(2)
06-17 08:37:57.277   736   736 D SDM     : DisplayBase::BuildLayerStackStats: LayerStack layer_count: 2, app_layer_count: 1, gpu_target_index: 1, display type: 0
06-17 08:37:57.282  2194  2194 I QImsService: ImsService : ImsService created!
06-17 08:37:57.283  2194  2194 D SubscriptionController: [getActiveSubInfoList] Sub Controller not ready
06-17 08:37:57.284  1595  2142 D TelephonyRegistry: listen oscl: hasNotifySubscriptionInfoChangedOccurred==false no callback
06-17 08:37:57.287  2194  2194 I android_os_HwBinder: HwBinder: Starting thread pool for default::android.hidl.manager@1.0::IServiceManager
06-17 08:37:57.288  2194  2194 I android_os_HwBinder: HwBinder: Starting thread pool for default::android.hidl.manager@1.0::IServiceManager
06-17 08:37:57.289  2194  2310 I android_os_HwBinder: HwBinder: Starting thread pool for imsradio0::vendor.qti.hardware.radio.ims@1.0::IImsRadio
06-17 08:37:57.290  2194  2310 I QImsService: ImsSenderRxr : initImsRadio: imsRadioV10 availability: available
06-17 08:37:57.290  2194  2194 I QImsService: ImsSubController : onServiceDown :: phoneId=0
06-17 08:37:57.291  2194  2194 I QImsService: ImsSubController : onServiceDown :: phoneId=1
06-17 08:37:57.291  2194  2310 I QImsService: ImsSenderRxr : initImsRadio: imsRadioV11 availability: available
06-17 08:37:57.291  2194  2194 I QImsService: ImsServiceSub : [0] [phoneId=0] Constructor :: Registering with Sub Controller.
06-17 08:37:57.293  2194  2194 I QImsService: ImsServiceSub : [0] onStackConfigChanged :: activeStacks[0]=false
06-17 08:37:57.293  2194  2194 I QImsService: ImsServiceSub : [0] oldFeatureState = 1
06-17 08:37:57.294   736   736 D SDM     : DisplayBase::BuildLayerStackStats: LayerStack layer_count: 2, app_layer_count: 1, gpu_target_index: 1, display type: 0
06-17 08:37:57.294  2194  2310 I QImsService: ImsSenderRxr : initImsRadio: imsRadioV12 availability: available
06-17 08:37:57.296  2194  2310 I QImsService: ImsSenderRxr : initImsRadio: imsRadioV13 availability: available
06-17 08:37:57.297  2194  2310 I QImsService: ImsSenderRxr : initImsRadio: imsRadioV14 availability: available
06-17 08:37:57.298  2194  2194 I QImsService: ImsServiceStateReceiver : updateHDIcon isVideo : false isVoice : false phoneId: 0 show HD Icon: true
06-17 08:37:57.298  2194  2194 E QImsService: ImsSenderRxr : ImsRadio HAL is not available. Can't send REQUEST_QUERY_SERVICE_STATUS to QCRIL
06-17 08:37:57.298  2194  2194 I QImsService: IFRequest : [0000]< REQUEST_QUERY_SERVICE_STATUS error: 1
06-17 08:37:57.299  2194  2194 I QImsService: ImsServiceSub : [1] [phoneId=1] Constructor :: Registering with Sub Controller.
06-17 08:37:57.299  2194  2194 I QImsService: ImsServiceSub : [1] onStackConfigChanged :: activeStacks[1]=false
06-17 08:37:57.299  2194  2194 I QImsService: ImsServiceSub : [1] oldFeatureState = 1
06-17 08:37:57.301  2194  2194 I QImsService: ImsServiceStateReceiver : updateHDIcon isVideo : false isVoice : false phoneId: 1 show HD Icon: true
06-17 08:37:57.302  2194  2194 E QImsService: ImsSenderRxr : ImsRadio HAL is not available. Can't send REQUEST_QUERY_SERVICE_STATUS to QCRIL
06-17 08:37:57.302  2194  2194 I QImsService: IFRequest : [0001]< REQUEST_QUERY_SERVICE_STATUS error: 1
06-17 08:37:57.302  2194  2310 I QImsService: ImsSenderRxr : onServiceUp : imsradio0
06-17 08:37:57.302  2194  2310 I QImsService: ImsSubController : onServiceUp :: phoneId=0
06-17 08:37:57.304  2194  2310 I android_os_HwBinder: HwBinder: Starting thread pool for imsradio1::vendor.qti.hardware.radio.ims@1.0::IImsRadio
06-17 08:37:57.305  2194  2310 I QImsService: ImsSenderRxr : initImsRadio: imsRadioV10 availability: available
06-17 08:37:57.305  2194  2310 I QImsService: ImsSenderRxr : initImsRadio: imsRadioV11 availability: available
06-17 08:37:57.305  2194  2310 I QImsService: ImsSenderRxr : initImsRadio: imsRadioV12 availability: available
06-17 08:37:57.306  2194  2310 I QImsService: ImsSenderRxr : initImsRadio: imsRadioV13 availability: available
06-17 08:37:57.306  2194  2310 I QImsService: ImsSenderRxr : initImsRadio: imsRadioV14 availability: available
06-17 08:37:57.306  2194  2194 D         : JNI_OnLoad
06-17 08:37:57.306  2194  2194 D         : JvmPtr initialized to 499666161472
06-17 08:37:57.306  2194  2194 D ims_media_jni: register_ims_media
06-17 08:37:57.308  2194  2310 I QImsService: ImsSenderRxr : onServiceUp : imsradio1
06-17 08:37:57.308  2194  2310 I QImsService: ImsSubController : onServiceUp :: phoneId=1
06-17 08:37:57.308  2194  2310 I QImsService: ImsSenderRxr : [UNSL]< UNSOL_RADIO_STATE_CHANGED 2[SUB0]
06-17 08:37:57.309  2194  2310 I QImsService: ImsSenderRxr : [UNSL]< UNSOL_RADIO_STATE_CHANGED 2[SUB1]
06-17 08:37:57.310   736   736 D SDM     : DisplayBase::BuildLayerStackStats: LayerStack layer_count: 2, app_layer_count: 1, gpu_target_index: 1, display type: 0
06-17 08:37:57.316  2032  2032 I ImageWallpaper: Redrawing in rect: RectF(0.0, 0.0, 1553.75, 1280.0) with surface size: 1243x1280
06-17 08:37:57.317  2032  2032 D KeyguardUpdateMonitor: handleRingerModeChange(2)
06-17 08:37:57.319  2032  2032 D KeyguardViewMediator: onSystemReady
06-17 08:37:57.321  2032  2032 D KeyguardViewMediator: doKeyguard: showing the lock screen
06-17 08:37:57.321  2032  2032 D KeyguardViewMediator: showLocked
06-17 08:37:57.322  2032  2032 V KeyguardUpdateMonitor: *** register callback for com.android.systemui.keyguard.KeyguardViewMediator$1@fd6d6e3
06-17 08:37:57.322  2032  2032 V KeyguardUpdateMonitor: *** unregister callback for null
06-17 08:37:57.322  2032  2032 D KeyguardViewMediator: adjustStatusBarLocked: mShowing=true mOccluded=false isSecure=false force=false --> flags=0x1200000
06-17 08:37:57.323  2032  2032 D KeyguardViewMediator: handleNotifyWakingUp
06-17 08:37:57.323  2032  2032 V KeyguardStatusView: Schedule setEnableMarquee: Enable
06-17 08:37:57.326  2032  2032 D KeyguardViewMediator: handleNotifyScreenTurningOn
06-17 08:37:57.327   736   736 D SDM     : DisplayBase::BuildLayerStackStats: LayerStack layer_count: 2, app_layer_count: 1, gpu_target_index: 1, display type: 0
06-17 08:37:57.330  1595  1899 I InputReader: Reconfiguring input devices.  changes=0x00000004
06-17 08:37:57.330  2032  2032 D KeyguardViewMediator: handleNotifyScreenTurnedOn
06-17 08:37:57.331  2194  2219 D QtiSubscriptionController: getPhoneId, received dummy subId 2147483643
06-17 08:37:57.344   736   736 D SDM     : DisplayBase::BuildLayerStackStats: LayerStack layer_count: 2, app_layer_count: 1, gpu_target_index: 1, display type: 0
06-17 08:37:57.344  2194  2194 D VideoCall_ImsMedia: Registering for Media Listener
06-17 08:37:57.345  2194  2194 E QImsService: ImsServiceSub : [0] ImsServiceClassTracker not found.
06-17 08:37:57.348  2194  2194 D UiccController: Received EVENT_GET_ICC_STATUS_DONE
06-17 08:37:57.348  2194  2194 D UiccSlot: Creating
06-17 08:37:57.348  2194  2194 D UiccSlot: cardStatus update: IccCardState {CARDSTATE_ABSENT,PINSTATE_UNKNOWN,num_apps=0,gsm_id=-1,cdma_id=-1,ims_id=-1,physical_slot_id=0,atr=,iccid=}
06-17 08:37:57.348  2194  2194 E AnswerToReset: Valid ATR string must at least contains TS and T0.
06-17 08:37:57.348  2194  2194 D UiccSlot: update: radioState=RADIO_ON mLastRadioState=RADIO_UNAVAILABLE
06-17 08:37:57.348  2194  2194 D SubscriptionInfoUpdater: updateInternalIccState to simStatus ABSENT reason null slotId 0
06-17 08:37:57.348  2194  2194 D UiccController: Notifying IccChangedRegistrants
06-17 08:37:57.348  2194  2393 D QtiSubscriptionInfoUpdater:  handleMessage: EVENT:  4
06-17 08:37:57.348  2194  2393 D SubscriptionInfoUpdater: Wait for SIM2 IccId
06-17 08:37:57.349  2194  2393 D CarrierConfigLoader: update config for phoneId: 0 simState: ABSENT
06-17 08:37:57.349  2194  2393 D CarrierSvcBindHelper: update binding for phoneId: 0 simState: ABSENT
06-17 08:37:57.349  2194  2194 D RILJ    : [3721]> RIL_REQUEST_QUERY_TTY_MODE [SUB1]
06-17 08:37:57.350  2194  2393 D SubscriptionInfoUpdater: Broadcasting intent ACTION_SIM_STATE_CHANGED ABSENT reason null for mCardIndex: 0
06-17 08:37:57.350  2194  2393 D IntentBroadcaster: Broadcasting and adding intent for rebroadcast: android.intent.action.SIM_STATE_CHANGED ABSENT for slotId 0
06-17 08:37:57.351  2194  2194 D RILJ    : [3722]> RIL_REQUEST_QUERY_TTY_MODE [SUB0]
06-17 08:37:57.351  2194  2194 D UiccController: Received EVENT_SLOT_STATUS_CHANGED or EVENT_GET_SLOT_STATUS_DONE
06-17 08:37:57.351  1595  1595 D WifiService: resetting networks because SIM was removed
06-17 08:37:57.351  2194  2194 D UiccSlot: slotStatus update: IccSlotStatus {CARDSTATE_ABSENT,SLOTSTATE_ACTIVE,logicalSlotIndex=0,atr=,iccid=}
06-17 08:37:57.351  2194  2194 E AnswerToReset: Valid ATR string must at least contains TS and T0.
06-17 08:37:57.351  2194  2194 D UiccSlot: Creating
06-17 08:37:57.351  2194  2194 D UiccSlot: slotStatus update: IccSlotStatus {CARDSTATE_ABSENT,SLOTSTATE_ACTIVE,logicalSlotIndex=1,atr=,iccid=}
06-17 08:37:57.351  2194  2194 E AnswerToReset: Valid ATR string must at least contains TS and T0.
06-17 08:37:57.351  2194  2194 D SubscriptionInfoUpdater: updateInternalIccState to simStatus ABSENT reason null slotId 1
06-17 08:37:57.352  1595  1642 D CompatibilityInfo: mCompatibilityFlags - 0
06-17 08:37:57.352  1595  1642 D CompatibilityInfo: applicationDensity - 320
