01-01 10:30:45.238     0     0 I init    : starting service 'perfprofd'...
01-01 10:30:44.416  1207  1207 I LOWI-8.6.0.26: [MessageQ_Client] connecting to server [/dev/socket/location/mq/location-mq-s]
01-01 10:30:44.416  1207  1207 I LOWI-8.6.0.26: [MessageQ_Client] connected
01-01 10:30:44.416  1207  1207 I LOWI-8.6.0.26: [LOWIController] loadConfigItems: Log level = 3, Cache Records = 100, max queue size = 255, fresh scan threshold = 500
01-01 10:30:44.422  1041  1041 I cameraserver: ServiceManager: 0xee21c1c0
01-01 10:30:44.422  1041  1041 I CameraService: CameraService started (pid=1041)
01-01 10:30:44.422  1041  1041 I CameraService: CameraService process starting
01-01 10:30:44.423  1041  1041 W BatteryNotifier: batterystats service unavailable!
01-01 10:30:44.423  1041  1041 W BatteryNotifier: batterystats service unavailable!
01-01 10:30:44.423  1207  1233 I LOWI-8.6.0.26: [LOWIController] Client controller entering event loop
01-01 10:30:44.426  1041  1041 I ServiceManagement: getService: Trying again for android.hardware.camera.provider@2.4::ICameraProvider/legacy/0...
01-01 10:30:44.430  1215  1215 E seemp_healthd: Cannot open file /vendor/firmware_mnt/image/rtic.mbn, errno = 2
01-01 10:30:44.430  1215  1215 D QSEECOMAPI: QSEECom_get_handle sb_length = 0x2000
01-01 10:30:44.430  1215  1215 D QSEECOMAPI: App is not loaded in QSEE
01-01 10:30:44.431  1215  1215 E QSEECOMAPI: Error::Cannot open the file /vendor/firmware_mnt/image/rtic.mdt errno = 2
01-01 10:30:44.431  1215  1215 E QSEECOMAPI: Error::Loading image failed with ret = -1
01-01 10:30:44.431  1215  1215 E seemp_healthd: Cannot open file /vendor/firmware/rtic.mbn, errno = 2
01-01 10:30:44.431  1215  1215 D QSEECOMAPI: QSEECom_get_handle sb_length = 0x2000
01-01 10:30:44.431  1215  1215 D QSEECOMAPI: App is not loaded in QSEE
01-01 10:30:44.431  1215  1215 E QSEECOMAPI: Error::Cannot open the file /vendor/firmware/rtic.mdt errno = 2
01-01 10:30:44.431  1215  1215 E QSEECOMAPI: Error::Loading image failed with ret = -1
01-01 10:30:44.431  1215  1215 E seemp_healthd: Cannot open file /firmware/image/rtic.mbn, errno = 2
01-01 10:30:44.431  1215  1215 D QSEECOMAPI: QSEECom_get_handle sb_length = 0x2000
01-01 10:30:44.431  1215  1215 D QSEECOMAPI: App is not loaded in QSEE
01-01 10:30:44.431  1215  1215 E QSEECOMAPI: Error::Cannot open the file /firmware/image/rtic.mdt errno = 2
01-01 10:30:44.431  1215  1215 E QSEECOMAPI: Error::Loading image failed with ret = -1
01-01 10:30:44.431  1215  1215 E seemp_healthd: TA start failed: rtic (-1)
01-01 10:30:44.431  1215  1215 E seemp_healthd: Cannot open file /vendor/firmware_mnt/image/dhsecapp.mbn, errno = 2
01-01 10:30:44.431  1215  1215 D QSEECOMAPI: QSEECom_get_handle sb_length = 0x2000
01-01 10:30:44.431  1215  1215 D QSEECOMAPI: App is not loaded in QSEE
01-01 10:30:44.434  1215  1215 D QSEECOMAPI: app_arch = 2, total_files = 9
01-01 10:30:44.442  1208  1208 W XTIA    : [XTIA] wifi: 1, ap cell: 0, modem cell need ap: 1, waa: 0
01-01 10:30:44.442  1208  1208 W XTIA    : 	sstp: 0
01-01 10:30:44.445  1211  1211 D LocSvc_LBSProxy: checkIfLocationExtendedClientExists] File Exists
01-01 10:30:44.446  1039  1039 I zygote64: VerifyImage: /system/bin/patchoat --input-image-location=/system/framework/boot.art --output-image-directory=/data/dalvik-cache/arm64 --instruction-set=arm64 --verify
01-01 10:30:45.240     0     0 I init    : Created socket '/dev/socket/seempdw', mode 666, user 1000, group 1000
01-01 10:30:45.241     0     0 I init    : starting service 'tombstoned'...
01-01 10:30:45.241     0     0 I init    : Created socket '/dev/socket/tcm', mode 660, user 0, group 3003
01-01 10:30:45.242     0     0 I init    : starting service 'update_engine'...
01-01 10:30:45.242     0     0 I init    : Created socket '/dev/socket/dpmwrapper', mode 660, user 0, group 3003
01-01 10:30:45.243     0     0 I init    : starting service 'usbd'...
01-01 10:30:45.243     0     0 I init    : Created socket '/dev/socket/tombstoned_crash', mode 666, user 1000, group 1000
01-01 10:30:45.244     0     0 I init    : Created socket '/dev/socket/tombstoned_intercept', mode 666, user 1000, group 1000
01-01 10:30:45.244     0     0 I init    : Command 'class_start late_start' action=vold.decrypt=trigger_restart_framework (/init.rc:729) took 273ms and succeeded
01-01 10:30:45.244     0     0 I init    : Created socket '/dev/socket/tombstoned_java_trace', mode 666, user 1000, group 1000
01-01 10:30:45.245     0     0 I init    : processing action (vold.decrypt=trigger_restart_framework) from (/vendor/etc/init/hw/init.qcom.rc:555)
01-01 10:30:45.246     0     0 I init    : Service 'energy-awareness' (pid 1032) exited with status 0
01-01 10:30:45.246     0     0 I init    : Command 'start wcnss-service' action=vold.decrypt=trigger_restart_framework (/vendor/etc/init/hw/init.qcom.rc:557) took 0ms and failed: service wcnss-service not found
01-01 10:30:45.246     0     0 I init    : processing action (vold.decrypt=trigger_restart_framework) from (/vendor/etc/init/hw/init.target.rc:389)
01-01 10:30:45.259     0     0 I init    : processing action (persist.vendor.qcomsysd.enabled=1) from (/vendor/etc/init/hw/init.qcom.rc:450)
01-01 10:30:45.263     0     0 I init    : processing action (persist.vendor.usb.config=*) from (/vendor/etc/init/hw/init.qcom.usb.rc:115)
01-01 10:30:45.301     0     0 I init    : Received control message 'interface_start' for 'android.hardware.camera.provider@2.4::ICameraProvider/legacy/0' from pid: 594 (/system/bin/hwservicemanager)
01-01 10:30:45.301     0     0 E init    : Could not find service hosting interface android.hardware.camera.provider@2.4::ICameraProvider/legacy/0
01-01 10:30:45.301     0     0 I init    : processing action (persist.vendor.usb.config=*) from (/vendor/etc/init/hw/init.qcom.factory.rc:67)
01-01 10:30:44.462  1076  1076 I Netd    : Creating child chains: 71.2ms
01-01 10:30:44.462  1076  1076 I Netd    : Setting up OEM hooks: 0.2ms
01-01 10:30:44.466  1211  1237 I LocSvc_api_v02: locClientOpen:2000]: Service instance id is -1
01-01 10:30:44.467  1211  1237 I LocSvc_api_v02: ---> locClientOpenInstance line 1875 loc client open
01-01 10:30:44.468  1211  1237 E QMI_FW  : QMUXD: WARNING qmi_qmux_if_pwr_up_init failed! rc=-6
01-01 10:30:44.468  1214  1214 I qdmastatsd: property_set vendor.qti.qdma.enabled 1
01-01 10:30:44.468  1211  1237 I LocSvc_api_v02: ---> locClientSendReq line 2154 QMI_LOC_REG_EVENTS_REQ_V02
01-01 10:30:44.469  1224  1224 I /system/bin/tombstoned: tombstoned successfully initialized
01-01 10:30:44.469  1076  1076 I Netd    : Setting up FirewallController hooks: 7.5ms
01-01 10:30:44.471  1210  1210 D LocSvc_LBSProxy: checkIfLocationExtendedClientExists] File Exists
01-01 10:30:44.471   594   594 W hwservicemanager: getTransport: Cannot find entry android.hardware.usb.gadget@1.0::IUsbGadget/default in either framework or device manifest.
01-01 10:30:44.471  1211  1237 I LocSvc_api_v02: ---> locClientSupportMsgCheck line 2273 QMI_LOC_GET_SUPPORTED_MSGS_REQ_V02
01-01 10:30:44.472  1076  1076 I Netd    : Setting up TetherController hooks: 2.4ms
01-01 10:30:44.472  1209  1209 D LocSvc_LBSProxy: checkIfLocationExtendedClientExists] File Exists
01-01 10:30:44.472  1211  1237 I LocSvc_api_v02: ---> locClientSendReq line 2154 QMI_LOC_QUERY_AON_CONFIG_REQ_V02
01-01 10:30:44.472  1209  1209 D XTCC-6.2.0.6: [CCC-Main] config loaded 1
01-01 10:30:44.472  1209  1209 W XTCC-6.2.0.6: [CCC-Main] wifi: 1, ap cell: 0, modem cell need ap: 1, waa: 0
01-01 10:30:44.472  1209  1209 W XTCC-6.2.0.6: 	sstp: 0, tdp upload: 0, tdp download: 0
01-01 10:30:44.472  1209  1209 W XTCC-6.2.0.6: 	asn uri version 0
01-01 10:30:44.473  1211  1255 I LocSvc_ApiV02: <--- globalRespCb line 151 QMI_LOC_QUERY_AON_CONFIG_REQ_V02
01-01 10:30:44.473  1211  1237 I LocSvc_api_v02: ---> locClientSendReq line 2154 QMI_LOC_GET_SUPPORTED_FEATURE_REQ_V02
01-01 10:30:44.473  1227  1227 I usbd    : Usb HAL not found
01-01 10:30:44.474  1076  1076 I Netd    : Setting up BandwidthController hooks: 2.2ms
01-01 10:30:44.474  1076  1076 I Netd    : Setting up IdletimerController hooks: 0.0ms
01-01 10:30:44.474  1076  1076 I Netd    : initializing traffic control: 0.0ms
01-01 10:30:44.474  1211  1255 I LocSvc_ApiV02: <--- globalRespCb line 151 QMI_LOC_GET_SUPPORTED_FEATURE_REQ_V02
01-01 10:30:44.474  1211  1237 I LocSvc_api_v02: ---> locClientSendReq line 2154 QMI_LOC_SET_GNSS_CONSTELL_REPORT_CONFIG_V02
01-01 10:30:44.478  1210  1210 I slim_daemon: [QMISLIM] slim_QSQmiSvcTask_Init: QMI-SLIM Service Task Initialized
01-01 10:30:44.478  1211  1255 I LocSvc_ApiV02: <--- globalRespCb line 151 QMI_LOC_SET_GNSS_CONSTELL_REPORT_CONFIG_V02
01-01 10:30:44.478  1210  1210 E         : open failed: /target: No such file or directory
01-01 10:30:44.478  1210  1210 W         : HAL: loc_get_target returned 3
01-01 10:30:44.478  1076  1076 I Netd    : Disabling bandwidth control: 4.6ms
01-01 10:30:44.479   736   736 D SDM     : DisplayBase::BuildLayerStackStats: LayerStack layer_count: 2, app_layer_count: 1, gpu_target_index: 1, display type: 0
01-01 10:30:44.479  1211  1237 I LocSvc_api_v02: ---> locClientSendReq line 2154 QMI_LOC_SET_PREMIUM_SERVICES_CONFIG_REQ_V02
01-01 10:30:44.479  1210  1210 I slim_daemon: [QMISLIM] QSQmiSvcTaskSvcCb_Open: Forwarding open request: flags=2 client_id=2 peer=1
01-01 10:30:44.479  1210  1210 I slim_daemon: [QMISLIM] slim_QSQmiSvcTask_HandleIpc: IPC_SLIM_QS_TO_TASK_SLIM_CALLBACK_MSG
01-01 10:30:44.479  1211  1211 E LocSvc_LocIpc: sendData:206] cannot send to socket. reason:No such file or directory
01-01 10:30:44.480  1210  1260 I LocSvc_api_v02: locClientOpen:2000]: Service instance id is -1
01-01 10:30:44.480  1210  1260 I LocSvc_api_v02: ---> locClientOpenInstance line 1875 loc client open
01-01 10:30:44.480  1211  1255 I LocSvc_ApiV02: <--- globalRespCb line 151 QMI_LOC_SET_PREMIUM_SERVICES_CONFIG_REQ_V02
01-01 10:30:44.480  1211  1237 I LocSvc_api_v02: ---> locClientSendReq line 2154 QMI_LOC_SET_PREMIUM_SERVICES_CONFIG_REQ_V02
01-01 10:30:44.480  1211  1211 I LocSvc_xtra2: dlopen for libqdma_file_agent.so failed, error = dlopen failed: library "libqdma_file_agent.so" not found
01-01 10:30:44.481  1211  1255 I LocSvc_ApiV02: <--- globalRespCb line 151 QMI_LOC_SET_PREMIUM_SERVICES_CONFIG_REQ_V02
01-01 10:30:44.481  1211  1237 I LocSvc_api_v02: ---> locClientSendReq line 2154 QMI_LOC_SET_PREMIUM_SERVICES_CONFIG_REQ_V02
01-01 10:30:44.482  1211  1255 I LocSvc_ApiV02: <--- globalRespCb line 151 QMI_LOC_SET_PREMIUM_SERVICES_CONFIG_REQ_V02
01-01 10:30:44.482  1211  1237 I LocSvc_api_v02: ---> locClientSendReq line 2154 QMI_LOC_REG_EVENTS_REQ_V02
01-01 10:30:44.483  1221  1221 I gatekeeperd: Starting gatekeeperd...
01-01 10:30:44.484  1076  1076 I Netd    : Initializing RouteController: 5.4ms
01-01 10:30:44.484  1076  1076 D XfrmController: Sending Netlink XFRM Message: XFRM_MSG_FLUSHSA
01-01 10:30:44.484  1076  1076 D XfrmController: Sending Netlink XFRM Message: XFRM_MSG_FLUSHPOLICY
01-01 10:30:44.484  1076  1076 I Netd    : Initializing XfrmController: 0.7ms
01-01 10:30:44.485  1076  1076 E Netd    : Unable to create netlink socket: Protocol not supported
01-01 10:30:44.485  1076  1076 W Netd    : Unable to open qlog quota socket, check if xt_quota2 can send via UeventHandler
01-01 10:30:44.489  1076  1076 D MDnsDS  : MDnsSdListener::Hander starting up
01-01 10:30:44.489  1076  1272 D MDnsDS  : MDnsSdListener starting to monitor
01-01 10:30:44.489  1076  1272 D MDnsDS  : Going to poll with pollCount 1
01-01 10:30:44.492  1076  1076 I Netd    : Registering NetdNativeService: 3.0ms
01-01 10:30:44.492  1076  1076 I Netd    : Starting CommandListener: 0.1ms
01-01 10:30:45.334     0     0 I init    : Received control message 'interface_start' for 'android.hardware.camera.provider@2.4::ICameraProvider/legacy/0' from pid: 594 (/system/bin/hwservicemanager)
01-01 10:30:45.334     0     0 E init    : Could not find service hosting interface android.hardware.camera.provider@2.4::ICameraProvider/legacy/0
01-01 10:30:44.498  1210  1260 E QMI_FW  : QMUXD: WARNING qmi_qmux_if_pwr_up_init failed! rc=-6
01-01 10:30:44.498  1210  1260 I LocSvc_api_v02: ---> locClientSendReq line 2154 QMI_LOC_REG_EVENTS_REQ_V02
01-01 10:30:44.499  1210  1259 I ServiceManagement: getService: Trying again for android.frameworks.sensorservice@1.0::ISensorManager/default...
01-01 10:30:44.501  1076  1076 I Netd    : Registering NetdHwService: 8.9ms
01-01 10:30:44.501  1076  1076 I Netd    : Netd started in 125ms
01-01 10:30:44.506  1210  1260 I LocSvc_api_v02: ---> locClientSupportMsgCheck line 2273 QMI_LOC_GET_SUPPORTED_MSGS_REQ_V02
01-01 10:30:44.507  1210  1260 I LocSvc_api_v02: ---> locClientSendReq line 2154 QMI_LOC_QUERY_AON_CONFIG_REQ_V02
01-01 10:30:44.508  1210  1281 I LocSvc_ApiV02: <--- globalRespCb line 151 QMI_LOC_QUERY_AON_CONFIG_REQ_V02
01-01 10:30:44.508  1210  1260 I LocSvc_api_v02: ---> locClientSendReq line 2154 QMI_LOC_GET_SUPPORTED_FEATURE_REQ_V02
01-01 10:30:44.508  1219  1219 E Seemp   : SEEMP_LOG_SPHINX: (Native) unable to create file /data/misc/seemp/restart_history_module_main
01-01 10:30:44.510  1210  1281 I LocSvc_ApiV02: <--- globalRespCb line 151 QMI_LOC_GET_SUPPORTED_FEATURE_REQ_V02
01-01 10:30:44.510  1210  1260 I LocSvc_api_v02: ---> locClientSendReq line 2154 QMI_LOC_SET_GNSS_CONSTELL_REPORT_CONFIG_V02
01-01 10:30:44.511  1210  1281 I LocSvc_ApiV02: <--- globalRespCb line 151 QMI_LOC_SET_GNSS_CONSTELL_REPORT_CONFIG_V02
01-01 10:30:44.511  1210  1260 I LocSvc_api_v02: ---> locClientSendReq line 2154 QMI_LOC_SET_PREMIUM_SERVICES_CONFIG_REQ_V02
01-01 10:30:44.512  1210  1281 I LocSvc_ApiV02: <--- globalRespCb line 151 QMI_LOC_SET_PREMIUM_SERVICES_CONFIG_REQ_V02
01-01 10:30:44.512  1210  1260 I LocSvc_api_v02: ---> locClientSendReq line 2154 QMI_LOC_SET_PREMIUM_SERVICES_CONFIG_REQ_V02
01-01 10:30:44.513  1210  1281 I LocSvc_ApiV02: <--- globalRespCb line 151 QMI_LOC_SET_PREMIUM_SERVICES_CONFIG_REQ_V02
01-01 10:30:44.513  1210  1260 I LocSvc_api_v02: ---> locClientSendReq line 2154 QMI_LOC_SET_PREMIUM_SERVICES_CONFIG_REQ_V02
01-01 10:30:44.514  1210  1281 I LocSvc_ApiV02: <--- globalRespCb line 151 QMI_LOC_SET_PREMIUM_SERVICES_CONFIG_REQ_V02
01-01 10:30:44.522  1226  1226 I update_engine: [0101/103044.522676:INFO:main.cc(182)] Chrome OS Update Engine starting
01-01 10:30:45.361     0     0 I init    : processing action (init.svc.zygote=running) from (/vendor/etc/init/hw/init.target.rc:431)
01-01 10:30:45.363     0     0 I init    : Service 'usbd' (pid 1227) exited with status 0
01-01 10:30:45.363     0     0 W QSEECOM : qseecom_load_app: App (dhsecapp) does'nt exist, loading apps for first time
01-01 10:30:45.367     0     0 I init    : processing action (init.svc.mediadrm=running) from (/vendor/etc/init/android.hardware.drm@1.1-service.widevine.rc:1)
01-01 10:30:45.368     0     0 I init    : Received control message 'start' for 'vendor.qcrild' from pid: 1225 (start vendor.qcrild)
01-01 10:30:44.527  1226  1226 I update_engine: [0101/103044.527056:INFO:boot_control_android.cc(64)] Loaded boot control hidl hal.
01-01 10:30:44.527  1226  1226 I update_engine: [0101/103044.527218:INFO:daemon_state_android.cc(43)] Booted in dev mode.
01-01 10:30:44.528  1040  1040 D AndroidRuntime: >>>>>> START com.android.internal.os.ZygoteInit uid 0 <<<<<<
01-01 10:30:45.369     0     0 I init    : starting service 'vendor.qcrild'...
01-01 10:30:44.539  1209  1209 E XTCC-6.2.0.6: [NvParamMgr] getNvDataBlob, nv item GTP_WLAN_ENABLE_FUSION_POSITIONING not found
01-01 10:30:44.539  1209  1209 E XTCC-6.2.0.6: [NvParamMgr] getNvDataBlob, nv item GTP_WWAN_SUPPORTED_AIR_INTERFACE_TYPES not found
01-01 10:30:44.540  1209  1209 E XTCC-6.2.0.6: [NvParamMgr] getNvDataBlob, nv item GTP_WLAN_ENABLE_FUSION_POSITIONING not found
01-01 10:30:44.540  1209  1209 E XTCC-6.2.0.6: [StorageMgr] init tile_folder = /data/vendor/location/xtwifi/
01-01 10:30:44.540  1209  1209 E XTCC-6.2.0.6: [CacheMgr] populateSavedBalacklistedAps: failed: 101
01-01 10:30:44.540  1209  1209 E XTCC-6.2.0.6: [NvParamMgr] getNvDataBlob, nv item GTP_WIFI_POSITIONING_DOWNLOAD_STATS not found
01-01 10:30:44.540  1209  1209 E XTCC-6.2.0.6: [NvParamMgr] getNvDataBlob, nv item GTP_WIFI_POSITIONING_DOWNLOAD_BUDGET not found
01-01 10:30:44.541  1040  1040 I zygote  : option[0]=-Xzygote
01-01 10:30:44.541  1040  1040 I zygote  : option[1]=-Xusetombstonedtraces
01-01 10:30:44.541  1040  1040 I zygote  : option[2]=exit
01-01 10:30:44.541  1040  1040 I zygote  : option[3]=vfprintf
01-01 10:30:44.541  1040  1040 I zygote  : option[4]=sensitiveThread
01-01 10:30:44.541  1040  1040 I zygote  : option[5]=-verbose:gc
01-01 10:30:44.541  1040  1040 I zygote  : option[6]=-Xms8m
01-01 10:30:44.541  1040  1040 I zygote  : option[7]=-Xmx512m
01-01 10:30:44.541  1040  1040 I zygote  : option[8]=-XX:HeapGrowthLimit=256m
01-01 10:30:44.541  1040  1040 I zygote  : option[9]=-XX:HeapMinFree=512k
01-01 10:30:44.542  1040  1040 I zygote  : option[10]=-XX:HeapMaxFree=8m
01-01 10:30:44.542  1040  1040 I zygote  : option[11]=-XX:HeapTargetUtilization=0.75
01-01 10:30:44.542  1040  1040 I zygote  : option[12]=-Xusejit:true
01-01 10:30:44.542  1040  1040 I zygote  : option[13]=-Xjitsaveprofilinginfo
01-01 10:30:44.542  1040  1040 I zygote  : option[14]=-XjdwpOptions:suspend=n,server=y
01-01 10:30:44.542  1040  1040 I zygote  : option[15]=-XjdwpProvider:default
01-01 10:30:44.542  1040  1040 I zygote  : option[16]=-Xlockprofthreshold:500
01-01 10:30:44.542  1040  1040 I zygote  : option[17]=-Ximage-compiler-option
01-01 10:30:44.542  1040  1040 I zygote  : option[18]=--runtime-arg
01-01 10:30:44.542  1040  1040 I zygote  : option[19]=-Ximage-compiler-option
01-01 10:30:44.542  1040  1040 I zygote  : option[20]=-Xms64m
01-01 10:30:44.542  1040  1040 I zygote  : option[21]=-Ximage-compiler-option
01-01 10:30:44.542  1040  1040 I zygote  : option[22]=--runtime-arg
01-01 10:30:44.542  1209  1290 I LocSvc_api_v02: locClientOpen:2000]: Service instance id is -1
01-01 10:30:44.542  1040  1040 I zygote  : option[23]=-Ximage-compiler-option
01-01 10:30:44.542  1040  1040 I zygote  : option[24]=-Xmx64m
01-01 10:30:44.542  1040  1040 I zygote  : option[25]=-Ximage-compiler-option
01-01 10:30:44.542  1040  1040 I zygote  : option[26]=--profile-file=/system/etc/boot-image.prof
01-01 10:30:44.542  1040  1040 I zygote  : option[27]=-Ximage-compiler-option
01-01 10:30:44.542  1209  1290 I LocSvc_api_v02: ---> locClientOpenInstance line 1875 loc client open
01-01 10:30:44.542  1040  1040 I zygote  : option[28]=--compiler-filter=speed-profile
01-01 10:30:44.542  1040  1040 I zygote  : option[29]=-Xcompiler-option
01-01 10:30:44.542  1040  1040 I zygote  : option[30]=--runtime-arg
01-01 10:30:44.542  1040  1040 I zygote  : option[31]=-Xcompiler-option
01-01 10:30:44.542  1040  1040 I zygote  : option[32]=-Xms64m
01-01 10:30:44.542  1040  1040 I zygote  : option[33]=-Xcompiler-option
01-01 10:30:44.542  1040  1040 I zygote  : option[34]=--runtime-arg
01-01 10:30:44.542  1040  1040 I zygote  : option[35]=-Xcompiler-option
01-01 10:30:44.542  1040  1040 I zygote  : option[36]=-Xmx512m
01-01 10:30:44.542  1040  1040 I zygote  : option[37]=-Ximage-compiler-option
01-01 10:30:44.542  1040  1040 I zygote  : option[38]=--instruction-set-variant=cortex-a73
01-01 10:30:44.542  1040  1040 I zygote  : option[39]=-Xcompiler-option
01-01 10:30:44.542  1040  1040 I zygote  : option[40]=--instruction-set-variant=cortex-a73
01-01 10:30:44.542  1040  1040 I zygote  : option[41]=-Ximage-compiler-option
01-01 10:30:44.542  1040  1040 I zygote  : option[42]=--instruction-set-features=default
01-01 10:30:44.542  1040  1040 I zygote  : option[43]=-Xcompiler-option
01-01 10:30:44.542  1040  1040 I zygote  : option[44]=--instruction-set-features=default
01-01 10:30:44.542  1040  1040 I zygote  : option[45]=-Duser.locale=en-US
01-01 10:30:44.542  1040  1040 I zygote  : option[46]=--cpu-abilist=armeabi-v7a,armeabi
01-01 10:30:44.542  1040  1040 I zygote  : option[47]=-Xfingerprint:Android/sdm660_64/sdm660_64:9/PKQ1.180819.001/barret06131513:userdebug/test-keys
01-01 10:30:44.543  1209  1290 E QMI_FW  : QMUXD: WARNING qmi_qmux_if_pwr_up_init failed! rc=-6
01-01 10:30:44.543  1209  1290 I LocSvc_api_v02: ---> locClientSendReq line 2154 QMI_LOC_REG_EVENTS_REQ_V02
01-01 10:30:45.388     0     0 I init    : processing action (vendor.ims.QMI_DAEMON_STATUS=1) from (/vendor/etc/init/hw/init.target.rc:386)
01-01 10:30:45.389     0     0 I init    : starting service 'vendor.imsdatadaemon'...
01-01 10:30:44.548  1209  1290 I LocSvc_api_v02: ---> locClientSupportMsgCheck line 2273 QMI_LOC_GET_SUPPORTED_MSGS_REQ_V02
01-01 10:30:44.549  1209  1290 I LocSvc_api_v02: ---> locClientSendReq line 2154 QMI_LOC_QUERY_AON_CONFIG_REQ_V02
01-01 10:30:44.550  1215  1215 D QSEECOMAPI: Loaded image: APP id = 131074
01-01 10:30:44.550  1209  1292 I LocSvc_ApiV02: <--- globalRespCb line 151 QMI_LOC_QUERY_AON_CONFIG_REQ_V02
01-01 10:30:44.550  1209  1290 I LocSvc_api_v02: ---> locClientSendReq line 2154 QMI_LOC_GET_SUPPORTED_FEATURE_REQ_V02
01-01 10:30:44.551  1209  1292 I LocSvc_ApiV02: <--- globalRespCb line 151 QMI_LOC_GET_SUPPORTED_FEATURE_REQ_V02
01-01 10:30:44.551  1209  1290 I LocSvc_api_v02: ---> locClientSendReq line 2154 QMI_LOC_SET_GNSS_CONSTELL_REPORT_CONFIG_V02
01-01 10:30:45.390     0     0 I init    : Received control message 'interface_start' for 'android.frameworks.sensorservice@1.0::ISensorManager/default' from pid: 594 (/system/bin/hwservicemanager)
01-01 10:30:45.390     0     0 E init    : Could not find service hosting interface android.frameworks.sensorservice@1.0::ISensorManager/default
01-01 10:30:45.390     0     0 I init    : Created socket '/dev/socket/ims_datad', mode 660, user 1000, group 1001
01-01 10:30:45.392     0     0 I init    : Received control message 'interface_start' for 'android.frameworks.sensorservice@1.0::ISensorManager/default' from pid: 594 (/system/bin/hwservicemanager)
01-01 10:30:45.392     0     0 E init    : Could not find service hosting interface android.frameworks.sensorservice@1.0::ISensorManager/default
01-01 10:30:44.551  1209  1292 I LocSvc_ApiV02: <--- globalRespCb line 151 QMI_LOC_SET_GNSS_CONSTELL_REPORT_CONFIG_V02
01-01 10:30:44.551  1209  1290 I LocSvc_api_v02: ---> locClientSendReq line 2154 QMI_LOC_SET_PREMIUM_SERVICES_CONFIG_REQ_V02
01-01 10:30:45.392     0     0 W QSEECOM : qseecom_load_app: App with id 131074 (dhsecapp) now loaded
01-01 10:30:44.552  1209  1292 I LocSvc_ApiV02: <--- globalRespCb line 151 QMI_LOC_SET_PREMIUM_SERVICES_CONFIG_REQ_V02
01-01 10:30:44.552  1209  1290 I LocSvc_api_v02: ---> locClientSendReq line 2154 QMI_LOC_SET_PREMIUM_SERVICES_CONFIG_REQ_V02
01-01 10:30:44.553  1209  1292 I LocSvc_ApiV02: <--- globalRespCb line 151 QMI_LOC_SET_PREMIUM_SERVICES_CONFIG_REQ_V02
01-01 10:30:44.553  1209  1290 I LocSvc_api_v02: ---> locClientSendReq line 2154 QMI_LOC_SET_PREMIUM_SERVICES_CONFIG_REQ_V02
01-01 10:30:44.553  1209  1292 I LocSvc_ApiV02: <--- globalRespCb line 151 QMI_LOC_SET_PREMIUM_SERVICES_CONFIG_REQ_V02
01-01 10:30:44.562   736   736 D SDM     : DisplayBase::BuildLayerStackStats: LayerStack layer_count: 2, app_layer_count: 1, gpu_target_index: 1, display type: 0
01-01 10:30:44.568  1215  1215 I seemp_healthd: TA started: dhsecapp
01-01 10:30:44.568  1215  1215 E seemp_healthd: Cannot open file /vendor/firmware_mnt/image/haventkn.mbn, errno = 2
01-01 10:30:44.568  1215  1215 D QSEECOMAPI: QSEECom_get_handle sb_length = 0x2000
01-01 10:30:44.568  1215  1215 D QSEECOMAPI: App is not loaded in QSEE
01-01 10:30:44.570  1215  1215 D QSEECOMAPI: app_arch = 2, total_files = 9
01-01 10:30:44.582  1040  1040 I zygote  : VerifyImage: /system/bin/patchoat --input-image-location=/system/framework/boot.art --output-image-directory=/data/dalvik-cache/arm --instruction-set=arm --verify
01-01 10:30:44.593  1293  1293 E Diag_Lib: qpLogDiagInit <== result : 1
01-01 10:30:44.593  1293  1293 E Diag_Lib: DATAD : gIsQXDMDisabled 0, gIsADBDisabled 1, gIsDebugDisabled 0, gIsIMSLogsDisabled 0
01-01 10:30:44.593  1293  1293 E Diag_Lib: [IMS_DataD] imsdatad.c | 5843 | | 1293 |DATAD#$$#0#DATAD STARTED
01-01 10:30:45.410     0     0 E selinux : avc:  denied  { set } for property=qemu.hw.mainkeys pid=1286 uid=0 gid=0 scontext=u:r:qti_init_shell:s0 tcontext=u:object_r:default_prop:s0 tclass=property_service permissive=0
01-01 10:30:45.417     0     0 E init    : Unable to set property 'qemu.hw.mainkeys' to '0' from uid:0 gid:0 pid:1286: SELinux permission check failed
01-01 10:30:45.427     0     0 W QSEECOM : qseecom_load_app: App (haventkn) does'nt exist, loading apps for first time
01-01 10:30:44.605  1286  1286 W libc    : Unable to set property "qemu.hw.mainkeys" to "0": error code: 0x18
01-01 10:30:45.448     0     0 I init    : Received control message 'start' for 'vendor.ipacm-diag' from pid: 1288 (start vendor.ipacm-diag)
01-01 10:30:45.449     0     0 I init    : starting service 'vendor.ipacm-diag'...
01-01 10:30:45.451     0     0 I init    : Created socket '/dev/socket/ipacm_log_file', mode 660, user 1001, group 1001
01-01 10:30:44.608  1209  1209 E XTCC-6.2.0.6: [NvParamMgr] getNvDataBlob, nv item GTP_FDAL_ENABLEMENT_CONTROL not found
01-01 10:30:44.608  1209  1209 E XTCC-6.2.0.6: [FDAL_Manager] init: failed to retrieve WLAN_FDAL_ENABLEMENT_CONTROL, default true
01-01 10:30:44.609  1209  1209 E XTCC-6.2.0.6: [NvParamMgr] getNvDataBlob, nv item GTP_WLAN_CS_INTERVAL_SEC_COLLECT not found
01-01 10:30:44.609  1209  1209 E XTCC-6.2.0.6: [NvParamMgr] getNvDataBlob, nv item GTP_WLAN_CS_INTERVAL_SEC_SCAN not found
01-01 10:30:44.609  1209  1209 E XTCC-6.2.0.6: [NvParamMgr] getNvDataBlob, nv item GTP_WLAN_CS_INTERVAL_MINUTE_FORCED_SCAN not found
01-01 10:30:44.609  1209  1209 E XTCC-6.2.0.6: [NvParamMgr] getNvDataBlob, nv item GTP_WLAN_CS_INTERVAL_MINUTE_UPLOAD not found
01-01 10:30:44.609  1209  1209 E XTCC-6.2.0.6: [NvParamMgr] getNvDataBlob, nv item GTP_WLAN_CS_INTERVAL_MINUTE_FORCED_UPLOAD not found
01-01 10:30:44.609  1293  1293 E QMI_FW  : QMUXD: WARNING qmi_qmux_if_pwr_up_init failed! rc=-6
01-01 10:30:44.609  1209  1209 E XTCC-6.2.0.6: [NvParamMgr] getNvDataBlob, nv item GTP_WLAN_CS_HEPE_THRESHOLD_METER not found
01-01 10:30:44.609  1209  1209 E XTCC-6.2.0.6: [NvParamMgr] getNvDataBlob, nv item GTP_WLAN_CS_SIMILARITY_THRESHOLD not found
01-01 10:30:44.610  1209  1209 E XTCC-6.2.0.6: [NvParamMgr] getNvDataBlob, nv item GTP_WLAN_CS_SIMILARITY_THRESHOLD not found
01-01 10:30:44.610  1209  1209 E XTCC-6.2.0.6: [NvParamMgr] getNvDataBlob, nv item GTP_WLAN_CS_MAX_NUM_AP_SETS_PER_UPLOAD not found
01-01 10:30:44.610  1209  1209 E XTCC-6.2.0.6: [NvParamMgr] getNvDataBlob, nv item GTP_WLAN_CS_MAX_NUM_APS_PER_UPLOAD not found
01-01 10:30:44.610  1209  1209 E XTCC-6.2.0.6: [NvParamMgr] getNvDataBlob, nv item GTP_WWAN_CS_ENABLED not found
01-01 10:30:44.610  1209  1209 E XTCC-6.2.0.6: [NvParamMgr] getNvDataBlob, nv item GTP_WWAN_CS_ALLOW_IMPLICIT_WHITELIST_UPLOAD not found
01-01 10:30:44.610  1209  1209 E XTCC-6.2.0.6: [NvParamMgr] getNvDataBlob, nv item GTP_WWAN_CS_HEPE_THRESHOLD_METER_LOCATION not found
01-01 10:30:44.610  1209  1209 E XTCC-6.2.0.6: [NvParamMgr] getNvDataBlob, nv item GTP_WLAN_RECORD_INCL_IND not found
01-01 10:30:44.610  1209  1209 E XTCC-6.2.0.6: [NvParamMgr] getNvDataBlob, nv item GTP_WWAN_CS_PER_UPLOAD_LIMIT_KB not found
01-01 10:30:44.610  1209  1209 E XTCC-6.2.0.6: [NvParamMgr] getNvDataBlob, nv item GTP_WLAN_CS_PER_UPLOAD_LIMIT_KB not found
01-01 10:30:44.610  1209  1209 E XTCC-6.2.0.6: [NvParamMgr] getNvDataBlob, nv item GTP_WLAN_UPLOAD_CONTROL not found
01-01 10:30:44.610  1209  1209 E XTCC-6.2.0.6: [NvParamMgr] getNvDataBlob, nv item GTP_WLAN_FUSION_CS_GLOBAL_CONTROL not found
01-01 10:30:44.610  1209  1290 I LocSvc_api_v02: ---> locClientSendReq line 2154 QMI_LOC_REG_EVENTS_REQ_V02
01-01 10:30:44.614  1215  1215 D QSEECOMAPI: Loaded image: APP id = 196611
01-01 10:30:44.615  1215  1215 I seemp_healthd: TA started: haventkn
01-01 10:30:45.454     0     0 W QSEECOM : qseecom_load_app: App with id 196611 (haventkn) now loaded
01-01 10:30:45.458     0     0 I init    : processing action (vendor.ims.DATA_DAEMON_STATUS=1) from (/vendor/etc/init/hw/init.target.rc:408)
01-01 10:30:45.458     0     0 I init    : Sending signal 9 to service 'vendor.ims_rtp_daemon' (pid 1035) process group...
01-01 10:30:44.621  1209  1209 E XTCC-6.2.0.6: [NvParamMgr] getNvDataBlob, nv item GTP_MODEM_FUSION_UPLOAD_CONFIG_BLOB not found
01-01 10:30:45.464     0     0 I libprocessgroup: Successfully killed process cgroup uid 1000 pid 1035 in 5ms
01-01 10:30:45.465     0     0 I init    : Received control message 'start' for 'vendor.msm_irqbalance' from pid: 1299 (start vendor.msm_irqbalance)
01-01 10:30:44.624  1209  1209 E XTCC-6.2.0.6: [NvParamMgr] getNvDataBlob, nv item GTP_TDP_DOWNLOAD_INTERVAL_MINUTE_SERVER_ACCESS_BUDGET not found
01-01 10:30:44.624  1209  1209 E XTCC-6.2.0.6: [NvParamMgr] getNvDataBlob, nv item GTP_TDP_DOWNLOAD_NUM_MAX_SERVER_ACCESS_ALLOWED not found
01-01 10:30:44.624  1209  1209 E XTCC-6.2.0.6: [NvParamMgr] getNvDataBlob, nv item GTP_TDP_DOWNLOAD_KB_MAX_DOWNLOAD_OVER_WWAN not found
01-01 10:30:44.624  1209  1209 E XTCC-6.2.0.6: [NvParamMgr] getNvDataBlob, nv item GTP_TDP_DOWNLOAD_INTERVAL_MINUTE_PARTITION_REFRESH not found
01-01 10:30:44.624  1209  1209 E XTCC-6.2.0.6: [NvParamMgr] getNvDataBlob, nv item GTP_TDP_DOWNLOAD_NUM_SERVER_ACCESS_ALLOWED_PER_REFRESH not found
01-01 10:30:45.465     0     0 I init    : starting service 'vendor.msm_irqbalance'...
01-01 10:30:45.468     0     0 I init    : Service 'vendor.ims_rtp_daemon' (pid 1035) received signal 9
01-01 10:30:45.469     0     0 I init    : Received control message 'start' for 'vendor.ipacm' from pid: 1301 (start vendor.ipacm)
01-01 10:30:45.470     0     0 I init    : starting service 'vendor.ipacm'...
01-01 10:30:44.634  1209  1324 E XTCC-6.2.0.6: [TdpCsClient] unknown postcard info. reason:REGISTER-EVENT, 
01-01 10:30:44.634  1209  1324 I chatty  : uid=1021(gps) xtwifi-client identical 3 lines
01-01 10:30:44.634  1209  1324 E XTCC-6.2.0.6: [TdpCsClient] unknown postcard info. reason:REGISTER-EVENT, 
01-01 10:30:44.635  1209  1290 I LocSvc_api_v02: ---> locClientSendReq line 2154 QMI_LOC_INJECT_APDONOTCACHE_DATA_REQ_V02
01-01 10:30:44.635  1209  1292 I LocSvc_ApiV02: <--- globalRespCb line 151 QMI_LOC_INJECT_APDONOTCACHE_DATA_REQ_V02
01-01 10:30:44.645   736   736 D SDM     : DisplayBase::BuildLayerStackStats: LayerStack layer_count: 2, app_layer_count: 1, gpu_target_index: 1, display type: 0
01-01 10:30:44.652  1305  1305 E MSM-irqbalance: WARNING: Cannot find matching virq for hwirq(22).
01-01 10:30:44.653  1305  1305 E MSM-irqbalance: WARNING: Cannot find matching virq for hwirq(446).
01-01 10:30:44.655  1305  1305 E MSM-irqbalance: WARNING: Cannot find matching virq for hwirq(455).
01-01 10:30:44.656  1305  1305 E MSM-irqbalance: WARNING: Cannot find matching virq for hwirq(456).
01-01 10:30:44.656  1305  1305 I MSM-irqbalance: msm-irq_balance (1.3) initialized
01-01 10:30:44.656  1305  1305 I MSM-irqbalance: Configuration
01-01 10:30:44.656  1305  1305 I MSM-irqbalance: Rate: 0.2 Hz
01-01 10:30:44.656  1305  1305 I MSM-irqbalance: Decay Factor: 75.0
01-01 10:30:44.656  1305  1305 I MSM-irqbalance: Balancing Factor: 0.1
01-01 10:30:44.656  1305  1305 I MSM-irqbalance: Debug Log: OFF
01-01 10:30:44.656  1305  1305 I MSM-irqbalance: Cfg file: /system/vendor/etc/msm_irqbalance.conf
01-01 10:30:44.656  1305  1305 I MSM-irqbalance: CPU PRIO: CPU0: 1 CPU1: 1 CPU2: 0 CPU3: 0 CPU4: 0 CPU5: 0 CPU6: 0 CPU7: 0 
01-01 10:30:44.656  1305  1305 I MSM-irqbalance: Ignored IRQs: 3 5 65 88 
01-01 10:30:45.504     0     0 I init    : Received control message 'start' for 'vendor.qcrild2' from pid: 1327 (start vendor.qcrild2)
01-01 10:30:45.505     0     0 I init    : starting service 'vendor.qcrild2'...
01-01 10:30:45.518     0     0 I init    : Received control message 'start' for 'vendor.dataqti' from pid: 1331 (start vendor.dataqti)
01-01 10:30:45.518     0     0 I init    : starting service 'vendor.dataqti'...
01-01 10:30:44.695  1315  1315 I IPAHALService: makeIPAHAL(1, provided)
01-01 10:30:45.537     0     0 E ipa2_nat_del_cmd: 785 Nat table not initialized
01-01 10:30:45.537     0     0 I init    : Received control message 'start' for 'vendor.dataadpl' from pid: 1335 (start vendor.dataadpl)
01-01 10:30:45.537     0     0 I init    : starting service 'vendor.dataadpl'...
01-01 10:30:44.697  1315  1315 I IPAHALService: Successfully registered IOffloadControl
01-01 10:30:44.698  1315  1315 I IPAHALService: Successfully registered IOffloadConfig
01-01 10:30:45.542     0     0 I init    : processing action (ro.vendor.ril.mbn_copy_completed=1) from (/vendor/etc/init/hw/init.qcom.rc:964)
01-01 10:30:44.711  1337  1337 I ADPL_SDM_INFO: [adpl_main.c:201] main():Start ADPL
01-01 10:30:44.712  1337  1337 E ADPL_SDM_INFO: [adpl_main.c:210] main():Non Hana Target, exiting from ADPL daemon
01-01 10:30:44.712  1333  1333 E QTI_SDM_INFO: [qti_main.c:402] main():Failed to add a watch to the hex dumps folder
01-01 10:30:44.712  1333  1333 I QTI_SDM_INFO: [qti_main.c:405] main():Start QTI
01-01 10:30:44.713  1333  1333 I QTI_SDM_INFO: [qti_main.c:494] main():DPL mode only 0
01-01 10:30:44.713  1333  1333 I QTI_SDM_INFO: [qti_rmnet_peripheral.c:801] qti_rmnet_ph_init():Open peripheral file to receive QMI messages
01-01 10:30:44.713  1333  1333 I QTI_SDM_INFO: [qti_rmnet_peripheral.c:747] qti_file_open():Successfully opened device file. FD is 6
01-01 10:30:44.713  1333  1333 I QTI_SDM_INFO: [qti_rmnet_peripheral.c:819] qti_rmnet_ph_init():Opened USB file's fd is 6
01-01 10:30:44.713  1333  1333 E QTI_SDM_INFO: [qti_rmnet_peripheral.c:739] qti_file_open():Could not open device file. Errno 2 error msg=No such file or directory
01-01 10:30:45.553     0     0 I init    : Received control message 'start' for 'vendor.netmgrd' from pid: 1339 (start vendor.netmgrd)
01-01 10:30:45.553     0     0 I init    : starting service 'vendor.netmgrd'...
01-01 10:30:45.556     0     0 I init    : Received control message 'stop' for 'vendor.dataadpl' from pid: 1337 (/system/vendor/bin/adpl)
01-01 10:30:45.556     0     0 I init    : Sending signal 9 to service 'vendor.dataadpl' (pid 1337) process group...
01-01 10:30:45.562     0     0 I libprocessgroup: Successfully killed process cgroup uid 1001 pid 1337 in 6ms
01-01 10:30:45.564     0     0 I init    : Service 'qcom-sh' (pid 1139) exited with status 0
01-01 10:30:45.565     0     0 I init    : Service 'vendor.dataadpl' (pid 1337) received signal 9
01-01 10:30:45.567     0     0 I init    : Received control message 'start' for 'vendor.port-bridge' from pid: 1348 (start vendor.port-bridge)
01-01 10:30:45.567     0     0 I init    : starting service 'vendor.port-bridge'...
01-01 10:30:44.729   736   736 D SDM     : DisplayBase::BuildLayerStackStats: LayerStack layer_count: 2, app_layer_count: 1, gpu_target_index: 1, display type: 0
01-01 10:30:44.738  1349  1349 I port-bridge: Resolved target to: Starlord
01-01 10:30:44.739  1349  1349 I port-bridge: Using USB end point: /dev/at_usb0
01-01 10:30:44.739  1349  1349 I port-bridge: Using MDM end point: /dev/at_mdm0
01-01 10:30:44.739  1349  1349 I port-bridge: Using mdm_handler: 0x5c219bd3b4
01-01 10:30:45.581     0     0 I init    : Service 'qcom-c_main-sh' (pid 1023) exited with status 0
01-01 10:30:44.775  1349  1349 W port-bridge: buf is: :SC66-Modem-R01-1.08_20190419
01-01 10:30:44.775  1349  1349 W port-bridge: 
01-01 10:30:44.776  1349  1349 W port-bridge: modem_vension_buf::SC66-Modem-R01-1.08_20190419
01-01 10:30:44.776  1349  1349 W port-bridge: 
01-01 10:30:44.776  1349  1349 I port-bridge: Thread 0x7c66fd34f0 was created for direction /dev/at_mdm0 -> /dev/at_usb0
01-01 10:30:44.776  1349  1349 I port-bridge: Thread 0x7c66ed54f0 was created for direction /dev/at_usb0 -> /dev/at_mdm0
01-01 10:30:44.777  1349  1357 I port-bridge: Attempting to open '/dev/at_mdm0'...
01-01 10:30:44.777  1349  1357 E port-bridge: Blocking open on '/dev/at_mdm0' returned 4.
01-01 10:30:44.778  1349  1357 I port-bridge: trying to lock [0x0x5c219d6250] /dev/at_mdm0
01-01 10:30:44.778  1349  1357 I port-bridge: locked [0x0x5c219d6250] /dev/at_mdm0
01-01 10:30:44.778  1349  1357 I port-bridge: trying to unlock [0x0x5c219d6250] /dev/at_mdm0
01-01 10:30:44.778  1349  1357 I port-bridge: unlocked [0x0x5c219d6250] /dev/at_mdm0
01-01 10:30:44.778  1349  1357 I port-bridge: Queuing RX Intent for '/dev/at_mdm0'
01-01 10:30:44.778  1349  1357 I port-bridge: trying to lock [0x0x5c219d6250] /dev/at_mdm0
01-01 10:30:44.778  1349  1357 I port-bridge: locked [0x0x5c219d6250] /dev/at_mdm0
01-01 10:30:44.778  1349  1357 I port-bridge: trying to unlock [0x0x5c219d6250] /dev/at_mdm0
01-01 10:30:44.778  1349  1357 I port-bridge: unlocked [0x0x5c219d6250] /dev/at_mdm0
01-01 10:30:44.778  1349  1357 I port-bridge: Attempting to poll '/dev/at_mdm0'...
01-01 10:30:44.778  1349  1357 E port-bridge: poll on '/dev/at_mdm0' returned 1
01-01 10:30:44.778  1349  1357 I port-bridge: POLLPRI is set.
01-01 10:30:44.778  1349  1357 I port-bridge: Attempting TIOCMGET on '/dev/at_mdm0'...
01-01 10:30:44.778  1349  1357 I port-bridge: trying to lock [0x0x5c219d6250] /dev/at_mdm0
01-01 10:30:44.778  1349  1357 I port-bridge: locked [0x0x5c219d6250] /dev/at_mdm0
01-01 10:30:44.778  1349  1357 I port-bridge: trying to unlock [0x0x5c219d6250] /dev/at_mdm0
01-01 10:30:44.778  1349  1357 I port-bridge: unlocked [0x0x5c219d6250] /dev/at_mdm0
01-01 10:30:44.778  1349  1357 E port-bridge: TIOCMGET on '/dev/at_mdm0' returned 0, signals=0x160 (0x120 | CD)
01-01 10:30:44.779  1349  1357 I port-bridge: Attempting TIOCMSET on '/dev/at_usb0', signals=0x160 (0x120 | CD)...
01-01 10:30:44.779  1349  1357 I port-bridge: trying to lock [0x0x5c219d6228] /dev/at_usb0
01-01 10:30:44.779  1349  1357 I port-bridge: locked [0x0x5c219d6228] /dev/at_usb0
01-01 10:30:44.779  1349  1357 I port-bridge: trying to unlock [0x0x5c219d6228] /dev/at_usb0
01-01 10:30:44.779  1349  1357 I port-bridge: unlocked [0x0x5c219d6228] /dev/at_usb0
01-01 10:30:44.779  1349  1357 E port-bridge: TIOCMSET on '/dev/at_usb0' returned -1, signals=0x160 (0x120 | CD)
01-01 10:30:44.779  1349  1357 I port-bridge: Attempting to poll '/dev/at_mdm0'...
01-01 10:30:44.781  1349  1358 I port-bridge: Attempting to open '/dev/at_usb0'...
01-01 10:30:44.781  1349  1358 E port-bridge: Blocking open on '/dev/at_usb0' returned 5.
01-01 10:30:44.781  1349  1358 I port-bridge: trying to lock [0x0x5c219d6228] /dev/at_usb0
01-01 10:30:44.781  1349  1358 I port-bridge: locked [0x0x5c219d6228] /dev/at_usb0
01-01 10:30:44.781  1349  1358 I port-bridge: trying to unlock [0x0x5c219d6228] /dev/at_usb0
01-01 10:30:44.781  1349  1358 I port-bridge: unlocked [0x0x5c219d6228] /dev/at_usb0
01-01 10:30:44.781  1349  1358 I port-bridge: Attempting to poll '/dev/at_usb0'...
01-01 10:30:44.794  1360  1360 I NetUtilsWrapper: Unexpected command: /system/bin/iptables -w -W 10000 -t mangle -A PREROUTING -m mark --mark 0x20 -j ACCEPT
01-01 10:30:44.810  1362  1362 I NetUtilsWrapper: Unexpected command: /system/bin/iptables -w -W 10000 -t mangle -D PREROUTING -m mark --mark 0x20 -j ACCEPT
01-01 10:30:44.812   736   736 D SDM     : DisplayBase::BuildLayerStackStats: LayerStack layer_count: 2, app_layer_count: 1, gpu_target_index: 1, display type: 0
01-01 10:30:44.821  1107  1107 E GPU-STATS: OpenCL build err = 0x0
01-01 10:30:44.824  1107  1107 W MediaCodecsXmlParser: unable to open media codecs configuration xml file: /data/misc/media/media_codecs_profiling_results.xml
01-01 10:30:44.824  1107  1107 W MediaCodecsXmlParser: parseTopLevelXMLFile(/data/misc/media/media_codecs_profiling_results.xml) failed
01-01 10:30:44.824  1107  1107 I ServiceManagement: Removing namespace from process name android.hardware.media.omx@1.0-service to omx@1.0-service.
01-01 10:30:44.825  1107  1107 I media.codec: IOmx HAL service created.
01-01 10:30:44.839  1347  1347 E QMI_FW  : QMUXD: WARNING qmi_qmux_if_pwr_up_init failed! rc=-6
01-01 10:30:44.896   736   736 D SDM     : DisplayBase::BuildLayerStackStats: LayerStack layer_count: 2, app_layer_count: 1, gpu_target_index: 1, display type: 0
--------- beginning of radio
01-01 10:30:45.000  1287  1287 D RILC    : Calling registerRadioImpl
01-01 10:30:45.000  1330  1330 D RILC    : Calling registerRadioImpl
01-01 10:30:45.001  1330  1330 D RILD    : **RIL Daemon Started**
01-01 10:30:45.001  1330  1330 D RILD    : **RILd param count=3**
01-01 10:30:45.001  1287  1287 D RILD    : **RIL Daemon Started**
01-01 10:30:45.001  1287  1287 D RILD    : **RILd param count=1**
01-01 10:30:45.002  1330  1330 D RILD    : RIL_Init argc = 3 clientId = 2
01-01 10:30:45.002  1287  1287 D RILD    : RIL_Init argc = 3 clientId = 0
01-01 10:30:45.002  1287  1287 E RILQ    : log to /data/vendor/radio/ril_log for QCRIL logging is not enabled
01-01 10:30:45.002  1330  1330 E RILQ    : log to /data/vendor/radio/ril_log for QCRIL logging is not enabled
01-01 10:30:44.979   736   736 D SDM     : DisplayBase::BuildLayerStackStats: LayerStack layer_count: 2, app_layer_count: 1, gpu_target_index: 1, display type: 0
01-01 10:30:45.019   762   812 D PerMgrSrv: modem state: is on-line, add client QCRIL
01-01 10:30:45.020   762   812 D PerMgrSrv: QCRIL registered
01-01 10:30:45.020  1287  1287 D PerMgrLib: QCRIL successfully registered for modem
01-01 10:30:45.024   762   812 D PerMgrSrv: modem state: is on-line, add client QCRIL
01-01 10:30:45.024   762   812 D PerMgrSrv: QCRIL registered
01-01 10:30:45.024  1330  1330 D PerMgrLib: QCRIL successfully registered for modem
01-01 10:30:45.062   736   736 D SDM     : DisplayBase::BuildLayerStackStats: LayerStack layer_count: 2, app_layer_count: 1, gpu_target_index: 1, display type: 0
01-01 10:30:45.133  1287  1287 W RILC    : RIL_onUnsolicitedResponse called before RIL_register
01-01 10:30:45.133  1287  1287 E RILQ    : (0/1287): RIL[0][rild(1287,1287)] qcril_qmi_lte_direct_disc_pack_msg_tag: Message id and type doesnt co-exist. Cannot encode the tag
01-01 10:30:45.135  1287  1287 D PerMgrLib: QCRIL voting for modem
01-01 10:30:45.136   762   812 D PerMgrSrv: QCRIL voting for modem
01-01 10:30:45.136   762   812 D PerMgrSrv: modem num voters is 3
01-01 10:30:45.145   736   736 D SDM     : DisplayBase::BuildLayerStackStats: LayerStack layer_count: 2, app_layer_count: 1, gpu_target_index: 1, display type: 0
01-01 10:30:45.152  1287  1287 E QMI_FW  : QMUXD: WARNING qmi_qmux_if_pwr_up_init failed! rc=-6
01-01 10:30:45.194  1287  1375 E RILQ    : (0/1287): RIL[0][(1287,1375)] sendIndication: OemHookImpl::sendIndication indicationCb is null
01-01 10:30:45.194  1287  1375 E RILQ    : (0/1287): RIL[0][(1287,1375)] sendIndication: OemHookImpl::sendIndication indicationCb is null
01-01 10:30:45.194  1287  1375 W RILC    : RIL_onUnsolicitedResponse called before RIL_register
01-01 10:30:45.194  1287  1375 E RILQ    : (0/1287): RIL[0][(1287,1375)] sendIndication: OemHookImpl::sendIndication indicationCb is null
01-01 10:30:45.194  1287  1375 W RILC    : RIL_onUnsolicitedResponse called before RIL_register
01-01 10:30:45.211  1287  1287 E RILQ    : (0/1287): RIL[0][rild(1287,1287)] sendIndication: OemHookImpl::sendIndication indicationCb is null
01-01 10:30:45.211  1287  1287 W RILC    : RIL_onUnsolicitedResponse called before RIL_register
01-01 10:30:45.211  1287  1287 E RILQ    : (0/1287): RIL[0][rild(1287,1287)] qcril_qmi_lte_direct_disc_pack_msg_tag: encoding the MsgHeader
01-01 10:30:45.212  1287  1287 E RILQ    : (0/1287): RIL[0][rild(1287,1287)] sendIndication: OemHookImpl::sendIndication indicationCb is null
01-01 10:30:45.214  1287  1412 D RIL_SAP : sap_register_service status=0
01-01 10:30:45.215  1287  1409 E RILQ    : (0/1287): RIL[0][(1287,1409)] qcril_data_get_dds_sub_info: DSD Client unavailable
01-01 10:30:45.216  1287  1287 D RILD    : RIL_Init rilInit completed
01-01 10:30:45.216  1287  1287 I RILC    : SIM_COUNT: 1
01-01 10:30:45.216  1287  1287 E RILC    : RIL_register: RIL version 15
01-01 10:30:45.216  1287  1287 I RILC    : s_registerCalled flag set, 1
01-01 10:30:45.219  1287  1287 I RILC    : RILHIDL called registerService
01-01 10:30:45.219  1287  1287 D RILD    : RIL_Init RIL_register completed
01-01 10:30:45.220  1287  1287 D RILD    : RIL_register_socket completed
01-01 10:30:45.227  1287  1375 E RILQ    : (0/1287): RIL[0][(1287,1375)] qcril_qmi_qti_radio_service_init: qcril_qmi_qti_radio_service_init
01-01 10:30:45.229   736   736 D SDM     : DisplayBase::BuildLayerStackStats: LayerStack layer_count: 2, app_layer_count: 1, gpu_target_index: 1, display type: 0
01-01 10:30:45.242  1287  1375 E RILC    : cdmaPrlChangedInd: radioService[0]->mRadioIndication == NULL
01-01 10:30:45.246  1287  1375 E RILQ    : (0/1287): RIL[0][(1287,1375)] sendIndication: OemHookImpl::sendIndication indicationCb is null
01-01 10:30:45.247  1287  1409 E RILQ    : (0/1287): RIL[0][(1287,1409)] qcril_data_lqe_init: Throughput-based reporting not supported!
01-01 10:30:45.250  1083  1191 I ServiceManager: Waiting for service package_native...
01-01 10:30:45.257  1287  1375 E RILQ    : (0/1287): RIL[0][(1287,1375)] sendIndication: OemHookImpl::sendIndication indicationCb is null
01-01 10:30:45.259  1287  1375 E RILC    : sendCurrentSignalStrengthInd_1_2: radioService[0]->mRadioIndication == NULL
01-01 10:30:45.259  1287  1375 E RILC    : currentSignalStrengthInd: radioService[0]->mRadioIndication == NULL
01-01 10:30:45.259  1287  1375 E RILC    : networkStateChangedInd: radioService[0]->mRadioIndication == NULL
01-01 10:30:45.259  1287  1375 E RILQ    : (0/1287): RIL[0][(1287,1375)] get_ecc_property_name: ecc list name : ril.ecclist.
01-01 10:30:45.264  1287  1375 E RILQ    : (0/1287): RIL[0][(1287,1375)] get_ecc_property_name: ecc list name : ril.ecclist.
01-01 10:30:45.265  1287  1375 E RILQ    : (0/1287): RIL[0][(1287,1375)] qcril_qmi_imss_command_cb: Req ID: 0 not found
01-01 10:30:45.267  1287  1375 E RILQ    : (0/1287): RIL[0][(1287,1375)] get_ecc_property_name: ecc list name : ril.ecclist.
01-01 10:30:45.267  1287  1409 E RILC    : carrierInfoForImsiEncryption: radioService[0]->mRadioIndicationV1_1 == NULL
01-01 10:30:45.312   736   736 D SDM     : DisplayBase::BuildLayerStackStats: LayerStack layer_count: 2, app_layer_count: 1, gpu_target_index: 1, display type: 0
01-01 10:30:45.227   594   594 I chatty  : uid=1000(system) hwservicemanage identical 33 lines
01-01 10:30:45.237   594   594 I snet_event_log: [121035042,-1,]
01-01 10:30:45.321  1040  1040 I sysui_histogram: [boot_zygote_init,18175]
01-01 10:30:45.326  1040  1040 I sysui_multi_action: [757,804,799,boot_zygote_init,801,18175,802,1]
01-01 10:30:45.326  1039  1039 I sysui_histogram: [boot_zygote_init,18180]
01-01 10:30:45.331  1039  1039 I sysui_multi_action: [757,804,799,boot_zygote_init,801,18180,802,1]
01-01 10:30:45.334  1039  1039 I boot_progress_preload_start: 18188
01-01 10:30:45.334  1039  1039 D Zygote  : begin preload
01-01 10:30:45.334  1039  1039 I Zygote  : Installing ICU cache reference pinning...
01-01 10:30:45.334  1039  1039 I Zygote  : Preloading ICU data...
01-01 10:30:45.336  1040  1040 I zygote  : Explicit concurrent copying GC freed 185(23KB) AllocSpace objects, 0(0B) LOS objects, 98% free, 24KB/1560KB, paused 61us total 3.726ms
01-01 10:30:45.340  1040  1040 I zygote  : Explicit concurrent copying GC freed 5(32KB) AllocSpace objects, 0(0B) LOS objects, 98% free, 24KB/1560KB, paused 51us total 3.136ms
01-01 10:30:45.340  1040  1040 D Zygote32Timing: PostZygoteInitGC took to complete: 8ms
01-01 10:30:45.340  1040  1040 D Zygote32Timing: ZygoteInit took to complete: 8ms
01-01 10:30:45.340  1040  1040 I Zygote  : Accepting command socket connections
01-01 10:30:46.199     0     0 E ip_local_port_range: prefer different parity for start/end values.
01-01 10:30:45.369  1039  1039 D Zygote64Timing: BeginIcuCachePinning took to complete: 35ms
01-01 10:30:45.369  1039  1039 I Zygote  : Preloading classes...
01-01 10:30:45.394  1039  1039 I PackageBackwardCompatibility: Loaded android.content.pm.OrgApacheHttpLegacyUpdater
01-01 10:30:45.395  1039  1039 I PackageBackwardCompatibility: Could not find android.content.pm.AndroidTestBaseUpdater, ignoring
01-01 10:30:45.395   736   736 D SDM     : DisplayBase::BuildLayerStackStats: LayerStack layer_count: 2, app_layer_count: 1, gpu_target_index: 1, display type: 0
01-01 10:30:45.446  1041  1041 W ServiceManagement: Waited one second for android.hardware.camera.provider@2.4::ICameraProvider/legacy/0. Waiting another...
01-01 10:30:45.479   736   736 D SDM     : DisplayBase::BuildLayerStackStats: LayerStack layer_count: 2, app_layer_count: 1, gpu_target_index: 1, display type: 0
01-01 10:30:45.480  1211  1264 E LocSvc_LocIpc: sendData:206] cannot send to socket. reason:No such file or directory
01-01 10:30:45.499  1210  1259 W ServiceManagement: Waited one second for android.frameworks.sensorservice@1.0::ISensorManager/default. Waiting another...
01-01 10:30:45.562   736   736 D SDM     : DisplayBase::BuildLayerStackStats: LayerStack layer_count: 2, app_layer_count: 1, gpu_target_index: 1, display type: 0
01-01 10:30:45.609  1209  1290 I LocSvc_api_v02: ---> locClientSendReq line 2154 QMI_LOC_INJECT_APCACHE_DATA_REQ_V02
01-01 10:30:45.610  1207  1233 I LOWI-8.6.0.26: [LOWIUtils] inPostcardToRequest - FROM: GTP-FDAL, TO:   LOWI-SERVER, REQ:  LOWI_ASYNC_DISCOVERY_SCAN_RESULTS
01-01 10:30:45.610  1207  1233 I LOWI-8.6.0.26: [LOWIDiagLog] is Logging Enabled for LOWI log code? :0
01-01 10:30:45.610  1209  1292 I LocSvc_ApiV02: <--- globalRespCb line 151 QMI_LOC_INJECT_APCACHE_DATA_REQ_V02
01-01 10:30:45.633   728   728 E vendor.qti.bluetooth@1.0-bluetooth_address: QmiDmsGetAddress: addr_resp.mac_address_valid 1 addr_resp.mac_address_len 6 
01-01 10:30:45.633   728   728 E vendor.qti.bluetooth@1.0-bluetooth_address: QmiDmsGetAddress: Succesfully Read BT address
