06-17 08:37:56.498  1107  1107 I OMX-VDEC-1080P: Video slvp perflock released
06-17 08:37:56.498  1997  1997 D GattService: Received start request. Starting profile...
06-17 08:37:56.499  1997  1997 D BluetoothAdapterService: getAdapterService() - returning com.android.bluetooth.btservice.AdapterService@b7faa63
06-17 08:37:56.499  2032  2275 I vol.Events: writeEvent level_changed STREAM_SYSTEM 5
06-17 08:37:56.500   594   594 I snet_event_log: [121035042,-1,]
06-17 08:37:56.500  1595  2142 W UsageStatsService: Event reported without a package name
06-17 08:37:56.501  2032  2275 I vol.Events: writeEvent level_changed STREAM_RING 5
06-17 08:37:56.502  1075  1204 I OMXClient: IOmx service obtained
06-17 08:37:56.502  1107  1107 I OMXMaster: makeComponentInstance(OMX.google.hevc.decoder) in omx@1.0-service process
06-17 08:37:56.503  2032  2275 I vol.Events: writeEvent level_changed STREAM_MUSIC 5
06-17 08:37:56.504  1595  2142 D ActivityTrigger: ActivityTrigger activityPauseTrigger 
06-17 08:37:56.501   594   594 I snet_event_log: [121035042,-1,]
06-17 08:37:56.504  1595  2142 I am_pause_activity: [0,226526210,com.android.settings/.FallbackHome,userLeaving=false]
06-17 08:37:56.508  2032  2275 I vol.Events: writeEvent level_changed STREAM_ALARM 6
06-17 08:37:56.508  1997  1997 I bt_btif : get_profile_interface: id = gatt
06-17 08:37:56.508  1997  1997 D BluetoothAdapterService: getAdapterService() - returning com.android.bluetooth.btservice.AdapterService@b7faa63
06-17 08:37:56.509  2194  2194 E CarrierIdProvider: read carrier list from ota pb failure: java.io.FileNotFoundException: /data/misc/carrierid/carrier_list.pb (No such file or directory)
06-17 08:37:56.509  2194  2194 D CarrierIdProvider: latest version: 2 need update: false
06-17 08:37:56.510   736   736 D SDM     : DisplayBase::BuildLayerStackStats: LayerStack layer_count: 2, app_layer_count: 1, gpu_target_index: 1, display type: 0
06-17 08:37:56.511  1595  1996 I SyncManager: Got SyncJobService instance.
06-17 08:37:56.511  1595  1595 D AutofillManagerService: Autofill restriction did not change for user 0
06-17 08:37:56.511  2194  2194 D CarrierProvider: onCreate
06-17 08:37:56.512  1595  1595 D TelephonyRegistry: notifyCellLocationForSubscriber: subId=0 cellLocation=Bundle[{cid=-1, lac=-1, psc=-1}]
06-17 08:37:56.512  1595  1595 D TelephonyRegistry: notifyCellLocationForSubscriber: subId=1 cellLocation=Bundle[{cid=-1, lac=-1, psc=-1}]
06-17 08:37:56.512  1595  1595 I notification_enqueue: [1000,1595,android,32,NULL,-1,Notification(channel=USB pri=0 contentView=null vibrate=null sound=null tick defaults=0x0 flags=0x2 color=0xff607d8b vis=PUBLIC),0]
06-17 08:37:56.513  2032  2275 I vol.Events: writeEvent level_changed STREAM_BLUETOOTH_SCO 7
06-17 08:37:56.513  2032  2032 D SystemUIBootTiming: StartServicescom.android.systemui.volume.VolumeUI took to complete: 67ms
06-17 08:37:56.513  2212  2212 I am_on_paused_called: [0,com.android.settings.FallbackHome,performPause]
06-17 08:37:56.514  1595  1595 W Looper  : Drained
06-17 08:37:56.514  1107  1189 E OMXNodeInstance: getExtensionIndex(0xec027ea0:google.hevc.decoder, OMX.google.android.index.configureVideoTunnelMode) ERROR: UnsupportedIndex(0x8000101a)
06-17 08:37:56.514  1595  1595 I FusedLocation: engine started (com.android.location.fused)
06-17 08:37:56.514  1107  1189 E OMXNodeInstance: getExtensionIndex(0xec027ea0:google.hevc.decoder, OMX.google.android.index.enableAndroidNativeBuffers) ERROR: UnsupportedIndex(0x8000101a)
06-17 08:37:56.515  1595  1642 D ActivityTrigger: ActivityTrigger activityStopTrigger 
06-17 08:37:56.516   594   594 I snet_event_log: [121035042,-1,]
06-17 08:37:56.516  1595  1642 I am_stop_activity: [0,226526210,com.android.settings/.FallbackHome]
06-17 08:37:56.517  1595  1642 I sysui_count: [window_time_0,76]
06-17 08:37:56.517   594   594 I snet_event_log: [121035042,-1,]
06-17 08:37:56.517  1595  1642 I sysui_multi_action: [757,803,799,window_time_0,802,76]
06-17 08:37:56.518  1075  1204 I OMXClient: IOmx service obtained
06-17 08:37:56.518  1107  1189 I OMXMaster: makeComponentInstance(OMX.qcom.video.decoder.mpeg2) in omx@1.0-service process
06-17 08:37:56.519  1997  1997 D BluetoothAdapterService: getAdapterService() - returning com.android.bluetooth.btservice.AdapterService@b7faa63
06-17 08:37:56.519  1997  1997 D GattService:  profile started successfully
06-17 08:37:56.519  2194  2194 D TDC     : updateOrInsert: inserting: Modem { uuid=modem, state=0, rilModel=0, rat={}, maxActiveVoiceCall=1, maxActiveDataCall=1, maxStandby=1 }
06-17 08:37:56.519  2194  2194 D TDC     : updateOrInsert: inserting: Sim { uuid=sim, modemUuid=modem, state=0 }
06-17 08:37:56.520  1997  1997 D BluetoothAdapterService: handleMessage() - Message: 2
06-17 08:37:56.520  1997  1997 D BluetoothAdapterService: handleMessage() - MESSAGE_PROFILE_SERVICE_REGISTERED
06-17 08:37:56.520  2032  2275 I vol.Events: writeEvent zen_mode_config_changed [disallowAlarms=false disallowMedia=false disallowSystem=true disallowRinger=false]
06-17 08:37:56.520  1997  1997 D BluetoothAdapterService: handleMessage() - Message: 1
06-17 08:37:56.520  1997  1997 D BluetoothAdapterService: handleMessage() - MESSAGE_PROFILE_SERVICE_STATE_CHANGED
06-17 08:37:56.520  1997  1997 W BluetoothAdapterService: onProfileServiceStateChange() - Gatt profile service started..
06-17 08:37:56.520  1997  1997 I bt_btif : QTI OMR1 stack: enable: start restricted = 0
06-17 08:37:56.520  1997  2104 E bt_vnd_log: init_vnd_Logger, Logger Not enabled from config file
06-17 08:37:56.520  1997  2104 I bt_stack_manager: event_start_up_stack is bringing up the stack
06-17 08:37:56.521  1997  2104 I bt_core_module: module_start_up Starting module "btif_config_module"
06-17 08:37:56.521  1997  2104 I bt_core_module: module_start_up Started module "btif_config_module"
06-17 08:37:56.521  1997  2104 I bt_core_module: module_start_up Starting module "btsnoop_module"
06-17 08:37:56.522   594   594 I snet_event_log: [121035042,-1,]
06-17 08:37:56.524  1997  2104 D bt_snoop: start_up: vendor_logging_level values is 65535 
06-17 08:37:56.524  1997  2104 I bt_core_module: module_start_up Started module "btsnoop_module"
06-17 08:37:56.524  1107  1189 I OMX-VDEC-1080P: Video slvp perflock acquired
06-17 08:37:56.524  1997  2104 I bt_core_module: module_start_up Starting module "hci_module"
06-17 08:37:56.524  1997  2104 I bt_hci  : hci_module_start_up
06-17 08:37:56.524  1997  2301 I bt_osi_thread: run_thread: thread id 2301, thread name hci_thread started
06-17 08:37:56.524  1107  1189 I OMX-VDEC-1080P: component_init: OMX.qcom.video.decoder.mpeg2 : fd=20
06-17 08:37:56.524  1997  2104 D bt_osi_wakelock: wakelock_initialize_native opening wake locks
06-17 08:37:56.525  1997  2104 D bt_hci  : hci_module_start_up starting async portion
06-17 08:37:56.525  1997  2301 I bt_hci  : hci_initialize
06-17 08:37:56.527  1997  2301 I bt_hci  : hci_initialize: IBluetoothHci::getService() returned 0x744fa1cb20 (remote)
01-01 10:32:03.969     0     0 I msm_vidc: info: Opening video instance: 0000000000000000, 1
06-17 08:37:56.528   728   728 W vendor.qti.bluetooth@1.0-bluetooth_hci: BluetoothHci::initialize()
06-17 08:37:56.528   728   728 W vendor.qti.bluetooth@1.0-data_handler: DataHandler:: Init()
06-17 08:37:56.528  2194  2194 I m.android.phon: The ClassLoaderContext is a special shared library.
06-17 08:37:56.528   728   728 W vendor.qti.bluetooth@1.0-data_handler: vendor.qcom.bluetooth.soc set to cherokee
06-17 08:37:56.528   728   728 I vendor.qti.bluetooth@1.0-data_handler: Open init_status 0 
06-17 08:37:56.528  2194  2194 D TelephonyComponentFactory: classLoader = dalvik.system.PathClassLoader[DexPathList[[zip file "/system/framework/qti-telephony-common.jar"],nativeLibraryDirectories=[/system/lib64]]]
06-17 08:37:56.528   728   728 D vendor.qti.bluetooth@1.0-wake_lock: Init wakelock is initiated 
06-17 08:37:56.528   728  2305 I vendor.qti.bluetooth@1.0-uart_controller: soc need reload patch = 1
06-17 08:37:56.528   728  2305 D vendor.qti.bluetooth@1.0-power_manager: SetPower: enable: 0
06-17 08:37:56.528   728  2305 E vendor.qti.bluetooth@1.0-power_manager: 
06-17 08:37:56.528   728  2305 E vendor.qti.bluetooth@1.0-power_manager: bt_power_cherokee enable  (0)
06-17 08:37:56.528  2194  2194 D TelephonyComponentFactory: cls = class com.qualcomm.qti.internal.telephony.QtiTelephonyComponentFactory
06-17 08:37:56.529  2194  2194 D TelephonyComponentFactory: constructor method = public com.qualcomm.qti.internal.telephony.QtiTelephonyComponentFactory()
06-17 08:37:56.529  1107  1189 I OMX-VDEC-1080P: omx_vdec::component_init() success : fd=20
06-17 08:37:56.526   594   594 I chatty  : uid=1000(system) hwservicemanage identical 2 lines
06-17 08:37:56.527   594   594 I snet_event_log: [121035042,-1,]
06-17 08:37:56.529  2212  2212 I am_on_stop_called: [0,com.android.settings.FallbackHome,STOP_ACTIVITY_ITEM]
06-17 08:37:56.530  1107  1189 E OMXNodeInstance: getParameter(0xe959eec4:qcom.decoder.mpeg2, ??(0x7f000044)) ERROR: UnsupportedSetting(0x80001019)
06-17 08:37:56.531  2194  2194 D CdmaSSM : subscriptionSource from settings: 0
06-17 08:37:56.531  2194  2194 I PhoneFactory: Cdma Subscription set to 0
06-17 08:37:56.531  2194  2194 I PhoneFactory: ImsResolver: defaultImsPackage: org.codeaurora.ims
06-17 08:37:56.532  2194  2194 I ImsResolver: Initializing cache and binding.
06-17 08:37:56.533  2194  2194 I PhoneFactory: Network Mode set to 22
06-17 08:37:56.533  2194  2194 D QtiTelephonyComponentFactory: makeQtiRIL
06-17 08:37:56.533   728  2305 D vendor.qti.bluetooth@1.0-power_manager: SetPower: enable: 1
06-17 08:37:56.533   728  2305 E vendor.qti.bluetooth@1.0-power_manager: 
06-17 08:37:56.533   728  2305 E vendor.qti.bluetooth@1.0-power_manager: bt_power_cherokee enable  (1)
06-17 08:37:56.533  1107  1189 E OMXNodeInstance: getParameter(0xe959eec4:qcom.decoder.mpeg2, ??(0x7f000044)) ERROR: UnsupportedSetting(0x80001019)
06-17 08:37:56.533  2194  2194 D RILJ    : RIL: init preferredNetworkType=22 cdmaSubscription=0)
01-01 10:32:03.973     0     0 E bt_ioctl: BT_CMD_PWR_CTRL pwr_cntrl:0
01-01 10:32:03.973     0     0 E bt_ioctl: BT chip state is already :0 no change d
01-01 10:32:03.979     0     0 E bt_ioctl: BT_CMD_PWR_CTRL pwr_cntrl:1
06-17 08:37:56.534  1107  1189 E OMXNodeInstance: getExtensionIndex(0xe959eec4:qcom.decoder.mpeg2, OMX.google.android.index.configureVideoTunnelMode) ERROR: NotImplemented(0x80001006)
06-17 08:37:56.534  1107  1189 E OMX-VDEC-1080P: Enable/Disable allocate-native-handle allowed only on input port!
06-17 08:37:56.534  1107  1189 E OMX-VDEC-1080P: set_parameter: Error: 0x80001019, setting param 0x7f00005d
06-17 08:37:56.534  1107  1189 E OMXNodeInstance: setParameter(0xe959eec4:qcom.decoder.mpeg2, OMX.google.android.index.allocateNativeHandle(0x7f00005d): Output:1 en=0) ERROR: UnsupportedSetting(0x80001019)
06-17 08:37:56.534  1107  1189 I OMX-VDEC-1080P: omx_vdec::component_deinit() complete
06-17 08:37:56.535   594   594 I snet_event_log: [121035042,-1,]
06-17 08:37:56.536  1107  1189 I OMX-VDEC-1080P: Exit OMX vdec Destructor: fd=20
06-17 08:37:56.536  2194  2194 I android_os_HwBinder: HwBinder: Starting thread pool for slot1::android.hardware.radio@1.0::IRadio
06-17 08:37:56.536  1107  1189 I OMX-VDEC-1080P: Video slvp perflock released
06-17 08:37:56.537  1287  1287 D RILC    : setResponseFunctions_1_2
06-17 08:37:56.538  1287  1287 D RILC    : rilConnectedInd
06-17 08:37:56.538  1287  1287 D RILC    : radioStateChangedInd: radioState 0
06-17 08:37:56.538  1287  1287 I RILC    : RIL Daemon version: Qualcomm RIL 1.0
06-17 08:37:56.538  1075  1204 I OMXClient: IOmx service obtained
06-17 08:37:56.538  1107  1189 I OMXMaster: makeComponentInstance(OMX.qcom.video.decoder.mpeg2.secure) in omx@1.0-service process
06-17 08:37:56.540  2194  2310 D RILJ    : Unsol response received; Sending ack to ril.cpp [SUB0]
06-17 08:37:56.540  2194  2194 D RILJ    : [3649]> GET_HARDWARE_CONFIG [SUB0]
06-17 08:37:56.541  2194  2310 D RILJ    : [UNSL]< UNSOL_RIL_CONNECTED [SUB0]
06-17 08:37:56.541   594   594 W hwservicemanager: getTransport: Cannot find entry android.hardware.radio.deprecated@1.0::IOemHook/slot1 in either framework or device manifest.
06-17 08:37:56.542  2194  2310 D RILJ    : [3650]> RADIO_POWER on = false [SUB0]
06-17 08:37:56.543  1287  1287 D RILC    : setRadioPower: serial 2 on 0
06-17 08:37:56.543   736   736 D SDM     : DisplayBase::BuildLayerStackStats: LayerStack layer_count: 2, app_layer_count: 1, gpu_target_index: 1, display type: 0
06-17 08:37:56.544  2194  2194 E RILJ    : OemHookProxy getService/setResponseFunctions: java.util.NoSuchElementException [SUB0]
06-17 08:37:56.544   728  2305 D vendor.qti.bluetooth@1.0-wake_lock: Acquire wakelock is acquired 
06-17 08:37:56.544   728  2305 D vendor.qti.bluetooth@1.0-uart_transport: Init:> soc_type: 3, need_reload: 1
06-17 08:37:56.544   728  2305 D vendor.qti.bluetooth@1.0-uart_transport: CleanUp:> soc_type: 3, need_reload: 1
06-17 08:37:56.544   728  2305 D vendor.qti.bluetooth@1.0-uart_transport: userial clock off
06-17 08:37:56.544  1107  1189 I OMX-VDEC-1080P: Video slvp perflock acquired
06-17 08:37:56.544  2194  2194 D QTIRILJ : QtiRIL
06-17 08:37:56.544  1107  1189 I OMX-VDEC-1080P: component_init: OMX.qcom.video.decoder.mpeg2 : fd=20
06-17 08:37:56.545  2194  2310 D RILJ    : [3651]> RIL_REQUEST_CDMA_SET_SUBSCRIPTION_SOURCE cdmaSubscription = 0 [SUB0]
01-01 10:32:03.981     0     0 I msm_vidc: info: Closed video instance: 0000000000000000
01-01 10:32:03.989     0     0 I msm_vidc: info: Opening video instance: 0000000000000000, 1
06-17 08:37:56.545  2194  2194 I android_os_HwBinder: HwBinder: Starting thread pool for default::android.hidl.manager@1.0::IServiceManager
06-17 08:37:56.546  2194  2310 D RILJ    : [3652]> RIL_REQUEST_SET_CELL_INFO_LIST_RATE rateInMillis = 2147483647 [SUB0]
06-17 08:37:56.546  2194  2194 I PhoneFactory: Network Mode set to 22
06-17 08:37:56.546  2194  2194 D QtiTelephonyComponentFactory: makeQtiRIL
06-17 08:37:56.546  2194  2194 D RILJ    : RIL: init preferredNetworkType=22 cdmaSubscription=0)
06-17 08:37:56.546  2194  2310 D RILJ    : [3649]< GET_HARDWARE_CONFIG error 6 [SUB0]
06-17 08:37:56.547  2194  2310 D RilRequest: [3649]< GET_HARDWARE_CONFIG error: com.android.internal.telephony.CommandException: REQUEST_NOT_SUPPORTED ret= 
06-17 08:37:56.546   594   594 I chatty  : uid=1000(system) hwservicemanage identical 9 lines
06-17 08:37:56.547   594   594 I snet_event_log: [121035042,-1,]
06-17 08:37:56.547  1595  1642 I boot_progress_enable_screen: 96003
06-17 08:37:56.547  2194  2310 D QTIRILJ : QtiRadio interface service started vendor.qti.hardware.radio.qtiradio@1.0::IQtiRadio slot1 preexisting =true
06-17 08:37:56.547   594   594 I snet_event_log: [121035042,-1,]
06-17 08:37:56.547  2194  2194 I android_os_HwBinder: HwBinder: Starting thread pool for slot2::android.hardware.radio@1.0::IRadio
06-17 08:37:56.547  1595  1927 D NotificationSQLiteLog: Pruned event entries: 0
06-17 08:37:56.548  1330  1330 D RILC    : setResponseFunctions_1_2
06-17 08:37:56.548  2194  2310 I android_os_HwBinder: HwBinder: Starting thread pool for slot1::vendor.qti.hardware.radio.qtiradio@1.0::IQtiRadio
06-17 08:37:56.548  1330  1330 D RILC    : rilConnectedInd
06-17 08:37:56.549  1330  1330 D RILC    : radioStateChangedInd: radioState 0
06-17 08:37:56.549  1330  1330 I RILC    : RIL Daemon version: Qualcomm RIL 1.0
06-17 08:37:56.547   594   594 I chatty  : uid=1000(system) hwservicemanage identical 1 line
06-17 08:37:56.548   594   594 I snet_event_log: [121035042,-1,]
06-17 08:37:56.549  1595  1642 I screen_toggled: 1
06-17 08:37:56.549  1595  1642 W KeyguardServiceDelegate: onScreenTurningOn(): no keyguard service!
06-17 08:37:56.550  2194  2310 D QTIRILJ : initQtiRadio: mQtiRadiovendor.qti.hardware.radio.qtiradio@2.0::IQtiRadio@Proxy
06-17 08:37:56.550  1107  1189 I OMX-VDEC-1080P: omx_vdec::component_init() success : fd=20
06-17 08:37:56.550  2194  2194 D RILJ    : [3653]> GET_HARDWARE_CONFIG [SUB1]
06-17 08:37:56.551   594   594 I snet_event_log: [121035042,-1,]
06-17 08:37:56.551   594   594 W hwservicemanager: getTransport: Cannot find entry android.hardware.radio.deprecated@1.0::IOemHook/slot2 in either framework or device manifest.
06-17 08:37:56.551  2194  2194 E RILJ    : OemHookProxy getService/setResponseFunctions: java.util.NoSuchElementException [SUB1]
06-17 08:37:56.551  2194  2194 D QTIRILJ : QtiRIL
06-17 08:37:56.552  1107  1189 E OMXNodeInstance: getParameter(0xe959eec4:qcom.decoder.mpeg2.secure, ??(0x7f000044)) ERROR: UnsupportedSetting(0x80001019)
06-17 08:37:56.553  2194  2194 I android_os_HwBinder: HwBinder: Starting thread pool for default::android.hidl.manager@1.0::IServiceManager
06-17 08:37:56.553  2032  2032 D SystemUIBootTiming: StartServicescom.android.systemui.stackdivider.Divider took to complete: 40ms
06-17 08:37:56.553  1107  1189 E OMXNodeInstance: getParameter(0xe959eec4:qcom.decoder.mpeg2.secure, ??(0x7f000044)) ERROR: UnsupportedSetting(0x80001019)
06-17 08:37:56.554  2194  2194 I PhoneFactory: Creating SubscriptionController
06-17 08:37:56.554  2194  2194 D QtiTelephonyComponentFactory: initSubscriptionController
06-17 08:37:56.554  2194  2310 D RILJ    : Unsol response received; Sending ack to ril.cpp [SUB0]
06-17 08:37:56.554   728  2305 I vendor.qti.bluetooth@1.0-uart_transport: InitTransport: opening /dev/ttyHS0
06-17 08:37:56.554  2194  2310 D RILJ    : [UNSL]< UNSOL_RESPONSE_RADIO_STATE_CHANGED radioStateChanged: RADIO_OFF [SUB0]
06-17 08:37:56.554  2194  2310 D RILJ    : [3651]< RIL_REQUEST_CDMA_SET_SUBSCRIPTION_SOURCE error 1 [SUB0]
06-17 08:37:56.554  1107  1189 E OMXNodeInstance: getExtensionIndex(0xe959eec4:qcom.decoder.mpeg2.secure, OMX.google.android.index.configureVideoTunnelMode) ERROR: NotImplemented(0x80001006)
06-17 08:37:56.554  2194  2310 D RilRequest: [3651]< RIL_REQUEST_CDMA_SET_SUBSCRIPTION_SOURCE error: com.android.internal.telephony.CommandException: RADIO_NOT_AVAILABLE ret=
06-17 08:37:56.554  1107  1189 E OMX-VDEC-1080P: Enable/Disable allocate-native-handle allowed only on input port!
06-17 08:37:56.555  1107  1189 E OMX-VDEC-1080P: set_parameter: Error: 0x80001019, setting param 0x7f00005d
06-17 08:37:56.555  1107  1189 E OMXNodeInstance: setParameter(0xe959eec4:qcom.decoder.mpeg2.secure, OMX.google.android.index.allocateNativeHandle(0x7f00005d): Output:1 en=0) ERROR: UnsupportedSetting(0x80001019)
06-17 08:37:56.555  1107  1189 I OMX-VDEC-1080P: omx_vdec::component_deinit() complete
06-17 08:37:56.555  2194  2310 D RILJ    : Unsol response received; Sending ack to ril.cpp [SUB1]
06-17 08:37:56.555  2194  2194 D SubscriptionController: [SubscriptionController] init by Context
06-17 08:37:56.555  2194  2310 D RILJ    : [UNSL]< UNSOL_RIL_CONNECTED [SUB1]
06-17 08:37:56.556  2194  2310 D RILJ    : [3656]> RADIO_POWER on = false [SUB1]
06-17 08:37:56.556  1330  1330 D RILC    : setRadioPower: serial 8 on 0
06-17 08:37:56.556  1107  1189 I OMX-VDEC-1080P: Exit OMX vdec Destructor: fd=20
06-17 08:37:56.556   728  2305 D vendor.qti.bluetooth@1.0-uart_transport: userial clock on
06-17 08:37:56.556   728  2305 I vendor.qti.bluetooth@1.0-uart_transport: GetBaudRate: Current Baudrate = 2400 bps
06-17 08:37:56.556  2194  2310 D RILJ    : [3657]> RIL_REQUEST_CDMA_SET_SUBSCRIPTION_SOURCE cdmaSubscription = 0 [SUB1]
06-17 08:37:56.556   728  2305 I vendor.qti.bluetooth@1.0-uart_transport: InitTransport: device fd = 12 open @2400 bps
06-17 08:37:56.556  1107  1189 I OMX-VDEC-1080P: Video slvp perflock released
06-17 08:37:56.557  2194  2310 D RILJ    : [3658]> RIL_REQUEST_SET_CELL_INFO_LIST_RATE rateInMillis = 2147483647 [SUB1]
06-17 08:37:56.557  2194  2310 D RILJ    : [3653]< GET_HARDWARE_CONFIG error 6 [SUB1]
06-17 08:37:56.557  2194  2310 D RilRequest: [3653]< GET_HARDWARE_CONFIG error: com.android.internal.telephony.CommandException: REQUEST_NOT_SUPPORTED ret= 
06-17 08:37:56.558  2194  2310 D QTIRILJ : QtiRadio interface service started vendor.qti.hardware.radio.qtiradio@1.0::IQtiRadio slot2 preexisting =true
06-17 08:37:56.560  2194  2310 I android_os_HwBinder: HwBinder: Starting thread pool for slot2::vendor.qti.hardware.radio.qtiradio@1.0::IQtiRadio
06-17 08:37:56.560  1075  1204 I OMXClient: IOmx service obtained
06-17 08:37:56.560   736   736 D SDM     : DisplayBase::BuildLayerStackStats: LayerStack layer_count: 2, app_layer_count: 1, gpu_target_index: 1, display type: 0
06-17 08:37:56.560  1107  1189 I OMXMaster: makeComponentInstance(OMX.qcom.video.decoder.mpeg4) in omx@1.0-service process
06-17 08:37:56.560  2194  2310 D QTIRILJ : initQtiRadio: mQtiRadiovendor.qti.hardware.radio.qtiradio@2.0::IQtiRadio@Proxy
06-17 08:37:56.560  2194  2194 D SubscriptionController: [getAllSubInfoList]+
06-17 08:37:56.561  2032  2032 W CarrierConfigManager: Error getting config for subId -1 ICarrierConfigLoader is null
06-17 08:37:56.561  2194  2310 D RILJ    : [3652]< RIL_REQUEST_SET_CELL_INFO_LIST_RATE  [SUB0]
06-17 08:37:56.562  2194  2310 D RILJ    : Unsol response received; Sending ack to ril.cpp [SUB1]
06-17 08:37:56.562  2194  2310 D RILJ    : [UNSL]< UNSOL_RESPONSE_RADIO_STATE_CHANGED radioStateChanged: RADIO_OFF [SUB1]
06-17 08:37:56.563  2194  2310 D RILJ    : [3657]< RIL_REQUEST_CDMA_SET_SUBSCRIPTION_SOURCE error 1 [SUB1]
06-17 08:37:56.563  2194  2310 D RilRequest: [3657]< RIL_REQUEST_CDMA_SET_SUBSCRIPTION_SOURCE error: com.android.internal.telephony.CommandException: RADIO_NOT_AVAILABLE ret=
06-17 08:37:56.563  2194  2310 D RILJ    : [3658]< RIL_REQUEST_SET_CELL_INFO_LIST_RATE  [SUB1]
01-01 10:32:04.001     0     0 I sps     : BAM 0x000000000c184000 (va:0x0000000000000000) enabled: ver:0x19, number of pipes:12
01-01 10:32:04.001     0     0 I msm_vidc: info: Closed video instance: 0000000000000000
06-17 08:37:56.566  1107  1189 I OMX-VDEC-1080P: Video slvp perflock acquired
06-17 08:37:56.566  2194  2194 D SubscriptionController: [getAllSubInfoList]- no info return
06-17 08:37:56.566  1107  1189 I OMX-VDEC-1080P: component_init: OMX.qcom.video.decoder.mpeg4 : fd=20
06-17 08:37:56.566  2194  2194 D QtiSubscriptionController:  init by Context
06-17 08:37:56.566  2194  2194 D UiccController: Creating UiccController
06-17 08:37:56.567  2194  2194 D UiccController: config_num_physical_slots = 1
06-17 08:37:56.568  2194  2194 D QtiTelephonyComponentFactory: makePhone
01-01 10:32:04.011     0     0 I msm_vidc: info: Opening video instance: 0000000000000000, 1
06-17 08:37:56.569  1107  1189 I OMX-VDEC-1080P: omx_vdec::component_init() success : fd=20
06-17 08:37:56.570  2194  2194 D TelephonyTester: register for intent action=com.qualcomm.qti.internal.telephony.action_detached
06-17 08:37:56.570  2194  2194 D TelephonyTester: register for intent action=com.qualcomm.qti.internal.telephony.action_attached
06-17 08:37:56.570  2194  2194 D TelephonyTester: register for intent action=com.android.internal.telephony.TestServiceState
06-17 08:37:56.570  1107  1189 E OMXNodeInstance: getParameter(0xe959eec4:qcom.decoder.mpeg4, ??(0x7f000044)) ERROR: UnsupportedSetting(0x80001019)
06-17 08:37:56.571  1107  1189 E OMXNodeInstance: getParameter(0xe959eec4:qcom.decoder.mpeg4, ??(0x7f000044)) ERROR: UnsupportedSetting(0x80001019)
06-17 08:37:56.571  1107  1189 E OMXNodeInstance: getExtensionIndex(0xe959eec4:qcom.decoder.mpeg4, OMX.google.android.index.configureVideoTunnelMode) ERROR: NotImplemented(0x80001006)
06-17 08:37:56.571  1107  1189 E OMX-VDEC-1080P: Enable/Disable allocate-native-handle allowed only on input port!
06-17 08:37:56.571  1107  1189 E OMX-VDEC-1080P: set_parameter: Error: 0x80001019, setting param 0x7f00005d
06-17 08:37:56.571  1107  1189 E OMXNodeInstance: setParameter(0xe959eec4:qcom.decoder.mpeg4, OMX.google.android.index.allocateNativeHandle(0x7f00005d): Output:1 en=0) ERROR: UnsupportedSetting(0x80001019)
06-17 08:37:56.571  1107  1189 I OMX-VDEC-1080P: omx_vdec::component_deinit() complete
06-17 08:37:56.572  1595  2012 I WifiService: getWifiServiceMessenger uid=10018
06-17 08:37:56.573  1107  1189 I OMX-VDEC-1080P: Exit OMX vdec Destructor: fd=20
06-17 08:37:56.573  1107  1189 I OMX-VDEC-1080P: Video slvp perflock released
01-01 10:32:04.018     0     0 I msm_vidc: info: Closed video instance: 0000000000000000
06-17 08:37:56.574  2194  2194 D Phone   : mDoesRilSendMultipleCallRing=false
06-17 08:37:56.574  2194  2194 D Phone   : mCallRingDelay=3000
06-17 08:37:56.574  2194  2194 D QtiTelephonyComponentFactory: makeSmsStorageMonitor
06-17 08:37:56.574  2194  2194 D TelephonyComponentFactory: makeSmsStorageMonitor
06-17 08:37:56.575  2194  2194 D QtiTelephonyComponentFactory: makeSmsUsageMonitor
06-17 08:37:56.575  2194  2194 D TelephonyComponentFactory: makeSmsUsageMonitor
06-17 08:37:56.576  1075  1204 I OMXClient: IOmx service obtained
06-17 08:37:56.576  1107  1189 I OMXMaster: makeComponentInstance(OMX.google.mpeg4.decoder) in omx@1.0-service process
06-17 08:37:56.576   736   736 D SDM     : DisplayBase::BuildLayerStackStats: LayerStack layer_count: 2, app_layer_count: 1, gpu_target_index: 1, display type: 0
06-17 08:37:56.578  1595  2012 D ConnectivityService: requestNetwork for uid/pid:10018/2032 NetworkRequest [ TRACK_DEFAULT id=12, [ Capabilities: INTERNET&NOT_RESTRICTED&TRUSTED Unwanted:  Uid: 10018] ]
06-17 08:37:56.578  1107  1189 E OMXNodeInstance: getExtensionIndex(0xec0297c0:google.mpeg4.decoder, OMX.google.android.index.configureVideoTunnelMode) ERROR: UnsupportedIndex(0x8000101a)
06-17 08:37:56.578  1107  1189 E OMXNodeInstance: getExtensionIndex(0xec0297c0:google.mpeg4.decoder, OMX.google.android.index.enableAndroidNativeBuffers) ERROR: UnsupportedIndex(0x8000101a)
06-17 08:37:56.578  1595  1990 D Ethernet: got request NetworkRequest [ TRACK_DEFAULT id=12, [ Capabilities: INTERNET&NOT_RESTRICTED&TRUSTED Unwanted:  Uid: 10018] ] with score 0
06-17 08:37:56.579  1595  2142 D TelephonyRegistry: listen oscl: hasNotifySubscriptionInfoChangedOccurred==false no callback
06-17 08:37:56.580  2194  2194 D QtiTelephonyComponentFactory: makeGsmCdmaCallTracker
06-17 08:37:56.580  2194  2194 D TelephonyComponentFactory: makeGsmCdmaCallTracker
06-17 08:37:56.581  1075  1204 I OMXClient: IOmx service obtained
06-17 08:37:56.581  1107  1189 I OMXMaster: makeComponentInstance(OMX.qcom.video.decoder.vc1) in omx@1.0-service process
06-17 08:37:56.581  2194  2194 D QtiTelephonyComponentFactory: makeQtiIccPhoneBookInterfaceManager
06-17 08:37:56.582  2194  2219 D SubscriptionController: [getActiveSubInfoList] Sub Controller not ready
06-17 08:37:56.583  2194  2194 D QtiRilInterface:  in constructor 
06-17 08:37:56.584  2032  2032 V KeyguardUpdateMonitor: *** register callback for com.android.systemui.statusbar.policy.KeyguardMonitorImpl@481d73
06-17 08:37:56.584  2032  2032 V KeyguardUpdateMonitor: *** unregister callback for null
06-17 08:37:56.584  2194  2194 D use-Rlog/RLOG-QC_RIL_OEM_HOOK: Starting QcrilMsgTunnel Service
06-17 08:37:56.586  2194  2209 D SubscriptionController: [getPhoneId] asked for default subId=2147483643
06-17 08:37:56.587  1107  1189 I OMX-VDEC-1080P: Video slvp perflock acquired
06-17 08:37:56.587  2194  2209 D QtiSubscriptionController: getPhoneId, received dummy subId 2147483643
06-17 08:37:56.587  1107  1189 I OMX-VDEC-1080P: component_init: OMX.qcom.video.decoder.vc1 : fd=20
06-17 08:37:56.587  2194  2194 D use-Rlog/RLOG-QC_RIL_OEM_HOOK: Attempt to bind service returned with: true
06-17 08:37:56.593  1107  1189 I OMX-VDEC-1080P: omx_vdec::component_init() success : fd=20
06-17 08:37:56.593  1107  1189 E OMX-VDEC-1080P: get_parameter: OMX_IndexParamVideoProfileLevelQuerySupported ret NoMore for codec: OMX.qcom.video.decoder.vc1
06-17 08:37:56.593  2194  2194 D use-Rlog/RLOG-QC_RIL_OEM_HOOK: Registering for intent ACTION_UNSOL_RESPONSE_OEM_HOOK_RAW
01-01 10:32:04.032     0     0 I msm_vidc: info: Opening video instance: 0000000000000000, 1
06-17 08:37:56.595  1107  1189 E OMXNodeInstance: getParameter(0xe959eec4:qcom.decoder.vc1, ??(0x7f000044)) ERROR: UnsupportedSetting(0x80001019)
06-17 08:37:56.595  2194  2194 D QtiTelephonyComponentFactory: makeIccSmsInterfaceManager
06-17 08:37:56.595  2194  2194 D TelephonyComponentFactory: makeIccSmsInterfaceManager
06-17 08:37:56.595  2194  2194 D SmsDispatchersController: SmsDispatchersController created
06-17 08:37:56.595  1107  1189 E OMXNodeInstance: getParameter(0xe959eec4:qcom.decoder.vc1, ??(0x7f000044)) ERROR: UnsupportedSetting(0x80001019)
06-17 08:37:56.596  1107  1189 E OMXNodeInstance: getExtensionIndex(0xe959eec4:qcom.decoder.vc1, OMX.google.android.index.configureVideoTunnelMode) ERROR: NotImplemented(0x80001006)
06-17 08:37:56.596  1107  1189 E OMX-VDEC-1080P: Enable/Disable allocate-native-handle allowed only on input port!
06-17 08:37:56.596  1107  1189 E OMX-VDEC-1080P: set_parameter: Error: 0x80001019, setting param 0x7f00005d
06-17 08:37:56.596  1107  1189 E OMXNodeInstance: setParameter(0xe959eec4:qcom.decoder.vc1, OMX.google.android.index.allocateNativeHandle(0x7f00005d): Output:1 en=0) ERROR: UnsupportedSetting(0x80001019)
06-17 08:37:56.597  1107  1189 I OMX-VDEC-1080P: omx_vdec::component_deinit() complete
06-17 08:37:56.597  2194  2194 I ImsManager: Creating ImsService
06-17 08:37:56.597  2194  2194 W MmTelFeatureConnection: create: binder is null! Slot Id: 0
06-17 08:37:56.585   594   594 I chatty  : uid=1000(system) hwservicemanage identical 14 lines
06-17 08:37:56.586   594   594 I snet_event_log: [121035042,-1,]
06-17 08:37:56.597  1595  1644 I am_proc_start: [0,2328,1001,com.qualcomm.qcrilmsgtunnel,service,com.qualcomm.qcrilmsgtunnel/.QcrilMsgTunnelService]
06-17 08:37:56.597  1595  1644 I ActivityManager: Start proc 2328:com.qualcomm.qcrilmsgtunnel/1001 for service com.qualcomm.qcrilmsgtunnel/.QcrilMsgTunnelService
06-17 08:37:56.597  2194  2194 E ImsSmsDispacher: Failed to get sms format. Error: getSmsFormat()
06-17 08:37:56.597  2194  2194 D SMSDispatcher: SMSDispatcher: ctor mSmsCapable=true format=unknown mSmsSendDisabled=false
06-17 08:37:56.598  1107  1189 I OMX-VDEC-1080P: Exit OMX vdec Destructor: fd=20
06-17 08:37:56.598  1107  1189 I OMX-VDEC-1080P: Video slvp perflock released
06-17 08:37:56.599  2194  2194 D SMSDispatcher: SMSDispatcher: ctor mSmsCapable=true format=3gpp2 mSmsSendDisabled=false
06-17 08:37:56.599  2194  2194 D CdmaSMSDispatcher: CdmaSMSDispatcher created
06-17 08:37:56.600   594   594 I snet_event_log: [121035042,-1,]
06-17 08:37:56.602  1075  1204 I OMXClient: IOmx service obtained
06-17 08:37:56.602  1107  1189 I OMXMaster: makeComponentInstance(OMX.qcom.video.decoder.vc1.secure) in omx@1.0-service process
06-17 08:37:56.603   728  2305 I vendor.qti.bluetooth@1.0-uart_transport: CleanUp:send out shutdown signal
06-17 08:37:56.604   728  2305 D vendor.qti.bluetooth@1.0-uart_transport: userial clock off
01-01 10:32:04.043     0     0 I msm_vidc: info: Closed video instance: 0000000000000000
06-17 08:37:56.604   728  2305 I vendor.qti.bluetooth@1.0-uart_transport: DeInitTransport: Transport is being closed!
06-17 08:37:56.604  2194  2194 D QtiTelephonyComponentFactory: getIDeviceIdleController
06-17 08:37:56.604  2194  2194 D TelephonyComponentFactory: getIDeviceIdleController
06-17 08:37:56.607  2194  2194 D QtiTelephonyComponentFactory: getIDeviceIdleController
06-17 08:37:56.607  2194  2194 D TelephonyComponentFactory: getIDeviceIdleController
06-17 08:37:56.607  1107  1189 I OMX-VDEC-1080P: Video slvp perflock acquired
06-17 08:37:56.608  2194  2194 D GsmInboundSmsHandler: created InboundSmsHandler
06-17 08:37:56.608  2194  2336 D GsmInboundSmsHandler: entering Startup state
06-17 08:37:56.608  1107  1189 I OMX-VDEC-1080P: component_init: OMX.qcom.video.decoder.vc1 : fd=20
06-17 08:37:56.608  2194  2310 D RILJ    : Unsol response received; Sending ack to ril.cpp [SUB1]
06-17 08:37:56.608  2194  2310 D RILJ    : [UNSL]< UNSOL_RESPONSE_NETWORK_STATE_CHANGED [SUB1]
06-17 08:37:56.609  2194  2310 D RILJ    : Unsol response received; Sending ack to ril.cpp [SUB0]
06-17 08:37:56.609  2194  2310 D RILJ    : [UNSL]< UNSOL_RESPONSE_NETWORK_STATE_CHANGED [SUB0]
06-17 08:37:56.609  1330  2315 D RILC    : setRadioPowerResponse: serial 8
06-17 08:37:56.610  2194  2310 D RILJ    : [3656]< RADIO_POWER  [SUB1]
06-17 08:37:56.610   736   736 D SDM     : DisplayBase::BuildLayerStackStats: LayerStack layer_count: 2, app_layer_count: 1, gpu_target_index: 1, display type: 0
06-17 08:37:56.610  2194  2194 D QtiTelephonyComponentFactory: getIDeviceIdleController
06-17 08:37:56.610  2194  2194 D TelephonyComponentFactory: getIDeviceIdleController
06-17 08:37:56.611  1287  2311 D RILC    : setRadioPowerResponse: serial 2
06-17 08:37:56.612  2194  2310 D RILJ    : [3650]< RADIO_POWER  [SUB0]
06-17 08:37:56.612  1330  1374 E RILQ    : (1/1330): RIL[1][(1330,1374)] get_ecc_property_name: ecc list name : ril.ecclist1.
06-17 08:37:56.613  1287  1375 E RILQ    : (0/1287): RIL[0][(1287,1375)] get_ecc_property_name: ecc list name : ril.ecclist.
06-17 08:37:56.614  2194  2194 D QtiTelephonyComponentFactory: getIDeviceIdleController
06-17 08:37:56.614  2194  2194 D TelephonyComponentFactory: getIDeviceIdleController
06-17 08:37:56.614  2194  2194 D CdmaInboundSmsHandler: created InboundSmsHandler
06-17 08:37:56.615  1107  1189 I OMX-VDEC-1080P: omx_vdec::component_init() success : fd=20
06-17 08:37:56.615  1287  1375 D RILC    : radioStateChangedInd: radioState 0
06-17 08:37:56.615  1107  1189 E OMX-VDEC-1080P: get_parameter: OMX_IndexParamVideoProfileLevelQuerySupported ret NoMore for codec: OMX.qcom.video.decoder.vc1
06-17 08:37:56.615  1330  1374 D RILC    : radioStateChangedInd: radioState 0
06-17 08:37:56.616  1330  1374 E RILQ    : (1/1330): RIL[1][(1330,1374)] qcril_qmi_lte_direct_disc_pack_msg_tag: encoding the MsgHeader
06-17 08:37:56.616  1287  1375 E RILQ    : (0/1287): RIL[0][(1287,1375)] qcril_qmi_lte_direct_disc_pack_msg_tag: encoding the MsgHeader
06-17 08:37:56.616  1330  1374 E RILQ    : (1/1330): RIL[1][(1330,1374)] sendIndication: OemHookImpl::sendIndication indicationCb is null
06-17 08:37:56.616  1287  1375 E RILQ    : (0/1287): RIL[0][(1287,1375)] sendIndication: OemHookImpl::sendIndication indicationCb is null
06-17 08:37:56.616  2194  2342 D CdmaInboundSmsHandler: entering Startup state
01-01 10:32:04.053     0     0 I msm_vidc: info: Opening video instance: 0000000000000000, 1
06-17 08:37:56.616  2194  2310 D RILJ    : Unsol response received; Sending ack to ril.cpp [SUB0]
06-17 08:37:56.616  2194  2310 D RILJ    : [UNSL]< UNSOL_RESPONSE_RADIO_STATE_CHANGED radioStateChanged: RADIO_OFF [SUB0]
06-17 08:37:56.617  2194  2310 D RILJ    : Unsol response received; Sending ack to ril.cpp [SUB1]
01-01 10:32:04.064     0     0 I msm_vidc: info: Closed video instance: 0000000000000000
06-17 08:37:56.606   594   594 I chatty  : uid=1000(system) hwservicemanage identical 2 lines
06-17 08:37:56.606   594   594 I snet_event_log: [121035042,-1,]
06-17 08:37:56.617  1595  2122 I am_proc_bound: [0,2328,com.qualcomm.qcrilmsgtunnel]
06-17 08:37:56.617  2194  2194 D SMSDispatcher: SMSDispatcher: ctor mSmsCapable=true format=3gpp mSmsSendDisabled=false
06-17 08:37:56.617  2194  2310 D RILJ    : [UNSL]< UNSOL_RESPONSE_RADIO_STATE_CHANGED radioStateChanged: RADIO_OFF [SUB1]
06-17 08:37:56.617  2194  2194 D GsmSMSDispatcher: GsmSMSDispatcher created
06-17 08:37:56.617  1595  2122 D CompatibilityInfo: mCompatibilityFlags - 0
06-17 08:37:56.617  1595  2122 D CompatibilityInfo: applicationDensity - 320
06-17 08:37:56.617  1595  2122 D CompatibilityInfo: applicationScale - 1.0
06-17 08:37:56.617  1107  1189 E OMXNodeInstance: getParameter(0xe959eec4:qcom.decoder.vc1.secure, ??(0x7f000044)) ERROR: UnsupportedSetting(0x80001019)
06-17 08:37:56.617  1107  1189 E OMXNodeInstance: getParameter(0xe959eec4:qcom.decoder.vc1.secure, ??(0x7f000044)) ERROR: UnsupportedSetting(0x80001019)
06-17 08:37:56.618  1107  1189 E OMXNodeInstance: getExtensionIndex(0xe959eec4:qcom.decoder.vc1.secure, OMX.google.android.index.configureVideoTunnelMode) ERROR: NotImplemented(0x80001006)
06-17 08:37:56.618  1107  1189 E OMX-VDEC-1080P: Enable/Disable allocate-native-handle allowed only on input port!
06-17 08:37:56.618  1107  1189 E OMX-VDEC-1080P: set_parameter: Error: 0x80001019, setting param 0x7f00005d
06-17 08:37:56.618  1107  1189 E OMXNodeInstance: setParameter(0xe959eec4:qcom.decoder.vc1.secure, OMX.google.android.index.allocateNativeHandle(0x7f00005d): Output:1 en=0) ERROR: UnsupportedSetting(0x80001019)
06-17 08:37:56.618  1107  1189 I OMX-VDEC-1080P: omx_vdec::component_deinit() complete
06-17 08:37:56.618  1595  2122 D CompatibilityInfo: mCompatibilityFlags - 0
06-17 08:37:56.618  1595  2122 D CompatibilityInfo: applicationDensity - 320
06-17 08:37:56.618  1595  2122 D CompatibilityInfo: applicationScale - 1.0
06-17 08:37:56.619  2194  2336 D GsmInboundSmsHandler: StartupState.processMessage:6
06-17 08:37:56.619  2194  2342 D CdmaInboundSmsHandler: StartupState.processMessage:6
06-17 08:37:56.619  2194  2336 D GsmInboundSmsHandler: entering Idle state
06-17 08:37:56.619  2194  2342 D CdmaInboundSmsHandler: entering Idle state
06-17 08:37:56.619  2194  2336 D GsmInboundSmsHandler: IdleState.processMessage:5
06-17 08:37:56.619  2194  2342 D CdmaInboundSmsHandler: IdleState.processMessage:5
06-17 08:37:56.619  2194  2336 D GsmInboundSmsHandler: Idle state processing message type 5
06-17 08:37:56.619  2194  2342 D CdmaInboundSmsHandler: Idle state processing message type 5
06-17 08:37:56.619  1107  1189 I OMX-VDEC-1080P: Exit OMX vdec Destructor: fd=20
06-17 08:37:56.620  1107  1189 I OMX-VDEC-1080P: Video slvp perflock released
06-17 08:37:56.620  2194  2194 D QtiTelephonyComponentFactory: getCdmaSubscriptionSourceManagerInstance
06-17 08:37:56.620  2194  2194 D TelephonyComponentFactory: getCdmaSubscriptionSourceManagerInstance
06-17 08:37:56.620  2194  2194 D CdmaSSM : subscriptionSource from settings: 0
06-17 08:37:56.620  2194  2336 D GsmInboundSmsHandler: mWakeLock released
06-17 08:37:56.620  2194  2194 D CdmaSSM : cdmaSSM constructor: 0
06-17 08:37:56.620  2194  2194 D QtiTelephonyComponentFactory: makeEriManager
06-17 08:37:56.620  2194  2194 D TelephonyComponentFactory: makeEriManager
06-17 08:37:56.620  2194  2342 D CdmaInboundSmsHandler: mWakeLock released
06-17 08:37:56.621   594   594 I snet_event_log: [121035042,-1,]
06-17 08:37:56.621  2194  2194 D GsmCdmaPhone: [0] Precise phone type 1
06-17 08:37:56.621  2194  2194 D RILJ    : setPhoneType=1 old value=0 [SUB0]
06-17 08:37:56.622  1075  1204 I OMXClient: IOmx service obtained
06-17 08:37:56.622  1107  1189 I OMXMaster: makeComponentInstance(OMX.qcom.video.decoder.vp8) in omx@1.0-service process
06-17 08:37:56.624  2194  2194 D CarrierActionAgent: [0]Creating CarrierActionAgent
06-17 08:37:56.625  1595  2122 W WallpaperManagerService: Cannot extract colors because wallpaper could not be read.
06-17 08:37:56.625  1595  2122 W WallpaperManagerService: Cannot get theme colors because WallpaperColors is null.
06-17 08:37:56.626  1595  2122 W WallpaperManagerService: Cannot extract colors because wallpaper could not be read.
06-17 08:37:56.626  1595  2122 W WallpaperManagerService: Cannot get theme colors because WallpaperColors is null.
06-17 08:37:56.627   736   736 D SDM     : DisplayBase::BuildLayerStackStats: LayerStack layer_count: 2, app_layer_count: 1, gpu_target_index: 1, display type: 0
06-17 08:37:56.628  1107  1189 I OMX-VDEC-1080P: Video slvp perflock acquired
06-17 08:37:56.628  1107  1189 I OMX-VDEC-1080P: component_init: OMX.qcom.video.decoder.vp8 : fd=20
06-17 08:37:56.629  2194  2194 W CarrierConfigManager: Error getting config for subId 2147483643 ICarrierConfigLoader is null
06-17 08:37:56.630  2194  2194 D QtiTelephonyComponentFactory: makeQtiServiceStateTracker
01-01 10:32:04.073     0     0 I msm_vidc: info: Opening video instance: 0000000000000000, 1
06-17 08:37:56.632  2194  2194 W CarrierConfigManager: Error getting config for subId 2147483643 ICarrierConfigLoader is null
06-17 08:37:56.633  2032  2032 D StatusBar: disable<e i a s b h r c s > disable2<q i n >
06-17 08:37:56.633  1595  2122 D TelephonyRegistry: listen oscl: hasNotifySubscriptionInfoChangedOccurred==false no callback
06-17 08:37:56.634  2194  2194 W CarrierConfigManager: Error getting config for subId 2147483643 ICarrierConfigLoader is null
06-17 08:37:56.634  2194  2194 D NetworkRegistrationManager: Binding to packageName com.android.phone for transport type1
06-17 08:37:56.634  1107  1189 I OMX-VDEC-1080P: omx_vdec::component_init() success : fd=20
06-17 08:37:56.634  1595  2142 I StatusBarManagerService: registerStatusBar bar=com.android.internal.statusbar.IStatusBar$Stub$Proxy@3ad0022
06-17 08:37:56.635  1595  2122 D CompatibilityInfo: mCompatibilityFlags - 0
06-17 08:37:56.635  1595  2122 D CompatibilityInfo: applicationDensity - 320
06-17 08:37:56.635  1595  2122 D CompatibilityInfo: applicationScale - 1.0
06-17 08:37:56.635  2194  2194 D NetworkRegistrationManager: registerForNetworkRegistrationStateChanged
06-17 08:37:56.636  1107  1189 E OMXNodeInstance: getParameter(0xe959eec4:qcom.decoder.vp8, ??(0x7f000044)) ERROR: UnsupportedSetting(0x80001019)
06-17 08:37:56.636  1107  1189 E OMXNodeInstance: getParameter(0xe959eec4:qcom.decoder.vp8, ??(0x7f000044)) ERROR: UnsupportedSetting(0x80001019)
06-17 08:37:56.636  1107  1189 E OMXNodeInstance: getExtensionIndex(0xe959eec4:qcom.decoder.vp8, OMX.google.android.index.configureVideoTunnelMode) ERROR: NotImplemented(0x80001006)
06-17 08:37:56.636  1107  1189 E OMX-VDEC-1080P: Enable/Disable allocate-native-handle allowed only on input port!
06-17 08:37:56.637  1107  1189 E OMX-VDEC-1080P: set_parameter: Error: 0x80001019, setting param 0x7f00005d
06-17 08:37:56.637  1107  1189 E OMXNodeInstance: setParameter(0xe959eec4:qcom.decoder.vp8, OMX.google.android.index.allocateNativeHandle(0x7f00005d): Output:1 en=0) ERROR: UnsupportedSetting(0x80001019)
06-17 08:37:56.637  1107  1189 I OMX-VDEC-1080P: omx_vdec::component_deinit() complete
06-17 08:37:56.638  1107  1189 I OMX-VDEC-1080P: Exit OMX vdec Destructor: fd=20
06-17 08:37:56.639  1107  1189 I OMX-VDEC-1080P: Video slvp perflock released
06-17 08:37:56.640  2194  2194 D SST     : handleNetworkUnavailable
06-17 08:37:56.641  1075  1204 I OMXClient: IOmx service obtained
06-17 08:37:56.642  1107  1107 I OMXMaster: makeComponentInstance(OMX.google.vp8.decoder) in omx@1.0-service process
06-17 08:37:56.643  2194  2194 D RILJ    : [3664]> SIGNAL_STRENGTH [SUB0]
06-17 08:37:56.643  2194  2194 D SST     : [0] notifyDataRegStateRilRadioTechnologyChanged: drs=1 rat=0
01-01 10:32:04.083     0     0 I msm_vidc: info: Closed video instance: 0000000000000000
06-17 08:37:56.646  2194  2310 D RILJ    : [3664]< SIGNAL_STRENGTH SignalStrength: 0 0 0 0 0 0 0 0 0 0 0 0 0 2147483647 0 0 -120 gsm|lte use_rsrp_and_rssnr_for_lte_level  [-128, -118, -108, -98] [-115, -105, -95, -85] [SUB0]
06-17 08:37:56.649  1595  2124 D TelephonyRegistry: listen oscl: hasNotifySubscriptionInfoChangedOccurred==false no callback
06-17 08:37:56.649  1107  1107 E OMXNodeInstance: getExtensionIndex(0xec028680:google.vp8.decoder, OMX.google.android.index.configureVideoTunnelMode) ERROR: UnsupportedIndex(0x8000101a)
06-17 08:37:56.649  1107  1107 E OMXNodeInstance: getExtensionIndex(0xec028680:google.vp8.decoder, OMX.google.android.index.enableAndroidNativeBuffers) ERROR: UnsupportedIndex(0x8000101a)
06-17 08:37:56.650  2328  2328 I Perf    : Connecting to perf service.
06-17 08:37:56.651  2194  2194 D QtiTelephonyComponentFactory: makeQtiDcTracker
06-17 08:37:56.651  2194  2194 D         : [0]DCT.constructor
06-17 08:37:56.652  2032  2032 V KeyguardStatusView: Schedule setEnableMarquee: Disable
06-17 08:37:56.652  2032  2032 V KeyguardStatusView: Disable transport text marquee
06-17 08:37:56.652  2194  2194 W CarrierConfigManager: Error getting config for subId 2147483643 ICarrierConfigLoader is null
06-17 08:37:56.652  1075  1204 I OMXClient: IOmx service obtained
06-17 08:37:56.652  1107  1189 I OMXMaster: makeComponentInstance(OMX.qcom.video.decoder.vp9) in omx@1.0-service process
06-17 08:37:56.655  2328  2328 D QcrilMsgTunnelService: onCreate method
06-17 08:37:56.655  2328  2328 D QcrilMsgTunnelIfaceManager: :Instantiated
06-17 08:37:56.655  2328  2328 I QcrilOemhookMsgTunnel: [null]Starting QcrilOemhookMsgTunnel
06-17 08:37:56.657  2328  2328 I android_os_HwBinder: HwBinder: Starting thread pool for oemhook0::vendor.qti.hardware.radio.qcrilhook@1.0::IQtiOemHook
06-17 08:37:56.657  1107  1189 I OMX-VDEC-1080P: Video slvp perflock acquired
06-17 08:37:56.657  1595  2122 I DefaultPermGrantPolicy: Revoking permissions from disabled data services for user:0
06-17 08:37:56.658  1107  1189 I OMX-VDEC-1080P: component_init: OMX.qcom.video.decoder.vp9 : fd=20
06-17 08:37:56.658  2328  2328 I QcrilOemhookMsgTunnel: [0]initOemHook:setCallback vendor.qti.hardware.radio.qcrilhook@1.0::IQtiOemHookResponse@Stub vendor.qti.hardware.radio.qcrilhook@1.0::IQtiOemHookIndication@Stub
06-17 08:37:56.659  1595  2142 I DefaultPermGrantPolicy: Granting permissions to enabled data services for user:0
06-17 08:37:56.661  1595  2142 D CompatibilityInfo: mCompatibilityFlags - 0
06-17 08:37:56.661  1595  2142 D CompatibilityInfo: applicationDensity - 320
06-17 08:37:56.661  1595  2142 D CompatibilityInfo: applicationScale - 1.0
06-17 08:37:56.661  1107  1189 I OMX-VDEC-1080P: omx_vdec::component_init() success : fd=20
06-17 08:37:56.662  2328  2328 I android_os_HwBinder: HwBinder: Starting thread pool for default::android.hidl.manager@1.0::IServiceManager
06-17 08:37:56.662  1107  1189 E OMXNodeInstance: getParameter(0xe959eec4:qcom.decoder.vp9, ??(0x7f000044)) ERROR: UnsupportedSetting(0x80001019)
06-17 08:37:56.656  2194  2194 I chatty  : uid=1001(radio) com.android.phone identical 1 line
06-17 08:37:56.658  2194  2194 W CarrierConfigManager: Error getting config for subId 2147483643 ICarrierConfigLoader is null
06-17 08:37:56.662  1595  2142 D TelephonyRegistry: listen oscl: hasNotifySubscriptionInfoChangedOccurred==false no callback
06-17 08:37:56.663  1107  1189 E OMXNodeInstance: getParameter(0xe959eec4:qcom.decoder.vp9, ??(0x7f000044)) ERROR: UnsupportedSetting(0x80001019)
06-17 08:37:56.663  2328  2328 I QcrilOemhookMsgTunnel: [0]registerForServiceNotifications: ret=true
06-17 08:37:56.663  2328  2328 D QcrilMsgTunnelIfaceManager: Registered SUB0 for UNSOL OEM HOOK to deliver external apps
06-17 08:37:56.663  2328  2328 I QcrilOemhookMsgTunnel: [null]Starting QcrilOemhookMsgTunnel
01-01 10:32:04.102     0     0 I msm_vidc: info: Opening video instance: 0000000000000000, 1
06-17 08:37:56.663  1107  1189 E OMXNodeInstance: getExtensionIndex(0xe959eec4:qcom.decoder.vp9, OMX.google.android.index.configureVideoTunnelMode) ERROR: NotImplemented(0x80001006)
06-17 08:37:56.663  1107  1189 E OMX-VDEC-1080P: Enable/Disable allocate-native-handle allowed only on input port!
06-17 08:37:56.663  1107  1189 E OMX-VDEC-1080P: set_parameter: Error: 0x80001019, setting param 0x7f00005d
06-17 08:37:56.663  1107  1189 E OMXNodeInstance: setParameter(0xe959eec4:qcom.decoder.vp9, OMX.google.android.index.allocateNativeHandle(0x7f00005d): Output:1 en=0) ERROR: UnsupportedSetting(0x80001019)
06-17 08:37:56.663  1107  1189 I OMX-VDEC-1080P: omx_vdec::component_deinit() complete
06-17 08:37:56.664  2194  2194 D Dcc     : E ctor
06-17 08:37:56.664  2194  2194 D Dcc     : X ctor
06-17 08:37:56.664  2328  2328 I android_os_HwBinder: HwBinder: Starting thread pool for oemhook1::vendor.qti.hardware.radio.qcrilhook@1.0::IQtiOemHook
06-17 08:37:56.665  2194  2194 D DcTesterDeacativateAll: register for intent action=com.android.internal.telephony.dataconnection.action_deactivate_all
06-17 08:37:56.665  2194  2194 D DcTesterDeacativateAll: register for intent action=com.qualcomm.qti.internal.telephony.action_detached
06-17 08:37:56.665  1107  1189 I OMX-VDEC-1080P: Exit OMX vdec Destructor: fd=20
06-17 08:37:56.665  2328  2328 I QcrilOemhookMsgTunnel: [1]initOemHook:setCallback vendor.qti.hardware.radio.qcrilhook@1.0::IQtiOemHookResponse@Stub vendor.qti.hardware.radio.qcrilhook@1.0::IQtiOemHookIndication@Stub
06-17 08:37:56.666  1107  1189 I OMX-VDEC-1080P: Video slvp perflock released
06-17 08:37:56.666  2328  2328 I android_os_HwBinder: HwBinder: Starting thread pool for default::android.hidl.manager@1.0::IServiceManager
06-17 08:37:56.667  2194  2194 D SubscriptionController: [getPhoneId] asked for default subId=2147483643
06-17 08:37:56.667  2328  2328 I QcrilOemhookMsgTunnel: [1]registerForServiceNotifications: ret=true
06-17 08:37:56.667  2328  2328 D QcrilMsgTunnelIfaceManager: Registered SUB1 for UNSOL OEM HOOK to deliver external apps
06-17 08:37:56.667  2194  2194 D QtiSubscriptionController: getPhoneId, received dummy subId 2147483643
06-17 08:37:56.667  2194  2194 D DcTesterFailBrinupAll: register for intent action=com.android.internal.telephony.dataconnection.action_fail_bringup
06-17 08:37:56.667  2328  2328 D QcrilMsgTunnelService: Returning mHookIface for QcrilMsgTunnelService binding.
06-17 08:37:56.667  2194  2194 D DcTesterFailBrinupAll: register for intent action=com.qualcomm.qti.internal.telephony.action_detached
06-17 08:37:56.667  2194  2194 D DcTesterFailBrinupAll: register for intent action=com.qualcomm.qti.internal.telephony.action_attached
06-17 08:37:56.668  2194  2194 D SST     : [0] notifyDataRegStateRilRadioTechnologyChanged: drs=1 rat=0
06-17 08:37:56.668  1075  1204 I OMXClient: IOmx service obtained
06-17 08:37:56.668  1107  1189 I OMXMaster: makeComponentInstance(OMX.qcom.video.decoder.vp9.secure) in omx@1.0-service process
06-17 08:37:56.669  2194  2194 D         : [0]update sub = 2147483643
06-17 08:37:56.669  2194  2194 D         : [0]update(): Active DDS, register for all events now!
06-17 08:37:56.669  2194  2194 D GsmCdmaPhone: [0] updateCurrentCarrierInProvider: mSubId = 2147483643 currentDds = -1 operatorNumeric = null
