01-01 10:30:40.531     0     0 I init    : processing action (post-fs-data) from (/vendor/etc/init/hw/init.qcom.rc:240)
01-01 10:30:40.539   565   565 W init    : type=1400 audit(0.0:5): avc: denied { setattr } for name="media" dev="tmpfs" ino=18638 scontext=u:r:vendor_init:s0 tcontext=u:object_r:media_rw_data_file:s0 tclass=dir permissive=0
01-01 10:30:40.539   565   565 I auditd  : type=1400 audit(0.0:5): avc: denied { setattr } for comm="init" name="media" dev="tmpfs" ino=18638 scontext=u:r:vendor_init:s0 tcontext=u:object_r:media_rw_data_file:s0 tclass=dir permissive=0
01-01 10:30:40.541     0     0 I init    : Command 'mkdir /data/media 0770 media_rw media_rw' action=post-fs-data (/vendor/etc/init/hw/init.qcom.rc:270) took 0ms and failed: fchmodat() failed: Permission denied
01-01 10:30:40.559   565   565 I auditd  : type=1400 audit(0.0:6): avc: denied { write } for comm="init" name="/" dev="tmpfs" ino=18531 scontext=u:r:vendor_init:s0 tcontext=u:object_r:system_data_file:s0 tclass=dir permissive=0
01-01 10:30:40.559   565   565 W init    : type=1400 audit(0.0:6): avc: denied { write } for name="/" dev="tmpfs" ino=18531 scontext=u:r:vendor_init:s0 tcontext=u:object_r:system_data_file:s0 tclass=dir permissive=0
01-01 10:30:40.559   565   565 I auditd  : type=1400 audit(0.0:7): avc: denied { setattr } for comm="init" name="system" dev="tmpfs" ino=18628 scontext=u:r:vendor_init:s0 tcontext=u:object_r:system_data_file:s0 tclass=dir permissive=0
01-01 10:30:40.559   565   565 W init    : type=1400 audit(0.0:7): avc: denied { setattr } for name="system" dev="tmpfs" ino=18628 scontext=u:r:vendor_init:s0 tcontext=u:object_r:system_data_file:s0 tclass=dir permissive=0
01-01 10:30:40.562     0     0 I init    : Command 'chown media_rw media_rw /data/media' action=post-fs-data (/vendor/etc/init/hw/init.qcom.rc:271) took 0ms and failed: lchown() failed: Permission denied
01-01 10:30:40.569   565   565 I auditd  : type=1400 audit(0.0:8): avc: denied { write } for comm="init" name="/" dev="tmpfs" ino=18531 scontext=u:r:vendor_init:s0 tcontext=u:object_r:system_data_file:s0 tclass=dir permissive=0
01-01 10:30:40.569   565   565 W init    : type=1400 audit(0.0:8): avc: denied { write } for name="/" dev="tmpfs" ino=18531 scontext=u:r:vendor_init:s0 tcontext=u:object_r:system_data_file:s0 tclass=dir permissive=0
01-01 10:30:40.569   565   565 W init    : type=1400 audit(0.0:9): avc: denied { write } for name="/" dev="tmpfs" ino=18531 scontext=u:r:vendor_init:s0 tcontext=u:object_r:system_data_file:s0 tclass=dir permissive=0
01-01 10:30:40.569   565   565 W init    : type=1400 audit(0.0:10): avc: denied { write } for name="/" dev="tmpfs" ino=18531 scontext=u:r:vendor_init:s0 tcontext=u:object_r:system_data_file:s0 tclass=dir permissive=0
01-01 10:30:40.569   565   565 I chatty  : uid=0(root) /init identical 2 lines
01-01 10:30:40.585     0     0 I init    : Command 'mkdir /data/connectivity 0771 system system' action=post-fs-data (/vendor/etc/init/hw/init.qcom.rc:307) took 0ms and failed: mkdir() failed: Permission denied
01-01 10:30:40.587     0     0 I init    : Command 'mkdir /data/system 0775 system system' action=post-fs-data (/vendor/etc/init/hw/init.qcom.rc:344) took 0ms and failed: fchmodat() failed: Permission denied
01-01 10:30:40.589     0     0 I init    : Command 'mkdir /data/shared 0755' action=post-fs-data (/vendor/etc/init/hw/init.qcom.rc:356) took 0ms and failed: mkdir() failed: Permission denied
01-01 10:30:40.589     0     0 I init    : Command 'mkdir /data/fota 0771' action=post-fs-data (/vendor/etc/init/hw/init.qcom.rc:360) took 0ms and failed: mkdir() failed: Permission denied
01-01 10:30:40.589     0     0 I init    : Command 'mkdir /data/hostapd 0770 system wifi' action=post-fs-data (/vendor/etc/init/hw/init.qcom.rc:364) took 0ms and failed: mkdir() failed: Permission denied
01-01 10:30:40.619   565   565 I auditd  : type=1400 audit(0.0:11): avc: denied { write } for comm="init" name="/" dev="tmpfs" ino=18531 scontext=u:r:vendor_init:s0 tcontext=u:object_r:system_data_file:s0 tclass=dir permissive=0
01-01 10:30:40.619   565   565 I auditd  : type=1400 audit(0.0:12): avc: denied { search } for comm="init" name="tombstones" dev="tmpfs" ino=18613 scontext=u:r:vendor_init:s0 tcontext=u:object_r:tombstone_data_file:s0 tclass=dir permissive=0
01-01 10:30:40.619   565   565 W init    : type=1400 audit(0.0:11): avc: denied { write } for name="/" dev="tmpfs" ino=18531 scontext=u:r:vendor_init:s0 tcontext=u:object_r:system_data_file:s0 tclass=dir permissive=0
01-01 10:30:40.619   565   565 W init    : type=1400 audit(0.0:12): avc: denied { search } for name="tombstones" dev="tmpfs" ino=18613 scontext=u:r:vendor_init:s0 tcontext=u:object_r:tombstone_data_file:s0 tclass=dir permissive=0
01-01 10:30:40.640     0     0 I init    : Command 'mkdir /data/FTM_AP 0775 system system' action=post-fs-data (/vendor/etc/init/hw/init.qcom.rc:423) took 0ms and failed: mkdir() failed: Permission denied
01-01 10:30:40.640     0     0 I init    : processing action (post-fs-data) from (/vendor/etc/init/hw/init.target.rc:67)
01-01 10:30:40.640     0     0 I init    : Command 'mkdir /data/tombstones/modem 0771 system system' action=post-fs-data (/vendor/etc/init/hw/init.target.rc:68) took 0ms and failed: mkdir() failed: Permission denied
01-01 10:30:40.641     0     0 W audit   : audit_lost=1 audit_rate_limit=5 audit_backlog_limit=64
01-01 10:30:40.641     0     0 E audit   : rate limit exceeded
01-01 10:30:40.641     0     0 I init    : Command 'mkdir /data/tombstones/lpass 0771 system system' action=post-fs-data (/vendor/etc/init/hw/init.target.rc:69) took 0ms and failed: mkdir() failed: Permission denied
01-01 10:30:40.641     0     0 I init    : Command 'mkdir /data/tombstones/wcnss 0771 system system' action=post-fs-data (/vendor/etc/init/hw/init.target.rc:70) took 0ms and failed: mkdir() failed: Permission denied
01-01 10:30:40.641     0     0 I init    : Command 'mkdir /data/tombstones/dsps 0771 system system' action=post-fs-data (/vendor/etc/init/hw/init.target.rc:71) took 0ms and failed: mkdir() failed: Permission denied
01-01 10:30:40.642     0     0 I init    : Command 'mkdir /data/misc/seemp 0700 system system' action=post-fs-data (/vendor/etc/init/hw/init.target.rc:73) took 0ms and failed: mkdir() failed: Permission denied
01-01 10:30:40.642     0     0 I init    : processing action (post-fs-data) from (/vendor/etc/init/hw/init.qcom.test.rc:29)
01-01 10:30:40.643     0     0 I init    : processing action (post-fs-data) from (/system/etc/init/bootstat.rc:7)
01-01 10:30:40.643     0     0 I init    : processing action (post-fs-data) from (/system/etc/init/dpmd.rc:7)
01-01 10:30:40.643     0     0 I init    : processing action (post-fs-data) from (/system/etc/init/incidentd.rc:21)
01-01 10:30:40.644     0     0 I init    : processing action (post-fs-data) from (/system/etc/init/logtagd.rc:4)
01-01 10:30:40.644     0     0 I init    : processing action (post-fs-data) from (/system/etc/init/recovery-persist.rc:1)
01-01 10:30:40.644     0     0 I init    : starting service 'exec 6 (/system/bin/recovery-persist)'...
01-01 10:30:40.645     0     0 I init    : processing action (post-fs-data) from (/system/etc/init/statsd.rc:25)
01-01 10:30:40.646     0     0 I init    : processing action (post-fs-data) from (/vendor/etc/init/hostapd.android.rc:9)
01-01 10:30:40.646     0     0 I init    : processing action (load_persist_props_action) from (/init.rc:271)
01-01 10:30:40.647     0     0 I init    : starting service 'logd-reinit'...
01-01 10:30:40.647     0     0 I init    : processing action (load_persist_props_action) from (/vendor/etc/init/hw/init.qcom.usb.rc:106)
01-01 10:30:40.647     0     0 I init    : processing action (load_persist_props_action) from (/system/etc/init/logcatd.rc:31)
01-01 10:30:40.648     0     0 I init    : processing action (firmware_mounts_complete) from (/init.rc:277)
01-01 10:30:40.648     0     0 I init    : processing action (early-boot) from (/vendor/etc/init/hw/init.qcom.rc:70)
01-01 10:30:40.648     0     0 I adsp-loader soc: qcom,msm-adsp-loader: adsp_loader_do: scheduling work to load ADSP fw
01-01 10:30:40.649     0     0 I cdsp-loader soc: qcom,msm-cdsp-loader: cdsp_loader_do: scheduling work to load CDSP fw
01-01 10:30:40.649     0     0 I sensors-ssc soc: qcom,msm-ssc-sensors: slpi_loader_do: scheduling work to load SLPI fw
01-01 10:30:40.649     0     0 E         : can't get fw name.
01-01 10:30:40.649     0     0 E sensors-ssc soc: qcom,msm-ssc-sensors: slpi_load_fw: SLPI image loading failed
01-01 10:30:40.649     0     0 I init    : starting service 'exec 7 (/vendor/bin/init.qcom.early_boot.sh)'...
01-01 10:30:40.650     0     0 I init    : SVC_EXEC pid 631 (uid 0 gid 0+0 context u:r:qti_init_shell:s0) started; waiting...
01-01 10:30:40.660     0     0 I logd.daemon: reinit
01-01 10:30:40.660     0     0 I init    : Service 'logd-reinit' (pid 630) exited with status 0
01-01 10:30:40.665     0     0 I subsys-pil-tz 1a300000.qcom,turing: cdsp: loading from 0x0000000094a00000 to 0x0000000095000000
01-01 10:30:40.702     0     0 I init    : Service 'exec 6 (/system/bin/recovery-persist)' (pid 629) exited with status 0
01-01 10:30:40.714     0     0 E msm_slim_qmi_send_power_request: QMI request failed 0x1 (Unknown error)
01-01 10:30:40.714     0     0 W         : SLIM power req failed:-121, retry:0
01-01 10:30:40.725     0     0 I sps     : BAM 0x0000000015204000 (va:0x0000000000000000) enabled: ver:0x19, number of pipes:13
01-01 10:30:40.740   637   637 I BOOT    : MSM target '', SoC 'MTP', HwID '317', SoC ver '65536'
01-01 10:30:40.755   638   638 W DRM_BOOT: file: '/sys/module/drm/parameters/vblankoffdelay' or perms doesn't exist
01-01 10:30:41.030     0     0 I sps     : BAM 0x0000000015204000 is registered.
01-01 10:30:41.043     0     0 E /soc/sound-9335: could not get #gpio-cells for /soc/slim@151c0000/tasha_codec/msm_cdc_pinctrl_hph_en1
01-01 10:30:41.043     0     0 E /soc/sound-9335: could not get #gpio-cells for /soc/slim@151c0000/tasha_codec/msm_cdc_pinctrl_hph_en0
01-01 10:30:41.043     0     0 E /soc/sound-9335: could not get #gpio-cells for /soc/msm_cdc_pinctrl@75
01-01 10:30:41.051     0     0 E /soc/sound-tavil: could not get #gpio-cells for /soc/slim@151c0000/tavil_codec/msm_cdc_pinctrl_hph_en1
01-01 10:30:41.051     0     0 E /soc/sound-tavil: could not get #gpio-cells for /soc/slim@151c0000/tavil_codec/msm_cdc_pinctrl_hph_en0
01-01 10:30:41.051     0     0 E /soc/sound-tavil: could not get #gpio-cells for /soc/slim@151c0000/tavil_codec/msm_cdc_pinctrl_us_euro_sw
01-01 10:30:41.133     0     0 I subsys-pil-tz 1a300000.qcom,turing: cdsp: Brought out of reset
01-01 10:30:41.141     0     0 I subsys-pil-tz 1a300000.qcom,turing: cdsp: Power/Clock ready interrupt received
01-01 10:30:41.141     0     0 I subsys-pil-tz 1a300000.qcom,turing: Subsystem error monitoring/handling services are up
01-01 10:30:41.227     0     0 E msm_slim_qmi_send_power_request: QMI request failed 0x1 (Unknown error)
01-01 10:30:41.227     0     0 W         : SLIM power req failed:-121, retry:1
01-01 10:30:41.256     0     0 E diag    : In diag_send_feature_mask_update, control channel is not open, p: 5, 0000000000000000
01-01 10:30:41.256     0     0 E diag    : In diag_send_peripheral_buffering_mode, buffering flag not set for 5
01-01 10:30:41.256     0     0 E diag    : In diag_send_peripheral_buffering_mode, buffering flag not set for 5
01-01 10:30:41.669   708   708 I auditd  : type=1400 audit(0.0:19): avc: denied { setattr } for comm="chown" name="lineptr_value" dev="sysfs" ino=29619 scontext=u:r:qti_init_shell:s0 tcontext=u:object_r:sysfs:s0 tclass=file permissive=0
01-01 10:30:41.669   708   708 W chown   : type=1400 audit(0.0:19): avc: denied { setattr } for name="lineptr_value" dev="sysfs" ino=29619 scontext=u:r:qti_init_shell:s0 tcontext=u:object_r:sysfs:s0 tclass=file permissive=0
01-01 10:30:41.679   709   709 I auditd  : type=1400 audit(0.0:20): avc: denied { setattr } for comm="chmod" name="lineptr_value" dev="sysfs" ino=29619 scontext=u:r:qti_init_shell:s0 tcontext=u:object_r:sysfs:s0 tclass=file permissive=0
01-01 10:30:41.679   709   709 W chmod   : type=1400 audit(0.0:20): avc: denied { setattr } for name="lineptr_value" dev="sysfs" ino=29619 scontext=u:r:qti_init_shell:s0 tcontext=u:object_r:sysfs:s0 tclass=file permissive=0
01-01 10:30:41.728     0     0 E msm_slim_qmi_send_power_request: QMI request failed 0x1 (Unknown error)
01-01 10:30:41.728     0     0 W         : SLIM power req failed:-121, retry:2
01-01 10:30:41.729   712   712 I auditd  : type=1400 audit(0.0:21): avc: denied { setattr } for comm="chown" name="lineptr_value" dev="sysfs" ino=29688 scontext=u:r:qti_init_shell:s0 tcontext=u:object_r:sysfs:s0 tclass=file permissive=0
01-01 10:30:41.729   712   712 W chown   : type=1400 audit(0.0:21): avc: denied { setattr } for name="lineptr_value" dev="sysfs" ino=29688 scontext=u:r:qti_init_shell:s0 tcontext=u:object_r:sysfs:s0 tclass=file permissive=0
01-01 10:30:41.739   713   713 I auditd  : type=1400 audit(0.0:22): avc: denied { setattr } for comm="chmod" name="lineptr_value" dev="sysfs" ino=29688 scontext=u:r:qti_init_shell:s0 tcontext=u:object_r:sysfs:s0 tclass=file permissive=0
01-01 10:30:41.739   713   713 W chmod   : type=1400 audit(0.0:22): avc: denied { setattr } for name="lineptr_value" dev="sysfs" ino=29688 scontext=u:r:qti_init_shell:s0 tcontext=u:object_r:sysfs:s0 tclass=file permissive=0
01-01 10:30:41.789   716   716 I auditd  : type=1400 audit(0.0:23): avc: denied { setattr } for comm="chown" name="lineptr_value" dev="sysfs" ino=44494 scontext=u:r:qti_init_shell:s0 tcontext=u:object_r:sysfs:s0 tclass=file permissive=0
01-01 10:30:41.789   716   716 W chown   : type=1400 audit(0.0:23): avc: denied { setattr } for name="lineptr_value" dev="sysfs" ino=44494 scontext=u:r:qti_init_shell:s0 tcontext=u:object_r:sysfs:s0 tclass=file permissive=0
01-01 10:30:41.824     0     0 W audit   : audit_lost=7 audit_rate_limit=5 audit_backlog_limit=64
01-01 10:30:41.824     0     0 E audit   : rate limit exceeded
01-01 10:30:41.870   721   721 E libc    : Access denied finding property "ro.boot.alarmboot"
01-01 10:30:41.896     0     0 E selinux : avc:  denied  { set } for property=ro.alarm_boot pid=722 uid=0 gid=0 scontext=u:r:qti_init_shell:s0 tcontext=u:object_r:default_prop:s0 tclass=property_service permissive=0
01-01 10:30:41.906     0     0 E init    : Unable to set property 'ro.alarm_boot' to 'false' from uid:0 gid:0 pid:722: SELinux permission check failed
01-01 10:30:41.914   722   722 W libc    : Unable to set property "ro.alarm_boot" to "false": error code: 0x18
01-01 10:30:41.957     0     0 I init    : Service 'exec 7 (/vendor/bin/init.qcom.early_boot.sh)' (pid 631) exited with status 0 waiting took 1.306000 seconds
01-01 10:30:41.960     0     0 I init    : processing action (early-boot) from (/system/etc/init/installd.rc:5)
01-01 10:30:41.980     0     0 I init    : processing action (boot) from (/init.rc:594)
01-01 10:30:41.983     0     0 I init    : starting service 'hidl_memory'...
01-01 10:30:41.985     0     0 I init    : starting service 'healthd'...
01-01 10:30:41.990     0     0 I init    : starting service 'vendor.audio-hal-2-0'...
01-01 10:30:41.994     0     0 I init    : starting service 'vendor.bluetooth-1-0-qti'...
01-01 10:30:41.994   725   725 I ServiceManagement: Removing namespace from process name android.hidl.allocator@1.0-service to allocator@1.0-service.
01-01 10:30:41.995   594   594 I snet_event_log: [121035042,-1,]
01-01 10:30:42.000     0     0 I init    : starting service 'vendor.camera-provider-2-4'...
01-01 10:30:42.006     0     0 E init    : couldn't write 729 to /dev/cpuset/camera-daemon/tasks: No such file or directory
01-01 10:30:42.006     0     0 I init    : starting service 'vendor.cas-hal-1-0'...
01-01 10:30:42.007     0     0 I init    : starting service 'vendor.configstore-hal'...
01-01 10:30:42.008     0     0 I init    : starting service 'vendor.drm-hal-1-0'...
01-01 10:30:42.008     0     0 I init    : starting service 'vendor.drm-clearkey-hal-1-1'...
01-01 10:30:42.009     0     0 I init    : starting service 'vendor.drm-widevine-hal-1-1'...
01-01 10:30:42.010     0     0 I init    : starting service 'vendor.gralloc-2-0'...
01-01 10:30:42.011     0     0 I init    : starting service 'vendor.hwcomposer-2-1'...
01-01 10:30:42.011     0     0 I init    : starting service 'health-hal-2-0'...
01-01 10:30:42.012     0     0 I init    : Opened file '/dev/kmsg', flags 1
01-01 10:30:42.012     0     0 I init    : Created socket '/dev/socket/pps', mode 660, user 1000, group 1000
01-01 10:30:42.012     0     0 I init    : starting service 'vendor.light-hal-2-0'...
01-01 10:30:42.013     0     0 I init    : starting service 'vendor.memtrack-hal-1-0'...
01-01 10:30:42.013     0     0 I init    : starting service 'vendor.power-hal-1-0'...
01-01 10:30:42.014     0     0 I init    : starting service 'vendor.sensors-hal-1-0'...
01-01 10:30:42.015     0     0 I init    : starting service 'vendor.thermal-hal-1-0'...
01-01 10:30:42.015     0     0 I init    : starting service 'vendor.usb-hal-1-0'...
01-01 10:30:42.016     0     0 I init    : starting service 'vendor.vibrator-1-0'...
01-01 10:30:42.017     0     0 I init    : starting service 'vendor.wifi_hal_legacy'...
01-01 10:30:42.017     0     0 I init    : starting service 'display-color-hal-1-0'...
01-01 10:30:42.018     0     0 I init    : starting service 'qti_esepowermanager_service'...
01-01 10:30:42.019     0     0 I init    : starting service 'qti_gnss_service'...
01-01 10:30:42.020     0     0 I init    : starting service 'alarm-hal-1-0'...
01-01 10:30:42.021     0     0 I init    : starting service 'perf-hal-1-0'...
01-01 10:30:42.021     0     0 I init    : starting service 'qdutils_disp-1-0'...
01-01 10:30:42.022     0     0 I init    : starting service 'qteeconnector-hal-1-0'...
01-01 10:30:42.023     0     0 I init    : starting service 'soter-1-0'...
01-01 10:30:42.023     0     0 I init    : starting service 'tui_comm-1-0'...
01-01 10:30:42.024     0     0 I init    : starting service 'qcom-c_core-sh'...
01-01 10:30:42.025     0     0 I init    : starting service 'vendor.qrtr-ns'...
01-01 10:30:42.026     0     0 I init    : starting service 'irsc_util'...
01-01 10:30:42.026     0     0 I init    : starting service 'vendor.rmt_storage'...
01-01 10:30:42.027     0     0 I init    : starting service 'vendor.tftp_server'...
01-01 10:30:42.028     0     0 I init    : starting service 'vendor-sensor-sh'...
01-01 10:30:42.029     0     0 E init    : Could not start service 'esepmdaemon' as part of class 'core': Cannot find '/system/vendor/bin/esepmdaemon': No such file or directory
01-01 10:30:42.029     0     0 I init    : starting service 'vendor.qcom-usb-sh'...
01-01 10:30:42.030     0     0 I init    : starting service 'vendor.per_mgr'...
01-01 10:30:42.030     0     0 I init    : starting service 'vendor.pd_mapper'...
01-01 10:30:42.031     0     0 I init    : starting service 'cs-early-boot'...
01-01 10:30:42.032     0     0 I init    : starting service 'audioserver'...
01-01 10:30:42.033     0     0 I init    : starting service 'lmkd'...
01-01 10:30:42.033     0     0 I init    : starting service 'surfaceflinger'...
01-01 10:30:42.034     0     0 I init    : Created socket '/dev/socket/lmkd', mode 660, user 1000, group 1000
01-01 10:30:42.034     0     0 I init    : starting service 'thermalservice'...
01-01 10:30:42.035     0     0 I init    : processing action (boot) from (/init.usb.rc:21)
01-01 10:30:42.035     0     0 I init    : processing action (persist.sys.usb.config=* && boot) from (/init.usb.rc:102)
01-01 10:30:42.035     0     0 I init    : processing action (boot) from (/vendor/etc/init/hw/init.qcom.rc:97)
01-01 10:30:42.036     0     0 E init    : Failed to bind socket 'pdx/system/vr/display/client': No such file or directory
01-01 10:30:42.039     0     0 E init    : Failed to bind socket 'pdx/system/vr/display/manager': No such file or directory
01-01 10:30:42.040     0     0 E init    : Failed to bind socket 'pdx/system/vr/display/vsync': No such file or directory
01-01 10:30:42.233     0     0 E msm_slim_qmi_send_power_request: QMI request failed 0x1 (Unknown error)
01-01 10:30:42.233     0     0 W         : SLIM power req failed:-121, retry:3
01-01 10:30:42.238     0     0 W         : HW wakeup attempt during SSR
01-01 10:30:42.298     0     0 I init    : Command 'mkdir /mnt/vendor/persist/secnvm 0770 system system' action=boot (/vendor/etc/init/hw/init.qcom.rc:145) took 255ms and succeeded
01-01 10:30:42.325   726   726 I health@2.0/: health@2.0/backup: Hal starting main loop...
01-01 10:30:42.325   726   726 I health@2.0/: health@2.0/backup Hal is starting up...
01-01 10:30:42.326     0     0 E selinux : avc:  denied  { set } for property=persist.camera.gyro.disable pid=565 uid=0 gid=0 scontext=u:r:vendor_init:s0 tcontext=u:object_r:default_prop:s0 tclass=property_service permissive=0
01-01 10:30:42.326     0     0 E init    : Subcontext init could not set 'persist.camera.gyro.disable' to '0': SELinux permission check failed
01-01 10:30:42.326     0     0 I init    : Command 'chmod 0755 /system/bin/ip' action=boot (/vendor/etc/init/hw/init.qcom.rc:164) took 0ms and failed: fchmodat() failed: Read-only file system
01-01 10:30:42.326   594   594 W hwservicemanager: getTransport: Cannot find entry android.hardware.health@1.0::IHealth/default in either framework or device manifest.
01-01 10:30:42.327   754   754 D         : tui_comm: svc service starting :)
01-01 10:30:42.327   754   754 I ServiceManagement: Removing namespace from process name vendor.qti.hardware.tui_comm@1.0-service-qti to tui_comm@1.0-service-qti.
01-01 10:30:42.328   726   726 I health@2.0/: health@2.0/backup: Hal init done
01-01 10:30:42.328   754   754 E         : Registered ITuiComm HAL service success!
01-01 10:30:42.337     0     0 W healthd : Unknown power supply type 'BMS'
01-01 10:30:42.338     0     0 W healthd : Unknown power supply type 'Main'
01-01 10:30:42.374   759   759 I tftp_server: Initializing tftp_server RING buffer
01-01 10:30:42.374   759   759 I tftp_server: Starting...
01-01 10:30:42.387   732   732 D android.hardware.drm@1.0-service: android.hardware.drm@1.0-service starting...
01-01 10:30:42.393     0     0 I init    : processing action (boot) from (/vendor/etc/init/hw/init.qcom.usb.rc:51)
01-01 10:30:42.395   747   747 D vendor.qti.esepowermanager@1.0-service: loading eseservice
01-01 10:30:42.395   747   747 D QSEECOMAPI: QSEECom_get_handle sb_length = 0x400
01-01 10:30:42.395   747   747 D QSEECOMAPI: App is not loaded in QSEE
01-01 10:30:42.395   747   747 E QSEECOMAPI: Error::Cannot open the file /vendor/firmware_mnt/image/eseservice.mdt errno = 2
01-01 10:30:42.395   747   747 E QSEECOMAPI: Error::Loading image failed with ret = -1
01-01 10:30:42.395   747   747 D vendor.qti.esepowermanager@1.0-service: loading eseservice failed
01-01 10:30:42.395   747   747 D vendor.qti.esepowermanager@1.0-service: eSEPowerManager is starting
01-01 10:30:42.395   757   757 I irsc_util: Starting irsc tool
01-01 10:30:42.401     0     0 I init    : Command 'mount configfs none /config' action=boot (/vendor/etc/init/hw/init.qcom.usb.rc:55) took 0ms and failed: mount() failed: Device or resource busy
01-01 10:30:42.402   743   743 I ServiceManagement: Removing namespace from process name android.hardware.usb@1.0-service to usb@1.0-service.
01-01 10:30:42.402   776   776 E libc    : Access denied finding property "persist.serial.enable"
01-01 10:30:42.404   743   743 I android.hardware.usb@1.0-service: USB HAL Ready.
01-01 10:30:42.411   758   758 I vendor.rmt_storage: Modem subsystem found on target!
01-01 10:30:42.412   758   758 I vendor.rmt_storage: Shared memory initialised successfully.
01-01 10:30:42.412   758   758 I vendor.rmt_storage: Registering modemst1: 0x4a /boot/modem_fs1
01-01 10:30:42.412   758   758 I vendor.rmt_storage: Registering modemst2: 0x4b /boot/modem_fs2
01-01 10:30:42.412   758   758 I vendor.rmt_storage: Registering fsc: 0xff /boot/modem_fsc
01-01 10:30:42.412   758   758 I vendor.rmt_storage: Registering fsg: 0x58 /boot/modem_fsg
01-01 10:30:42.412   758   758 I vendor.rmt_storage: 4 GPT partitions found
01-01 10:30:42.412   758   758 I vendor.rmt_storage: Capset success!
01-01 10:30:42.414   757   757 I irsc_util: Num of entries:296
01-01 10:30:42.414   733   733 D android.hardware.drm@1.1-service.clearkey: android.hardware.drm@1.1-service.clearkey starting...
01-01 10:30:42.415   733   733 I ServiceManagement: Removing namespace from process name android.hardware.drm@1.1-service.clearkey to drm@1.1-service.clearkey.
01-01 10:30:42.415   757   757 I irsc_util: Ending irsc tool
01-01 10:30:42.416   737   737 I health@2.0/: health@2.0/default: Hal starting main loop...
01-01 10:30:42.416   737   737 I health@2.0/: health@2.0/default Hal is starting up...
01-01 10:30:42.416     0     0 I         : Mass Storage Function, version: 2009/09/11
01-01 10:30:42.416     0     0 I LUN     : removable file: (no medium)
01-01 10:30:42.416   753   753 D QSEECOMAPI: QSEECom_get_handle sb_length = 0xa000
01-01 10:30:42.416   753   753 D QSEECOMAPI: App is not loaded in QSEE
01-01 10:30:42.417   753   753 E QSEECOMAPI: Error::Cannot open the file /vendor/firmware_mnt/image/soter64.mdt errno = 2
01-01 10:30:42.417   753   753 E QSEECOMAPI: Error::Loading image failed with ret = -1
01-01 10:30:42.417   753   753 D QSEECOMAPI: QSEECom_get_handle sb_length = 0xa000
01-01 10:30:42.417   753   753 D QSEECOMAPI: App is not loaded in QSEE
01-01 10:30:42.417   753   753 E QSEECOMAPI: Error::Cannot open the file /vendor/firmware_mnt/image/soter.mdt errno = 2
01-01 10:30:42.417   753   753 E QSEECOMAPI: Error::Loading image failed with ret = -1
01-01 10:30:42.417   753   753 E SoterUtils: QSEECom_start_app failed
01-01 10:30:42.417   733   733 I ServiceManagement: Removing namespace from process name android.hardware.drm@1.1-service.clearkey to drm@1.1-service.clearkey.
01-01 10:30:42.417   737   737 I ServiceManagement: Removing namespace from process name android.hardware.health@2.0-service to health@2.0-service.
01-01 10:30:42.417   753   753 D vendor.qti.hardware.soter@1.0-service: soter: svc service starting.
01-01 10:30:42.418   753   753 I ServiceManagement: Removing namespace from process name vendor.qti.hardware.soter@1.0-service to soter@1.0-service.
01-01 10:30:42.421   753   753 E vendor.qti.hardware.soter@1.0-service: Registered SOTER HAL service success
01-01 10:30:42.421     0     0 I         : file system registered
01-01 10:30:42.422     0     0 E rmt_storage: INFO:check_support_using_libmdm: Modem subsystem found on target!
01-01 10:30:42.423   737   737 I health@2.0/: health@2.0/default: Hal init done
01-01 10:30:42.424     0     0 E rmt_storage: INFO:main: Done with init now waiting for messages!
01-01 10:30:42.425     0     0 I f_cdev_alloc: port_name:at_usb0 (0000000000000000) portno:(0)
01-01 10:30:42.427     0     0 W healthd : Unknown power supply type 'BMS'
01-01 10:30:42.427     0     0 W healthd : Unknown power supply type 'Main'
01-01 10:30:42.429     0     0 I f_cdev_alloc: port_name:at_usb1 (0000000000000000) portno:(1)
01-01 10:30:42.430     0     0 I init    : Service 'irsc_util' (pid 757) exited with status 0
01-01 10:30:42.431   751   751 D         : QdutilsDisp: svc service starting :)
01-01 10:30:42.431   751   751 I ServiceManagement: Removing namespace from process name vendor.qti.hardware.qdutils_disp@1.0-service-qti to qdutils_disp@1.0-service-qti.
01-01 10:30:42.432   728   728 I android.hardware.bluetooth@1.0-service: registering BT & FM services
01-01 10:30:42.434   751   751 E         : Registered IQdutilsDisp HAL service success!
01-01 10:30:42.436   766   766 I lowmemorykiller: Using in-kernel low memory killer interface
01-01 10:30:42.438     0     0 I f_cdev_alloc: port_name:at_usb2 (0000000000000000) portno:(2)
01-01 10:30:42.439   744   744 D         : Vibrator using timed_output
01-01 10:30:42.439   738   738 E light   : light_open lights keyboard failed: -22
01-01 10:30:42.439   738   738 E light   : Light passthrough failed to load legacy HAL.
01-01 10:30:42.439   744   744 I ServiceManagement: Removing namespace from process name android.hardware.vibrator@1.0-service to vibrator@1.0-service.
01-01 10:30:42.439   738   738 E light   : light_open lights buttons failed: -22
01-01 10:30:42.439   738   738 E light   : Light passthrough failed to load legacy HAL.
01-01 10:30:42.440   749   749 I ServiceManagement: Removing namespace from process name vendor.qti.hardware.alarm@1.0-service to alarm@1.0-service.
01-01 10:30:42.440   747   747 I ServiceManagement: Removing namespace from process name vendor.qti.esepowermanager@1.0-service to esepowermanager@1.0-service.
01-01 10:30:42.440   738   738 E light   : light_open lights bluetooth failed: -22
01-01 10:30:42.440   738   738 E light   : Light passthrough failed to load legacy HAL.
01-01 10:30:42.440   738   738 E light   : light_open lights wifi failed: -22
01-01 10:30:42.440   738   738 E light   : Light passthrough failed to load legacy HAL.
01-01 10:30:42.441   744   744 I android.hardware.vibrator@1.0-service: Registration complete for android.hardware.vibrator@1.0::IVibrator/default.
01-01 10:30:42.442   749   749 I         : Registration complete for vendor.qti.hardware.alarm@1.0::IAlarm/default.
01-01 10:30:42.442   747   747 I vendor.qti.esepowermanager@1.0-service: Registration complete for vendor.qti.esepowermanager@1.0::IEsePowerManager/default.
01-01 10:30:42.443   738   738 I ServiceManagement: Removing namespace from process name android.hardware.light@2.0-service to light@2.0-service.
01-01 10:30:42.443   752   752 I ServiceManagement: Removing namespace from process name vendor.qti.hardware.qteeconnector@1.0-service to qteeconnector@1.0-service.
01-01 10:30:42.444   739   739 I ServiceManagement: Removing namespace from process name android.hardware.memtrack@1.0-service to memtrack@1.0-service.
01-01 10:30:42.445   738   738 I android.hardware.light@2.0-service: Registration complete for android.hardware.light@2.0::ILight/default.
01-01 10:30:42.447   742   742 I ServiceManagement: Removing namespace from process name android.hardware.thermal@1.0-service to thermal@1.0-service.
01-01 10:30:42.447   739   739 I android.hardware.memtrack@1.0-service: Registration complete for android.hardware.memtrack@1.0::IMemtrack/default.
01-01 10:30:42.448   742   742 I android.hardware.thermal@1.0-service: Registration complete for android.hardware.thermal@1.0::IThermal/default.
01-01 10:30:42.448   752   752 I ServiceManagement: Removing namespace from process name vendor.qti.hardware.qteeconnector@1.0-service to qteeconnector@1.0-service.
01-01 10:30:42.454   728   728 E vendor.qti.bluetooth@1.0-bluetooth_address: CMD result: 1
01-01 10:30:42.455   728   728 E QMI_FW  : QMUXD: WARNING qmi_qmux_if_pwr_up_init failed! rc=-6
01-01 10:30:42.459   728   728 E vendor.qti.bluetooth@1.0-bluetooth_address: QmiDmsInit :Error while Initializing qmi_client_init_instance: -3
01-01 10:30:42.460   728   728 E vendor.qti.bluetooth@1.0-bluetooth_address: GetLocalAddress: QMI initialization failed in 1 try...
01-01 10:30:42.468   734   734 D android.hardware.drm@1.0-service.widevine: android.hardware.drm@1.1-service.widevine starting...
01-01 10:30:42.469   734   734 I ServiceManagement: Removing namespace from process name android.hardware.drm@1.1-service.widevine to drm@1.1-service.widevine.
01-01 10:30:42.469     0     0 I init    : Received control message 'start' for 'vendor.sensors.qti' from pid: 801 (start vendor.sensors.qti)
01-01 10:30:42.469     0     0 I init    : starting service 'vendor.sensors.qti'...
01-01 10:30:42.469   731   731 W /vendor/bin/hw/android.hardware.configstore@1.1-service: libminijail[731]: allowing syscall: connect
01-01 10:30:42.469   731   731 W /vendor/bin/hw/android.hardware.configstore@1.1-service: libminijail[731]: allowing syscall: fcntl
01-01 10:30:42.469   731   731 W /vendor/bin/hw/android.hardware.configstore@1.1-service: libminijail[731]: allowing syscall: sendto
01-01 10:30:42.469   731   731 W /vendor/bin/hw/android.hardware.configstore@1.1-service: libminijail[731]: allowing syscall: socket
01-01 10:30:42.469   731   731 W /vendor/bin/hw/android.hardware.configstore@1.1-service: libminijail[731]: allowing syscall: writev
01-01 10:30:42.470   740   740 I QTI PowerHAL: QTI power HAL initing.
01-01 10:30:42.471   762   762 I PerMgrSrv: Adding entry for modem : offTimeout : 500 ackTimeout : 200
01-01 10:30:42.471     0     0 I init    : Received control message 'start' for 'console' from pid: 795 (start console)
01-01 10:30:42.472     0     0 I init    : starting service 'console'...
01-01 10:30:42.472   734   734 I ServiceManagement: Removing namespace from process name android.hardware.drm@1.1-service.widevine to drm@1.1-service.widevine.
01-01 10:30:42.472   740   740 I ServiceManagement: Removing namespace from process name android.hardware.power@1.0-service to power@1.0-service.
01-01 10:30:42.473   731   731 W /vendor/bin/hw/android.hardware.configstore@1.1-service: libminijail[731]: logging seccomp filter failures
01-01 10:30:42.474   740   740 I android.hardware.power@1.0-service: Registration complete for android.hardware.power@1.0::IPower/default.
01-01 10:30:42.474   731   731 I ServiceManagement: Removing namespace from process name android.hardware.configstore@1.1-service to configstore@1.1-service.
01-01 10:30:42.475   763   763 I pd-mapper-svc: Starting pd-mapper service
01-01 10:30:42.475   763   763 I pd-mapper-svc: Parsing file :/vendor/firmware_mnt/image/adspr.jsn:
01-01 10:30:42.475     0     0 I init    : Service 'qcom-c_core-sh' (pid 755) exited with status 0
01-01 10:30:42.477   762   762 I PerMgrSrv: Peripheral Mananager service start
01-01 10:30:42.477   762   762 I PerMgrSrv: power-off timeout 500,ms; event-ack timeout 200,ms; debug-mode false
01-01 10:30:42.477   762   762 I PerMgrSrv: Statistics for : modem
01-01 10:30:42.477   762   762 I PerMgrSrv: modem: Current State : is off-line
01-01 10:30:42.477   762   762 I PerMgrSrv: modem: Voter/Listener count : 0/0
01-01 10:30:42.477   762   762 I PerMgrSrv: modem: Power on count : 0
01-01 10:30:42.477   762   762 I PerMgrSrv: modem: Power off count: 0
01-01 10:30:42.477   762   762 I PerMgrSrv: modem: Client list:
01-01 10:30:42.478     0     0 I init    : processing action (boot) from (/vendor/etc/init/hw/init.target.rc:76)
01-01 10:30:42.478     0     0 I init    : Command 'start rmt_storage' action=boot (/vendor/etc/init/hw/init.target.rc:77) took 0ms and failed: service rmt_storage not found
01-01 10:30:42.478     0     0 I init    : Command 'start rfs_access' action=boot (/vendor/etc/init/hw/init.target.rc:78) took 0ms and failed: service rfs_access not found
01-01 10:30:42.478     0     0 E init    : setpgid failed for console: Operation not permitted
01-01 10:30:42.479   762   810 I PerMgrSrv: QMI service start
01-01 10:30:42.480   746   746 I ServiceManagement: Removing namespace from process name vendor.display.color@1.0-service to color@1.0-service.
01-01 10:30:42.482   750   750 I ServiceManagement: Removing namespace from process name vendor.qti.hardware.perf@1.0-service to perf@1.0-service.
01-01 10:30:42.484   750   750 E vendor.qti.hardware.perf@1.0-service: Registered IPerf HAL service success!
01-01 10:30:42.488   763   763 I pd-mapper-svc: Parsing file :/vendor/firmware_mnt/image/adsps.jsn:
01-01 10:30:42.491   735   735 I ServiceManagement: Removing namespace from process name android.hardware.graphics.allocator@2.0-service to allocator@2.0-service.
01-01 10:30:42.492   735   735 I android.hardware.graphics.allocator@2.0-service: Registration complete for android.hardware.graphics.allocator@2.0::IAllocator/default.
01-01 10:30:42.497   763   763 I pd-mapper-svc: Parsing file :/vendor/firmware_mnt/image/adspua.jsn:
01-01 10:30:42.500   741   741 E libsensor1: check_sensors_enabled: Sensors enabled = true
01-01 10:30:42.503   763   763 I pd-mapper-svc: Parsing file :/vendor/firmware_mnt/image/cdspr.jsn:
01-01 10:30:42.509   763   763 I pd-mapper-svc: Parsing file :/vendor/firmware_mnt/image/modemr.jsn:
01-01 10:30:42.510   763   763 I pd-mapper-svc: Parsing file :/vendor/firmware_mnt/image/modemuw.jsn:
01-01 10:30:42.529   732   732 I ServiceManagement: Removing namespace from process name android.hardware.drm@1.0-service to drm@1.0-service.
01-01 10:30:42.530   732   732 I android.hardware.drm@1.0-service: Registration complete for android.hardware.drm@1.0::IDrmFactory/default.
01-01 10:30:42.531   763   821 I pd-mapper-svc: Starting servloc server
01-01 10:30:42.532   732   732 I ServiceManagement: Removing namespace from process name android.hardware.drm@1.0-service to drm@1.0-service.
01-01 10:30:42.533   732   732 I android.hardware.drm@1.0-service: Registration complete for android.hardware.drm@1.0::ICryptoFactory/default.
01-01 10:30:42.534   745   745 I android.hardware.wifi@1.0-service: Wifi Hal is booting up...
01-01 10:30:42.535   745   745 I ServiceManagement: Removing namespace from process name android.hardware.wifi@1.0-service to wifi@1.0-service.
01-01 10:30:42.535   748   748 I LocSvc_HIDL_vendor.qti.gnss@2.0-service: main
01-01 10:30:42.542     0     0 I servloc : service_locator_svc_arrive: Connection established with the Service locator
01-01 10:30:42.542     0     0 I servloc : init_service_locator: Service locator initialized
01-01 10:30:42.543     0     0 I audio_notifer_reg_service: service PDR_ADSP is in use
01-01 10:30:42.544   594   594 W hwservicemanager: getTransport: Cannot find entry android.hardware.thermal@1.1::IThermal/default in either framework or device manifest.
01-01 10:30:42.545   768   768 W thermalserviced: Unable to get Thermal HAL V1.1, vendor thermal event notification not available
01-01 10:30:42.546     0     0 I service-notifier: root_service_service_arrive: Connection established between QMI handle and 74 service
01-01 10:30:42.550   759   759 I tftp_server: pid=759 tid=759 tftp-server : INF :[tftp_os_la.c, 126] mkdir failed: [2] [/data/vendor/tombstones/rfs/modem] [No such file or directory]
01-01 10:30:42.570   748   748 I LocSvc_HIDL_vendor.qti.gnss@2.0-service: Registration complete for android.hardware.gnss@1.1::IGnss/default.
01-01 10:30:42.572   805   805 E Sensors : sns_debug_main.c(294):Debug Config File missing in EFS!
01-01 10:30:42.572   805   805 E Sensors : aon_control.c(119):inotify_add_watch::/persist/sensors failed
01-01 10:30:42.573   805   830 E libsensor1: check_sensors_enabled: Sensors enabled = true
01-01 10:30:42.590   730   730 D android.hardware.cas@1.0-service: android.hardware.cas@1.0-service starting...
01-01 10:30:42.591   730   730 I ServiceManagement: Removing namespace from process name android.hardware.cas@1.0-service to cas@1.0-service.
01-01 10:30:42.595   729   729 I android.hardware.camera.provider@2.4-service: Camera provider Service is starting.
01-01 10:30:42.620   727   727 I ServiceManagement: Removing namespace from process name android.hardware.audio@2.0-service to audio@2.0-service.
01-01 10:30:42.621   727   727 I audiohalservice: Registration complete for android.hardware.audio@4.0::IDevicesFactory/default.
01-01 10:30:42.624     0     0 W wlan    : loading out-of-tree module taints kernel.
01-01 10:30:42.632   736   736 I SDM     : HWCSession::StartServices: IDisplayConfig service registration completed.
01-01 10:30:42.640   736   736 I SDM     : ExtensionInterface::CreateExtensionInterface: 
01-01 10:30:42.640   736   736 I SDM     : SDM-EXTENSION Version: Date: 09/10/18, Commit: 2294da5, Change: I7ff0333139
01-01 10:30:42.641   736   736 I SDM     : HWInfo::GetHWResourceInfo: SDE Version = 5, SDE Revision = 30020000, RGB = 0, VIG = 2, DMA = 3, Cursor = 1
01-01 10:30:42.641   736   736 I SDM     : HWInfo::GetHWResourceInfo: Upscale Ratio = 20, Downscale Ratio = 4, Blending Stages = 7
01-01 10:30:42.641   736   736 I SDM     : HWInfo::GetHWResourceInfo: SourceSplit = 1 QSEED3 = 1
01-01 10:30:42.641   736   736 I SDM     : HWInfo::GetHWResourceInfo: BWC = 0, UBWC = 1, Decimation = 1, Tile Format = 0 Concurrent Writeback = 1
01-01 10:30:42.641   736   736 I SDM     : HWInfo::GetHWResourceInfo: MaxLowBw = 6600000 , MaxHighBw = 6600000
01-01 10:30:42.641   736   736 I SDM     : HWInfo::GetHWResourceInfo: MaxPipeBw = 3100000 KBps, MaxSDEClock = 412500000 Hz, ClockFudgeFactor = 1.050000
01-01 10:30:42.641   736   736 I SDM     : HWInfo::GetHWResourceInfo: Prefill factors: Tiled_NV12 = 8, Tiled = 4, Linear = 1, Scale = 1, Fudge_factor = 2
01-01 10:30:42.641   736   736 W SDM     : HWInfo::GetMDSSRotatorInfo: File '/sys/devices/virtual/rotator/mdss_rotator/caps' not found
01-01 10:30:42.641   736   736 I SDM     : HWInfo::GetV4L2RotatorInfo: V4L2 Rotator: Count = 1, Downscale = 1, Min_downscale = 1.500000, Downscale_compression = 1
01-01 10:30:42.641   736   736 I SDM     : HWInfo::GetHWResourceInfo: Has Support for multiple bw limits shown below
01-01 10:30:42.641   736   736 I SDM     : HWInfo::GetHWResourceInfo: Mode-index=0  total_bw_limit=6600000 and pipe_bw_limit=3100000
01-01 10:30:42.641   736   736 I SDM     : HWInfo::GetHWResourceInfo: Mode-index=1  total_bw_limit=4500000 and pipe_bw_limit=3100000
01-01 10:30:42.641   736   736 I SDM     : HWInfo::GetHWResourceInfo: Mode-index=2  total_bw_limit=6600000 and pipe_bw_limit=3100000
01-01 10:30:42.641   736   736 I SDM     : HWInfo::GetHWResourceInfo: Mode-index=3  total_bw_limit=6600000 and pipe_bw_limit=3100000
01-01 10:30:42.642   736   736 I SDM     : SessionManager::SessionManager: Allocate buffers synchronously = 0
01-01 10:30:42.642   727   727 I audiohalservice: Registration complete for android.hardware.audio.effect@4.0::IEffectsFactory/default.
01-01 10:30:42.643   594   594 W hwservicemanager: getTransport: Cannot find entry android.hardware.soundtrigger@2.1::ISoundTriggerHw/default in either framework or device manifest.
01-01 10:30:42.645   727   727 E audiohalservice: Could not get passthrough implementation for android.hardware.soundtrigger@2.1::ISoundTriggerHw/default.
01-01 10:30:42.656   736   736 I SDM     : CoreInterface::CreateCore: Open interface handle = 0x72f0a55000
01-01 10:30:42.656   736   736 I SDM     : HWCSession::Register: Set uevent listener = 0x72f0a6e000
01-01 10:30:42.656   736   736 I SDM     : HWInfo::GetFirstDisplayInterfaceType: First display is internal display
01-01 10:30:42.656   736   736 I SDM     : CPUHint::Init: Invalid CPU Hint Pre-enable Window -1
01-01 10:30:42.657   736   736 I SDM     : HWDevice::GetHWPanelMaxBrightnessFromNode: Max brightness level = 255
01-01 10:30:42.657   736   736 I SDM     : HWDevice::Init: access(/dev/graphics/fb0) successful
01-01 10:30:42.657   736   736 I SDM     : HWDevice::GetHWPanelMaxBrightnessFromNode: Max brightness level = 255
01-01 10:30:42.657   736   736 I SDM     : HWDevice::PopulateHWPanelInfo: Device type = 0, Display Port = 1, Display Mode = 1, Device Node = 0, Is Primary = 1
01-01 10:30:42.657   736   736 I SDM     : HWDevice::PopulateHWPanelInfo: Partial Update = 0, supported roi_count =0, Dynamic FPS = 0
01-01 10:30:42.657   736   736 I SDM     : HWDevice::PopulateHWPanelInfo: Align: left = 0, width = 0, top = 0, height = 0
01-01 10:30:42.657   736   736 I SDM     : HWDevice::PopulateHWPanelInfo: ROI: min_width = 0, min_height = 0, need_merge = 0
01-01 10:30:42.657   736   736 I SDM     : HWDevice::PopulateHWPanelInfo: FPS: min = 60, max =60
01-01 10:30:42.657   736   736 I SDM     : HWDevice::PopulateHWPanelInfo: Ping Pong Split = 0
01-01 10:30:42.657   736   736 I SDM     : HWDevice::PopulateHWPanelInfo: Left Split = 0, Right Split = 0
01-01 10:30:42.657   736   736 W SDM     : HWPrimary::PopulateDisplayAttributes: Driver doesn't report panel physical width and height - defaulting to 320dpi
01-01 10:30:42.658   736   736 I SDM     : HWDevice::GetHWPanelMaxBrightnessFromNode: Max brightness level = 255
01-01 10:30:42.658   736   736 I chatty  : uid=1000(system) composer@2.1-se identical 1 line
01-01 10:30:42.658   736   736 I SDM     : HWDevice::GetHWPanelMaxBrightnessFromNode: Max brightness level = 255
01-01 10:30:42.658   736   736 W SDM     : HWDevice::GetHWPanelInfoByNode: Failed to open msm_fb_panel_info node device node 3
01-01 10:30:42.659   736   736 I SDM     : HWDevice::GetHWPanelMaxBrightnessFromNode: Max brightness level = 255
01-01 10:30:42.659   736   736 I chatty  : uid=1000(system) composer@2.1-se identical 1 line
01-01 10:30:42.659   736   736 I SDM     : HWDevice::GetHWPanelMaxBrightnessFromNode: Max brightness level = 255
01-01 10:30:42.659   736   736 W SDM     : HWDevice::GetHWPanelInfoByNode: Failed to open msm_fb_panel_info node device node 3
01-01 10:30:42.660   736   736 I SDM     : StrategyImpl::SetIdleTimeoutMs: Idle timeout: active = 70, inactive = 520
01-01 10:30:42.660   736   736 W SDM     : ColorManager::CreateColorManagerProxy: PAV2 version is versions = 11, version = 11 
01-01 10:30:42.662   736   736 W SDM     : DisplayBase::Init: InitColorModes failed for display = 0
01-01 10:30:42.663   736   736 I SDM     : HWCDisplay::Init: Display created with id: 0
01-01 10:30:42.663   736   736 W SDM     : HWCDisplay::PopulateColorModes: GetColorModeCount failed, use native color mode
01-01 10:30:42.663   736   736 I SDM     : DisplayBase::SetFrameBufferConfig: New framebuffer resolution (720x1280)
01-01 10:30:42.663   727   727 D sound_trigger_hw: stdev_open: Enter
01-01 10:30:42.669     0     0 E mdss_dp_notify_clients: Invalid request NOTIFY_UNKNOWN --> NOTIFY_DISCONNECT
01-01 10:30:42.671   748   748 D LocSvc_LBSProxy: checkIfLocationExtendedClientExists] File Exists
01-01 10:30:42.672   748   748 I ServiceManagement: Removing namespace from process name vendor.qti.gnss@2.0-service to gnss@2.0-service.
01-01 10:30:42.673   748   748 I LocSvc_HIDL_vendor.qti.gnss@2.0-service: Registration complete for vendor.qti.gnss@2.0::ILocHidlGnss/gnss_vendor.
01-01 10:30:42.688   727   727 D sound_trigger_hw: load_audio_hal: ahal is using proprietary API version 0x0100
01-01 10:30:42.689   727   727 I sound_trigger_platform: platform_stdev_init: Enter
01-01 10:30:42.693     0     0 I ueventd : firmware: loading 'a530_pm4.fw' for '/devices/soc/5000000.qcom,kgsl-3d0/kgsl/kgsl-3d0/a530_pm4.fw'
01-01 10:30:42.694   727   727 W sound_trigger_platform: load_smlib: generate_sound_trigger_phrase_recognition_event_v3 not found. undefined symbol: generate_sound_trigger_phrase_recognition_event_v3
01-01 10:30:42.697     0     0 I ueventd : loading /devices/soc/5000000.qcom,kgsl-3d0/kgsl/kgsl-3d0/a530_pm4.fw took 3ms
01-01 10:30:42.697     0     0 I ueventd : firmware: loading 'a530_pfp.fw' for '/devices/soc/5000000.qcom,kgsl-3d0/kgsl/kgsl-3d0/a530_pfp.fw'
01-01 10:30:42.700     0     0 I ueventd : loading /devices/soc/5000000.qcom,kgsl-3d0/kgsl/kgsl-3d0/a530_pfp.fw took 2ms
01-01 10:30:42.712     0     0 I ueventd : firmware: loading 'a512_zap.mdt' for '/devices/soc/soc:qcom,kgsl-hyp/firmware/a512_zap.mdt'
01-01 10:30:42.714     0     0 I ueventd : loading /devices/soc/soc:qcom,kgsl-hyp/firmware/a512_zap.mdt took 1ms
01-01 10:30:42.716     0     0 I subsys-pil-tz soc: qcom,kgsl-hyp: a512_zap: loading from 0x00000000f5c00000 to 0x00000000f5c02000
01-01 10:30:42.722   767   767 I ConfigStore: android::hardware::configstore::V1_0::ISurfaceFlingerConfigs::startGraphicsAllocatorService retrieved: 0
01-01 10:30:42.723   767   767 I SurfaceFlinger: Using HWComposer service: 'default'
01-01 10:30:42.723   767   767 I SurfaceFlinger: SurfaceFlinger is starting
01-01 10:30:42.724   767   767 I ConfigStore: android::hardware::configstore::V1_0::ISurfaceFlingerConfigs::vsyncEventPhaseOffsetNs retrieved: 1000000 (default)
01-01 10:30:42.724   767   767 I ConfigStore: android::hardware::configstore::V1_0::ISurfaceFlingerConfigs::vsyncSfEventPhaseOffsetNs retrieved: 1000000 (default)
01-01 10:30:42.725   767   767 I ConfigStore: android::hardware::configstore::V1_0::ISurfaceFlingerConfigs::hasSyncFramework retrieved: 1
01-01 10:30:42.725   767   767 I ConfigStore: android::hardware::configstore::V1_0::ISurfaceFlingerConfigs::presentTimeOffsetFromVSyncNs retrieved: 0
01-01 10:30:42.725   767   767 I ConfigStore: android::hardware::configstore::V1_0::ISurfaceFlingerConfigs::useHwcForRGBtoYUV retrieved: 1
01-01 10:30:42.725   767   767 I ConfigStore: android::hardware::configstore::V1_0::ISurfaceFlingerConfigs::maxVirtualDisplaySize retrieved: 4096
01-01 10:30:42.725   767   767 I ConfigStore: android::hardware::configstore::V1_0::ISurfaceFlingerConfigs::useVrFlinger retrieved: 0 (default)
01-01 10:30:42.725   767   767 I ConfigStore: android::hardware::configstore::V1_0::ISurfaceFlingerConfigs::maxFrameBufferAcquiredBuffers retrieved: 3
01-01 10:30:42.725   767   767 I ConfigStore: android::hardware::configstore::V1_0::ISurfaceFlingerConfigs::hasWideColorDisplay retrieved: 0
01-01 10:30:42.726   767   767 I ConfigStore: android::hardware::configstore::V1_1::ISurfaceFlingerConfigs::primaryDisplayOrientation retrieved: ORIENTATION_0 (default)
01-01 10:30:42.726   736   736 I SDM     : HWCDisplay::SetFrameBufferResolution: New framebuffer resolution (720x1280)
01-01 10:30:42.726   767   767 I SurfaceFlinger: Disabling Triple Buffering
01-01 10:30:42.727   767   767 I SurfaceFlinger: Treble testing override: 'false'
01-01 10:30:42.727   594   594 W hwservicemanager: getTransport: Cannot find entry vendor.display.config@1.2::IDisplayConfig/default in either framework or device manifest.
01-01 10:30:42.727   736   736 I SDM     : HWCColorManager::CreateColorManager: Successfully loaded libsdm-disp-vndapis.so
01-01 10:30:42.727   767   767 I SurfaceFlinger: SurfaceFlinger's main thread ready to run. Initializing graphics H/W...
