06-17 08:37:56.232  1595  1640 I dvm_lock_sample: [system_server,0,android.bg,191,ActivityManagerService.java,20986,android.content.Intent com.android.server.am.ActivityManagerService.registerReceiver(android.app.IApplicationThread, java.lang.String, android.content.IIntentReceiver, android.content.IntentFilter, java.lang.String, int, int),-,15410,void com.android.server.am.ActivityManagerService.systemReady(java.lang.Runnable, android.util.TimingsTraceLog),38]
06-17 08:37:56.233  1997  2120 D AdapterProperties: Name is: QCOM-BTD
06-17 08:37:56.234  1595  1595 W Looper  : Slow delivery took 75303ms main h=android.os.Handler c=com.android.server.-$$Lambda$BatteryService$2x73lvpB0jctMSVP4qb9sHAqRPw@e2528d0 m=0
06-17 08:37:56.234  1595  1643 W Looper  : Slow dispatch took 228ms android.ui h=com.android.server.am.ActivityManagerService$UiHandler c=null m=53
06-17 08:37:56.235  2032  2032 W AlarmManager: Unrecognized alarm listener com.android.systemui.keyguard.-$$Lambda$KeyguardSliceProvider$IhzByd8TsqFuOrSyuGurVskyPLo@4c26e10
06-17 08:37:56.235  1595  2142 I ActivityManager: Process WebViewLoader-arm64-v8a (pid 2073) has died: psvc PER 
06-17 08:37:56.235  1595  2142 I am_proc_died: [0,2073,WebViewLoader-arm64-v8a,-700,0]
06-17 08:37:56.236  1595  1645 W libprocessgroup: kill(-2073, 9) failed: No such process
06-17 08:37:56.236  1595  1645 I libprocessgroup: Successfully killed process cgroup uid 1037 pid 2073 in 0ms
06-17 08:37:56.236  1595  2142 I am_uid_stopped: 1037
06-17 08:37:56.236  1595  1644 W ActivityManager: Slow operation: 230ms so far, now at startProcess: returned from zygote!
06-17 08:37:56.237  1595  2142 I am_low_memory: 7
06-17 08:37:56.238  1595  1642 I am_wtf  : [0,1595,system_server,-1,SystemServerTiming,SystemServer init took too long. uptimeMillis=95680]
06-17 08:37:56.238  1997  1997 I BluetoothAdapterService: Phone policy enabled
06-17 08:37:56.240  1595  1595 D ConditionProviders.SCP: onConnected
06-17 08:37:56.240  1595  1595 D ZenLog  : set_zen_mode: off,readXml
06-17 08:37:56.240  1595  1644 W ActivityManager: Slow operation: 235ms so far, now at startProcess: done updating battery stats
06-17 08:37:56.240  1595  1644 I am_proc_start: [0,2159,1000,.dataservices,added application,.dataservices]
06-17 08:37:56.240  1595  1644 W ActivityManager: Slow operation: 235ms so far, now at startProcess: building log message
06-17 08:37:56.240  1595  1644 I ActivityManager: Start proc 2159:.dataservices/1000 for added application .dataservices
06-17 08:37:56.240  1595  1644 W ActivityManager: Slow operation: 235ms so far, now at startProcess: starting to update pids map
06-17 08:37:56.241  1595  1644 W ActivityManager: Slow operation: 235ms so far, now at startProcess: done updating pids map
06-17 08:37:56.241  1595  1595 D ConditionProviders: Subscribing to condition://android/event?userId=-10000&calendar=&reply=1 with ComponentInfo{android/com.android.server.notification.EventConditionProvider}
06-17 08:37:56.241  1595  1644 W ActivityManager: Slow operation: 235ms so far, now at startProcess: asking zygote to start proc
06-17 08:37:56.241  1595  1595 D ZenLog  : subscribe: condition://android/event?userId=-10000&calendar=&reply=1,ok
06-17 08:37:56.241  1997  1997 D BluetoothBondStateMachine: make
06-17 08:37:56.241  1595  1595 D ConditionProviders: Subscribing to condition://android/schedule?days=1.2.3.4.5.6.7&start=22.0&end=7.0&exitAtAlarm=true with ComponentInfo{android/com.android.server.notification.ScheduleConditionProvider}
06-17 08:37:56.241  1595  1595 D ZenLog  : subscribe: condition://android/schedule?days=1.2.3.4.5.6.7&start=22.0&end=7.0&exitAtAlarm=true,ok
06-17 08:37:56.243  1595  1640 I GnssLocationProvider: WakeLock released by handleMessage(INITIALIZE_HANDLER, 0, null)
06-17 08:37:56.244   748   748 I LocSvc_GnssInterface: ===> setCallback_1_1 line 371 
06-17 08:37:56.244  1997  2165 I BluetoothBondStateMachine: StableState(): Entering Off State
06-17 08:37:56.244  1595  1640 D GnssLocationProvider: gnssNameCb: name=qcom;MPSS.AT.3.1-00773-SDM660_GEN_PACK-1;
06-17 08:37:56.244  1997  1997 D BluetoothActiveDeviceManager: start()
06-17 08:37:56.244   748   748 I LocSvc_GnssInterface: ===> setCallback line 155 
06-17 08:37:56.245   748  2109 I LocSvc_api_v02: ---> locClientSendReq line 2154 QMI_LOC_REG_EVENTS_REQ_V02
06-17 08:37:56.245   748   748 I LocSvc_APIClientBase: locAPIEnable:112] start new session: 11
06-17 08:37:56.245  1595  1640 D GnssLocationProvider: gnssSetCapabilitesCb: 99u
06-17 08:37:56.245  1595  1640 D GnssLocationProvider: gnssSetSystemInfoCb: yearOfHw=2017
06-17 08:37:56.245  1595  1640 E GnssLocationProvider: Unable to initialize GNSS Xtra interface
06-17 08:37:56.245   748   748 I LocSvc_GnssAdapter: GnssAdapter::initAgpsCommand
06-17 08:37:56.245   748   748 E GnssHal_GnssGeofencing: setCallback]: mApi is NOT nullptr
06-17 08:37:56.245   748   748 I LocSvc_GnssInterface: ===> setGnssNiCb line 174 
06-17 08:37:56.248  1595  1595 I commit_sys_config_file: [notification-policy,7]
06-17 08:37:56.249   748   748 I LocSvc_GnssInterface: ===> updateConfiguration line 184 
06-17 08:37:56.250  1595  1640 I GnssLocationProvider: WakeLock released by handleMessage(ENABLE, 1, null)
06-17 08:37:56.250  1997  1997 D BluetoothAdapterService: setAdapterService() - trying to set service to com.android.bluetooth.btservice.AdapterService@b7faa63
06-17 08:37:56.250  1997  2172 D BluetoothActiveDeviceManager: onAudioDevicesAdded
06-17 08:37:56.250  1595  1640 I GnssLocationProvider: restartRequests
06-17 08:37:56.250  1997  1997 I bt_btif : get_profile_interface: id = vendor
06-17 08:37:56.250  1997  1997 I bt_btif_vendor: init
06-17 08:37:56.250  1997  1997 I bt_btif_vendor: init done
06-17 08:37:56.250  1997  1997 D BluetoothVendorService: Qti Stack enabled status: true
06-17 08:37:56.250  1997  1997 I bt_btif : get_profile_interface: id = vendorSocket
06-17 08:37:56.251  1595  1640 W LocationProviderProxy-network: Odd, no component found for service com.android.location.service.v3.NetworkLocationProvider
06-17 08:37:56.252   748   748 I LocSvc_GnssConfigurationInterface: ===> setBlacklist line 227 
06-17 08:37:56.252  1595  1640 I GnssLocationProvider: restartRequests
01-01 10:32:03.684     0     0 I subsys-pil-tz cce0000.qcom,venus: venus: loading from 0x000000009f800000 to 0x000000009fd00000
06-17 08:37:56.258  1595  1644 W ActivityManager: Slow operation: 252ms so far, now at startProcess: returned from zygote!
06-17 08:37:56.261   748  2109 D PerMgrLib: GPS voting for modem
06-17 08:37:56.261   762   812 D PerMgrSrv: GPS voting for modem
06-17 08:37:56.261   762   812 D PerMgrSrv: modem num voters is 5
06-17 08:37:56.261   748  2109 I LocSvc_api_v02: ---> locClientSendReq line 2154 QMI_LOC_SET_ENGINE_LOCK_REQ_V02
06-17 08:37:56.263   748  2115 I LocSvc_ApiV02: <--- globalRespCb line 151 QMI_LOC_SET_ENGINE_LOCK_REQ_V02
06-17 08:37:56.264   748  2109 E LocSvc_APIClientBase: onCtrlCollectiveResponseCb:189] ERROR: 3 ID: 12
06-17 08:37:56.264   748  2109 I LocSvc_api_v02: ---> locClientSendReq line 2154 QMI_LOC_REG_EVENTS_REQ_V02
06-17 08:37:56.264  1211  1237 I LocSvc_api_v02: ---> locClientSendReq line 2154 QMI_LOC_SET_XTRA_VERSION_CHECK_REQ_V02
06-17 08:37:56.265  1211  1255 I LocSvc_ApiV02: <--- globalRespCb line 151 QMI_LOC_SET_XTRA_VERSION_CHECK_REQ_V02
06-17 08:37:56.265  1211  1237 I LocSvc_api_v02: ---> locClientSendReq line 2154 QMI_LOC_QUERY_XTRA_INFO_REQ_V02
06-17 08:37:56.265  1211  1255 E QMI_FW  : QCCI qmi_cci_xport_recv: txn not found. svc_id: 16
06-17 08:37:56.265  1211  1237 I LocSvc_api_v02: ---> locClientSendReq line 2154 QMI_LOC_GET_PREDICTED_ORBITS_DATA_SOURCE_REQ_V02
06-17 08:37:56.266  1211  1255 I LocSvc_ApiV02: <--- globalRespCb line 151 QMI_LOC_GET_PREDICTED_ORBITS_DATA_SOURCE_REQ_V02
06-17 08:37:56.267  1595  1642 I dvm_lock_sample: [system_server,1,ActivityManager,20,WindowManagerService.java,6816,void com.android.server.wm.WindowManagerService.onDisplayChanged(int),WindowSurfacePlacer.java,117,void com.android.server.wm.WindowSurfacePlacer.lambda$new$0(com.android.server.wm.WindowSurfacePlacer),4]
06-17 08:37:56.268  1595  2124 I am_proc_bound: [0,2159,.dataservices]
06-17 08:37:56.268  1595  2124 D CompatibilityInfo: mCompatibilityFlags - 0
06-17 08:37:56.268  1595  2124 D CompatibilityInfo: applicationDensity - 320
06-17 08:37:56.268  1595  2124 D CompatibilityInfo: applicationScale - 1.0
06-17 08:37:56.271  1595  1644 W ActivityManager: Slow operation: 265ms so far, now at startProcess: done updating battery stats
06-17 08:37:56.271  1595  1644 I am_proc_start: [0,2180,1001,com.qualcomm.qti.telephonyservice,added application,com.qualcomm.qti.telephonyservice]
06-17 08:37:56.271  1595  1644 W ActivityManager: Slow operation: 265ms so far, now at startProcess: building log message
06-17 08:37:56.271  1595  1644 I ActivityManager: Start proc 2180:com.qualcomm.qti.telephonyservice/1001 for added application com.qualcomm.qti.telephonyservice
06-17 08:37:56.271  1595  1644 W ActivityManager: Slow operation: 265ms so far, now at startProcess: starting to update pids map
06-17 08:37:56.271  1595  1644 W ActivityManager: Slow operation: 265ms so far, now at startProcess: done updating pids map
06-17 08:37:56.273  1595  1644 W ActivityManager: Slow operation: 266ms so far, now at startProcess: asking zygote to start proc
06-17 08:37:56.274  1997  1997 I AdapterProperties: overwriting mMaxConnectedAudioDevices to 2 for vendor stack
06-17 08:37:56.274  1997  1997 I AdapterProperties: init(), maxConnectedAudioDevices, default=5, propertyOverlayed=5, finalValue=2
06-17 08:37:56.275  1997  1997 D BluetoothAdapterService: onBind()
06-17 08:37:56.277   736   736 D SDM     : DisplayBase::BuildLayerStackStats: LayerStack layer_count: 2, app_layer_count: 1, gpu_target_index: 1, display type: 0
06-17 08:37:56.280  1595  1595 D ZenLog  : set_zen_mode: off,cleanUpZenRules
06-17 08:37:56.280  1595  1921 I WifiScanningService: wifi driver unloaded
06-17 08:37:56.281  1595  1595 V SettingsProvider: Notifying for 0: content://settings/secure/location_providers_allowed
06-17 08:37:56.281  1595  2012 I am_proc_bound: [0,2180,com.qualcomm.qti.telephonyservice]
06-17 08:37:56.280  1595  1921 I WifiScanningService: wifi driver unloaded
06-17 08:37:56.281  1595  2012 D CompatibilityInfo: mCompatibilityFlags - 0
06-17 08:37:56.281  1595  2012 D CompatibilityInfo: applicationDensity - 320
06-17 08:37:56.281  1595  2012 D CompatibilityInfo: applicationScale - 1.0
06-17 08:37:56.283  1595  2012 I am_uid_active: 1001
01-01 10:32:03.726     0     0 I subsys-pil-tz cce0000.qcom,venus: venus: Brought out of reset
06-17 08:37:56.284  1595  1595 V SettingsProvider: Notifying for 0: content://settings/global/location_global_kill_switch
06-17 08:37:56.284  1595  1644 W ActivityManager: Slow operation: 277ms so far, now at startProcess: returned from zygote!
06-17 08:37:56.284  1595  1644 W ActivityManager: Slow operation: 278ms so far, now at startProcess: done updating battery stats
06-17 08:37:56.285  1595  1644 I am_proc_start: [0,2194,1001,com.android.phone,added application,com.android.phone]
06-17 08:37:56.285  1595  1644 W ActivityManager: Slow operation: 278ms so far, now at startProcess: building log message
06-17 08:37:56.285  1595  1644 I ActivityManager: Start proc 2194:com.android.phone/1001 for added application com.android.phone
06-17 08:37:56.285  1595  1644 W ActivityManager: Slow operation: 278ms so far, now at startProcess: starting to update pids map
06-17 08:37:56.285  1595  1644 W ActivityManager: Slow operation: 279ms so far, now at startProcess: done updating pids map
06-17 08:37:56.286  1595  1644 W ActivityManager: Slow operation: 104ms so far, now at startProcess: asking zygote to start proc
06-17 08:37:56.286  2015  2015 W InputAttributes: No editor info for this field. Bug?
06-17 08:37:56.286  2159  2159 I .dataservices: The ClassLoaderContext is a special shared library.
06-17 08:37:56.293   736   736 D SDM     : DisplayBase::BuildLayerStackStats: LayerStack layer_count: 2, app_layer_count: 1, gpu_target_index: 1, display type: 0
06-17 08:37:56.300  2015  2203 I LatinIME:LogUtils: Dictionary info: dictionary = UserHistoryDictionary.en_US ; version = 1560760676 ; date = ?
06-17 08:37:56.301  2015  2203 I LatinIME:LogUtils: Dictionary info: dictionary = userunigram.en_US ; version = 1560760676 ; date = ?
06-17 08:37:56.302  2180  2180 I elephonyservic: The ClassLoaderContext is a special shared library.
06-17 08:37:56.303  2015  2203 E ActivityThread: Failed to find provider info for user_dictionary
06-17 08:37:56.305  1595  2012 I am_proc_bound: [0,2194,com.android.phone]
06-17 08:37:56.306  1595  2012 D CompatibilityInfo: mCompatibilityFlags - 0
06-17 08:37:56.306  1595  2012 D CompatibilityInfo: applicationDensity - 320
06-17 08:37:56.306  1595  2012 D CompatibilityInfo: applicationScale - 1.0
06-17 08:37:56.306  1595  1595 I system_server: The ClassLoaderContext is a special shared library.
06-17 08:37:56.307  1107  1107 I OMX-VDEC-1080P: component_init: OMX.qcom.video.decoder.avc : fd=20
06-17 08:37:56.312  2159  2159 I Perf    : Connecting to perf service.
06-17 08:37:56.314  2180  2180 I elephonyservic: The ClassLoaderContext is a special shared library.
06-17 08:37:56.314  1107  1107 I OMX-VDEC-1080P: omx_vdec::component_init() success : fd=20
06-17 08:37:56.319  1107  1107 E OMXNodeInstance: getParameter(0xe96f12c4:qcom.decoder.avc, ??(0x7f000044)) ERROR: UnsupportedSetting(0x80001019)
06-17 08:37:56.320  2159  2159 D CNEServiceApp: start cne
06-17 08:37:56.320  1107  1107 E OMXNodeInstance: getParameter(0xe96f12c4:qcom.decoder.avc, ??(0x7f000044)) ERROR: UnsupportedSetting(0x80001019)
06-17 08:37:56.322  1107  1107 E OMXNodeInstance: getExtensionIndex(0xe96f12c4:qcom.decoder.avc, OMX.google.android.index.configureVideoTunnelMode) ERROR: NotImplemented(0x80001006)
06-17 08:37:56.322  1595  1644 W ActivityManager: Slow operation: 140ms so far, now at startProcess: returned from zygote!
06-17 08:37:56.322  1107  1107 E OMX-VDEC-1080P: Enable/Disable allocate-native-handle allowed only on input port!
06-17 08:37:56.322  1107  1107 E OMX-VDEC-1080P: set_parameter: Error: 0x80001019, setting param 0x7f00005d
06-17 08:37:56.322  1107  1107 E OMXNodeInstance: setParameter(0xe96f12c4:qcom.decoder.avc, OMX.google.android.index.allocateNativeHandle(0x7f00005d): Output:1 en=0) ERROR: UnsupportedSetting(0x80001019)
06-17 08:37:56.322  1107  1107 I OMX-VDEC-1080P: omx_vdec::component_deinit() complete
06-17 08:37:56.322  1595  1644 W ActivityManager: Slow operation: 140ms so far, now at startProcess: done updating battery stats
06-17 08:37:56.322  1595  1644 I am_proc_start: [0,2212,1000,com.android.settings,activity,com.android.settings/.FallbackHome]
06-17 08:37:56.322  1595  1644 W ActivityManager: Slow operation: 140ms so far, now at startProcess: building log message
06-17 08:37:56.322  1595  1644 I ActivityManager: Start proc 2212:com.android.settings/1000 for activity com.android.settings/.FallbackHome
06-17 08:37:56.322  1595  1644 W ActivityManager: Slow operation: 140ms so far, now at startProcess: starting to update pids map
06-17 08:37:56.322  1595  1644 W ActivityManager: Slow operation: 140ms so far, now at startProcess: done updating pids map
06-17 08:37:56.323  2032  2032 V SystemUIService: Starting SystemUI services for user 0.
06-17 08:37:56.323  2159  2159 I QCNEJ   : |CORE| phoneCount: 2
06-17 08:37:56.324  1107  1107 I OMX-VDEC-1080P: Exit OMX vdec Destructor: fd=20
06-17 08:37:56.325  1107  1107 I OMX-VDEC-1080P: Video slvp perflock released
06-17 08:37:56.325  2032  2032 D SystemUIBootTiming: StartServicescom.android.systemui.Dependency took to complete: 2ms
06-17 08:37:56.325   594   594 I snet_event_log: [121035042,-1,]
06-17 08:37:56.326  2159  2159 I android_os_HwBinder: HwBinder: Starting thread pool for default::android.hidl.manager@1.0::IServiceManager
06-17 08:37:56.328  1075  1204 I OMXClient: IOmx service obtained
06-17 08:37:56.328  1107  1189 I OMXMaster: makeComponentInstance(OMX.qcom.video.decoder.avc.secure) in omx@1.0-service process
06-17 08:37:56.329  2159  2224 I QCNEJ   : |CORE| registerSettingsObserver: getSubId for phone 0 returned Invalid sub
06-17 08:37:56.329  2159  2224 I QCNEJ   : |CORE| registerSettingsObserver: getSubId for phone 1 returned Invalid sub
06-17 08:37:56.329  1595  2142 D TelephonyRegistry: listen oscl: hasNotifySubscriptionInfoChangedOccurred==false no callback
06-17 08:37:56.330  2159  2159 E QCNEJ   : |CORE| Feature WQE is not enabled
06-17 08:37:56.332  1595  2012 D ConnectivityService: requestNetwork for uid/pid:1000/2159 NetworkRequest [ TRACK_DEFAULT id=10, [ Capabilities: INTERNET&NOT_RESTRICTED&TRUSTED Unwanted:  Uid: 1000] ]
06-17 08:37:56.332  1595  1990 D Ethernet: got request NetworkRequest [ TRACK_DEFAULT id=10, [ Capabilities: INTERNET&NOT_RESTRICTED&TRUSTED Unwanted:  Uid: 1000] ] with score 0
06-17 08:37:56.332  2032  2032 D SystemUIBootTiming: StartServicescom.android.systemui.util.NotificationChannels took to complete: 7ms
06-17 08:37:56.332  2159  2159 D CNEServiceApp: broadcast cne started
06-17 08:37:56.333  2032  2032 D SystemUIBootTiming: StartServicescom.android.systemui.statusbar.CommandQueue$CommandQueueStart took to complete: 1ms
06-17 08:37:56.333  2159  2221 I android_os_HwBinder: HwBinder: Starting thread pool for default::vendor.qti.data.factory@1.0::IFactory
06-17 08:37:56.334  2194  2194 I m.android.phon: The ClassLoaderContext is a special shared library.
06-17 08:37:56.335  1107  1189 E         : Service not available yet
01-01 10:32:03.769     0     0 I msm_vidc: info: Closed video instance: 0000000000000000
06-17 08:37:56.336  2159  2221 I QCNEJ   : |CORE| set wifi state to 1
06-17 08:37:56.340  2180  2180 I Perf    : Connecting to perf service.
06-17 08:37:56.341  2159  2221 W QCNEJ   : |CORE| Phone id invalid or Service State available
06-17 08:37:56.343  2159  2221 E QCNEJ   : |QCNEJ/CndHalConnector| Failed to parse input for notifyDefaultNetworkChanged: java.lang.IllegalArgumentException: Unknown RatType:17
06-17 08:37:56.344  2159  2221 W QCNEJ   : |CORE| notifyDefaultNetworkChanged failed
06-17 08:37:56.344  1107  1189 I OMX-VDEC-1080P: Video slvp perflock acquired
06-17 08:37:56.344  2032  2032 V MediaRouter: Adding route: RouteInfo{ name=Phone, description=null, status=null, category=RouteCategory{ name=System types=ROUTE_TYPE_LIVE_AUDIO ROUTE_TYPE_LIVE_VIDEO  groupable=false }, supportedTypes=ROUTE_TYPE_LIVE_AUDIO ROUTE_TYPE_LIVE_VIDEO , presentationDisplay=null }
01-01 10:32:03.789     0     0 I msm_vidc: info: Opening video instance: 0000000000000000, 1
06-17 08:37:56.345  1107  1189 I OMX-VDEC-1080P: component_init: OMX.qcom.video.decoder.avc : fd=20
06-17 08:37:56.347  2032  2032 V MediaRouter: Selecting route: RouteInfo{ name=Phone, description=null, status=null, category=RouteCategory{ name=System types=ROUTE_TYPE_LIVE_AUDIO ROUTE_TYPE_LIVE_VIDEO  groupable=false }, supportedTypes=ROUTE_TYPE_LIVE_AUDIO ROUTE_TYPE_LIVE_VIDEO , presentationDisplay=null }
06-17 08:37:56.349  2015  2203 I LatinIME:LogUtils: Dictionary info: dictionary = main:en ; version = 54 ; date = 1414726273
06-17 08:37:56.351  1107  1189 I OMX-VDEC-1080P: omx_vdec::component_init() success : fd=20
06-17 08:37:56.353  1107  1189 E OMXNodeInstance: getParameter(0xe966cb84:qcom.decoder.avc.secure, ??(0x7f000044)) ERROR: UnsupportedSetting(0x80001019)
06-17 08:37:56.354  1595  2124 D TelephonyRegistry: listen oscl: hasNotifySubscriptionInfoChangedOccurred==false no callback
06-17 08:37:56.353  1107  1189 E OMXNodeInstance: getParameter(0xe966cb84:qcom.decoder.avc.secure, ??(0x7f000044)) ERROR: UnsupportedSetting(0x80001019)
06-17 08:37:56.354  1107  1189 E OMXNodeInstance: getExtensionIndex(0xe966cb84:qcom.decoder.avc.secure, OMX.google.android.index.configureVideoTunnelMode) ERROR: NotImplemented(0x80001006)
06-17 08:37:56.354  1107  1189 E OMX-VDEC-1080P: Enable/Disable allocate-native-handle allowed only on input port!
06-17 08:37:56.354  1107  1189 E OMX-VDEC-1080P: set_parameter: Error: 0x80001019, setting param 0x7f00005d
06-17 08:37:56.354  1107  1189 E OMXNodeInstance: setParameter(0xe966cb84:qcom.decoder.avc.secure, OMX.google.android.index.allocateNativeHandle(0x7f00005d): Output:1 en=0) ERROR: UnsupportedSetting(0x80001019)
06-17 08:37:56.354  1107  1189 I OMX-VDEC-1080P: omx_vdec::component_deinit() complete
06-17 08:37:56.356  1107  1189 I OMX-VDEC-1080P: Exit OMX vdec Destructor: fd=20
06-17 08:37:56.341   594   594 I chatty  : uid=1000(system) hwservicemanage identical 7 lines
06-17 08:37:56.343   594   594 I snet_event_log: [121035042,-1,]
06-17 08:37:56.356  1595  2124 I am_proc_bound: [0,2212,com.android.settings]
06-17 08:37:56.356  1107  1189 I OMX-VDEC-1080P: Video slvp perflock released
06-17 08:37:56.357  1595  2124 D CompatibilityInfo: mCompatibilityFlags - 0
06-17 08:37:56.357  1595  2124 D CompatibilityInfo: applicationDensity - 320
06-17 08:37:56.357  1595  2124 D CompatibilityInfo: applicationScale - 1.0
06-17 08:37:56.358   594   594 I snet_event_log: [121035042,-1,]
06-17 08:37:56.359  1075  1204 I OMXClient: IOmx service obtained
06-17 08:37:56.360  1107  1107 I OMXMaster: makeComponentInstance(OMX.google.h264.decoder) in omx@1.0-service process
06-17 08:37:56.360  2032  2032 V KeyguardUpdateMonitor: startListeningForFingerprint()
06-17 08:37:56.359   594   594 I snet_event_log: [121035042,-1,]
06-17 08:37:56.360  1595  2124 I am_restart_activity: [0,226526210,1,com.android.settings/.FallbackHome]
06-17 08:37:56.361  1595  2124 D CompatibilityInfo: mCompatibilityFlags - 0
06-17 08:37:56.361  1595  2124 D CompatibilityInfo: applicationDensity - 320
06-17 08:37:56.361  1595  2124 D CompatibilityInfo: applicationScale - 1.0
06-17 08:37:56.361  1595  2124 I am_set_resumed_activity: [0,com.android.settings/.FallbackHome,minimalResumeActivityLocked]
01-01 10:32:03.801     0     0 I msm_vidc: info: Closed video instance: 0000000000000000
06-17 08:37:56.367  1107  1107 E OMXNodeInstance: getExtensionIndex(0xec0283e0:google.h264.decoder, OMX.google.android.index.configureVideoTunnelMode) ERROR: UnsupportedIndex(0x8000101a)
06-17 08:37:56.367  1107  1107 E OMXNodeInstance: getExtensionIndex(0xec0283e0:google.h264.decoder, OMX.google.android.index.enableAndroidNativeBuffers) ERROR: UnsupportedIndex(0x8000101a)
06-17 08:37:56.368   594   594 I snet_event_log: [121035042,-1,]
06-17 08:37:56.370  1075  1204 I OMXClient: IOmx service obtained
06-17 08:37:56.370  1107  1189 I OMXMaster: makeComponentInstance(OMX.qcom.video.decoder.divx) in omx@1.0-service process
06-17 08:37:56.373  2212  2212 I ndroid.setting: The ClassLoaderContext is a special shared library.
06-17 08:37:56.376  2032  2032 V KeyguardUpdateMonitor: *** register callback for com.android.systemui.statusbar.phone.StatusBarKeyguardViewManager$2@e654ab0
06-17 08:37:56.376  2032  2032 V KeyguardUpdateMonitor: *** unregister callback for null
06-17 08:37:56.376  1107  1189 I OMX-VDEC-1080P: Video slvp perflock acquired
06-17 08:37:56.377  1107  1189 I OMX-VDEC-1080P: component_init: OMX.qcom.video.decoder.divx : fd=20
06-17 08:37:56.377   736   736 D SDM     : DisplayBase::BuildLayerStackStats: LayerStack layer_count: 2, app_layer_count: 1, gpu_target_index: 1, display type: 0
06-17 08:37:56.377  1107  1189 E OMX-VDEC-1080P: DIVX 5/6 Decoder selected
06-17 08:37:56.378  1595  2246 I Telecom : BluetoothRouteManager: getBluetoothAudioConnectedDevice: no headset service available.
01-01 10:32:03.822     0     0 I msm_vidc: info: Opening video instance: 0000000000000000, 1
06-17 08:37:56.379  2032  2032 W SoundPool: Use of stream types is deprecated for operations other than volume control
06-17 08:37:56.379  2032  2032 W SoundPool: See the documentation of SoundPool() for what to use instead with android.media.AudioAttributes to qualify your playback use case
06-17 08:37:56.380  1107  1189 I OMX-VDEC-1080P: omx_vdec::component_init() success : fd=20
06-17 08:37:56.381  1107  1189 E OMX-VDEC-1080P: get_parameter: OMX_IndexParamVideoProfileLevelQuerySupported ret NoMore for codec: OMX.qcom.video.decoder.divx
06-17 08:37:56.381  2032  2032 D SystemUIBootTiming: StartServicescom.android.systemui.keyguard.KeyguardViewMediator took to complete: 48ms
06-17 08:37:56.381  1107  1189 E OMXNodeInstance: getParameter(0xe966cb84:qcom.decoder.divx, ??(0x7f000044)) ERROR: UnsupportedSetting(0x80001019)
06-17 08:37:56.381  1595  1595 I Telecom : SystemStateProvider: Registering car mode receiver: android.content.IntentFilter@9e8a89c: TS.init@AAA
06-17 08:37:56.383  1107  1107 E OMXNodeInstance: getParameter(0xe966cb84:qcom.decoder.divx, ??(0x7f000044)) ERROR: UnsupportedSetting(0x80001019)
06-17 08:37:56.383  1107  1189 E OMXNodeInstance: getExtensionIndex(0xe966cb84:qcom.decoder.divx, OMX.google.android.index.configureVideoTunnelMode) ERROR: NotImplemented(0x80001006)
06-17 08:37:56.383  1107  1189 E OMX-VDEC-1080P: Enable/Disable allocate-native-handle allowed only on input port!
06-17 08:37:56.383  1107  1189 E OMX-VDEC-1080P: set_parameter: Error: 0x80001019, setting param 0x7f00005d
06-17 08:37:56.383  1107  1189 E OMXNodeInstance: setParameter(0xe966cb84:qcom.decoder.divx, OMX.google.android.index.allocateNativeHandle(0x7f00005d): Output:1 en=0) ERROR: UnsupportedSetting(0x80001019)
06-17 08:37:56.384  1107  1189 I OMX-VDEC-1080P: omx_vdec::component_deinit() complete
06-17 08:37:56.385  2032  2032 D OpenGLRenderer: Skia GL Pipeline
06-17 08:37:56.385  1107  1189 I OMX-VDEC-1080P: Exit OMX vdec Destructor: fd=20
06-17 08:37:56.385  1107  1189 I OMX-VDEC-1080P: Video slvp perflock released
01-01 10:32:03.830     0     0 I msm_vidc: info: Closed video instance: 0000000000000000
06-17 08:37:56.388  1075  1204 I OMXClient: IOmx service obtained
06-17 08:37:56.388  1107  1189 I OMXMaster: makeComponentInstance(OMX.qcom.video.decoder.divx311) in omx@1.0-service process
06-17 08:37:56.388  1070  1222 I MMParserExtractor: Created(0x7e1b2850e0)
06-17 08:37:56.390  1595  2253 I Telecom : Logging.Events: Non-call EVENT: AUDIO_ROUTE, Entering state QuiescentSpeakerRoute
06-17 08:37:56.390  1595  2253 I Telecom : BluetoothRouteManager: getBluetoothAudioConnectedDevice: no headset service available.
06-17 08:37:56.393  1107  1189 I OMX-VDEC-1080P: Video slvp perflock acquired
06-17 08:37:56.394  1107  1189 I OMX-VDEC-1080P: component_init: OMX.qcom.video.decoder.divx311 : fd=20
06-17 08:37:56.396  1595  2261 I Telecom : CallAudioModeStateMachine: Message received: null.: TS.init->CAMSM.pM_1@AAA
06-17 08:37:56.399  1595  1595 I Telecom : MissedCallNotifierImpl: reloadFromDatabase: Boot not yet complete -- call log db may not be available. Deferring loading until boot complete for user 0: TS.init@AAA
06-17 08:37:56.399  1107  1189 I OMX-VDEC-1080P: omx_vdec::component_init() success : fd=20
06-17 08:37:56.400  1107  1107 E OMX-VDEC-1080P: get_parameter: OMX_IndexParamVideoProfileLevelQuerySupported ret NoMore for codec: OMX.qcom.video.decoder.divx311
06-17 08:37:56.401  1107  1107 E OMXNodeInstance: getParameter(0xe966cb84:qcom.decoder.divx311, ??(0x7f000044)) ERROR: UnsupportedSetting(0x80001019)
06-17 08:37:56.402  2194  2194 I Perf    : Connecting to perf service.
06-17 08:37:56.402  1107  1107 E OMXNodeInstance: getParameter(0xe966cb84:qcom.decoder.divx311, ??(0x7f000044)) ERROR: UnsupportedSetting(0x80001019)
06-17 08:37:56.402  1107  1107 E OMXNodeInstance: getExtensionIndex(0xe966cb84:qcom.decoder.divx311, OMX.google.android.index.configureVideoTunnelMode) ERROR: NotImplemented(0x80001006)
06-17 08:37:56.402  1107  1107 E OMX-VDEC-1080P: Enable/Disable allocate-native-handle allowed only on input port!
06-17 08:37:56.402  1107  1107 E OMX-VDEC-1080P: set_parameter: Error: 0x80001019, setting param 0x7f00005d
06-17 08:37:56.402  1107  1107 E OMXNodeInstance: setParameter(0xe966cb84:qcom.decoder.divx311, OMX.google.android.index.allocateNativeHandle(0x7f00005d): Output:1 en=0) ERROR: UnsupportedSetting(0x80001019)
06-17 08:37:56.403  1107  1107 I OMX-VDEC-1080P: omx_vdec::component_deinit() complete
01-01 10:32:03.838     0     0 I msm_vidc: info: Opening video instance: 0000000000000000, 1
06-17 08:37:56.404  1107  1107 I OMX-VDEC-1080P: Exit OMX vdec Destructor: fd=20
06-17 08:37:56.404  1107  1107 I OMX-VDEC-1080P: Video slvp perflock released
06-17 08:37:56.407  1075  1204 I OMXClient: IOmx service obtained
06-17 08:37:56.408  1107  1107 I OMXMaster: makeComponentInstance(OMX.qcom.video.decoder.divx4) in omx@1.0-service process
01-01 10:32:03.849     0     0 I msm_vidc: info: Closed video instance: 0000000000000000
06-17 08:37:56.409  1595  2124 W ActivityManager: Unable to start service Intent { act=android.intent.action.QUICKSTEP_SERVICE pkg=com.android.launcher3 } U=0: not found
06-17 08:37:56.409  2032  2032 W OverviewProxyService: Failed to connect on attempt 1 will try again in 5000ms
06-17 08:37:56.409  1595  1595 D TelephonyRegistry: listen oscl: hasNotifySubscriptionInfoChangedOccurred==false no callback
06-17 08:37:56.414  1595  1595 I Telecom : Class: TelecomSystem.INSTANCE being set
06-17 08:37:56.415  1595  1595 W ContextImpl: Calling a method in the system process without a qualified user: android.app.ContextImpl.startService:1531 android.content.ContextWrapper.startService:664 com.android.server.telecom.components.TelecomService.initializeTelecomSystem:193 com.android.server.telecom.components.TelecomService.onBind:66 android.app.ActivityThread.handleBindService:3560 
06-17 08:37:56.415  1595  1595 D CompatibilityInfo: mCompatibilityFlags - 0
06-17 08:37:56.415  1595  1595 D CompatibilityInfo: applicationDensity - 320
06-17 08:37:56.415  1595  1595 D CompatibilityInfo: applicationScale - 1.0
06-17 08:37:56.416  1107  1107 I OMX-VDEC-1080P: Video slvp perflock acquired
06-17 08:37:56.417  1107  1107 I OMX-VDEC-1080P: component_init: OMX.qcom.video.decoder.divx4 : fd=20
06-17 08:37:56.417  1107  1107 E OMX-VDEC-1080P: DIVX 4 Decoder selected
06-17 08:37:56.417  1595  1595 W ContextImpl: Calling a method in the system process without a qualified user: android.app.ContextImpl.startService:1531 com.android.server.content.SyncManager$14.run:756 android.os.Handler.handleCallback:873 android.os.Handler.dispatchMessage:99 android.os.Looper.loop:193 
06-17 08:37:56.418  1595  1595 D CompatibilityInfo: mCompatibilityFlags - 0
06-17 08:37:56.418  1595  1595 D CompatibilityInfo: applicationDensity - 320
06-17 08:37:56.418  1595  1595 D CompatibilityInfo: applicationScale - 1.0
06-17 08:37:56.419  1067  1778 D installd: Found quota mount /dev/block/dm-0 at /data
06-17 08:37:56.419  1067  1778 D installd: Found storage mount /data/media at /mnt/runtime/default/emulated
06-17 08:37:56.420  1595  1595 V SettingsProvider: Notifying for 0: content://settings/global/boot_count
06-17 08:37:56.420  2212  2212 I Perf    : Connecting to perf service.
06-17 08:37:56.420  1107  1107 I OMX-VDEC-1080P: omx_vdec::component_init() success : fd=20
06-17 08:37:56.421  1107  1107 E OMX-VDEC-1080P: get_parameter: OMX_IndexParamVideoProfileLevelQuerySupported ret NoMore for codec: OMX.qcom.video.decoder.divx4
06-17 08:37:56.422  1107  1189 E OMXNodeInstance: getParameter(0xe966cb84:qcom.decoder.divx4, ??(0x7f000044)) ERROR: UnsupportedSetting(0x80001019)
06-17 08:37:56.422  1107  1189 E OMXNodeInstance: getParameter(0xe966cb84:qcom.decoder.divx4, ??(0x7f000044)) ERROR: UnsupportedSetting(0x80001019)
06-17 08:37:56.422  1107  1189 E OMXNodeInstance: getExtensionIndex(0xe966cb84:qcom.decoder.divx4, OMX.google.android.index.configureVideoTunnelMode) ERROR: NotImplemented(0x80001006)
06-17 08:37:56.422  1595  1595 I system_server: The ClassLoaderContext is a special shared library.
06-17 08:37:56.422  1107  1189 E OMX-VDEC-1080P: Enable/Disable allocate-native-handle allowed only on input port!
01-01 10:32:03.862     0     0 I msm_vidc: info: Opening video instance: 0000000000000000, 1
06-17 08:37:56.422  1107  1189 E OMX-VDEC-1080P: set_parameter: Error: 0x80001019, setting param 0x7f00005d
06-17 08:37:56.422  1107  1189 E OMXNodeInstance: setParameter(0xe966cb84:qcom.decoder.divx4, OMX.google.android.index.allocateNativeHandle(0x7f00005d): Output:1 en=0) ERROR: UnsupportedSetting(0x80001019)
06-17 08:37:56.423  1107  1189 I OMX-VDEC-1080P: omx_vdec::component_deinit() complete
06-17 08:37:56.425  1107  1189 I OMX-VDEC-1080P: Exit OMX vdec Destructor: fd=20
06-17 08:37:56.425  1107  1189 I OMX-VDEC-1080P: Video slvp perflock released
06-17 08:37:56.428  1075  1204 I OMXClient: IOmx service obtained
06-17 08:37:56.428  1107  1189 I OMXMaster: makeComponentInstance(OMX.qcom.video.decoder.h263) in omx@1.0-service process
06-17 08:37:56.433  1107  1189 I OMX-VDEC-1080P: Video slvp perflock acquired
01-01 10:32:03.870     0     0 I msm_vidc: info: Closed video instance: 0000000000000000
01-01 10:32:03.878     0     0 I msm_vidc: info: Opening video instance: 0000000000000000, 1
06-17 08:37:56.433  1107  1189 I OMX-VDEC-1080P: component_init: OMX.qcom.video.decoder.h263 : fd=20
06-17 08:37:56.435  1595  1595 I system_server: The ClassLoaderContext is a special shared library.
06-17 08:37:56.436  1107  1189 I OMX-VDEC-1080P: omx_vdec::component_init() success : fd=20
06-17 08:37:56.438  1107  1107 E OMXNodeInstance: getParameter(0xe966cb84:qcom.decoder.h263, ??(0x7f000044)) ERROR: UnsupportedSetting(0x80001019)
06-17 08:37:56.439  1107  1107 E OMXNodeInstance: getParameter(0xe966cb84:qcom.decoder.h263, ??(0x7f000044)) ERROR: UnsupportedSetting(0x80001019)
06-17 08:37:56.439  1107  1107 E OMXNodeInstance: getExtensionIndex(0xe966cb84:qcom.decoder.h263, OMX.google.android.index.configureVideoTunnelMode) ERROR: NotImplemented(0x80001006)
06-17 08:37:56.440  1107  1107 E OMX-VDEC-1080P: Enable/Disable allocate-native-handle allowed only on input port!
06-17 08:37:56.440  1107  1107 E OMX-VDEC-1080P: set_parameter: Error: 0x80001019, setting param 0x7f00005d
06-17 08:37:56.440  1107  1107 E OMXNodeInstance: setParameter(0xe966cb84:qcom.decoder.h263, OMX.google.android.index.allocateNativeHandle(0x7f00005d): Output:1 en=0) ERROR: UnsupportedSetting(0x80001019)
06-17 08:37:56.440  1107  1107 I OMX-VDEC-1080P: omx_vdec::component_deinit() complete
06-17 08:37:56.441  1107  1107 I OMX-VDEC-1080P: Exit OMX vdec Destructor: fd=20
06-17 08:37:56.442  1107  1107 I OMX-VDEC-1080P: Video slvp perflock released
01-01 10:32:03.886     0     0 I msm_vidc: info: Closed video instance: 0000000000000000
06-17 08:37:56.444  1075  1204 I OMXClient: IOmx service obtained
06-17 08:37:56.445  1107  1107 I OMXMaster: makeComponentInstance(OMX.google.h263.decoder) in omx@1.0-service process
06-17 08:37:56.445  2032  2032 D SystemUIBootTiming: StartServicescom.android.systemui.recents.Recents took to complete: 64ms
06-17 08:37:56.447  2032  2032 I vol.Events: writeEvent collection_started
06-17 08:37:56.449  1107  1107 E OMXNodeInstance: getExtensionIndex(0xec028440:google.h263.decoder, OMX.google.android.index.configureVideoTunnelMode) ERROR: UnsupportedIndex(0x8000101a)
06-17 08:37:56.449  1107  1107 E OMXNodeInstance: getExtensionIndex(0xec028440:google.h263.decoder, OMX.google.android.index.enableAndroidNativeBuffers) ERROR: UnsupportedIndex(0x8000101a)
06-17 08:37:56.452  1075  1204 I OMXClient: IOmx service obtained
06-17 08:37:56.452  1107  1189 I OMXMaster: makeComponentInstance(OMX.qcom.video.decoder.hevc) in omx@1.0-service process
06-17 08:37:56.450   594   594 I chatty  : uid=1000(system) hwservicemanage identical 18 lines
06-17 08:37:56.451   594   594 I snet_event_log: [121035042,-1,]
06-17 08:37:56.452  2032  2275 I sysui_action: [213,2]
06-17 08:37:56.453  2032  2275 I sysui_multi_action: [757,213,758,4,759,2]
06-17 08:37:56.453  2032  2275 I vol.Events: writeEvent external_ringer_mode_changed normal
06-17 08:37:56.454  2032  2275 I vol.Events: writeEvent internal_ringer_mode_changed normal
06-17 08:37:56.457  1595  1595 V WiredAccessoryManager: notifyWiredAccessoryChanged: when=0 bits= mask=54
06-17 08:37:56.457  1595  1595 V WiredAccessoryManager: newName=h2w newState=0 headsetState=0 prev headsetState=0
06-17 08:37:56.457  1595  1595 E WiredAccessoryManager: No state change.
06-17 08:37:56.457  1595  1595 V WiredAccessoryManager: init()
06-17 08:37:56.459   594   594 I snet_event_log: [121035042,-1,]
06-17 08:37:56.461  1107  1189 I OMX-VDEC-1080P: Video slvp perflock acquired
06-17 08:37:56.461  1107  1189 I OMX-VDEC-1080P: component_init: OMX.qcom.video.decoder.hevc : fd=20
01-01 10:32:03.906     0     0 I msm_vidc: info: Opening video instance: 0000000000000000, 1
06-17 08:37:56.465  1595  1595 V NotificationListeners: enabling notification listener for 0: ComponentInfo{com.android.launcher3/com.android.launcher3.notification.NotificationListener}
06-17 08:37:56.465  1595  1595 V NotificationListeners: binding: Intent { act=android.service.notification.NotificationListenerService cmp=com.android.launcher3/.notification.NotificationListener (has extras) }
06-17 08:37:56.465  1595  1595 W ActivityManager: Unable to start service Intent { act=android.service.notification.NotificationListenerService cmp=com.android.launcher3/.notification.NotificationListener } U=0: not found
06-17 08:37:56.465  1595  1595 W NotificationListeners: Unable to bind notification listener service: Intent { act=android.service.notification.NotificationListenerService cmp=com.android.launcher3/.notification.NotificationListener (has extras) }
06-17 08:37:56.465  1595  1595 V NotificationAssistants: enabling notification assistant for 0: ComponentInfo{android.ext.services/android.ext.services.notification.Assistant}
06-17 08:37:56.466  1595  1595 V NotificationAssistants: binding: Intent { act=android.service.notification.NotificationAssistantService cmp=android.ext.services/.notification.Assistant (has extras) }
06-17 08:37:56.468  1107  1189 I OMX-VDEC-1080P: omx_vdec::component_init() success : fd=20
06-17 08:37:56.469  1107  1189 E OMXNodeInstance: getParameter(0xe95e3744:qcom.decoder.hevc, ??(0x7f000044)) ERROR: UnsupportedSetting(0x80001019)
06-17 08:37:56.470  1107  1189 E OMXNodeInstance: getParameter(0xe95e3744:qcom.decoder.hevc, ??(0x7f000044)) ERROR: UnsupportedSetting(0x80001019)
06-17 08:37:56.474  1107  1107 E OMXNodeInstance: getExtensionIndex(0xe95e3744:qcom.decoder.hevc, OMX.google.android.index.configureVideoTunnelMode) ERROR: NotImplemented(0x80001006)
06-17 08:37:56.474  1107  1107 E OMX-VDEC-1080P: Enable/Disable allocate-native-handle allowed only on input port!
06-17 08:37:56.474  1107  1107 E OMX-VDEC-1080P: set_parameter: Error: 0x80001019, setting param 0x7f00005d
06-17 08:37:56.474  1107  1107 E OMXNodeInstance: setParameter(0xe95e3744:qcom.decoder.hevc, OMX.google.android.index.allocateNativeHandle(0x7f00005d): Output:1 en=0) ERROR: UnsupportedSetting(0x80001019)
06-17 08:37:56.474  1107  1107 I OMX-VDEC-1080P: omx_vdec::component_deinit() complete
06-17 08:37:56.474  2194  2194 D TelephonyProvider: dbh.onOpen: ok, queried table=siminfo
06-17 08:37:56.475  2194  2194 D TelephonyProvider: dbh.onOpen: ok, queried table=carriers
06-17 08:37:56.475  1595  1595 D BluetoothManagerService: Bluetooth Adapter name changed to QCOM-BTD
06-17 08:37:56.475  1595  1595 D BluetoothManagerService: Stored Bluetooth name: QCOM-BTD
06-17 08:37:56.476  1107  1107 I OMX-VDEC-1080P: Exit OMX vdec Destructor: fd=20
06-17 08:37:56.476   736   736 D SDM     : DisplayBase::BuildLayerStackStats: LayerStack layer_count: 2, app_layer_count: 1, gpu_target_index: 1, display type: 0
06-17 08:37:56.477  1595  1595 D ConditionProviders.SCP: onSubscribe condition://android/schedule?days=1.2.3.4.5.6.7&start=22.0&end=7.0&exitAtAlarm=true
06-17 08:37:56.477  1107  1107 I OMX-VDEC-1080P: Video slvp perflock released
06-17 08:37:56.477  1595  1595 D ConditionProviders.SCP: setRegistered true
06-17 08:37:56.477  1595  1656 D UsbDeviceManager: push notification:Charging this device via USB
06-17 08:37:56.460   594   594 I snet_event_log: [121035042,-1,]
06-17 08:37:56.477  2212  2212 I am_on_create_called: [0,com.android.settings.FallbackHome,performCreate]
06-17 08:37:56.478   594   594 I snet_event_log: [121035042,-1,]
06-17 08:37:56.479   594   594 I snet_event_log: [121035042,-1,]
06-17 08:37:56.480  2212  2212 I am_on_start_called: [0,com.android.settings.FallbackHome,handleStartActivity]
06-17 08:37:56.480  1075  1204 I OMXClient: IOmx service obtained
06-17 08:37:56.481  1107  1107 I OMXMaster: makeComponentInstance(OMX.qcom.video.decoder.hevc.secure) in omx@1.0-service process
06-17 08:37:56.481  2212  2212 I am_on_resume_called: [0,com.android.settings.FallbackHome,RESUME_ACTIVITY]
06-17 08:37:56.482  2212  2212 D OpenGLRenderer: Skia GL Pipeline
06-17 08:37:56.482  1595  1929 E ActivityThread: Failed to find provider info for com.android.calendar
01-01 10:32:03.921     0     0 I msm_vidc: info: Closed video instance: 0000000000000000
06-17 08:37:56.483  1595  1929 E ActivityThread: Failed to find provider info for com.android.calendar
06-17 08:37:56.484  1595  1595 D ConditionProviders.SCP: evaluateSubscriptionLocked cal=ScheduleCalendar[mDays={1, 2, 3, 4, 5, 6, 7}, mSchedule=ScheduleInfo{days=[1, 2, 3, 4, 5, 6, 7], startHour=22, startMinute=0, endHour=7, endMinute=0, exitAtAlarm=true, nextAlarm=Thu Jan 01 00:00:00 GMT 1970 (0)}], now=Mon Jun 17 08:37:56 GMT 2019 (1560760676477), nextUserAlarmTime=Thu Jan 01 00:00:00 GMT 1970 (0)
06-17 08:37:56.485  1595  1595 D ConditionProviders.SCP: notifyCondition condition://android/schedule?days=1.2.3.4.5.6.7&start=22.0&end=7.0&exitAtAlarm=true STATE_FALSE reason=!meetsSchedule
06-17 08:37:56.485   594   594 I snet_event_log: [121035042,-1,]
06-17 08:37:56.485  1595  1595 D ConditionProviders.SCP: Scheduling evaluate for Mon Jun 17 22:00:00 GMT 2019 (1560808800000), in +13h22m3s523ms, now=Mon Jun 17 08:37:56 GMT 2019 (1560760676477)
06-17 08:37:56.486  1595  1595 D BluetoothManagerService: BluetoothServiceConnection: com.android.bluetooth.btservice.AdapterService
06-17 08:37:56.486  1595  1657 D BluetoothManagerService: MESSAGE_BLUETOOTH_SERVICE_CONNECTED: 1
06-17 08:37:56.486  1107  1107 I OMX-VDEC-1080P: Video slvp perflock acquired
06-17 08:37:56.486  1107  1107 I OMX-VDEC-1080P: component_init: OMX.qcom.video.decoder.hevc : fd=20
06-17 08:37:56.485   594   594 I snet_event_log: [121035042,-1,]
06-17 08:37:56.487  1595  1595 I notification_cancel_all: [1000,1595,com.android.systemui,0,0,0,17,NULL]
06-17 08:37:56.487  1595  1657 D BluetoothManagerService: Broadcasting onBluetoothServiceUp() to 2 receivers.
06-17 08:37:56.487  1595  1657 D BluetoothAdapter: onBluetoothServiceUp: android.bluetooth.IBluetooth$Stub$Proxy@eb5c4dd
06-17 08:37:56.487  1997  2011 D BluetoothAdapter: onBluetoothServiceUp: com.android.bluetooth.btservice.AdapterService$AdapterServiceBinder@8cd079a
06-17 08:37:56.488  1997  2010 D BluetoothAdapterService: enable() - Enable called with quiet mode status =  false
06-17 08:37:56.488  1997  2099 I AdapterState: BLE_TURNING_ON : entered 
06-17 08:37:56.488  1997  2099 D AdapterProperties: Setting state to BLE_TURNING_ON
06-17 08:37:56.488  2194  2194 D CarrierIdProvider: onCreate
06-17 08:37:56.488  1997  2099 D BluetoothAdapterService: updateAdapterState() - Broadcasting state BLE_TURNING_ON to 1 receivers.
06-17 08:37:56.489  1595  1657 D BluetoothManagerService: MESSAGE_BLUETOOTH_STATE_CHANGE: OFF > BLE_TURNING_ON
06-17 08:37:56.489  1595  1657 D BluetoothManagerService: Sending BLE State Change: OFF > BLE_TURNING_ON
06-17 08:37:56.489  1997  2099 D BluetoothAdapterService: bleOnProcessStart()
06-17 08:37:56.490  1997  2099 D AdapterServiceConfig:  addAudioProfiles profileHeadsetService
06-17 08:37:56.490  1997  2099 I AdapterServiceConfig: addAudioProfiles isA2dpSink :false
06-17 08:37:56.490  1997  2099 V AdapterServiceConfig: Adding HeadsetService
06-17 08:37:56.490  1997  2099 D AdapterServiceConfig:  addAudioProfiles profileA2dpService
06-17 08:37:56.490  1997  2099 I AdapterServiceConfig: addAudioProfiles isA2dpSink :false
06-17 08:37:56.490  1997  2099 V AdapterServiceConfig: Adding A2dpService
06-17 08:37:56.490  1997  2099 D AdapterServiceConfig:  addAudioProfiles profileA2dpSinkService
06-17 08:37:56.490  1997  2099 I AdapterServiceConfig: addAudioProfiles isA2dpSink :false
06-17 08:37:56.490  1997  2099 I AdapterServiceConfig:  Profile A2dpSinkService Not added 
06-17 08:37:56.490  1997  2099 D AdapterServiceConfig:  addAudioProfiles profileHidHostService
06-17 08:37:56.490  1997  2099 I AdapterServiceConfig: addAudioProfiles isA2dpSink :false
06-17 08:37:56.490  1997  2099 V AdapterServiceConfig: Adding HidHostService
06-17 08:37:56.490  1997  2099 D AdapterServiceConfig:  addAudioProfiles profileHealthService
06-17 08:37:56.490  1997  2099 I AdapterServiceConfig: addAudioProfiles isA2dpSink :false
06-17 08:37:56.490  1997  2099 V AdapterServiceConfig: Adding HealthService
06-17 08:37:56.490  1997  2099 D AdapterServiceConfig:  addAudioProfiles profilePanService
06-17 08:37:56.490  1997  2099 I AdapterServiceConfig: addAudioProfiles isA2dpSink :false
06-17 08:37:56.491  1997  2099 V AdapterServiceConfig: Adding PanService
06-17 08:37:56.491  1997  2099 D AdapterServiceConfig:  addAudioProfiles profileGattService
06-17 08:37:56.491  1997  2099 I AdapterServiceConfig: addAudioProfiles isA2dpSink :false
06-17 08:37:56.491  1997  2099 V AdapterServiceConfig: Adding GattService
06-17 08:37:56.491  1997  2099 D AdapterServiceConfig:  addAudioProfiles profileBluetoothMapService
06-17 08:37:56.491  1997  2099 I AdapterServiceConfig: addAudioProfiles isA2dpSink :false
06-17 08:37:56.491  1997  2099 V AdapterServiceConfig: Adding BluetoothMapService
06-17 08:37:56.491  1997  2099 D AdapterServiceConfig:  addAudioProfiles profileAvrcpTargetService
06-17 08:37:56.491  1997  2099 I AdapterServiceConfig: addAudioProfiles isA2dpSink :false
06-17 08:37:56.491  1997  2099 V AdapterServiceConfig: Adding AvrcpTargetService
06-17 08:37:56.491  1997  2099 D AdapterServiceConfig:  addAudioProfiles profileAvrcpControllerService
06-17 08:37:56.491  1997  2099 I AdapterServiceConfig: addAudioProfiles isA2dpSink :false
06-17 08:37:56.491  1997  2099 V AdapterServiceConfig: Adding AvrcpControllerService
06-17 08:37:56.491  1997  2099 D AdapterServiceConfig:  addAudioProfiles profileSapService
06-17 08:37:56.491  1997  2099 I AdapterServiceConfig: addAudioProfiles isA2dpSink :false
06-17 08:37:56.491  1997  2099 V AdapterServiceConfig: Adding SapService
06-17 08:37:56.491  1997  2099 D AdapterServiceConfig:  addAudioProfiles profileBluetoothOppService
06-17 08:37:56.491  1997  2099 I AdapterServiceConfig: addAudioProfiles isA2dpSink :false
06-17 08:37:56.491  1997  2099 V AdapterServiceConfig: Adding BluetoothOppService
06-17 08:37:56.491  1997  2099 D AdapterServiceConfig:  addAudioProfiles profileBluetoothPbapService
06-17 08:37:56.491  1997  2099 I AdapterServiceConfig: addAudioProfiles isA2dpSink :false
06-17 08:37:56.491  1997  2099 V AdapterServiceConfig: Adding BluetoothPbapService
06-17 08:37:56.491  1997  2099 D AdapterServiceConfig:  addAudioProfiles profileBATService
06-17 08:37:56.491  1997  2099 I AdapterServiceConfig: addAudioProfiles isA2dpSink :false
06-17 08:37:56.491  1997  2099 D AdapterServiceConfig:  isBAEnabled = false isSplitEnabled true
06-17 08:37:56.491  1997  2099 I AdapterServiceConfig:  Profile BATService Not added 
06-17 08:37:56.491  1997  2099 D BluetoothAdapterService: BleOnProcessStart() - Make Bond State Machine
06-17 08:37:56.493  1107  1107 I OMX-VDEC-1080P: omx_vdec::component_init() success : fd=20
06-17 08:37:56.493  1595  2124 D CompatibilityInfo: mCompatibilityFlags - 0
06-17 08:37:56.493  1595  2124 D CompatibilityInfo: applicationDensity - 320
06-17 08:37:56.493  1595  2124 D CompatibilityInfo: applicationScale - 1.0
06-17 08:37:56.495  1107  1107 E OMXNodeInstance: getParameter(0xe95e3744:qcom.decoder.hevc.secure, ??(0x7f000044)) ERROR: UnsupportedSetting(0x80001019)
06-17 08:37:56.495  1107  1107 E OMXNodeInstance: getParameter(0xe95e3744:qcom.decoder.hevc.secure, ??(0x7f000044)) ERROR: UnsupportedSetting(0x80001019)
06-17 08:37:56.496  1997  1997 I BtGatt.JNI: classInitNative(L875): classInitNative: Success!
06-17 08:37:56.496  2194  2194 D CarrierIdProvider: update database from pb file
06-17 08:37:56.496  1107  1107 E OMXNodeInstance: getExtensionIndex(0xe95e3744:qcom.decoder.hevc.secure, OMX.google.android.index.configureVideoTunnelMode) ERROR: NotImplemented(0x80001006)
06-17 08:37:56.496  1107  1107 E OMX-VDEC-1080P: Enable/Disable allocate-native-handle allowed only on input port!
06-17 08:37:56.496  1107  1107 E OMX-VDEC-1080P: set_parameter: Error: 0x80001019, setting param 0x7f00005d
06-17 08:37:56.496  1107  1107 E OMXNodeInstance: setParameter(0xe95e3744:qcom.decoder.hevc.secure, OMX.google.android.index.allocateNativeHandle(0x7f00005d): Output:1 en=0) ERROR: UnsupportedSetting(0x80001019)
06-17 08:37:56.496  1107  1107 I OMX-VDEC-1080P: omx_vdec::component_deinit() complete
06-17 08:37:56.496  1595  1595 I commit_sys_config_file: [notification-policy,10]
06-17 08:37:56.497  1595  1595 I Telecom : WiredHeadsetManager: ACTION_HEADSET_PLUG event, plugged in: false, : WHC.oADA@AAE
06-17 08:37:56.497  2032  2275 I vol.Events: writeEvent level_changed STREAM_VOICE_CALL 4
06-17 08:37:56.497  1997  1997 D BtGatt.DebugUtils: handleDebugAction() action=null
06-17 08:37:56.497  1997  1997 D BluetoothAdapterService: getAdapterService() - returning com.android.bluetooth.btservice.AdapterService@b7faa63
01-01 10:32:03.931     0     0 I msm_vidc: info: Opening video instance: 0000000000000000, 1
06-17 08:37:56.498  1107  1107 I OMX-VDEC-1080P: Exit OMX vdec Destructor: fd=20
01-01 10:32:03.943     0     0 I msm_vidc: info: Closed video instance: 0000000000000000
06-17 08:37:56.498  1595  1595 D MediaSessionService: Global priority session is changed from null to com.android.server.telecom/HeadsetMediaButton (userId=0)
