06-17 08:39:02.437   728  2491 I vendor.qti.bluetooth@1.0-ibs_handler: ProcessIbsCmd: Writing IBS_WAKE_ACK
06-17 08:39:02.439  1997  1997 D BluetoothAdapterService: getAdapterService() - returning com.android.bluetooth.btservice.AdapterService@b7faa63
06-17 08:39:02.440  1595  1657 D BluetoothManagerService: MESSAGE_BLUETOOTH_STATE_CHANGE: ON > TURNING_OFF
06-17 08:39:02.440  1595  1657 D BluetoothManagerService: Sending BLE State Change: ON > TURNING_OFF
06-17 08:39:02.442  1997  1997 D HeadsetService: : Received stop request...Stopping profile...
06-17 08:39:02.442  1997  1997 I HeadsetService: stop()
06-17 08:39:02.442  1997  1997 D HeadsetService: setHeadsetService(): set to: null
06-17 08:39:02.445   736   892 D SDM     : DisplayBase::BuildLayerStackStats: LayerStack layer_count: 5, app_layer_count: 4, gpu_target_index: 4, display type: 0
06-17 08:39:02.454  1997  1997 I BluetoothHeadsetServiceJni: cleanupNative: Cleaning up Bluetooth Handsfree Interface
06-17 08:39:02.454  1997  1997 I BluetoothHeadsetServiceJni: cleanupNative: Cleaning up Bluetooth Handsfree callback object
06-17 08:39:02.454  1997  2120 I bt_btif_queue: queue_int_cleanup: UUID=111F
06-17 08:39:02.454  1997  2120 I bt_btif_storage: btif_storage_get_adapter_property service_mask:0x20100008
06-17 08:39:02.454  1997  2498 W bt_btif : ag scb idx 1 not allocated
06-17 08:39:02.454  1997  2498 W bt_btif : ag scb idx 2 not allocated
06-17 08:39:02.454  1997  2498 W bt_btif : ag scb idx 3 not allocated
06-17 08:39:02.454  1997  2498 E bt_btif : BTA AG is already disabled, ignoring ...
06-17 08:39:02.454  1595  1595 I AudioService: setBtScoActiveDevice: null -> null
06-17 08:39:02.457  1595  1642 D CompatibilityInfo: mCompatibilityFlags - 0
06-17 08:39:02.457  1595  1642 D CompatibilityInfo: applicationDensity - 320
06-17 08:39:02.457  1595  1642 D CompatibilityInfo: applicationScale - 1.0
06-17 08:39:02.460   736   892 D SDM     : DisplayBase::BuildLayerStackStats: LayerStack layer_count: 5, app_layer_count: 4, gpu_target_index: 4, display type: 0
06-17 08:39:02.465   765  2728 D PermissionCache: checking android.permission.MODIFY_AUDIO_SETTINGS for uid=1002 => granted (339 us)
06-17 08:39:02.467  1997  1997 I AudioManager: In setBluetoothScoOn(), on: false, calling application: com.android.bluetooth
06-17 08:39:02.467  1595  2123 I AudioService: In setBluetoothScoOn(), eventSource: setBluetoothScoOn(false) from u/pid:1002/1997
06-17 08:39:02.467  1595  2123 I AudioService: setBluetoothScoOnInt: false setBluetoothScoOn(false) from u/pid:1002/1997
06-17 08:39:02.467  1595  2123 I AudioService: In setbluetoothScoOnInt(), mForcedUseForCommExt: 0
06-17 08:39:02.469  1997  1997 I HeadsetPhoneState: stopListenForPhoneState(), no listener indicates nothing is listening
06-17 08:39:02.471  1997  1997 D HeadsetService:  profile stopped successfully
06-17 08:39:02.472  1595  1595 D BluetoothHeadset: Proxy object disconnected
06-17 08:39:02.472  1595  1595 I chatty  : uid=1000 system_server identical 2 lines
06-17 08:39:02.472  1595  1595 D BluetoothHeadset: Proxy object disconnected
06-17 08:39:02.472  1595  1595 I AudioService: In onServiceDisconnected(), calling disconnectHeadset()
06-17 08:39:02.472  1595  1595 I AudioService: setBtScoActiveDevice: null -> null
06-17 08:39:02.472  2194  3154 D BluetoothHeadset: Proxy object disconnected
06-17 08:39:02.473  1595  1595 D BluetoothHeadset: Proxy object disconnected
06-17 08:39:02.473  1595  1595 W Telecom : BluetoothPhoneService: onServiceDisconnected: setting mBluetoothHeadet to null
06-17 08:39:02.473  1595  1595 I Telecom : BluetoothDeviceManager: Lost BluetoothHeadset service. Removing all tracked devices.: BMSL.oSD@ADk
06-17 08:39:02.473   765  2728 D AudioPolicyManagerCustom: setForceUse() usage 0, config 0, mPhoneState 0
06-17 08:39:02.474  2032  2589 D BluetoothHeadset: Proxy object disconnected
06-17 08:39:02.474   765  2728 D AudioPolicyManagerCustom: setForceUse() usage 2, config 0, mPhoneState 0
06-17 08:39:02.474   765  1974 D AudioPolicyManagerCustom: setForceUse() usage 7, config 0, mPhoneState 0
06-17 08:39:02.474  1997  1997 D BluetoothAdapterService: getAdapterService() - returning com.android.bluetooth.btservice.AdapterService@b7faa63
06-17 08:39:02.475  1997  1997 D A2dpService: : Received stop request...Stopping profile...
06-17 08:39:02.476  1997  1997 I A2dpService: stop()
06-17 08:39:02.476  1997  1997 W A2dpService: removeActiveDevice(): ma2dpsuspend flag is false
06-17 08:39:02.476  1997  1997 D A2dpService: broadcastActiveDevice(null)
06-17 08:39:02.477  1997  1997 D A2dpService: setA2dpService(): set to: null
06-17 08:39:02.479  1997  1997 D Avrcp_ext: doQuit
06-17 08:39:02.480  1997  2120 I bt_btif_queue: queue_int_cleanup: UUID=110A
06-17 08:39:02.480  1997  2532 V Avrcp_ext: AvrcpMessageHandler: received message=21
06-17 08:39:02.480  1997  2532 V Avrcp_ext: MESSAGE_DEVICE_RC_CLEANUP: 1
06-17 08:39:02.480  1997  2532 D Avrcp_ext: Enter clearDeviceDependentFeature()
06-17 08:39:02.480  1595  2122 D MediaSessionService: The callback null is set by org.codeaurora.bluetooth
06-17 08:39:02.480  1997  2544 W bt_btif : btif_a2dp_command_ack: ## a2dp ack : A2DP_CTRL_CMD_NONE, queued : A2DP_CTRL_CMD_NONE,  status 0 ##
06-17 08:39:02.480  1997  2544 E bt_btif : btif_a2dp_command_ack: warning : no command pending, ignore ack
06-17 08:39:02.480  1997  2532 D Avrcp_ext: Exit clearDeviceDependentFeature()
06-17 08:39:02.480  1997  2548 W bt_btif : btif_a2dp_ctrl_cb: A2DP-CTRL-CHANNEL EVENT UIPC_CLOSE_EVT
06-17 08:39:02.480  1997  2532 I Avrcp_ext: cleanupDeviceFeaturesIndex index:0
06-17 08:39:02.480  1997  2532 I Avrcp_ext: cleanupDeviceFeaturesIndex index:1
06-17 08:39:02.480  1997  2532 V Avrcp_ext: Exit handleMessage
06-17 08:39:02.480  2032  2032 D HeadsetProfile: Bluetooth service disconnected
06-17 08:39:02.481  1997  2544 W bt_osi_thread: run_thread: thread id 2544, thread name media_worker exited
06-17 08:39:02.481  1997  1997 V AvrcpPlayerAppSettings: Stop
06-17 08:39:02.481  1997  2120 E bt_btif : btif_sm_get_state : Invalid handle
06-17 08:39:02.481  1997  2120 E bt_btif : btif_sm_get_state : Invalid handle
06-17 08:39:02.481  1997  2120 E bt_btif : BTA AV is already disabled, ignoring ...
06-17 08:39:02.481  1997  2120 I bt_btif_storage: btif_storage_get_adapter_property service_mask:0x20100000
06-17 08:39:02.481  1997  2498 W bt_l2cap: L2CAP - L2CA_Deregister() called for PSM: 0x0019
06-17 08:39:02.481  1997  2498 W bt_l2cap: L2CAP - PSM: 0x0019 not found for deregistration
06-17 08:39:02.481  1997  2498 W bt_l2cap: L2CAP - L2CA_Deregister() called for PSM: 0x0017
06-17 08:39:02.481  1997  2498 W bt_l2cap: L2CAP - PSM: 0x0017 not found for deregistration
06-17 08:39:02.481  1997  2498 W bt_l2cap: L2CAP - L2CA_Deregister() called for PSM: 0x0019
06-17 08:39:02.481  1997  2498 W bt_l2cap: L2CAP - PSM: 0x0019 not found for deregistration
06-17 08:39:02.481  1997  2498 W bt_l2cap: L2CAP - L2CA_Deregister() called for PSM: 0x0017
06-17 08:39:02.481  1997  2498 W bt_l2cap: L2CAP - PSM: 0x0017 not found for deregistration
06-17 08:39:02.483  1997  1997 V AddressedMediaPlayer: cleanup
06-17 08:39:02.483  1595  1595 I notification_cancel_all: [1000,1595,com.android.bluetooth,0,0,0,17,NULL]
06-17 08:39:02.483  1595  2122 I sysui_multi_action: [757,856,758,2,806,com.android.bluetooth,857,avrcp_notification,858,3]
06-17 08:39:02.484  1997  1997 D Avrcp_ext: Exit doQuit
06-17 08:39:02.484  1997  1997 D Avrcp_ext: cleanup
06-17 08:39:02.485  1997  1997 D Avrcp_ext: Exit cleanup()
06-17 08:39:02.485  1997  2120 D bt_btif : btif_rc_handler: event: BTIF_AV_CLEANUP_REQ_EVT
06-17 08:39:02.485  1997  1997 V Avrcp_ext: clearing mAvrcp instatncecom.android.bluetooth.avrcp.Avrcp_ext@90dc0f1
06-17 08:39:02.485  1997  1997 V Avrcp_ext: After clearing mAvrcp instatnce null
06-17 08:39:02.485  1997  1997 D A2dpService:  profile stopped successfully
06-17 08:39:02.487  1997  1997 D BluetoothAdapterService: getAdapterService() - returning com.android.bluetooth.btservice.AdapterService@b7faa63
06-17 08:39:02.488  1997  1997 D HidHostService: : Received stop request...Stopping profile...
06-17 08:39:02.488  1997  1997 D HidHostService:  profile stopped successfully
06-17 08:39:02.490  1997  1997 D BluetoothMapService: onReceive
06-17 08:39:02.490  1997  2172 D BluetoothActiveDeviceManager: handleMessage(MESSAGE_ADAPTER_ACTION_STATE_CHANGED): newState=13
06-17 08:39:02.490  1997  1997 D BluetoothMapService: onReceive: android.bluetooth.adapter.action.STATE_CHANGED
06-17 08:39:02.490  1997  1997 D BluetoothMapService: STATE_TURNING_OFF
06-17 08:39:02.491  1997  2557 V BluetoothMapService: Handler(): got msg=4
06-17 08:39:02.491  1997  1997 D SapService: STATE_TURNING_OFF
06-17 08:39:02.491  1997  2557 D BluetoothMapService: closeService() in
06-17 08:39:02.491  1997  1997 D BluetoothSdpJni: sdpRemoveSdpRecordNative
06-17 08:39:02.491  1997  2557 D BluetoothMapMasInstance0: MAP Service shutdown
06-17 08:39:02.491  1997  2557 D BluetoothSdpJni: sdpRemoveSdpRecordNative
06-17 08:39:02.491  1997  2557 D BluetoothSdpJni: SDP Remove record success - handle: 1
06-17 08:39:02.491  1997  1997 D BluetoothSdpJni: SDP Remove record success - handle: 3
06-17 08:39:02.491  1997  2557 D BluetoothMapMasInstance0: RemoveSDPrecord returns true
06-17 08:39:02.491  1997  1997 D BtOppService: action : android.bluetooth.adapter.action.STATE_CHANGED
06-17 08:39:02.491  1997  2557 D ObexServerSockets1: shutdown(block = false)
06-17 08:39:02.491  1997  1997 I BluetoothFtpService: action :android.bluetooth.adapter.action.STATE_CHANGED
06-17 08:39:02.491  1997  2557 D BluetoothSocket: close() this: android.bluetooth.BluetoothSocket@70ac4d6, channel: 26, mSocketIS: android.net.LocalSocketImpl$SocketInputStream@b133357, mSocketOS: android.net.LocalSocketImpl$SocketOutputStream@d1b8e44mSocket: android.net.LocalSocket@6ac7b2d impl:android.net.LocalSocketImpl@6c65862 fd:java.io.FileDescriptor@f2dadf3, mSocketState: LISTENING
06-17 08:39:02.491  1997  2557 D ObexServerSockets1: shutdown called from another thread - interrupt().
06-17 08:39:02.491  1997  2597 D ObexServerSockets1: AcceptThread ended for: ServerSocket: Type: TYPE_RFCOMM Channel: 26
06-17 08:39:02.491  1997  2557 D BluetoothSocket: close() this: android.bluetooth.BluetoothSocket@e654ab0, channel: 4137, mSocketIS: android.net.LocalSocketImpl$SocketInputStream@2029d29, mSocketOS: android.net.LocalSocketImpl$SocketOutputStream@db598aemSocket: android.net.LocalSocket@f6b364f impl:android.net.LocalSocketImpl@b4c61dc fd:java.io.FileDescriptor@17ee2e5, mSocketState: LISTENING
06-17 08:39:02.492  1997  2557 D ObexServerSockets1: shutdown called from another thread - interrupt().
06-17 08:39:02.492  1997  2557 V BluetoothMapService: MAP Service closeService out
06-17 08:39:02.492  1997  2509 E bt_btif : SOCK_LIST: free(id = 2) - NO app_fd!
06-17 08:39:02.492  1997  2498 W bt_l2cap: L2CAP - L2CA_Deregister() called for PSM: 0x1029
06-17 08:39:02.493  1997  2598 D ObexServerSockets1: AcceptThread ended for: ServerSocket: Type: TYPE_L2CAP Channel: 4137
06-17 08:39:02.493   736   892 D SDM     : DisplayBase::BuildLayerStackStats: LayerStack layer_count: 5, app_layer_count: 4, gpu_target_index: 4, display type: 0
06-17 08:39:02.494  2032  2032 D BluetoothA2dp: Proxy object disconnected
06-17 08:39:02.494  2032  2032 D BluetoothHidHost: Proxy object disconnected
06-17 08:39:02.494  2032  2032 D HidProfile: Bluetooth service disconnected
06-17 08:39:02.496  1997  1997 I BluetoothFtpService:  state: 13 mHasStarted: true
06-17 08:39:02.496  1997  1997 I BluetoothFtpService: closeService false
06-17 08:39:02.497  1997  1997 D BluetoothSocket: close() this: android.bluetooth.BluetoothSocket@e4691ba, channel: 20, mSocketIS: android.net.LocalSocketImpl$SocketInputStream@44ee86b, mSocketOS: android.net.LocalSocketImpl$SocketOutputStream@e2bbfc8mSocket: android.net.LocalSocket@9bfc861 impl:android.net.LocalSocketImpl@1bc0f86 fd:java.io.FileDescriptor@171a047, mSocketState: LISTENING
06-17 08:39:02.498  1997  3431 I BluetoothFtpService: Accept exception: java.io.IOException: read failed, socket might closed or timeout, read ret: -1
06-17 08:39:02.498  1997  3431 I BluetoothFtpService: stopped = true  mRfcommServerSocket = ServerSocket: Type: TYPE_RFCOMM Channel: -1
06-17 08:39:02.498  1997  1997 W BluetoothFtpService: Shutdown
06-17 08:39:02.498  1997  1997 D BluetoothFtpService: mRfcommAcceptThread stopped
06-17 08:39:02.499  1997  1997 I BluetoothFtpService: successfully stopped 
06-17 08:39:02.499  1997  1997 I BluetoothDunService: action :android.bluetooth.adapter.action.STATE_CHANGED
06-17 08:39:02.500  1997  1997 V BluetoothDunService: Stopping process
06-17 08:39:02.503  1997  1997 D BluetoothDunService: closeDunService
01-01 10:33:09.947     0     0 I init    : processing action (vendor.bluetooth.dun.status=stopped) from (/vendor/etc/init/hw/init.qcom.rc:527)
01-01 10:33:09.947     0     0 I init    : Sending signal 9 to service 'vendor.bt-dun' (pid 3434) process group...
06-17 08:39:02.504  1997  1997 D BluetoothDunService: Close listen Socket : 
06-17 08:39:02.504  1997  1997 D BluetoothSocket: close() this: android.bluetooth.BluetoothSocket@a211074, channel: 25, mSocketIS: android.net.LocalSocketImpl$SocketInputStream@cf899d, mSocketOS: android.net.LocalSocketImpl$SocketOutputStream@b99e12mSocket: android.net.LocalSocket@11df9e3 impl:android.net.LocalSocketImpl@478bfe0 fd:java.io.FileDescriptor@9202299, mSocketState: LISTENING
06-17 08:39:02.505  1997  3433 W BluetoothDunService: Handled Accept thread exception: java.io.IOException: read failed, socket might closed or timeout, read ret: -1
06-17 08:39:02.505  1997  1997 D BluetoothDunService: Close rfcomm Socket : 
06-17 08:39:02.505  1997  1997 D BluetoothDunService: Close dund  Socket : 
06-17 08:39:02.506  1997  1997 D BluetoothDunService: closeDunService out
06-17 08:39:02.507  1997  1997 I BluetoothFtpReceiver:  action :android.bluetooth.adapter.action.STATE_CHANGED
06-17 08:39:02.507  1997  1997 I BluetoothFtpReceiver: State :13
06-17 08:39:02.507  1997  1997 I BluetoothFtpReceiver: exit
06-17 08:39:02.508  1997  1997 D BluetoothAdapterService: getAdapterService() - returning com.android.bluetooth.btservice.AdapterService@b7faa63
06-17 08:39:02.508  1595  2719 D CompatibilityInfo: mCompatibilityFlags - 0
06-17 08:39:02.508  1595  2719 D CompatibilityInfo: applicationDensity - 320
06-17 08:39:02.508  1595  2719 D CompatibilityInfo: applicationScale - 1.0
01-01 10:33:09.954     0     0 I libprocessgroup: Successfully killed process cgroup uid 1002 pid 3434 in 6ms
01-01 10:33:09.956     0     0 I init    : Service 'vendor.bt-dun' (pid 3434) received signal 9
06-17 08:39:02.510   736   892 D SDM     : DisplayBase::BuildLayerStackStats: LayerStack layer_count: 5, app_layer_count: 4, gpu_target_index: 4, display type: 0
06-17 08:39:02.513   728  2491 I vendor.qti.bluetooth@1.0-ibs_handler: ProcessIbsCmd: Received IBS_SLEEP_IND: 0xFE
06-17 08:39:02.515  1997  1997 D HealthService: : Received stop request...Stopping profile...
06-17 08:39:02.515  1997  1997 D HealthService: setHealthService(): set to: null
06-17 08:39:02.515  1997  1997 D HealthService:  profile stopped successfully
06-17 08:39:02.517  1997  1997 D BluetoothAdapterService: getAdapterService() - returning com.android.bluetooth.btservice.AdapterService@b7faa63
06-17 08:39:02.518  1997  1997 D PanService: : Received stop request...Stopping profile...
06-17 08:39:02.518  1997  1997 D PanService:  profile stopped successfully
06-17 08:39:02.520  2032  2032 D BluetoothPan: BluetoothPAN Proxy object disconnected
06-17 08:39:02.520  2032  2032 D PanProfile: Bluetooth service disconnected
06-17 08:39:02.521  1595  1640 I am_pss  : [3072,10079,com.android.email,8071168,6180864,0,59568128,0,18,48]
06-17 08:39:02.521  1997  1997 D BluetoothAdapterService: getAdapterService() - returning com.android.bluetooth.btservice.AdapterService@b7faa63
06-17 08:39:02.521  1997  1997 D BluetoothMapService: : Received stop request...Stopping profile...
06-17 08:39:02.522  1997  1997 D BluetoothMapService: stop()
06-17 08:39:02.522  1997  1997 D BluetoothMapService: setBluetoothMapService(): set to: null
06-17 08:39:02.522  1997  1997 D BluetoothMapAppObserver: deinitObservers()
06-17 08:39:02.523  1997  1997 D BluetoothMapAppObserver: removeReceiver()
06-17 08:39:02.524  1997  1997 W BluetoothMapService: mSessionStatusHandler is null
06-17 08:39:02.524  1997  1997 D BluetoothMapService:  profile stopped successfully
06-17 08:39:02.525  2032  2032 D BluetoothMap: Proxy object disconnected
06-17 08:39:02.525  2032  2032 D MapProfile: Bluetooth service disconnected
06-17 08:39:02.526  1997  1997 D BluetoothAdapterService: getAdapterService() - returning com.android.bluetooth.btservice.AdapterService@b7faa63
06-17 08:39:02.527   736   892 D SDM     : DisplayBase::BuildLayerStackStats: LayerStack layer_count: 5, app_layer_count: 4, gpu_target_index: 4, display type: 0
06-17 08:39:02.534  1997  1997 D NewAvrcpTargetService: : Received stop request...Stopping profile...
06-17 08:39:02.534  1997  1997 I NewAvrcpTargetService: Stopping the AVRCP Target Service
06-17 08:39:02.534  1997  1997 W NewAvrcpTargetService: stop() called before start()
06-17 08:39:02.534  1997  1997 D NewAvrcpTargetService:  profile stopped successfully
06-17 08:39:02.537  1997  1997 D BluetoothAdapterService: getAdapterService() - returning com.android.bluetooth.btservice.AdapterService@b7faa63
06-17 08:39:02.537  1997  1997 D AvrcpControllerService: : Received stop request...Stopping profile...
06-17 08:39:02.538  1997  1997 D AvrcpControllerBipObexHandler: Cleanup
06-17 08:39:02.540  1997  1997 D AvrcpControllerCoverArt: mBipStateMachine doQuit 
06-17 08:39:02.541  1997  1997 D AvrcpControllerService:  profile stopped successfully
06-17 08:39:02.543  1595  1595 I commit_sys_config_file: [notification-policy,57]
06-17 08:39:02.543  1997  1997 D BluetoothAdapterService: getAdapterService() - returning com.android.bluetooth.btservice.AdapterService@b7faa63
06-17 08:39:02.543   736   892 D SDM     : DisplayBase::BuildLayerStackStats: LayerStack layer_count: 5, app_layer_count: 4, gpu_target_index: 4, display type: 0
06-17 08:39:02.544  1595  1595 D BluetoothA2dp: Proxy object disconnected
06-17 08:39:02.546  1997  1997 D SapService: : Received stop request...Stopping profile...
06-17 08:39:02.546  1997  1997 V SapService: stop()
06-17 08:39:02.546  1997  1997 D SapService: setSapService(): set to: null
06-17 08:39:02.546  1997  1997 D SapService:  profile stopped successfully
06-17 08:39:02.548  1997  1997 D BluetoothAdapterService: handleMessage() - Message: 1
06-17 08:39:02.548  1997  1997 D BluetoothAdapterService: handleMessage() - MESSAGE_PROFILE_SERVICE_STATE_CHANGED
06-17 08:39:02.548  1997  1997 D BluetoothAdapterService: handleMessage() - Message: 3
06-17 08:39:02.548  1997  1997 D BluetoothAdapterService: handleMessage() - MESSAGE_PROFILE_SERVICE_UNREGISTERED
06-17 08:39:02.548  1997  1997 I HeadsetService: cleanup
06-17 08:39:02.548  1997  1997 D BluetoothAdapterService: getAdapterService() - returning com.android.bluetooth.btservice.AdapterService@b7faa63
06-17 08:39:02.549  1997  1997 D BluetoothOppService: : Received stop request...Stopping profile...
06-17 08:39:02.549  1997  1997 D BtOppService: setBluetoothOppService(): set to: null
06-17 08:39:02.549  1997  1997 D BluetoothOppService:  profile stopped successfully
06-17 08:39:02.550  1997  1997 D BluetoothAdapterService: getAdapterService() - returning com.android.bluetooth.btservice.AdapterService@b7faa63
06-17 08:39:02.550  1997  1997 D BluetoothPbapService: : Received stop request...Stopping profile...
06-17 08:39:02.550  1997  1997 D BluetoothPbapService: setBluetoothPbapService(): set to: null
06-17 08:39:02.551  1997  2585 D BluetoothPbapService: cleanUpSdpRecord, mSdpHandle=0
06-17 08:39:02.551  1997  2585 D BluetoothSdpJni: sdpRemoveSdpRecordNative
06-17 08:39:02.551  1997  2585 D BluetoothSdpJni: SDP Remove record success - handle: 0
06-17 08:39:02.551  1997  2585 D ObexServerSockets0: shutdown(block = false)
06-17 08:39:02.551  1997  2585 D BluetoothSocket: close() this: android.bluetooth.BluetoothSocket@88f895e, channel: 19, mSocketIS: android.net.LocalSocketImpl$SocketInputStream@dac513f, mSocketOS: android.net.LocalSocketImpl$SocketOutputStream@8d9fa0cmSocket: android.net.LocalSocket@474f55 impl:android.net.LocalSocketImpl@946dd6a fd:java.io.FileDescriptor@49ec25b, mSocketState: LISTENING
06-17 08:39:02.551  1997  2585 D ObexServerSockets0: shutdown called from another thread - interrupt().
06-17 08:39:02.551  1997  2585 D BluetoothSocket: close() this: android.bluetooth.BluetoothSocket@432aaf8, channel: 4133, mSocketIS: android.net.LocalSocketImpl$SocketInputStream@d7a8bd1, mSocketOS: android.net.LocalSocketImpl$SocketOutputStream@86d6636mSocket: android.net.LocalSocket@f7d2937 impl:android.net.LocalSocketImpl@2637ea4 fd:java.io.FileDescriptor@bcb140d, mSocketState: LISTENING
06-17 08:39:02.551  1997  2585 D ObexServerSockets0: shutdown called from another thread - interrupt().
06-17 08:39:02.552  1997  2593 D ObexServerSockets0: AcceptThread ended for: ServerSocket: Type: TYPE_L2CAP Channel: 4133
06-17 08:39:02.552  1997  2509 E bt_btif : SOCK_LIST: free(id = 1) - NO app_fd!
06-17 08:39:02.552  1997  2592 D ObexServerSockets0: AcceptThread ended for: ServerSocket: Type: TYPE_RFCOMM Channel: 19
06-17 08:39:02.552  1997  2498 W bt_l2cap: L2CAP - L2CA_Deregister() called for PSM: 0x1025
06-17 08:39:02.553  1997  1997 D BluetoothPbapService:  profile stopped successfully
06-17 08:39:02.555  2032  2032 D PbapServerProfile: Bluetooth service disconnected
06-17 08:39:02.560   736   892 D SDM     : DisplayBase::BuildLayerStackStats: LayerStack layer_count: 5, app_layer_count: 4, gpu_target_index: 4, display type: 0
06-17 08:39:02.565  1997  1997 D BluetoothAdapterService: handleMessage() - Message: 1
06-17 08:39:02.565  1997  2172 D BluetoothActiveDeviceManager: handleMessage(MESSAGE_A2DP_ACTION_ACTIVE_DEVICE_CHANGED): device= null
06-17 08:39:02.565  1997  1997 D BluetoothAdapterService: handleMessage() - MESSAGE_PROFILE_SERVICE_STATE_CHANGED
06-17 08:39:02.565  1997  1997 D BluetoothAdapterService: handleMessage() - Message: 3
06-17 08:39:02.565  1997  1997 D BluetoothAdapterService: handleMessage() - MESSAGE_PROFILE_SERVICE_UNREGISTERED
06-17 08:39:02.565  1997  1997 I A2dpService: cleanup()
06-17 08:39:02.565  1997  1997 D BluetoothAdapterService: handleMessage() - Message: 1
06-17 08:39:02.565  1997  1997 D BluetoothAdapterService: handleMessage() - MESSAGE_PROFILE_SERVICE_STATE_CHANGED
06-17 08:39:02.565  1997  1997 D BluetoothAdapterService: handleMessage() - Message: 3
06-17 08:39:02.565  1997  1997 D BluetoothAdapterService: handleMessage() - MESSAGE_PROFILE_SERVICE_UNREGISTERED
06-17 08:39:02.565  1997  1997 W BluetoothHidHostServiceJni: Cleaning up Bluetooth HID Interface...
06-17 08:39:02.565  1997  1997 W bt_btif : cleanup: HH disabling or disabled already, status = 0
06-17 08:39:02.565  1997  1997 W BluetoothHidHostServiceJni: Cleaning up Bluetooth GID callback object
06-17 08:39:02.565  1595  1640 I am_pss  : [3250,1000,com.qualcomm.qti.biometrics.fingerprint.service,3631104,2818048,0,48996352,0,18,41]
06-17 08:39:02.565  1997  1997 I BtOppService:  handleMessage :200
06-17 08:39:02.566  1997  1997 D BtOppService: Removing SDP record mOppSdpHandle :2
06-17 08:39:02.566  1997  1997 D BluetoothSdpJni: sdpRemoveSdpRecordNative
06-17 08:39:02.566  1997  1997 D BluetoothSdpJni: SDP Remove record success - handle: 2
06-17 08:39:02.566  1997  1997 D BtOppService: RemoveSDPrecord returns true
06-17 08:39:02.566  1997  1997 D ObexServerSockets2: shutdown(block = false)
06-17 08:39:02.566  1997  1997 D BluetoothSocket: close() this: android.bluetooth.BluetoothSocket@4a1afc2, channel: 12, mSocketIS: android.net.LocalSocketImpl$SocketInputStream@e7121d3, mSocketOS: android.net.LocalSocketImpl$SocketOutputStream@aabe110mSocket: android.net.LocalSocket@c21e409 impl:android.net.LocalSocketImpl@5df060e fd:java.io.FileDescriptor@a2082f, mSocketState: LISTENING
06-17 08:39:02.566  1997  2599 D ObexServerSockets2: AcceptThread ended for: ServerSocket: Type: TYPE_RFCOMM Channel: 12
06-17 08:39:02.569  1997  1997 D ObexServerSockets2: shutdown called from another thread - interrupt().
06-17 08:39:02.569  1997  1997 D BluetoothSocket: close() this: android.bluetooth.BluetoothSocket@6d5fe3c, channel: 4131, mSocketIS: android.net.LocalSocketImpl$SocketInputStream@afbb7c5, mSocketOS: android.net.LocalSocketImpl$SocketOutputStream@689751amSocket: android.net.LocalSocket@650f84b impl:android.net.LocalSocketImpl@122c228 fd:java.io.FileDescriptor@5e50b41, mSocketState: LISTENING
06-17 08:39:02.569  1997  2509 E bt_btif : SOCK_LIST: free(id = 3) - NO app_fd!
06-17 08:39:02.569  1997  1997 D ObexServerSockets2: shutdown called from another thread - interrupt().
06-17 08:39:02.569  1997  1997 D BtOppService: stopListeners: mServerSocket is null
06-17 08:39:02.569  1997  2600 D ObexServerSockets2: AcceptThread ended for: ServerSocket: Type: TYPE_L2CAP Channel: 4131
06-17 08:39:02.569  1997  2498 W bt_l2cap: L2CAP - L2CA_Deregister() called for PSM: 0x1023
06-17 08:39:02.571  1997  1997 D BtOppService:  clear batches
06-17 08:39:02.572  1595  1595 I notification_cancel_all: [1002,1997,com.android.bluetooth,0,0,64,9,NULL]
06-17 08:39:02.572  1997  1997 I BluetoothFtpService: onDestroy
06-17 08:39:02.572  1997  1997 I BluetoothFtpService: closeService true
06-17 08:39:02.572  1997  1997 D BluetoothDunService: closeDunService
06-17 08:39:02.572  1997  1997 D BluetoothDunService: Close listen Socket : 
06-17 08:39:02.572  1997  1997 D BluetoothDunService: Close rfcomm Socket : 
06-17 08:39:02.572  1997  1997 D BluetoothDunService: Close dund  Socket : 
06-17 08:39:02.573  1997  1997 D BluetoothDunService: closeDunService out
06-17 08:39:02.573  1997  1997 I BluetoothDunService: Quit looper
06-17 08:39:02.573  1997  1997 I BluetoothDunService: Remove Handler
06-17 08:39:02.574  1997  1997 I BluetoothDunReceiver:  action :android.bluetooth.adapter.action.STATE_CHANGED
06-17 08:39:02.574  1997  1997 I BluetoothDunReceiver:  State :13
06-17 08:39:02.575  1997  1997 I BluetoothDunReceiver: exit
06-17 08:39:02.575  1997  1997 D BluetoothAdapterService: handleMessage() - Message: 1
06-17 08:39:02.575  1997  1997 D BluetoothAdapterService: handleMessage() - MESSAGE_PROFILE_SERVICE_STATE_CHANGED
06-17 08:39:02.575  1997  1997 D BluetoothAdapterService: handleMessage() - Message: 3
06-17 08:39:02.575  1997  1997 D BluetoothAdapterService: handleMessage() - MESSAGE_PROFILE_SERVICE_UNREGISTERED
06-17 08:39:02.575  1997  1997 W BluetoothHealthServiceJni: Cleaning up Bluetooth Health Interface...
06-17 08:39:02.576  1997  2120 E bt_btif : btif_in_execute_service_request: Unknown service 27 being disabled
06-17 08:39:02.577   736   892 D SDM     : DisplayBase::BuildLayerStackStats: LayerStack layer_count: 5, app_layer_count: 4, gpu_target_index: 4, display type: 0
06-17 08:39:02.579  1997  1997 W BluetoothHealthServiceJni: Cleaning up Bluetooth Health object
06-17 08:39:02.585  1997  1997 D BluetoothAdapterService: handleMessage() - Message: 1
06-17 08:39:02.585  1997  1997 D BluetoothAdapterService: handleMessage() - MESSAGE_PROFILE_SERVICE_STATE_CHANGED
06-17 08:39:02.585  1997  1997 D BluetoothAdapterService: handleMessage() - Message: 3
06-17 08:39:02.585  1997  1997 D BluetoothAdapterService: handleMessage() - MESSAGE_PROFILE_SERVICE_UNREGISTERED
06-17 08:39:02.585  1997  1997 W BluetoothPanServiceJni: Cleaning up Bluetooth PAN Interface...
06-17 08:39:02.585  1997  1997 W BluetoothPanServiceJni: Cleaning up Bluetooth PAN callback object
06-17 08:39:02.585  1997  2498 W bt_l2cap: L2CAP - L2CA_Deregister() called for PSM: 0x000f
06-17 08:39:02.586  1997  1997 D BluetoothAdapterService: handleMessage() - Message: 1
06-17 08:39:02.586  1997  1997 D BluetoothAdapterService: handleMessage() - MESSAGE_PROFILE_SERVICE_STATE_CHANGED
06-17 08:39:02.586  1997  1997 D BluetoothAdapterService: handleMessage() - Message: 3
06-17 08:39:02.586  1997  1997 D BluetoothAdapterService: handleMessage() - MESSAGE_PROFILE_SERVICE_UNREGISTERED
06-17 08:39:02.586  1997  1997 D BluetoothAdapterService: handleMessage() - Message: 1
06-17 08:39:02.586  1997  1997 D BluetoothAdapterService: handleMessage() - MESSAGE_PROFILE_SERVICE_STATE_CHANGED
06-17 08:39:02.586  1997  1997 D BluetoothAdapterService: handleMessage() - Message: 3
06-17 08:39:02.586  1997  1997 D BluetoothAdapterService: handleMessage() - MESSAGE_PROFILE_SERVICE_UNREGISTERED
06-17 08:39:02.587  1997  1997 D BluetoothAdapterService: handleMessage() - Message: 1
06-17 08:39:02.587  1997  1997 D BluetoothAdapterService: handleMessage() - MESSAGE_PROFILE_SERVICE_STATE_CHANGED
06-17 08:39:02.587  1997  1997 D BluetoothAdapterService: handleMessage() - Message: 3
06-17 08:39:02.587  1997  1997 D BluetoothAdapterService: handleMessage() - MESSAGE_PROFILE_SERVICE_UNREGISTERED
06-17 08:39:02.587  1997  1997 D BluetoothSocket: close() this: android.bluetooth.BluetoothSocket@139c8e6, channel: 16, mSocketIS: android.net.LocalSocketImpl$SocketInputStream@8b4ce27, mSocketOS: android.net.LocalSocketImpl$SocketOutputStream@4f5d8d4mSocket: android.net.LocalSocket@cb61a7d impl:android.net.LocalSocketImpl@f498d72 fd:java.io.FileDescriptor@39625c3, mSocketState: LISTENING
06-17 08:39:02.587   728  2491 I vendor.qti.bluetooth@1.0-ibs_handler: ProcessIbsCmd: Received IBS_WAKE_IND: 0xFD
06-17 08:39:02.587   728  2491 I vendor.qti.bluetooth@1.0-ibs_handler: ProcessIbsCmd: Writing IBS_WAKE_ACK
06-17 08:39:02.587  1997  1997 D BluetoothAdapterService: handleMessage() - Message: 1
06-17 08:39:02.587  1997  1997 D BluetoothAdapterService: handleMessage() - MESSAGE_PROFILE_SERVICE_STATE_CHANGED
06-17 08:39:02.587  1997  1997 D BluetoothAdapterService: handleMessage() - Message: 3
06-17 08:39:02.587  1997  1997 D BluetoothAdapterService: handleMessage() - MESSAGE_PROFILE_SERVICE_UNREGISTERED
06-17 08:39:02.588  1997  1997 I BtOppService:  handleMessage :200
06-17 08:39:02.588  1997  1997 D BtOppService: stopListeners: mServerSocket is null
06-17 08:39:02.588  1997  1997 W BtOppService: unregisterReceiver java.lang.IllegalArgumentException: Receiver not registered: com.android.bluetooth.opp.BluetoothOppService$3@620de5a
06-17 08:39:02.588  1997  1997 D BtOppService:  clear batches
06-17 08:39:02.588  1997  1997 D BluetoothAdapterService: handleMessage() - Message: 1
06-17 08:39:02.588  1997  1997 D BluetoothAdapterService: handleMessage() - MESSAGE_PROFILE_SERVICE_STATE_CHANGED
06-17 08:39:02.588  1997  1997 D BluetoothAdapterService: handleMessage() - Message: 3
06-17 08:39:02.588  1997  1997 D BluetoothAdapterService: handleMessage() - MESSAGE_PROFILE_SERVICE_UNREGISTERED
06-17 08:39:02.588  1997  1997 V BtOppService: onDestroy
06-17 08:39:02.588  1997  1997 D BtOppService: stopListeners: mServerSocket is null
06-17 08:39:02.588  1997  1997 D BluetoothAdapterService: handleMessage() - Message: 1
06-17 08:39:02.588  1997  1997 D BluetoothAdapterService: handleMessage() - MESSAGE_PROFILE_SERVICE_STATE_CHANGED
06-17 08:39:02.589  1997  1997 W BluetoothAdapterService: onProfileServiceStateChange() - All profile services except gatt stopped..
06-17 08:39:02.589  1997  1997 D BluetoothAdapterService: handleMessage() - Message: 3
06-17 08:39:02.589  1997  1997 D BluetoothAdapterService: handleMessage() - MESSAGE_PROFILE_SERVICE_UNREGISTERED
06-17 08:39:02.589  1997  2099 I AdapterState: BLE_ON : entered 
06-17 08:39:02.589  1997  2099 D AdapterProperties: Setting state to BLE_ON
06-17 08:39:02.589  1997  1997 I BluetoothPhonePolicy: processProfileActiveDeviceChanged, activeDevice=null, profile=2
06-17 08:39:02.589  1997  1997 W BluetoothPhonePolicy: processProfileActiveDeviceChanged: ignore null A2DP active device
06-17 08:39:02.589  1997  2099 D BluetoothAdapterService: updateAdapterState() - Broadcasting state BLE_ON to 1 receivers.
06-17 08:39:02.589  1997  1997 E ActivityThread: Service com.android.bluetooth.avrcp.AvrcpTargetService has leaked IntentReceiver com.android.bluetooth.avrcp.AvrcpTargetService$AvrcpBroadcastReceiver@1292cc6 that was originally registered here. Are you missing a call to unregisterReceiver()?
06-17 08:39:02.589  1997  1997 E ActivityThread: android.app.IntentReceiverLeaked: Service com.android.bluetooth.avrcp.AvrcpTargetService has leaked IntentReceiver com.android.bluetooth.avrcp.AvrcpTargetService$AvrcpBroadcastReceiver@1292cc6 that was originally registered here. Are you missing a call to unregisterReceiver()?
06-17 08:39:02.589  1997  1997 E ActivityThread: 	at android.app.LoadedApk$ReceiverDispatcher.<init>(LoadedApk.java:1429)
06-17 08:39:02.589  1997  1997 E ActivityThread: 	at android.app.LoadedApk.getReceiverDispatcher(LoadedApk.java:1210)
06-17 08:39:02.589  1997  1997 E ActivityThread: 	at android.app.ContextImpl.registerReceiverInternal(ContextImpl.java:1476)
06-17 08:39:02.589  1997  1997 E ActivityThread: 	at android.app.ContextImpl.registerReceiver(ContextImpl.java:1449)
06-17 08:39:02.589  1997  1997 E ActivityThread: 	at android.app.ContextImpl.registerReceiver(ContextImpl.java:1437)
06-17 08:39:02.589  1997  1997 E ActivityThread: 	at android.content.ContextWrapper.registerReceiver(ContextWrapper.java:623)
06-17 08:39:02.589  1997  1997 E ActivityThread: 	at com.android.bluetooth.avrcp.AvrcpTargetService.start(AvrcpTargetService.java:150)
06-17 08:39:02.589  1997  1997 E ActivityThread: 	at com.android.bluetooth.btservice.ProfileService.doStart(ProfileService.java:284)
06-17 08:39:02.589  1997  1997 E ActivityThread: 	at com.android.bluetooth.btservice.ProfileService.onStartCommand(ProfileService.java:166)
06-17 08:39:02.589  1997  1997 E ActivityThread: 	at android.app.ActivityThread.handleServiceArgs(ActivityThread.java:3668)
06-17 08:39:02.589  1997  1997 E ActivityThread: 	at android.app.ActivityThread.access$1600(ActivityThread.java:200)
06-17 08:39:02.589  1997  1997 E ActivityThread: 	at android.app.ActivityThread$H.handleMessage(ActivityThread.java:1682)
06-17 08:39:02.589  1997  1997 E ActivityThread: 	at android.os.Handler.dispatchMessage(Handler.java:106)
06-17 08:39:02.589  1997  1997 E ActivityThread: 	at android.os.Looper.loop(Looper.java:193)
06-17 08:39:02.589  1997  1997 E ActivityThread: 	at android.app.ActivityThread.main(ActivityThread.java:6692)
06-17 08:39:02.589  1997  1997 E ActivityThread: 	at java.lang.reflect.Method.invoke(Native Method)
06-17 08:39:02.589  1997  1997 E ActivityThread: 	at com.android.internal.os.RuntimeInit$MethodAndArgsCaller.run(RuntimeInit.java:493)
06-17 08:39:02.589  1997  1997 E ActivityThread: 	at com.android.internal.os.ZygoteInit.main(ZygoteInit.java:858)
06-17 08:39:02.590  1595  1657 D BluetoothManagerService: MESSAGE_BLUETOOTH_STATE_CHANGE: TURNING_OFF > BLE_ON
06-17 08:39:02.590  1595  1657 D BluetoothManagerService: Intermediate off, back to LE only mode
06-17 08:39:02.590  1595  1657 D BluetoothManagerService: Sending BLE State Change: TURNING_OFF > BLE_ON
06-17 08:39:02.591  1595  1657 D BluetoothManagerService: Broadcasting onBluetoothStateChange(false) to 14 receivers.
06-17 08:39:02.591  1595  1657 D BluetoothHeadset: onBluetoothStateChange: up=false
06-17 08:39:02.591  1595  1657 D BluetoothHeadset: Proxy object disconnected
06-17 08:39:02.591  2032  2589 D BluetoothDun: onBluetoothStateChange on: false
06-17 08:39:02.591  2032  2048 D BluetoothHidDevice: onBluetoothStateChange: up=false
06-17 08:39:02.592  2032  2048 D BluetoothHidDevice: Unbinding service...
06-17 08:39:02.592  2194  3154 D BluetoothHeadset: onBluetoothStateChange: up=false
06-17 08:39:02.592  2032  2048 D BluetoothMap: onBluetoothStateChange: up=false
06-17 08:39:02.592  1595  1657 D BluetoothHeadset: onBluetoothStateChange: up=false
06-17 08:39:02.592  1595  1657 D BluetoothHeadset: Proxy object disconnected
06-17 08:39:02.592  1595  1657 D BluetoothA2dp: onBluetoothStateChange: up=false
06-17 08:39:02.592  2032  2047 D BluetoothHeadset: onBluetoothStateChange: up=false
06-17 08:39:02.592  2032  2423 D BluetoothPan: onBluetoothStateChange on: false
06-17 08:39:02.592  2032  2049 D BluetoothHidHost: onBluetoothStateChange: up=false
06-17 08:39:02.592  1595  1595 I Telecom : BluetoothDeviceManager: Lost BluetoothHeadset service. Removing all tracked devices.: BMSL.oSD@ADo
06-17 08:39:02.594   736   892 D SDM     : DisplayBase::BuildLayerStackStats: LayerStack layer_count: 5, app_layer_count: 4, gpu_target_index: 4, display type: 0
06-17 08:39:02.594  2032  2589 D BluetoothA2dp: onBluetoothStateChange: up=false
06-17 08:39:02.594  2032  2415 D BluetoothHeadset: Proxy object disconnected
06-17 08:39:02.594  2032  2032 D HeadsetProfile: Bluetooth service disconnected
06-17 08:39:02.595  2194  2481 D BluetoothHeadset: Proxy object disconnected
06-17 08:39:02.596  1595  1657 D BluetoothHeadset: onBluetoothStateChange: up=false
06-17 08:39:02.596  1595  1657 D BluetoothHeadset: Proxy object disconnected
06-17 08:39:02.597  1595  1657 D BluetoothManagerService: Calling sendBrEdrDownCallback callbacks
06-17 08:39:02.597  1595  1657 D BluetoothManagerService: isBleAppPresent() count: 0
06-17 08:39:02.597  1997  2099 I AdapterState: BLE_TURNING_OFF : entered 
06-17 08:39:02.597  1997  2099 D AdapterProperties: Setting state to BLE_TURNING_OFF
06-17 08:39:02.597  1997  2099 D BluetoothAdapterService: updateAdapterState() - Broadcasting state BLE_TURNING_OFF to 1 receivers.
06-17 08:39:02.597  1595  1595 I AudioService: In onServiceDisconnected(), calling disconnectHeadset()
06-17 08:39:02.597  1595  1595 I AudioService: setBtScoActiveDevice: null -> null
06-17 08:39:02.598  1997  2104 I bt_stack_manager: event_shut_down_stack is bringing down the stack
06-17 08:39:02.598  1997  2104 I bt_btif_core: btif_disable_bluetooth entered
06-17 08:39:02.599  1595  1657 D BluetoothManagerService: MESSAGE_BLUETOOTH_STATE_CHANGE: BLE_ON > BLE_TURNING_OFF
06-17 08:39:02.599  1595  1657 D BluetoothManagerService: Sending BLE State Change: BLE_ON > BLE_TURNING_OFF
06-17 08:39:02.601  1595  1595 I AudioService: setBtScoActiveDevice: null -> null
06-17 08:39:02.604  1997  2498 E bt_btif : bta_jv_disable
06-17 08:39:02.604  1997  2510 W bt_osi_thread: run_thread: thread id 2510, thread name btif_sock exited
06-17 08:39:02.605  1997  2498 W bt_btif : bta_dm_disable BTA_DISABLE_DELAY set to 200 ms
06-17 08:39:02.605  1997  2172 D BluetoothActiveDeviceManager: handleMessage(MESSAGE_ADAPTER_ACTION_STATE_CHANGED): newState=10
06-17 08:39:02.605  1997  2104 I bt_btif_core: btif_disable_bluetooth finished
06-17 08:39:02.605  1997  2104 I bt_core_module: module_shut_down Shutting down module "btif_config_module"
06-17 08:39:02.588  1595  1595 I notification_cancel_all: [1002,1997,com.android.bluetooth,0,0,64,9,NULL]
06-17 08:39:02.608  1595  1640 I am_pss  : [3212,10056,com.android.traceur,5120000,4214784,0,52219904,0,18,40]
06-17 08:39:02.610   736   892 D SDM     : DisplayBase::BuildLayerStackStats: LayerStack layer_count: 5, app_layer_count: 4, gpu_target_index: 4, display type: 0
06-17 08:39:02.621  1595  1644 I am_proc_start: [0,3484,1002,org.codeaurora.bluetooth.batestapp,broadcast,org.codeaurora.bluetooth.batestapp/.BroadcastAudioAppReceiver]
06-17 08:39:02.621  1595  1644 I ActivityManager: Start proc 3484:org.codeaurora.bluetooth.batestapp/1002 for broadcast org.codeaurora.bluetooth.batestapp/.BroadcastAudioAppReceiver
06-17 08:39:02.646  1595  2709 I am_proc_bound: [0,3484,org.codeaurora.bluetooth.batestapp]
06-17 08:39:02.627   736   892 I chatty  : uid=1000(system) HwBinder:736_2 identical 1 line
06-17 08:39:02.644   736   892 D SDM     : DisplayBase::BuildLayerStackStats: LayerStack layer_count: 5, app_layer_count: 4, gpu_target_index: 4, display type: 0
06-17 08:39:02.647  1997  2104 I bt_core_module: module_shut_down Shutdown of module "btif_config_module" completed
06-17 08:39:02.647  1595  2709 D CompatibilityInfo: mCompatibilityFlags - 0
06-17 08:39:02.647  1595  2709 D CompatibilityInfo: applicationDensity - 320
06-17 08:39:02.647  1595  2709 D CompatibilityInfo: applicationScale - 1.0
06-17 08:39:02.652  1595  2709 D CompatibilityInfo: mCompatibilityFlags - 0
06-17 08:39:02.652  1595  2709 D CompatibilityInfo: applicationDensity - 320
06-17 08:39:02.652  1595  2709 D CompatibilityInfo: applicationScale - 1.0
06-17 08:39:02.653  1595  1640 I am_pss  : [2798,10013,android.process.media,8535040,6656000,0,61333504,0,18,40]
06-17 08:39:02.657  1595  1774 I commit_sys_config_file: [settings-0-0,19]
06-17 08:39:02.659   728  2491 I vendor.qti.bluetooth@1.0-ibs_handler: ProcessIbsCmd: Received IBS_SLEEP_IND: 0xFE
06-17 08:39:02.661   736   892 D SDM     : DisplayBase::BuildLayerStackStats: LayerStack layer_count: 5, app_layer_count: 4, gpu_target_index: 4, display type: 0
06-17 08:39:02.693  1595  1640 I am_pss  : [3192,10041,com.android.packageinstaller,5408768,4587520,0,51630080,0,18,39]
06-17 08:39:02.678   736   892 I chatty  : uid=1000(system) HwBinder:736_2 identical 1 line
06-17 08:39:02.694   736   892 D SDM     : DisplayBase::BuildLayerStackStats: LayerStack layer_count: 5, app_layer_count: 4, gpu_target_index: 4, display type: 0
06-17 08:39:02.701  3484  3484 I Perf    : Connecting to perf service.
06-17 08:39:02.711   736   892 D SDM     : DisplayBase::BuildLayerStackStats: LayerStack layer_count: 5, app_layer_count: 4, gpu_target_index: 4, display type: 0
06-17 08:39:02.735  1595  1640 I am_pss  : [3171,10020,com.android.onetimeinitializer,3623936,2797568,0,49872896,0,18,39]
06-17 08:39:02.728   736   892 D SDM     : DisplayBase::BuildLayerStackStats: LayerStack layer_count: 5, app_layer_count: 4, gpu_target_index: 4, display type: 0
06-17 08:39:02.739  3484  3484 D BAAPP BroadcastAudioAppReceiver:  Action :android.bluetooth.adapter.action.STATE_CHANGED
06-17 08:39:02.741  1595  2709 D CompatibilityInfo: mCompatibilityFlags - 0
06-17 08:39:02.741  1595  2709 D CompatibilityInfo: applicationDensity - 320
06-17 08:39:02.741  1595  2709 D CompatibilityInfo: applicationScale - 1.0
06-17 08:39:02.742  1997  1997 I BluetoothFtpReceiver:  action :android.bluetooth.adapter.action.STATE_CHANGED
06-17 08:39:02.743  1997  1997 I BluetoothFtpReceiver: State :10
06-17 08:39:02.743  1997  1997 I BluetoothFtpReceiver: exit
06-17 08:39:02.744   736   892 D SDM     : DisplayBase::BuildLayerStackStats: LayerStack layer_count: 5, app_layer_count: 4, gpu_target_index: 4, display type: 0
06-17 08:39:02.745  1595  2709 D CompatibilityInfo: mCompatibilityFlags - 0
06-17 08:39:02.746  1595  2709 D CompatibilityInfo: applicationDensity - 320
06-17 08:39:02.746  1595  2709 D CompatibilityInfo: applicationScale - 1.0
06-17 08:39:02.746  1997  1997 I BluetoothDunReceiver:  action :android.bluetooth.adapter.action.STATE_CHANGED
06-17 08:39:02.747  1997  1997 I BluetoothDunReceiver:  State :10
06-17 08:39:02.747  1997  1997 I BluetoothDunReceiver: exit
06-17 08:39:02.748  1595  2709 D CompatibilityInfo: mCompatibilityFlags - 0
06-17 08:39:02.748  1595  2709 D CompatibilityInfo: applicationDensity - 320
06-17 08:39:02.748  1595  2709 D CompatibilityInfo: applicationScale - 1.0
06-17 08:39:02.749  3484  3484 D BAAPP BroadcastAudioAppReceiver:  Action :android.bluetooth.adapter.action.STATE_CHANGED
06-17 08:39:02.761   736   892 D SDM     : DisplayBase::BuildLayerStackStats: LayerStack layer_count: 5, app_layer_count: 4, gpu_target_index: 4, display type: 0
06-17 08:39:02.777  1595  1640 I am_pss  : [3093,10059,com.android.exchange,4875264,3956736,0,52744192,0,18,40]
06-17 08:39:02.778   736   892 I chatty  : uid=1000(system) HwBinder:736_2 identical 1 line
06-17 08:39:02.794   736   892 D SDM     : DisplayBase::BuildLayerStackStats: LayerStack layer_count: 5, app_layer_count: 4, gpu_target_index: 4, display type: 0
06-17 08:39:02.805  1997  2120 I bt_btif_core: btif_disable_bluetooth_evt entered
06-17 08:39:02.806  1997  2120 I bt_core_module: module_shut_down Shutting down module "hci_module"
06-17 08:39:02.806  1997  2120 I bt_hci  : hci_module_shut_down
06-17 08:39:02.806  1997  2120 I bt_hci  : hci_close
06-17 08:39:02.806   728   728 W vendor.qti.bluetooth@1.0-bluetooth_hci: BluetoothHci::close()
06-17 08:39:02.806   728   728 I vendor.qti.bluetooth@1.0-data_handler: Sending HCI Reset 
06-17 08:39:02.809   728  2491 I vendor.qti.bluetooth@1.0-ibs_handler: ProcessIbsCmd: Received IBS_WAKE_IND: 0xFD
06-17 08:39:02.810   728  2491 I vendor.qti.bluetooth@1.0-ibs_handler: ProcessIbsCmd: Writing IBS_WAKE_ACK
06-17 08:39:02.811   728  2491 W vendor.qti.bluetooth@1.0-data_handler: OnPacketReady: Received event for command sent internally: 03 0c 
06-17 08:39:02.811   728   728 W vendor.qti.bluetooth@1.0-data_handler: DataHandler::CleanUp()
06-17 08:39:02.811   736   892 D SDM     : DisplayBase::BuildLayerStackStats: LayerStack layer_count: 5, app_layer_count: 4, gpu_target_index: 4, display type: 0
06-17 08:39:02.811   728   728 D vendor.qti.bluetooth@1.0-data_handler: Close: Wait for collecting crash dump to finish
06-17 08:39:02.811   728   728 I vendor.qti.bluetooth@1.0-data_handler: DataHandler:: init_status 3
06-17 08:39:02.811   728   728 I vendor.qti.bluetooth@1.0-data_handler: Sending Pre-shutdown command 
06-17 08:39:02.813   728  2491 W vendor.qti.bluetooth@1.0-data_handler: OnPacketReady: Received event for command sent internally: 08 fc 
06-17 08:39:02.813   728   728 D vendor.qti.bluetooth@1.0-uart_controller: UartController::Cleanup, soc_need_reload_patch=1
06-17 08:39:02.813   728   728 W vendor.qti.bluetooth@1.0-async_fd_watcher: StopThread: stopped the work thread
06-17 08:39:02.814   728   728 I vendor.qti.bluetooth@1.0-ibs_handler: ~IbsHandler
06-17 08:39:02.815   728   728 D vendor.qti.bluetooth@1.0-wake_lock: Release wakelock is released 
06-17 08:39:02.815   728   728 D vendor.qti.bluetooth@1.0-uart_transport: Disconnect: discard unsent data
06-17 08:39:02.815   728   728 D vendor.qti.bluetooth@1.0-uart_transport: CleanUp:> soc_type: 3, need_reload: 1
06-17 08:39:02.815   728   728 D vendor.qti.bluetooth@1.0-uart_transport: userial clock off
06-17 08:39:02.816   728   728 I vendor.qti.bluetooth@1.0-uart_transport: DeInitTransport: Transport is being closed!
06-17 08:39:02.819  1595  1640 I am_pss  : [3113,10024,com.android.managedprovisioning,4524032,3690496,0,50909184,0,18,40]
06-17 08:39:02.826   728   728 I vendor.qti.bluetooth@1.0-uart_transport: InitTransport: opening /dev/ttyHS0
06-17 08:39:02.828   736   892 D SDM     : DisplayBase::BuildLayerStackStats: LayerStack layer_count: 5, app_layer_count: 4, gpu_target_index: 4, display type: 0
06-17 08:39:02.829   728   728 D vendor.qti.bluetooth@1.0-uart_transport: userial clock on
06-17 08:39:02.830   728   728 I vendor.qti.bluetooth@1.0-uart_transport: GetBaudRate: Current Baudrate = 2400 bps
06-17 08:39:02.830   728   728 I vendor.qti.bluetooth@1.0-uart_transport: InitTransport: device fd = 12 open @2400 bps
06-17 08:39:02.845   736   892 D SDM     : DisplayBase::BuildLayerStackStats: LayerStack layer_count: 5, app_layer_count: 4, gpu_target_index: 4, display type: 0
06-17 08:39:02.860  1595  1640 I am_pss  : [3054,10017,com.android.contacts,4832256,3575808,0,52330496,0,18,39]
06-17 08:39:02.861   736   892 D SDM     : DisplayBase::BuildLayerStackStats: LayerStack layer_count: 5, app_layer_count: 4, gpu_target_index: 4, display type: 0
06-17 08:39:02.874   728   728 I vendor.qti.bluetooth@1.0-uart_transport: CleanUp:send out shutdown signal
06-17 08:39:02.874   728   728 D vendor.qti.bluetooth@1.0-uart_transport: userial clock off
06-17 08:39:02.875   728   728 I vendor.qti.bluetooth@1.0-uart_transport: DeInitTransport: Transport is being closed!
06-17 08:39:02.902  1595  1640 I am_pss  : [3016,10040,com.android.cellbroadcastreceiver,5951488,5038080,0,53391360,0,18,39]
06-17 08:39:02.928   736   892 D SDM     : DisplayBase::BuildLayerStackStats: LayerStack layer_count: 5, app_layer_count: 4, gpu_target_index: 4, display type: 0
06-17 08:39:02.975   728   728 D vendor.qti.bluetooth@1.0-power_manager: SetPower: enable: 0
06-17 08:39:02.975   728   728 E vendor.qti.bluetooth@1.0-power_manager: 
06-17 08:39:02.975   728   728 E vendor.qti.bluetooth@1.0-power_manager: bt_power_cherokee enable  (0)
06-17 08:39:02.978   728   728 W vendor.qti.bluetooth@1.0-data_handler: controller Cleanup done
06-17 08:39:02.978   728   728 I vendor.qti.bluetooth@1.0-data_handler: DataHandler:: joined Init thread 
06-17 08:39:02.979   728   728 D vendor.qti.bluetooth@1.0-wake_lock: CleanUp wakelock is destroyed 
06-17 08:39:02.979   728   728 W vendor.qti.bluetooth@1.0-bluetooth_hci: BluetoothHci::close, finish cleanup
06-17 08:39:02.980  1997  2301 W bt_osi_thread: run_thread: thread id 2301, thread name hci_thread exited
06-17 08:39:02.982  1997  2120 I bt_core_module: module_shut_down Shutdown of module "hci_module" completed
01-01 10:33:10.421     0     0 E bt_ioctl: BT_CMD_PWR_CTRL pwr_cntrl:0
06-17 08:39:02.983  1997  2120 I bt_core_module: module_shut_down Shutting down module "btsnoop_module"
06-17 08:39:02.983  1997  2120 I bt_core_module: module_shut_down Shutdown of module "btsnoop_module" completed
06-17 08:39:02.983  1997  2120 I bt_core_module: module_clean_up Cleaning up module "bte_logmsg_module"
06-17 08:39:02.983  1997  2120 I bt_core_module: module_clean_up Cleanup of module "bte_logmsg_module" completed
06-17 08:39:02.985  1997  2497 W bt_osi_thread: run_thread: thread id 2497, thread name bt_workqueue exited
06-17 08:39:02.986  1997  2104 I bt_core_module: module_shut_down Shutting down module "controller_module"
06-17 08:39:02.987  1997  2104 I bt_core_module: module_shut_down Shutdown of module "controller_module" completed
06-17 08:39:02.987  1997  2120 I bt_btif_core: btif_disable_bluetooth_evt finished
